000
CDUS41 KBOX 200537
CLIORH


CLIMATE REPORT
NATIONAL WEATHER SERVICE TAUNTON MA
135 AM EDT SUN APR 20 2014


...................................

...THE WORCESTER MA CLIMATE SUMMARY FOR APRIL 19 2014...

CLIMATE NORMAL PERIOD 1981 TO 2010
CLIMATE RECORD PERIOD 1892 TO 2014


WEATHER ITEM   OBSERVED TIME   RECORD YEAR NORMAL DEPARTURE LAST
                VALUE   (LST)  VALUE       VALUE  FROM      YEAR
                                                  NORMAL
..................................................................
TEMPERATURE (F)
 YESTERDAY
  MAXIMUM         58    354 PM  91    1976  57      1       70
  MINIMUM         33    512 AM  21    1926  38     -5       48
  AVERAGE         46                        48     -2       59

PRECIPITATION (IN)
  YESTERDAY        0.00          1.85 1983   0.13  -0.13     0.08
  MONTH TO DATE    2.35                      2.70  -0.35     1.34
  SINCE MAR 1      7.77                      6.91   0.86     5.02
  SINCE JAN 1     14.95                     13.63   1.32    11.90

SNOWFALL (IN)
  YESTERDAY        0.0           1.8  1983   0.1   -0.1      0.0
  MONTH TO DATE    0.6                       2.3   -1.7      0.0
  SINCE MAR 1      4.3                      13.7   -9.4     30.9
  SINCE JUL 1     85.2                      63.6   21.6    108.9
  SNOW DEPTH      MM

DEGREE DAYS
 HEATING
  YESTERDAY       19                        18      1        6
  MONTH TO DATE  380                       401    -21      388
  SINCE MAR 1   1508                      1340    168     1352
  SINCE JUL 1   6562                      6177    385     5789

 COOLING
  YESTERDAY        0                         0      0        0
  MONTH TO DATE    0                         0      0        0
  SINCE MAR 1      0                         0      0        0
  SINCE JAN 1      0                         0      0        0
..................................................................


WIND (MPH)
  RESULTANT WIND SPEED   8   RESULTANT WIND DIRECTION  NW (310)
  HIGHEST WIND SPEED    23   HIGHEST WIND DIRECTION     N (340)
  HIGHEST GUST SPEED    32   HIGHEST GUST DIRECTION     N (350)
  AVERAGE WIND SPEED    11.4


SKY COVER
  POSSIBLE SUNSHINE  MM
  AVERAGE SKY COVER 0.0


WEATHER CONDITIONS
 THE FOLLOWING WEATHER WAS RECORDED YESTERDAY.
  NO SIGNIFICANT WEATHER WAS OBSERVED.


RELATIVE HUMIDITY (PERCENT)
 HIGHEST    82          1200 AM
 LOWEST     30           200 PM
 AVERAGE    56

..........................................................


THE WORCESTER MA CLIMATE NORMALS FOR TODAY
                         NORMAL    RECORD    YEAR
 MAXIMUM TEMPERATURE (F)   57        91      1941
 MINIMUM TEMPERATURE (F)   39        20      1926


SUNRISE AND SUNSET
APRIL 20 2014.........SUNRISE   559 AM EDT   SUNSET   735 PM EDT
APRIL 21 2014.........SUNRISE   557 AM EDT   SUNSET   736 PM EDT


-  INDICATES NEGATIVE NUMBERS.
R  INDICATES RECORD WAS SET OR TIED.
MM INDICATES DATA IS MISSING.
T  INDICATES TRACE AMOUNT.




$$
