000
CDUS41 KBOX 231235
CLIORH


CLIMATE REPORT
NATIONAL WEATHER SERVICE TAUNTON MA
835 AM EDT FRI SEP 23 2016


...................................

...THE WORCESTER MA CLIMATE SUMMARY FOR SEPTEMBER 22 2016...

CLIMATE NORMAL PERIOD 1981 TO 2010
CLIMATE RECORD PERIOD 1892 TO 2016


WEATHER ITEM   OBSERVED TIME   RECORD YEAR NORMAL DEPARTURE LAST
                VALUE   (LST)  VALUE       VALUE  FROM      YEAR
                                                  NORMAL
..................................................................
TEMPERATURE (F)
 YESTERDAY
  MAXIMUM         81    324 PM  90    1931  67     14       67
  MINIMUM         61   1159 PM  33    1929  51     10       53
                                      1904
  AVERAGE         71                        59     12       60

PRECIPITATION (IN)
  YESTERDAY        0.00          2.04 1913   0.14  -0.14     0.00
  MONTH TO DATE    2.42                      2.73  -0.31     1.63
  SINCE SEP 1      2.42                      2.73  -0.31     1.63
  SINCE JAN 1     25.82                     34.09  -8.27    28.35

SNOWFALL (IN)
  YESTERDAY        0.0           0.0  2002   0.0    0.0      0.0
                                      2001
                                      2000
  MONTH TO DATE    0.0                       0.0    0.0      0.0
  SINCE SEP 1      0.0                       0.0    0.0      0.0
  SINCE JUL 1      0.0                       0.0    0.0      0.0
  SNOW DEPTH       0

DEGREE DAYS
 HEATING
  YESTERDAY        0                         7     -7        5
  MONTH TO DATE   21                        86    -65       29
  SINCE SEP 1     21                        86    -65       29
  SINCE JUL 1     30                       125    -95       30

 COOLING
  YESTERDAY        6                         1      5        0
  MONTH TO DATE   75                        38     37       97
  SINCE SEP 1     75                        38     37       97
  SINCE JAN 1    663                       464    199      654
..................................................................


WIND (MPH)
  RESULTANT WIND SPEED   3   RESULTANT WIND DIRECTION   W (250)
  HIGHEST WIND SPEED    13   HIGHEST WIND DIRECTION    SW (210)
  HIGHEST GUST SPEED    16   HIGHEST GUST DIRECTION     S (200)
  AVERAGE WIND SPEED     6.6


SKY COVER
  POSSIBLE SUNSHINE  MM
  AVERAGE SKY COVER 0.0


WEATHER CONDITIONS
 THE FOLLOWING WEATHER WAS RECORDED YESTERDAY.
  NO SIGNIFICANT WEATHER WAS OBSERVED.


RELATIVE HUMIDITY (PERCENT)
 HIGHEST    72          1100 PM
 LOWEST     33           200 PM
 AVERAGE    53

..........................................................


THE WORCESTER MA CLIMATE NORMALS FOR TODAY
                         NORMAL    RECORD    YEAR
 MAXIMUM TEMPERATURE (F)   67        90      1941
 MINIMUM TEMPERATURE (F)   50        32      1904


SUNRISE AND SUNSET
SEPTEMBER 23 2016.....SUNRISE   636 AM EDT   SUNSET   642 PM EDT
SEPTEMBER 24 2016.....SUNRISE   637 AM EDT   SUNSET   640 PM EDT


-  INDICATES NEGATIVE NUMBERS.
R  INDICATES RECORD WAS SET OR TIED.
MM INDICATES DATA IS MISSING.
T  INDICATES TRACE AMOUNT.




$$
