000
CDUS41 KBOX 050615
CLIORH


CLIMATE REPORT
NATIONAL WEATHER SERVICE TAUNTON MA
109 AM EST FRI FEB 5 2016


...................................

...THE WORCESTER MA CLIMATE SUMMARY FOR FEBRUARY 4 2016...

CLIMATE NORMAL PERIOD 1981 TO 2010
CLIMATE RECORD PERIOD 1892 TO 2016


WEATHER ITEM   OBSERVED TIME   RECORD YEAR NORMAL DEPARTURE LAST
                VALUE   (LST)  VALUE       VALUE  FROM      YEAR
                                                  NORMAL
..................................................................
TEMPERATURE (F)
 YESTERDAY
  MAXIMUM         54    805 AM  61    1991  33     21       34
  MINIMUM         38   1159 PM  -4    1934  18     20        9
                                      1918
                                      1908
  AVERAGE         46                        25     21       22

PRECIPITATION (IN)
  YESTERDAY        0.02          1.35 1961   0.11  -0.09     0.05
                                      1926
  MONTH TO DATE    0.70                      0.45   0.25     1.00
  SINCE DEC 1      7.47                      7.76  -0.29    10.93
  SINCE JAN 1      2.82                      3.94  -1.12     6.03

SNOWFALL (IN)
  YESTERDAY        0.0          18.8  1961   0.5   -0.5      0.5
  MONTH TO DATE    0.0                       2.3   -2.3     17.9
  SINCE DEC 1     11.1                      33.8  -22.7     65.9
  SINCE JUL 1     11.1                      36.6  -25.5     73.1
  SNOW DEPTH      MM

DEGREE DAYS
 HEATING
  YESTERDAY       19                        40    -21       43
  MONTH TO DATE   87                       160    -73      200
  SINCE DEC 1   1977                      2531   -554     2522
  SINCE JUL 1   3126                      3933   -807     3900

 COOLING
  YESTERDAY        0                         0      0        0
  MONTH TO DATE    0                         0      0        0
  SINCE DEC 1      0                         0      0        0
  SINCE JAN 1      0                         0      0        0
..................................................................


WIND (MPH)
  RESULTANT WIND SPEED  10   RESULTANT WIND DIRECTION   W (260)
  HIGHEST WIND SPEED    24   HIGHEST WIND DIRECTION    NW (300)
  HIGHEST GUST SPEED    32   HIGHEST GUST DIRECTION    NW (300)
  AVERAGE WIND SPEED    12.8


SKY COVER
  POSSIBLE SUNSHINE  MM
  AVERAGE SKY COVER 0.8


WEATHER CONDITIONS
 THE FOLLOWING WEATHER WAS RECORDED YESTERDAY.
  LIGHT RAIN
  FOG


RELATIVE HUMIDITY (PERCENT)
 HIGHEST    93          1200 AM
 LOWEST     42           100 PM
 AVERAGE    68

..........................................................


THE WORCESTER MA CLIMATE NORMALS FOR TODAY
                         NORMAL    RECORD    YEAR
 MAXIMUM TEMPERATURE (F)   33        61      1991
 MINIMUM TEMPERATURE (F)   18       -15      1918


SUNRISE AND SUNSET
FEBRUARY  5 2016......SUNRISE   657 AM EST   SUNSET   506 PM EST
FEBRUARY  6 2016......SUNRISE   656 AM EST   SUNSET   508 PM EST


-  INDICATES NEGATIVE NUMBERS.
R  INDICATES RECORD WAS SET OR TIED.
MM INDICATES DATA IS MISSING.
T  INDICATES TRACE AMOUNT.




$$
