768
CDUS41 KBOX 262123
CLIORH


CLIMATE REPORT
NATIONAL WEATHER SERVICE TAUNTON MA
423 PM EST SUN FEB 26 2017


...................................

...THE WORCESTER MA CLIMATE SUMMARY FOR FEBRUARY 26 2017...
VALID AS OF 0400 PM LOCAL TIME.

CLIMATE NORMAL PERIOD 1981 TO 2010
CLIMATE RECORD PERIOD 1892 TO 2017


WEATHER ITEM   OBSERVED TIME   RECORD YEAR NORMAL DEPARTURE LAST
                VALUE   (LST)  VALUE       VALUE  FROM      YEAR
                                                  NORMAL
..................................................................
TEMPERATURE (F)
 TODAY
  MAXIMUM         40   1204 AM  63    1957  37      3       34
  MINIMUM         31    851 AM  -6    1928  22      9       20
  AVERAGE         36                        29      7       27

PRECIPITATION (IN)
  TODAY            0.00          1.39 1960   0.13  -0.13      T
  MONTH TO DATE    2.44                      2.98  -0.54     5.25
  SINCE DEC 1     10.15                     10.29  -0.14    12.02
  SINCE JAN 1      6.35                      6.47  -0.12     7.37

SNOWFALL (IN)
  TODAY            0.0           9.1  1933   0.5   -0.5       T
  MONTH TO DATE   25.4                      14.6   10.8     20.6
  SINCE DEC 1     57.8                      46.1   11.7     31.7
  SINCE JUL 1     57.8                      48.9    8.9     31.7
  SNOW DEPTH      MM

DEGREE DAYS
 HEATING
  TODAY           29                        36     -7       38
  MONTH TO DATE  864                       993   -129      942
  SINCE DEC 1   3038                      3364   -326     2832
  SINCE JUL 1   4225                      4766   -541     3981

 COOLING
  TODAY            0                         0      0        0
  MONTH TO DATE    0                         0      0        0
  SINCE DEC 1      0                         0      0        0
  SINCE JAN 1      0                         0      0        0
..................................................................


WIND (MPH)
  HIGHEST WIND SPEED    31   HIGHEST WIND DIRECTION     W (290)
  HIGHEST GUST SPEED    44   HIGHEST GUST DIRECTION     W (280)
  AVERAGE WIND SPEED    20.4


SKY COVER
  POSSIBLE SUNSHINE  MM
  AVERAGE SKY COVER 0.6


WEATHER CONDITIONS
 THE FOLLOWING WEATHER WAS RECORDED TODAY.
  NO SIGNIFICANT WEATHER WAS OBSERVED.


RELATIVE HUMIDITY (PERCENT)
 HIGHEST    85          1200 AM
 LOWEST     35           300 PM
 AVERAGE    60

..........................................................


THE WORCESTER MA CLIMATE NORMALS FOR TOMORROW
                         NORMAL    RECORD    YEAR
 MAXIMUM TEMPERATURE (F)   38        60      1997
 MINIMUM TEMPERATURE (F)   22        -8      1900


SUNRISE AND SUNSET
FEBRUARY 26 2017......SUNRISE   627 AM EST   SUNSET   534 PM EST
FEBRUARY 27 2017......SUNRISE   626 AM EST   SUNSET   535 PM EST


-  INDICATES NEGATIVE NUMBERS.
R  INDICATES RECORD WAS SET OR TIED.
MM INDICATES DATA IS MISSING.
T  INDICATES TRACE AMOUNT.




$$
