000
CDUS41 KBOX 240534
CLIORH


CLIMATE REPORT
NATIONAL WEATHER SERVICE TAUNTON MA
1231 AM EST WED DEC 24 2014


...................................

...THE WORCESTER MA CLIMATE SUMMARY FOR DECEMBER 23 2014...

CLIMATE NORMAL PERIOD 1981 TO 2010
CLIMATE RECORD PERIOD 1892 TO 2014


WEATHER ITEM   OBSERVED TIME   RECORD YEAR NORMAL DEPARTURE LAST
                VALUE   (LST)  VALUE       VALUE  FROM      YEAR
                                                  NORMAL
..................................................................
TEMPERATURE (F)
 YESTERDAY
  MAXIMUM         40    732 PM  61    1990  34      6       40
  MINIMUM         35    713 AM  -2    1989  20     15       31
  AVERAGE         38                        27     11       36

PRECIPITATION (IN)
  YESTERDAY        0.15          1.25 2004   0.12   0.03     0.64
  MONTH TO DATE    4.26                      2.91   1.35     3.20
  SINCE DEC 1      4.26                      2.91   1.35     3.20
  SINCE JAN 1     52.94                     47.16   5.78    44.50

SNOWFALL (IN)
  YESTERDAY        0.0          18.0  1997   0.6   -0.6      0.0
  MONTH TO DATE    1.5                      10.1   -8.6     18.1
  SINCE DEC 1      1.5                      10.1   -8.6     18.1
  SINCE JUL 1      8.7                      12.9   -4.2     18.6
  SNOW DEPTH      MM

DEGREE DAYS
 HEATING
  YESTERDAY       27                        38    -11       29
  MONTH TO DATE  723                       788    -65      830
  SINCE DEC 1    723                       788    -65      830
  SINCE JUL 1   2101                      2190    -89     2242

 COOLING
  YESTERDAY        0                         0      0        0
  MONTH TO DATE    0                         0      0        0
  SINCE DEC 1      0                         0      0        0
  SINCE JAN 1    426                       471    -45      572
..................................................................


WIND (MPH)
  RESULTANT WIND SPEED   9   RESULTANT WIND DIRECTION  NE (50)
  HIGHEST WIND SPEED    16   HIGHEST WIND DIRECTION    NE (60)
  HIGHEST GUST SPEED    24   HIGHEST GUST DIRECTION    NE (50)
  AVERAGE WIND SPEED     9.1


SKY COVER
  POSSIBLE SUNSHINE  MM
  AVERAGE SKY COVER 1.0


WEATHER CONDITIONS
 THE FOLLOWING WEATHER WAS RECORDED YESTERDAY.
  LIGHT RAIN
  FOG
  FOG W/VISIBILITY <= 1/4 MILE


RELATIVE HUMIDITY (PERCENT)
 HIGHEST   100          1200 AM
 LOWEST    100          1200 AM
 AVERAGE   100

..........................................................


THE WORCESTER MA CLIMATE NORMALS FOR TODAY
                         NORMAL    RECORD    YEAR
 MAXIMUM TEMPERATURE (F)   34        57      1996
                                             1990
 MINIMUM TEMPERATURE (F)   20        -6      1943


SUNRISE AND SUNSET
DECEMBER 24 2014......SUNRISE   714 AM EST   SUNSET   420 PM EST
DECEMBER 25 2014......SUNRISE   715 AM EST   SUNSET   420 PM EST


-  INDICATES NEGATIVE NUMBERS.
R  INDICATES RECORD WAS SET OR TIED.
MM INDICATES DATA IS MISSING.
T  INDICATES TRACE AMOUNT.




$$
