000
CDUS41 KBOX 222138
CLIORH


CLIMATE REPORT
NATIONAL WEATHER SERVICE TAUNTON MA
538 PM EDT THU JUN 22 2017


...................................

...THE WORCESTER MA CLIMATE SUMMARY FOR JUNE 22 2017...
VALID AS OF 0500 PM LOCAL TIME.

CLIMATE NORMAL PERIOD 1981 TO 2010
CLIMATE RECORD PERIOD 1892 TO 2017


WEATHER ITEM   OBSERVED TIME   RECORD YEAR NORMAL DEPARTURE LAST
                VALUE   (LST)  VALUE       VALUE  FROM      YEAR
                                                  NORMAL
..................................................................
TEMPERATURE (F)
 TODAY
  MAXIMUM         79    354 PM  91    1941  76      3       75
  MINIMUM         58    348 AM  43    1940  58      0       53
  AVERAGE         69                        67      2       64

PRECIPITATION (IN)
  TODAY            0.00          2.06 2003   0.12  -0.12      T
  MONTH TO DATE    2.72                      3.19  -0.47     1.38
  SINCE JUN 1      2.72                      3.19  -0.47     1.38
  SINCE JAN 1     23.80                     22.42   1.38    17.10

SNOWFALL (IN)
  TODAY            0.0           0.0  2002   0.0    0.0      0.0
                                      2001
                                      2000
  MONTH TO DATE    0.0                       0.0    0.0      0.0
  SINCE JUN 1      0.0                       0.0    0.0      0.0
  SINCE JUL 1     78.3                      64.1   14.2     47.2
  SNOW DEPTH      MM

DEGREE DAYS
 HEATING
  TODAY            0                         2     -2        1
  MONTH TO DATE   77                        74      3       51
  SINCE JUN 1     77                        74      3       51
  SINCE JUL 1   6262                      6708   -446     5762

 COOLING
  TODAY            4                         3      1        0
  MONTH TO DATE   76                        51     25       34
  SINCE JUN 1     76                        51     25       34
  SINCE JAN 1    110                        73     37       76
..................................................................


WIND (MPH)
  HIGHEST WIND SPEED    16   HIGHEST WIND DIRECTION    SW (230)
  HIGHEST GUST SPEED    22   HIGHEST GUST DIRECTION     W (260)
  AVERAGE WIND SPEED    11.1


SKY COVER
  POSSIBLE SUNSHINE  MM
  AVERAGE SKY COVER 0.0


WEATHER CONDITIONS
 THE FOLLOWING WEATHER WAS RECORDED TODAY.
  NO SIGNIFICANT WEATHER WAS OBSERVED.


RELATIVE HUMIDITY (PERCENT)
 HIGHEST    67           400 AM
 LOWEST     32           300 PM
 AVERAGE    50

..........................................................


THE WORCESTER MA CLIMATE NORMALS FOR TOMORROW
                         NORMAL    RECORD    YEAR
 MAXIMUM TEMPERATURE (F)   76        89      1894
 MINIMUM TEMPERATURE (F)   58        42      1936


SUNRISE AND SUNSET
JUNE 22 2017..........SUNRISE   511 AM EDT   SUNSET   828 PM EDT
JUNE 23 2017..........SUNRISE   512 AM EDT   SUNSET   828 PM EDT


-  INDICATES NEGATIVE NUMBERS.
R  INDICATES RECORD WAS SET OR TIED.
MM INDICATES DATA IS MISSING.
T  INDICATES TRACE AMOUNT.




$$
