095
CDUS41 KBOX 300551
CLIORH


CLIMATE REPORT
NATIONAL WEATHER SERVICE TAUNTON MA
141 AM EDT TUE AUG 30 2016


...................................

...THE WORCESTER MA CLIMATE SUMMARY FOR AUGUST 29 2016...

CLIMATE NORMAL PERIOD 1981 TO 2010
CLIMATE RECORD PERIOD 1892 TO 2016


WEATHER ITEM   OBSERVED TIME   RECORD YEAR NORMAL DEPARTURE LAST
                VALUE   (LST)  VALUE       VALUE  FROM      YEAR
                                                  NORMAL
..................................................................
TEMPERATURE (F)
 YESTERDAY
  MAXIMUM         83    210 PM  93    1953  75      8       75
  MINIMUM         64   1159 PM  38    1941  58      6       57
  AVERAGE         74                        67      7       66

PRECIPITATION (IN)
  YESTERDAY        0.00          1.51 1961   0.11  -0.11     0.00
  MONTH TO DATE    3.96                      3.50   0.46     3.21
  SINCE JUN 1      7.68                     11.92  -4.24    12.42
  SINCE JAN 1     23.40                     31.15  -7.75    26.72

SNOWFALL (IN)
  YESTERDAY        0.0           0.0  2002   0.0    0.0      0.0
                                      2001
                                      2000
  MONTH TO DATE    0.0                       0.0    0.0      0.0
  SINCE JUN 1      0.0                       0.0    0.0      0.0
  SINCE JUL 1      0.0                       0.0    0.0      0.0
  SNOW DEPTH      MM

DEGREE DAYS
 HEATING
  YESTERDAY        0                         2     -2        0
  MONTH TO DATE    0                        21    -21        0
  SINCE JUN 1     60                       118    -58       95
  SINCE JUL 1      9                        35    -26        1

 COOLING
  YESTERDAY        9                         3      6        1
  MONTH TO DATE  224                       139     85      168
  SINCE JUN 1    540                       398    142      475
  SINCE JAN 1    582                       420    162      541
..................................................................


WIND (MPH)
  RESULTANT WIND SPEED   9   RESULTANT WIND DIRECTION   W (290)
  HIGHEST WIND SPEED    21   HIGHEST WIND DIRECTION    NW (300)
  HIGHEST GUST SPEED    26   HIGHEST GUST DIRECTION    NW (300)
  AVERAGE WIND SPEED    12.3


SKY COVER
  POSSIBLE SUNSHINE  MM
  AVERAGE SKY COVER 0.1


WEATHER CONDITIONS
 THE FOLLOWING WEATHER WAS RECORDED YESTERDAY.
  NO SIGNIFICANT WEATHER WAS OBSERVED.


RELATIVE HUMIDITY (PERCENT)
 HIGHEST    87           500 AM
 LOWEST     34           200 PM
 AVERAGE    61

..........................................................


THE WORCESTER MA CLIMATE NORMALS FOR TODAY
                         NORMAL    RECORD    YEAR
 MAXIMUM TEMPERATURE (F)   75        93      1953
 MINIMUM TEMPERATURE (F)   58        38      1965


SUNRISE AND SUNSET
AUGUST 30 2016........SUNRISE   611 AM EDT   SUNSET   724 PM EDT
AUGUST 31 2016........SUNRISE   612 AM EDT   SUNSET   722 PM EDT


-  INDICATES NEGATIVE NUMBERS.
R  INDICATES RECORD WAS SET OR TIED.
MM INDICATES DATA IS MISSING.
T  INDICATES TRACE AMOUNT.




$$
