000
CDUS41 KBOX 220532
CLIORH


CLIMATE REPORT
NATIONAL WEATHER SERVICE TAUNTON MA
131 AM EDT FRI MAY 22 2015


...................................

...THE WORCESTER MA CLIMATE SUMMARY FOR MAY 21 2015...

CLIMATE NORMAL PERIOD 1981 TO 2010
CLIMATE RECORD PERIOD 1892 TO 2015


WEATHER ITEM   OBSERVED TIME   RECORD YEAR NORMAL DEPARTURE LAST
                VALUE   (LST)  VALUE       VALUE  FROM      YEAR
                                                  NORMAL
..................................................................
TEMPERATURE (F)
 YESTERDAY
  MAXIMUM         63    520 PM  88    1975  67     -4       75
  MINIMUM         41    317 AM  32    1936  48     -7       53
  AVERAGE         52                        58     -6       64

PRECIPITATION (IN)
  YESTERDAY        0.00          2.03 1985   0.14  -0.14     0.00
  MONTH TO DATE    0.14                      2.70  -2.56     2.83
  SINCE MAR 1      5.53                     11.02  -5.49    12.69
  SINCE JAN 1     13.84                     17.74  -3.90    19.87

SNOWFALL (IN)
  YESTERDAY        0.0           0.0  2014   0.0    0.0      0.0
  MONTH TO DATE    0.0                       0.0    0.0      0.0
  SINCE MAR 1     11.1                      14.2   -3.1      4.3
  SINCE JUL 1    119.7                      64.1   55.6     85.2
  SNOW DEPTH      MM

DEGREE DAYS
 HEATING
  YESTERDAY       13                         8      5        1
  MONTH TO DATE  108                       221   -113      168
  SINCE MAR 1   1752                      1731     21     1879
  SINCE JUL 1   6866                      6568    298     6933

 COOLING
  YESTERDAY        0                         1     -1        0
  MONTH TO DATE   29                         6     23        6
  SINCE MAR 1     29                         9     20        6
  SINCE JAN 1     29                         9     20        6
..................................................................


WIND (MPH)
  RESULTANT WIND SPEED   8   RESULTANT WIND DIRECTION   W (250)
  HIGHEST WIND SPEED    17   HIGHEST WIND DIRECTION     W (250)
  HIGHEST GUST SPEED    22   HIGHEST GUST DIRECTION    NW (300)
  AVERAGE WIND SPEED     9.6


SKY COVER
  POSSIBLE SUNSHINE  MM
  AVERAGE SKY COVER 0.6


WEATHER CONDITIONS
 THE FOLLOWING WEATHER WAS RECORDED YESTERDAY.
  NO SIGNIFICANT WEATHER WAS OBSERVED.


RELATIVE HUMIDITY (PERCENT)
 HIGHEST    70           300 AM
 LOWEST     25           100 PM
 AVERAGE    48

..........................................................


THE WORCESTER MA CLIMATE NORMALS FOR TODAY
                         NORMAL    RECORD    YEAR
 MAXIMUM TEMPERATURE (F)   68        90      1992
                                             1911
 MINIMUM TEMPERATURE (F)   49        32      1936


SUNRISE AND SUNSET
MAY 22 2015...........SUNRISE   520 AM EDT   SUNSET   809 PM EDT
MAY 23 2015...........SUNRISE   519 AM EDT   SUNSET   810 PM EDT


-  INDICATES NEGATIVE NUMBERS.
R  INDICATES RECORD WAS SET OR TIED.
MM INDICATES DATA IS MISSING.
T  INDICATES TRACE AMOUNT.




$$
