277
CDUS41 KBOX 250613
CLIORH


CLIMATE REPORT
NATIONAL WEATHER SERVICE TAUNTON MA
211 AM EDT SAT MAR 25 2017


...................................

...THE WORCESTER MA CLIMATE SUMMARY FOR MARCH 24 2017...

CLIMATE NORMAL PERIOD 1981 TO 2010
CLIMATE RECORD PERIOD 1892 TO 2017


WEATHER ITEM   OBSERVED TIME   RECORD YEAR NORMAL DEPARTURE LAST
                VALUE   (LST)  VALUE       VALUE  FROM      YEAR
                                                  NORMAL
..................................................................
TEMPERATURE (F)
 YESTERDAY
  MAXIMUM         43   1104 PM  67    1988  46     -3       40
                                      1928
                                      1903
  MINIMUM         24    519 AM   6    1906  29     -5       32
  AVERAGE         34                        37     -3       36

PRECIPITATION (IN)
  YESTERDAY        0.06          1.19 1993   0.15  -0.09     0.00
  MONTH TO DATE    1.89                      3.20  -1.31     2.55
  SINCE MAR 1      1.89                      3.20  -1.31     2.55
  SINCE JAN 1      8.24                      9.92  -1.68     9.94

SNOWFALL (IN)
  YESTERDAY        T             9.0  1956   0.3   -0.3      0.0
  MONTH TO DATE   16.1                       9.6    6.5      5.5
  SINCE MAR 1     16.1                       9.6    6.5      5.5
  SINCE JUL 1     73.9                      59.5   14.4     37.2
  SNOW DEPTH      MM

DEGREE DAYS
 HEATING
  YESTERDAY       31                        28      3       29
  MONTH TO DATE  874                       755    119      612
  SINCE MAR 1    874                       755    119      612
  SINCE JUL 1   5151                      5592   -441     4671

 COOLING
  YESTERDAY        0                         0      0        0
  MONTH TO DATE    0                         0      0        0
  SINCE MAR 1      0                         0      0        0
  SINCE JAN 1      0                         0      0        0
..................................................................


WIND (MPH)
  RESULTANT WIND SPEED  12   RESULTANT WIND DIRECTION  SW (220)
  HIGHEST WIND SPEED    24   HIGHEST WIND DIRECTION    SW (220)
  HIGHEST GUST SPEED    34   HIGHEST GUST DIRECTION     S (190)
  AVERAGE WIND SPEED    13.3


SKY COVER
  POSSIBLE SUNSHINE  MM
  AVERAGE SKY COVER 0.8


WEATHER CONDITIONS
 THE FOLLOWING WEATHER WAS RECORDED YESTERDAY.
  LIGHT RAIN
  SNOW
  LIGHT SNOW
  FOG


RELATIVE HUMIDITY (PERCENT)
 HIGHEST    75           100 PM
 LOWEST     37           200 AM
 AVERAGE    56

..........................................................


THE WORCESTER MA CLIMATE NORMALS FOR TODAY
                         NORMAL    RECORD    YEAR
 MAXIMUM TEMPERATURE (F)   46        75      1910
 MINIMUM TEMPERATURE (F)   29         5      1960


SUNRISE AND SUNSET
MARCH 25 2017.........SUNRISE   642 AM EDT   SUNSET   706 PM EDT
MARCH 26 2017.........SUNRISE   640 AM EDT   SUNSET   707 PM EDT


-  INDICATES NEGATIVE NUMBERS.
R  INDICATES RECORD WAS SET OR TIED.
MM INDICATES DATA IS MISSING.
T  INDICATES TRACE AMOUNT.




$$
