000
CDUS41 KBOX 290611
CLIORH


CLIMATE REPORT
NATIONAL WEATHER SERVICE TAUNTON MA
200 AM EDT MON SEP 29 2014


...................................

...THE WORCESTER MA CLIMATE SUMMARY FOR SEPTEMBER 28 2014...

CLIMATE NORMAL PERIOD 1981 TO 2010
CLIMATE RECORD PERIOD 1892 TO 2014


WEATHER ITEM   OBSERVED TIME   RECORD YEAR NORMAL DEPARTURE LAST
                VALUE   (LST)  VALUE       VALUE  FROM      YEAR
                                                  NORMAL
..................................................................
TEMPERATURE (F)
 YESTERDAY
  MAXIMUM         79    228 PM  84    1916  65     14       70
  MINIMUM         58    458 AM  27    1947  48     10       51
  AVERAGE         69                        57     12       61

PRECIPITATION (IN)
  YESTERDAY        0.00          1.89 2004   0.16  -0.16     0.00
  MONTH TO DATE    2.47                      3.62  -1.15     3.23
  SINCE SEP 1      2.47                      3.62  -1.15     3.23
  SINCE JAN 1     37.50                     34.98   2.52    36.25

SNOWFALL (IN)
  YESTERDAY        0.0           0.0  2001   0.0    0.0      0.0
                                      2000
  MONTH TO DATE    0.0                       0.0    0.0      0.0
  SINCE SEP 1      0.0                       0.0    0.0      0.0
  SINCE JUL 1      0.0                       0.0    0.0      0.0
  SNOW DEPTH       0

DEGREE DAYS
 HEATING
  YESTERDAY        0                         9     -9        4
  MONTH TO DATE  141                       134      7      152
  SINCE SEP 1    141                       134      7      152
  SINCE JUL 1    161                       173    -12      171

 COOLING
  YESTERDAY        4                         0      4        0
  MONTH TO DATE   61                        41     20       40
  SINCE SEP 1     61                        41     20       40
  SINCE JAN 1    423                       467    -44      571
..................................................................


WIND (MPH)
  RESULTANT WIND SPEED   7   RESULTANT WIND DIRECTION   W (270)
  HIGHEST WIND SPEED    14   HIGHEST WIND DIRECTION     W (270)
  HIGHEST GUST SPEED    17   HIGHEST GUST DIRECTION     W (290)
  AVERAGE WIND SPEED     8.0


SKY COVER
  POSSIBLE SUNSHINE  MM
  AVERAGE SKY COVER 0.0


WEATHER CONDITIONS
 THE FOLLOWING WEATHER WAS RECORDED YESTERDAY.
  NO SIGNIFICANT WEATHER WAS OBSERVED.


RELATIVE HUMIDITY (PERCENT)
 HIGHEST    90           600 AM
 LOWEST     52           200 PM
 AVERAGE    71

..........................................................


THE WORCESTER MA CLIMATE NORMALS FOR TODAY
                         NORMAL    RECORD    YEAR
 MAXIMUM TEMPERATURE (F)   65        84      1952
                                             1929
 MINIMUM TEMPERATURE (F)   48        28      1947


SUNRISE AND SUNSET
SEPTEMBER 29 2014.....SUNRISE   642 AM EDT   SUNSET   633 PM EDT
SEPTEMBER 30 2014.....SUNRISE   643 AM EDT   SUNSET   631 PM EDT


-  INDICATES NEGATIVE NUMBERS.
R  INDICATES RECORD WAS SET OR TIED.
MM INDICATES DATA IS MISSING.
T  INDICATES TRACE AMOUNT.




$$
