000
CDUS41 KBOX 272235
CLIORH


CLIMATE REPORT
NATIONAL WEATHER SERVICE TAUNTON MA
635 PM EDT WED MAY 27 2015


...................................

...THE WORCESTER MA CLIMATE SUMMARY FOR MAY 27 2015...
VALID TODAY AS OF 0600 PM LOCAL TIME.

CLIMATE NORMAL PERIOD 1981 TO 2010
CLIMATE RECORD PERIOD 1892 TO 2015


WEATHER ITEM   OBSERVED TIME   RECORD YEAR NORMAL DEPARTURE LAST
                VALUE   (LST)  VALUE       VALUE  FROM      YEAR
                                                  NORMAL
..................................................................
TEMPERATURE (F)
 TODAY
  MAXIMUM         85        MM  91    1914  69     16       74
  MINIMUM         63        MM  36    1969  50     13       45
  AVERAGE         74                        60     14       60

PRECIPITATION (IN)
  TODAY            T             1.34 1946   0.14  -0.14     0.08
  MONTH TO DATE    0.14                      3.59  -3.45     3.75
  SINCE MAR 1      5.53                     11.91  -6.38    13.61
  SINCE JAN 1     13.84                     18.63  -4.79    20.79

SNOWFALL (IN)
  TODAY            0.0           0.0  2002   0.0    0.0      0.0
                                      2001
                                      2000
  MONTH TO DATE    0.0                       0.0    0.0      0.0
  SINCE MAR 1     11.1                      14.2   -3.1      4.3
  SINCE JUL 1    119.7                      64.1   55.6     85.2
  SNOW DEPTH       0

DEGREE DAYS
 HEATING
  TODAY            0                         6     -6        5
  MONTH TO DATE  129                       263   -134      210
  SINCE MAR 1   1773                      1773      0     1921
  SINCE JUL 1   6887                      6610    277     6975

 COOLING
  TODAY            9                         1      8        0
  MONTH TO DATE   50                        12     38        8
  SINCE MAR 1     50                        15     35        8
  SINCE JAN 1     50                        15     35        8
..................................................................


WIND (MPH)
  HIGHEST WIND SPEED    21   HIGHEST WIND DIRECTION    SW (210)
  HIGHEST GUST SPEED    33   HIGHEST GUST DIRECTION    SW (230)
  AVERAGE WIND SPEED    13.6


SKY COVER
  POSSIBLE SUNSHINE  MM
  AVERAGE SKY COVER 0.2


WEATHER CONDITIONS
 THE FOLLOWING WEATHER WAS RECORDED TODAY.
  LIGHT RAIN


RELATIVE HUMIDITY (PERCENT)
 HIGHEST    90           400 AM
 LOWEST     51           200 PM
 AVERAGE    71

..........................................................


THE WORCESTER MA CLIMATE NORMALS FOR TOMORROW
                         NORMAL    RECORD    YEAR
 MAXIMUM TEMPERATURE (F)   69        88      1929
                                             1911
 MINIMUM TEMPERATURE (F)   50        34      1926


SUNRISE AND SUNSET
MAY 27 2015...........SUNRISE   517 AM EDT   SUNSET   813 PM EDT
MAY 28 2015...........SUNRISE   516 AM EDT   SUNSET   814 PM EDT


-  INDICATES NEGATIVE NUMBERS.
R  INDICATES RECORD WAS SET OR TIED.
MM INDICATES DATA IS MISSING.
T  INDICATES TRACE AMOUNT.




$$
