000
CDUS41 KBOX 170535
CLIORH


CLIMATE REPORT
NATIONAL WEATHER SERVICE TAUNTON MA
135 AM EDT TUE OCT 17 2017


...................................

...THE WORCESTER MA CLIMATE SUMMARY FOR OCTOBER 16 2017...

CLIMATE NORMAL PERIOD 1981 TO 2010
CLIMATE RECORD PERIOD 1892 TO 2017


WEATHER ITEM   OBSERVED TIME   RECORD YEAR NORMAL DEPARTURE LAST
                VALUE   (LST)  VALUE       VALUE  FROM      YEAR
                                                  NORMAL
..................................................................
TEMPERATURE (F)
 YESTERDAY
  MAXIMUM         64   1204 AM  86    1947  58      6       65
  MINIMUM         39   1159 PM  25    1939  42     -3       45
  AVERAGE         52                        50      2       55

PRECIPITATION (IN)
  YESTERDAY        0.03          2.69 2014   0.15  -0.12     0.00
  MONTH TO DATE    0.72                      2.51  -1.79     1.12
  SINCE SEP 1      3.23                      6.44  -3.21     4.39
  SINCE JAN 1     32.52                     37.80  -5.28    27.79

SNOWFALL (IN)
  YESTERDAY        0.0           1.4  2009   0.0    0.0      0.0
  MONTH TO DATE    0.0                       0.0    0.0      0.0
  SINCE SEP 1      0.0                       0.0    0.0      0.0
  SINCE JUL 1      0.0                       0.0    0.0      0.0
  SNOW DEPTH      MM

DEGREE DAYS
 HEATING
  YESTERDAY       13                        15     -2       10
  MONTH TO DATE   90                       203   -113      179
  SINCE SEP 1    186                       357   -171      272
  SINCE JUL 1    234                       396   -162      281

 COOLING
  YESTERDAY        0                         0      0        0
  MONTH TO DATE   16                         0     16        0
  SINCE SEP 1    100                        42     58       75
  SINCE JAN 1    531                       468     63      663
..................................................................


WIND (MPH)
  RESULTANT WIND SPEED  11   RESULTANT WIND DIRECTION  NW (310)
  HIGHEST WIND SPEED    26   HIGHEST WIND DIRECTION     W (280)
  HIGHEST GUST SPEED    34   HIGHEST GUST DIRECTION    NW (300)
  AVERAGE WIND SPEED    12.0


SKY COVER
  POSSIBLE SUNSHINE  MM
  AVERAGE SKY COVER 0.4


WEATHER CONDITIONS
 THE FOLLOWING WEATHER WAS RECORDED YESTERDAY.
  RAIN
  LIGHT RAIN
  FOG


RELATIVE HUMIDITY (PERCENT)
 HIGHEST    90           100 AM
 LOWEST     56           400 PM
 AVERAGE    73

..........................................................


THE WORCESTER MA CLIMATE NORMALS FOR TODAY
                         NORMAL    RECORD    YEAR
 MAXIMUM TEMPERATURE (F)   58        85      1947
                                             1938
 MINIMUM TEMPERATURE (F)   41        23      1940
                                             1937


SUNRISE AND SUNSET
OCTOBER 17 2017.......SUNRISE   703 AM EDT   SUNSET   602 PM EDT
OCTOBER 18 2017.......SUNRISE   704 AM EDT   SUNSET   601 PM EDT


-  INDICATES NEGATIVE NUMBERS.
R  INDICATES RECORD WAS SET OR TIED.
MM INDICATES DATA IS MISSING.
T  INDICATES TRACE AMOUNT.




$$
