000
CDUS41 KBOX 260536
CLIORH


CLIMATE REPORT
NATIONAL WEATHER SERVICE TAUNTON MA
135 AM EDT FRI AUG 26 2016


...................................

...THE WORCESTER MA CLIMATE SUMMARY FOR AUGUST 25 2016...

CLIMATE NORMAL PERIOD 1981 TO 2010
CLIMATE RECORD PERIOD 1892 TO 2016


WEATHER ITEM   OBSERVED TIME   RECORD YEAR NORMAL DEPARTURE LAST
                VALUE   (LST)  VALUE       VALUE  FROM      YEAR
                                                  NORMAL
..................................................................
TEMPERATURE (F)
 YESTERDAY
  MAXIMUM         81    118 PM  92    1947  76      5       80
  MINIMUM         64    547 AM  40    1940  59      5       66
  AVERAGE         73                        68      5       73

PRECIPITATION (IN)
  YESTERDAY        0.00          1.37 1945   0.11  -0.11     0.00
  MONTH TO DATE    3.96                      3.07   0.89     3.21
  SINCE JUN 1      7.68                     11.49  -3.81    12.42
  SINCE JAN 1     23.40                     30.72  -7.32    26.72

SNOWFALL (IN)
  YESTERDAY        0.0           0.0  2002   0.0    0.0      0.0
                                      2001
                                      2000
  MONTH TO DATE    0.0                       0.0    0.0      0.0
  SINCE JUN 1      0.0                       0.0    0.0      0.0
  SINCE JUL 1      0.0                       0.0    0.0      0.0
  SNOW DEPTH       0

DEGREE DAYS
 HEATING
  YESTERDAY        0                         1     -1        0
  MONTH TO DATE    0                        16    -16        0
  SINCE JUN 1     60                       113    -53       95
  SINCE JUL 1      9                        30    -21        1

 COOLING
  YESTERDAY        8                         4      4        8
  MONTH TO DATE  187                       124     63      161
  SINCE JUN 1    503                       383    120      468
  SINCE JAN 1    545                       405    140      534
..................................................................


WIND (MPH)
  RESULTANT WIND SPEED  13   RESULTANT WIND DIRECTION  SW (220)
  HIGHEST WIND SPEED    22   HIGHEST WIND DIRECTION    SW (220)
  HIGHEST GUST SPEED    27   HIGHEST GUST DIRECTION    SW (210)
  AVERAGE WIND SPEED    13.5


SKY COVER
  POSSIBLE SUNSHINE  MM
  AVERAGE SKY COVER 0.3


WEATHER CONDITIONS
 THE FOLLOWING WEATHER WAS RECORDED YESTERDAY.
  NO SIGNIFICANT WEATHER WAS OBSERVED.


RELATIVE HUMIDITY (PERCENT)
 HIGHEST    87           200 AM
 LOWEST     54           300 PM
 AVERAGE    71

..........................................................


THE WORCESTER MA CLIMATE NORMALS FOR TODAY
                         NORMAL    RECORD    YEAR
 MAXIMUM TEMPERATURE (F)   76        98      1948
 MINIMUM TEMPERATURE (F)   59        40      1942


SUNRISE AND SUNSET
AUGUST 26 2016........SUNRISE   607 AM EDT   SUNSET   731 PM EDT
AUGUST 27 2016........SUNRISE   608 AM EDT   SUNSET   729 PM EDT


-  INDICATES NEGATIVE NUMBERS.
R  INDICATES RECORD WAS SET OR TIED.
MM INDICATES DATA IS MISSING.
T  INDICATES TRACE AMOUNT.




$$
