000
CDUS41 KBOX 210538
CLIORH


CLIMATE REPORT
NATIONAL WEATHER SERVICE TAUNTON MA
136 AM EDT WED JUN 21 2017


...................................

...THE WORCESTER MA CLIMATE SUMMARY FOR JUNE 20 2017...

CLIMATE NORMAL PERIOD 1981 TO 2010
CLIMATE RECORD PERIOD 1892 TO 2017


WEATHER ITEM   OBSERVED TIME   RECORD YEAR NORMAL DEPARTURE LAST
                VALUE   (LST)  VALUE       VALUE  FROM      YEAR
                                                  NORMAL
..................................................................
TEMPERATURE (F)
 YESTERDAY
  MAXIMUM         79    407 PM  93    1953  75      4       82
  MINIMUM         63   1159 PM  37    1926  57      6       57
  AVERAGE         71                        66      5       70

PRECIPITATION (IN)
  YESTERDAY        0.01          1.46 1996   0.13  -0.12     0.00
  MONTH TO DATE    2.72                      2.95  -0.23     1.13
  SINCE JUN 1      2.72                      2.95  -0.23     1.13
  SINCE JAN 1     23.80                     22.18   1.62    16.85

SNOWFALL (IN)
  YESTERDAY        0.0           T    1943   0.0    0.0      0.0
  MONTH TO DATE    0.0                       0.0    0.0      0.0
  SINCE JUN 1      0.0                       0.0    0.0      0.0
  SINCE JUL 1     78.3                      64.1   14.2     47.2
  SNOW DEPTH      MM

DEGREE DAYS
 HEATING
  YESTERDAY        0                         2     -2        0
  MONTH TO DATE   77                        70      7       50
  SINCE JUN 1     77                        70      7       50
  SINCE JUL 1   6262                      6704   -442     5761

 COOLING
  YESTERDAY        6                         3      3        5
  MONTH TO DATE   69                        45     24       31
  SINCE JUN 1     69                        45     24       31
  SINCE JAN 1    103                        67     36       73
..................................................................


WIND (MPH)
  RESULTANT WIND SPEED  12   RESULTANT WIND DIRECTION  SW (230)
  HIGHEST WIND SPEED    23   HIGHEST WIND DIRECTION    SW (220)
  HIGHEST GUST SPEED    30   HIGHEST GUST DIRECTION    SW (210)
  AVERAGE WIND SPEED    12.6


SKY COVER
  POSSIBLE SUNSHINE  MM
  AVERAGE SKY COVER 0.5


WEATHER CONDITIONS
 THE FOLLOWING WEATHER WAS RECORDED YESTERDAY.
  LIGHT RAIN
  FOG


RELATIVE HUMIDITY (PERCENT)
 HIGHEST    93           100 AM
 LOWEST     42           300 PM
 AVERAGE    68

..........................................................


THE WORCESTER MA CLIMATE NORMALS FOR TODAY
                         NORMAL    RECORD    YEAR
 MAXIMUM TEMPERATURE (F)   76        91      2012
                                             1953
                                             1949
 MINIMUM TEMPERATURE (F)   58        37      1926


SUNRISE AND SUNSET
JUNE 21 2017..........SUNRISE   511 AM EDT   SUNSET   828 PM EDT
JUNE 22 2017..........SUNRISE   511 AM EDT   SUNSET   828 PM EDT


-  INDICATES NEGATIVE NUMBERS.
R  INDICATES RECORD WAS SET OR TIED.
MM INDICATES DATA IS MISSING.
T  INDICATES TRACE AMOUNT.




$$
