000
CDUS41 KBOX 270557
CLIORH


CLIMATE REPORT
NATIONAL WEATHER SERVICE TAUNTON MA
145 AM EDT WED JUL 27 2016


...................................

...THE WORCESTER MA CLIMATE SUMMARY FOR JULY 26 2016...

CLIMATE NORMAL PERIOD 1981 TO 2010
CLIMATE RECORD PERIOD 1892 TO 2016


WEATHER ITEM   OBSERVED TIME   RECORD YEAR NORMAL DEPARTURE LAST
                VALUE   (LST)  VALUE       VALUE  FROM      YEAR
                                                  NORMAL
..................................................................
TEMPERATURE (F)
 YESTERDAY
  MAXIMUM         87    408 PM  94    1892  79      8       76
  MINIMUM         69    540 AM  51    1936  62      7       60
  AVERAGE         78                        71      7       68

PRECIPITATION (IN)
  YESTERDAY        0.00          2.63 1900   0.14  -0.14      T
  MONTH TO DATE    1.52                      3.51  -1.99     2.53
  SINCE JUN 1      3.18                      7.70  -4.52     8.88
  SINCE JAN 1     18.90                     26.93  -8.03    23.18

SNOWFALL (IN)
  YESTERDAY        0.0           0.0  2002   0.0    0.0      0.0
                                      2001
                                      2000
  MONTH TO DATE    0.0                       0.0    0.0      0.0
  SINCE JUN 1      0.0                       0.0    0.0      0.0
  SINCE JUL 1      0.0                       0.0    0.0      0.0
  SNOW DEPTH       0

DEGREE DAYS
 HEATING
  YESTERDAY        0                         0      0        0
  MONTH TO DATE    9                         9      0        1
  SINCE JUN 1     60                        92    -32       95
  SINCE JUL 1      9                         9      0        1

 COOLING
  YESTERDAY       13                         6      7        3
  MONTH TO DATE  197                       147     50      169
  SINCE JUN 1    269                       231     38      253
  SINCE JAN 1    311                       253     58      319
..................................................................


WIND (MPH)
  RESULTANT WIND SPEED  11   RESULTANT WIND DIRECTION   W (290)
  HIGHEST WIND SPEED    22   HIGHEST WIND DIRECTION     W (280)
  HIGHEST GUST SPEED    26   HIGHEST GUST DIRECTION     W (270)
  AVERAGE WIND SPEED    11.8


SKY COVER
  POSSIBLE SUNSHINE  MM
  AVERAGE SKY COVER 0.2


WEATHER CONDITIONS
 THE FOLLOWING WEATHER WAS RECORDED YESTERDAY.
  NO SIGNIFICANT WEATHER WAS OBSERVED.


RELATIVE HUMIDITY (PERCENT)
 HIGHEST    90           200 AM
 LOWEST     35           400 PM
 AVERAGE    63

..........................................................


THE WORCESTER MA CLIMATE NORMALS FOR TODAY
                         NORMAL    RECORD    YEAR
 MAXIMUM TEMPERATURE (F)   79        93      1949
                                             1940
                                             1892
 MINIMUM TEMPERATURE (F)   62        46      1946


SUNRISE AND SUNSET
JULY 27 2016..........SUNRISE   536 AM EDT   SUNSET   812 PM EDT
JULY 28 2016..........SUNRISE   537 AM EDT   SUNSET   811 PM EDT


-  INDICATES NEGATIVE NUMBERS.
R  INDICATES RECORD WAS SET OR TIED.
MM INDICATES DATA IS MISSING.
T  INDICATES TRACE AMOUNT.




$$
