000
CDUS41 KBOX 190532
CLIORH


CLIMATE REPORT
NATIONAL WEATHER SERVICE TAUNTON MA
1232 AM EST SUN FEB 19 2017


...................................

...THE WORCESTER MA CLIMATE SUMMARY FOR FEBRUARY 18 2017...

CLIMATE NORMAL PERIOD 1981 TO 2010
CLIMATE RECORD PERIOD 1892 TO 2017


WEATHER ITEM   OBSERVED TIME   RECORD YEAR NORMAL DEPARTURE LAST
                VALUE   (LST)  VALUE       VALUE  FROM      YEAR
                                                  NORMAL
..................................................................
TEMPERATURE (F)
 YESTERDAY
  MAXIMUM         52   1012 PM  63    1981  35     17       31
  MINIMUM         23    440 AM -12    1958  20      3       18
  AVERAGE         38                        28     10       25

PRECIPITATION (IN)
  YESTERDAY        0.00          1.10 1998   0.11  -0.11     0.00
  MONTH TO DATE    2.12                      2.04   0.08     2.92
  SINCE DEC 1      9.83                      9.35   0.48     9.69
  SINCE JAN 1      6.03                      5.53   0.50     5.04

SNOWFALL (IN)
  YESTERDAY        0.0          11.0  1893   0.6   -0.6      0.0
  MONTH TO DATE   25.4                      10.4   15.0     20.1
  SINCE DEC 1     57.8                      41.9   15.9     31.2
  SINCE JUL 1     57.8                      44.7   13.1     31.2
  SNOW DEPTH      MM

DEGREE DAYS
 HEATING
  YESTERDAY       27                        37    -10       40
  MONTH TO DATE  708                       701      7      715
  SINCE DEC 1   2882                      3072   -190     2605
  SINCE JUL 1   4069                      4474   -405     3754

 COOLING
  YESTERDAY        0                         0      0        0
  MONTH TO DATE    0                         0      0        0
  SINCE DEC 1      0                         0      0        0
  SINCE JAN 1      0                         0      0        0
..................................................................


WIND (MPH)
  RESULTANT WIND SPEED  17   RESULTANT WIND DIRECTION  SW (240)
  HIGHEST WIND SPEED    30   HIGHEST WIND DIRECTION     W (250)
  HIGHEST GUST SPEED    39   HIGHEST GUST DIRECTION     W (250)
  AVERAGE WIND SPEED    17.3


SKY COVER
  POSSIBLE SUNSHINE  MM
  AVERAGE SKY COVER 0.1


WEATHER CONDITIONS
 THE FOLLOWING WEATHER WAS RECORDED YESTERDAY.
  NO SIGNIFICANT WEATHER WAS OBSERVED.


RELATIVE HUMIDITY (PERCENT)
 HIGHEST    65           200 AM
 LOWEST     36           300 PM
 AVERAGE    51

..........................................................


THE WORCESTER MA CLIMATE NORMALS FOR TODAY
                         NORMAL    RECORD    YEAR
 MAXIMUM TEMPERATURE (F)   36        62      1981
                                             1961
 MINIMUM TEMPERATURE (F)   20        -3      1936


SUNRISE AND SUNSET
FEBRUARY 19 2017......SUNRISE   638 AM EST   SUNSET   525 PM EST
FEBRUARY 20 2017......SUNRISE   636 AM EST   SUNSET   527 PM EST


-  INDICATES NEGATIVE NUMBERS.
R  INDICATES RECORD WAS SET OR TIED.
MM INDICATES DATA IS MISSING.
T  INDICATES TRACE AMOUNT.




$$
