196
CDUS41 KBOX 040608
CLIORH


CLIMATE REPORT
NATIONAL WEATHER SERVICE TAUNTON MA
103 AM EST THU FEB 4 2016


...................................

...THE WORCESTER MA CLIMATE SUMMARY FOR FEBRUARY 3 2016...

CLIMATE NORMAL PERIOD 1981 TO 2010
CLIMATE RECORD PERIOD 1892 TO 2016


WEATHER ITEM   OBSERVED TIME   RECORD YEAR NORMAL DEPARTURE LAST
                VALUE   (LST)  VALUE       VALUE  FROM      YEAR
                                                  NORMAL
..................................................................
TEMPERATURE (F)
 YESTERDAY
  MAXIMUM         54   1016 PM  56    1991  32     22       18
  MINIMUM         31    645 AM  -7    1971  18     13        0
                                      1955
                                      1931
  AVERAGE         43                        25     18        9

PRECIPITATION (IN)
  YESTERDAY        0.68          2.16 1970   0.11   0.57     0.00
  MONTH TO DATE    0.68                      0.34   0.34     0.95
  SINCE DEC 1      7.45                      7.65  -0.20    10.88
  SINCE JAN 1      2.80                      3.83  -1.03     5.98

SNOWFALL (IN)
  YESTERDAY        0.0           5.2  1916   0.6   -0.6      0.0
  MONTH TO DATE    0.0                       1.8   -1.8     17.4
  SINCE DEC 1     11.1                      33.3  -22.2     65.4
  SINCE JUL 1     11.1                      36.1  -25.0     72.6
  SNOW DEPTH      MM

DEGREE DAYS
 HEATING
  YESTERDAY       22                        40    -18       56
  MONTH TO DATE   68                       120    -52      157
  SINCE DEC 1   1958                      2491   -533     2479
  SINCE JUL 1   3107                      3893   -786     3857

 COOLING
  YESTERDAY        0                         0      0        0
  MONTH TO DATE    0                         0      0        0
  SINCE DEC 1      0                         0      0        0
  SINCE JAN 1      0                         0      0        0
..................................................................


WIND (MPH)
  RESULTANT WIND SPEED   9   RESULTANT WIND DIRECTION   S (170)
  HIGHEST WIND SPEED    35   HIGHEST WIND DIRECTION     S (170)
  HIGHEST GUST SPEED    46   HIGHEST GUST DIRECTION     S (170)
  AVERAGE WIND SPEED    12.7


SKY COVER
  POSSIBLE SUNSHINE  MM
  AVERAGE SKY COVER 0.7


WEATHER CONDITIONS
 THE FOLLOWING WEATHER WAS RECORDED YESTERDAY.
  RAIN
  LIGHT RAIN
  FOG


RELATIVE HUMIDITY (PERCENT)
 HIGHEST    93           200 PM
 LOWEST     61           100 AM
 AVERAGE    77

..........................................................


THE WORCESTER MA CLIMATE NORMALS FOR TODAY
                         NORMAL    RECORD    YEAR
 MAXIMUM TEMPERATURE (F)   33        61      1991
 MINIMUM TEMPERATURE (F)   18        -4      1934
                                             1918
                                             1908


SUNRISE AND SUNSET
FEBRUARY  4 2016......SUNRISE   658 AM EST   SUNSET   505 PM EST
FEBRUARY  5 2016......SUNRISE   657 AM EST   SUNSET   506 PM EST


-  INDICATES NEGATIVE NUMBERS.
R  INDICATES RECORD WAS SET OR TIED.
MM INDICATES DATA IS MISSING.
T  INDICATES TRACE AMOUNT.




$$
