000
CDUS41 KBOX 232127
CLIORH


CLIMATE REPORT
NATIONAL WEATHER SERVICE TAUNTON MA
527 PM EDT SAT SEP 23 2017


...................................

...THE WORCESTER MA CLIMATE SUMMARY FOR SEPTEMBER 23 2017...
VALID AS OF 0500 PM LOCAL TIME.

CLIMATE NORMAL PERIOD 1981 TO 2010
CLIMATE RECORD PERIOD 1892 TO 2017


WEATHER ITEM   OBSERVED TIME   RECORD YEAR NORMAL DEPARTURE LAST
                VALUE   (LST)  VALUE       VALUE  FROM      YEAR
                                                  NORMAL
..................................................................
TEMPERATURE (F)
 TODAY
  MAXIMUM         80    359 PM  90    1941  67     13       77
  MINIMUM         62    712 AM  32    1904  50     12       52
  AVERAGE         71                        59     12       65

PRECIPITATION (IN)
  TODAY            0.00          2.98 1907   0.15  -0.15     0.15
  MONTH TO DATE    2.49                      2.88  -0.39     2.57
  SINCE SEP 1      2.49                      2.88  -0.39     2.57
  SINCE JAN 1     31.78                     34.24  -2.46    25.97

SNOWFALL (IN)
  TODAY           MM             0.0  2002   0.0   MM        0.0
                                      2001
                                      2000
  MONTH TO DATE    0.0                       0.0    0.0      0.0
  SINCE SEP 1      0.0                       0.0    0.0      0.0
  SINCE JUL 1      0.0                       0.0    0.0      0.0
  SNOW DEPTH      MM

DEGREE DAYS
 HEATING
  TODAY            0                         7     -7        0
  MONTH TO DATE   62                        93    -31       21
  SINCE SEP 1     62                        93    -31       21
  SINCE JUL 1    110                       132    -22       30

 COOLING
  TODAY            6                         1      5        0
  MONTH TO DATE   46                        39      7       75
  SINCE SEP 1     46                        39      7       75
  SINCE JAN 1    477                       465     12      663
..................................................................


WIND (MPH)
  HIGHEST WIND SPEED    20   HIGHEST WIND DIRECTION     N (10)
  HIGHEST GUST SPEED    27   HIGHEST GUST DIRECTION     N (360)
  AVERAGE WIND SPEED    10.1


SKY COVER
  POSSIBLE SUNSHINE  MM
  AVERAGE SKY COVER 0.6


WEATHER CONDITIONS
 THE FOLLOWING WEATHER WAS RECORDED TODAY.
  NO SIGNIFICANT WEATHER WAS OBSERVED.


RELATIVE HUMIDITY (PERCENT)
 HIGHEST    61          1000 AM
 LOWEST     45           300 PM
 AVERAGE    53

..........................................................


THE WORCESTER MA CLIMATE NORMALS FOR TOMORROW
                         NORMAL    RECORD    YEAR
 MAXIMUM TEMPERATURE (F)   67        85      2010
                                             1914
                                             1908
 MINIMUM TEMPERATURE (F)   50        32      1944
                                             1935


SUNRISE AND SUNSET
SEPTEMBER 23 2017.....SUNRISE   636 AM EDT   SUNSET   643 PM EDT
SEPTEMBER 24 2017.....SUNRISE   637 AM EDT   SUNSET   641 PM EDT


-  INDICATES NEGATIVE NUMBERS.
R  INDICATES RECORD WAS SET OR TIED.
MM INDICATES DATA IS MISSING.
T  INDICATES TRACE AMOUNT.




$$
