000
CDUS41 KBOX 152137
CLIORH


CLIMATE REPORT
NATIONAL WEATHER SERVICE TAUNTON MA
427 PM EST SUN JAN 15 2017


...................................

...THE WORCESTER MA CLIMATE SUMMARY FOR JANUARY 15 2017...
VALID AS OF 0400 PM LOCAL TIME.

CLIMATE NORMAL PERIOD 1981 TO 2010
CLIMATE RECORD PERIOD 1892 TO 2017


WEATHER ITEM   OBSERVED TIME   RECORD YEAR NORMAL DEPARTURE LAST
                VALUE   (LST)  VALUE       VALUE  FROM      YEAR
                                                  NORMAL
..................................................................
TEMPERATURE (F)
 TODAY
  MAXIMUM         34    258 PM  67    1932  31      3       34
  MINIMUM         20    734 AM -19    1957  16      4       19
  AVERAGE         27                        24      3       27

PRECIPITATION (IN)
  TODAY            0.00          2.25 1940   0.11  -0.11     0.00
  MONTH TO DATE    2.19                      1.66   0.53     1.30
  SINCE DEC 1      5.99                      5.48   0.51     5.95
  SINCE JAN 1      2.19                      1.66   0.53     1.30

SNOWFALL (IN)
  TODAY            0.0           9.2  1983   0.5   -0.5      0.0
  MONTH TO DATE    7.7                       8.3   -0.6      3.2
  SINCE DEC 1     25.2                      22.7    2.5      4.6
  SINCE JUL 1     25.2                      25.5   -0.3      4.6
  SNOW DEPTH      MM

DEGREE DAYS
 HEATING
  TODAY           38                        41     -3       38
  MONTH TO DATE  564                       611    -47      561
  SINCE DEC 1   1654                      1713    -59     1285
  SINCE JUL 1   2841                      3115   -274     2434

 COOLING
  TODAY            0                         0      0        0
  MONTH TO DATE    0                         0      0        0
  SINCE DEC 1      0                         0      0        0
  SINCE JAN 1      0                         0      0        0
..................................................................


WIND (MPH)
  HIGHEST WIND SPEED    17   HIGHEST WIND DIRECTION     W (290)
  HIGHEST GUST SPEED    24   HIGHEST GUST DIRECTION    NW (320)
  AVERAGE WIND SPEED     9.5


SKY COVER
  POSSIBLE SUNSHINE  MM
  AVERAGE SKY COVER 0.1


WEATHER CONDITIONS
 THE FOLLOWING WEATHER WAS RECORDED TODAY.
  NO SIGNIFICANT WEATHER WAS OBSERVED.


RELATIVE HUMIDITY (PERCENT)
 HIGHEST    91           600 AM
 LOWEST     35           300 PM
 AVERAGE    63

..........................................................


THE WORCESTER MA CLIMATE NORMALS FOR TOMORROW
                         NORMAL    RECORD    YEAR
 MAXIMUM TEMPERATURE (F)   31        60      1932
 MINIMUM TEMPERATURE (F)   16       -12      2004
                                             1994


SUNRISE AND SUNSET
JANUARY 15 2017.......SUNRISE   714 AM EST   SUNSET   441 PM EST
JANUARY 16 2017.......SUNRISE   713 AM EST   SUNSET   442 PM EST


-  INDICATES NEGATIVE NUMBERS.
R  INDICATES RECORD WAS SET OR TIED.
MM INDICATES DATA IS MISSING.
T  INDICATES TRACE AMOUNT.




$$
