000
CDUS41 KBOX 230547
CLIORH


CLIMATE REPORT
NATIONAL WEATHER SERVICE TAUNTON MA
141 AM EDT MON MAY 23 2016


...................................

...THE WORCESTER MA CLIMATE SUMMARY FOR MAY 22 2016...

CLIMATE NORMAL PERIOD 1981 TO 2010
CLIMATE RECORD PERIOD 1892 TO 2016


WEATHER ITEM   OBSERVED TIME   RECORD YEAR NORMAL DEPARTURE LAST
                VALUE   (LST)  VALUE       VALUE  FROM      YEAR
                                                  NORMAL
..................................................................
TEMPERATURE (F)
 YESTERDAY
  MAXIMUM         65    422 PM  90    1992  68     -3       70
                                      1911
  MINIMUM         53    215 AM  32    1936  49      4       49
  AVERAGE         59                        58      1       60

PRECIPITATION (IN)
  YESTERDAY        T             0.77 1919   0.14  -0.14      T
  MONTH TO DATE    1.76                      2.84  -1.08     0.14
  SINCE MAR 1      7.88                     11.16  -3.28     5.53
  SINCE JAN 1     15.27                     17.88  -2.61    13.84

SNOWFALL (IN)
  YESTERDAY        0.0           0.0  2002   0.0    0.0      0.0
                                      2001
                                      2000
  MONTH TO DATE    0.0                       0.0    0.0      0.0
  SINCE MAR 1     15.5                      14.2    1.3     11.1
  SINCE JUL 1     47.2                      64.1  -16.9    119.7
  SNOW DEPTH      MM

DEGREE DAYS
 HEATING
  YESTERDAY        6                         8     -2        5
  MONTH TO DATE  266                       229     37      113
  SINCE MAR 1   1638                      1739   -101     1757
  SINCE JUL 1   5697                      6576   -879     6871

 COOLING
  YESTERDAY        0                         1     -1        0
  MONTH TO DATE    1                         7     -6       29
  SINCE MAR 1      5                        10     -5       29
  SINCE JAN 1      5                        10     -5       29
..................................................................


WIND (MPH)
  RESULTANT WIND SPEED   4   RESULTANT WIND DIRECTION  NE (60)
  HIGHEST WIND SPEED    13   HIGHEST WIND DIRECTION    NE (60)
  HIGHEST GUST SPEED    19   HIGHEST GUST DIRECTION    NE (50)
  AVERAGE WIND SPEED     5.4


SKY COVER
  POSSIBLE SUNSHINE  MM
  AVERAGE SKY COVER 0.8


WEATHER CONDITIONS
 THE FOLLOWING WEATHER WAS RECORDED YESTERDAY.
  LIGHT RAIN


RELATIVE HUMIDITY (PERCENT)
 HIGHEST    60          1200 PM
 LOWEST     43           600 AM
 AVERAGE    52

..........................................................


THE WORCESTER MA CLIMATE NORMALS FOR TODAY
                         NORMAL    RECORD    YEAR
 MAXIMUM TEMPERATURE (F)   68        89      1964
 MINIMUM TEMPERATURE (F)   49        32      1929


SUNRISE AND SUNSET
MAY 23 2016...........SUNRISE   519 AM EDT   SUNSET   810 PM EDT
MAY 24 2016...........SUNRISE   518 AM EDT   SUNSET   811 PM EDT


-  INDICATES NEGATIVE NUMBERS.
R  INDICATES RECORD WAS SET OR TIED.
MM INDICATES DATA IS MISSING.
T  INDICATES TRACE AMOUNT.




$$
