000
CDUS41 KBOX 250528
CLIORH


CLIMATE REPORT
NATIONAL WEATHER SERVICE TAUNTON MA
127 AM EDT SAT OCT 25 2014


...................................

...THE WORCESTER MA CLIMATE SUMMARY FOR OCTOBER 24 2014...

CLIMATE NORMAL PERIOD 1981 TO 2010
CLIMATE RECORD PERIOD 1892 TO 2014


WEATHER ITEM   OBSERVED TIME   RECORD YEAR NORMAL DEPARTURE LAST
                VALUE   (LST)  VALUE       VALUE  FROM      YEAR
                                                  NORMAL
..................................................................
TEMPERATURE (F)
 YESTERDAY
  MAXIMUM         50    240 PM  78    1963  56     -6       49
  MINIMUM         44    836 AM  20    1969  39      5       33
  AVERAGE         47                        47      0       41

PRECIPITATION (IN)
  YESTERDAY        0.07          3.46 1959   0.15  -0.08     0.00
  MONTH TO DATE    6.29                      3.69   2.60     1.28
  SINCE SEP 1      9.01                      7.62   1.39     4.51
  SINCE JAN 1     44.04                     38.98   5.06    37.53

SNOWFALL (IN)
  YESTERDAY        0.0           2.1  1960   0.0    0.0      0.0
  MONTH TO DATE    0.0                       0.1   -0.1      0.0
  SINCE SEP 1      0.0                       0.1   -0.1      0.0
  SINCE JUL 1      0.0                       0.1   -0.1      0.0
  SNOW DEPTH      MM

DEGREE DAYS
 HEATING
  YESTERDAY       18                        18      0       24
  MONTH TO DATE  288                       336    -48      252
  SINCE SEP 1    441                       490    -49      422
  SINCE JUL 1    461                       529    -68      441

 COOLING
  YESTERDAY        0                         0      0        0
  MONTH TO DATE    3                         0      3        1
  SINCE SEP 1     64                        42     22       41
  SINCE JAN 1    426                       468    -42      572
..................................................................


WIND (MPH)
  RESULTANT WIND SPEED  13   RESULTANT WIND DIRECTION  NW (320)
  HIGHEST WIND SPEED    20   HIGHEST WIND DIRECTION    NW (320)
  HIGHEST GUST SPEED    27   HIGHEST GUST DIRECTION    NW (320)
  AVERAGE WIND SPEED    12.8


SKY COVER
  POSSIBLE SUNSHINE  MM
  AVERAGE SKY COVER 0.9


WEATHER CONDITIONS
 THE FOLLOWING WEATHER WAS RECORDED YESTERDAY.
  LIGHT RAIN
  FOG


RELATIVE HUMIDITY (PERCENT)
 HIGHEST    93           100 AM
 LOWEST     71           400 PM
 AVERAGE    82

..........................................................


THE WORCESTER MA CLIMATE NORMALS FOR TODAY
                         NORMAL    RECORD    YEAR
 MAXIMUM TEMPERATURE (F)   55        79      1963
 MINIMUM TEMPERATURE (F)   39        21      1939


SUNRISE AND SUNSET
OCTOBER 25 2014.......SUNRISE   712 AM EDT   SUNSET   550 PM EDT
OCTOBER 26 2014.......SUNRISE   713 AM EDT   SUNSET   549 PM EDT


-  INDICATES NEGATIVE NUMBERS.
R  INDICATES RECORD WAS SET OR TIED.
MM INDICATES DATA IS MISSING.
T  INDICATES TRACE AMOUNT.




$$
