000
CDUS41 KBOX 110545
CLIORH


CLIMATE REPORT
NATIONAL WEATHER SERVICE TAUNTON MA
1245 AM EST MON DEC 11 2017


...................................

...THE WORCESTER MA CLIMATE SUMMARY FOR DECEMBER 10 2017...

CLIMATE NORMAL PERIOD 1981 TO 2010
CLIMATE RECORD PERIOD 1892 TO 2017


WEATHER ITEM   OBSERVED TIME   RECORD YEAR NORMAL DEPARTURE LAST
                VALUE   (LST)  VALUE       VALUE  FROM      YEAR
                                                  NORMAL
..................................................................
TEMPERATURE (F)
 YESTERDAY
  MAXIMUM         32    233 PM  63    1946  38     -6       26
  MINIMUM         23    838 PM  -4    1902  25     -2       15
  AVERAGE         28                        31     -3       21

PRECIPITATION (IN)
  YESTERDAY        T             2.35 1957   0.14  -0.14     0.00
  MONTH TO DATE    1.56                      1.34   0.22     0.71
  SINCE DEC 1      1.56                      1.34   0.22     0.71
  SINCE JAN 1     43.98                     45.59  -1.61    37.84

SNOWFALL (IN)
  YESTERDAY        0.3           9.4  1905   0.4   -0.1      0.0
  MONTH TO DATE    7.1                       3.7    3.4      2.1
  SINCE DEC 1      7.1                       3.7    3.4      2.1
  SINCE JUL 1      7.1                       6.5    0.6      2.1
  SNOW DEPTH      MM

DEGREE DAYS
 HEATING
  YESTERDAY       37                        34      3       44
  MONTH TO DATE  263                       320    -57      323
  SINCE DEC 1    263                       320    -57      323
  SINCE JUL 1   1399                      1722   -323     1510

 COOLING
  YESTERDAY        0                         0      0        0
  MONTH TO DATE    0                         0      0        0
  SINCE DEC 1      0                         0      0        0
  SINCE JAN 1    533                       471     62      663
..................................................................


WIND (MPH)
  RESULTANT WIND SPEED  11   RESULTANT WIND DIRECTION   W (250)
  HIGHEST WIND SPEED    20   HIGHEST WIND DIRECTION     W (250)
  HIGHEST GUST SPEED    26   HIGHEST GUST DIRECTION     W (250)
  AVERAGE WIND SPEED    11.5


SKY COVER
  POSSIBLE SUNSHINE  MM
  AVERAGE SKY COVER 0.5


WEATHER CONDITIONS
 THE FOLLOWING WEATHER WAS RECORDED YESTERDAY.
  LIGHT SNOW
  FOG


RELATIVE HUMIDITY (PERCENT)
 HIGHEST    92           100 AM
 LOWEST     58           400 PM
 AVERAGE    75

..........................................................


THE WORCESTER MA CLIMATE NORMALS FOR TODAY
                         NORMAL    RECORD    YEAR
 MAXIMUM TEMPERATURE (F)   38        62      1911
 MINIMUM TEMPERATURE (F)   24        -2      1988


SUNRISE AND SUNSET
DECEMBER 11 2017......SUNRISE   706 AM EST   SUNSET   415 PM EST
DECEMBER 12 2017......SUNRISE   707 AM EST   SUNSET   415 PM EST


-  INDICATES NEGATIVE NUMBERS.
R  INDICATES RECORD WAS SET OR TIED.
MM INDICATES DATA IS MISSING.
T  INDICATES TRACE AMOUNT.




$$
