000
CDUS41 KBOX 280600
CLIORH


CLIMATE REPORT
NATIONAL WEATHER SERVICE TAUNTON MA
200 AM EDT SUN SEP 28 2014


...................................

...THE WORCESTER MA CLIMATE SUMMARY FOR SEPTEMBER 27 2014...

CLIMATE NORMAL PERIOD 1981 TO 2010
CLIMATE RECORD PERIOD 1892 TO 2014


WEATHER ITEM   OBSERVED TIME   RECORD YEAR NORMAL DEPARTURE LAST
                VALUE   (LST)  VALUE       VALUE  FROM      YEAR
                                                  NORMAL
..................................................................
TEMPERATURE (F)
 YESTERDAY
  MAXIMUM         79    325 PM  85    1933  65     14       62
  MINIMUM         56    450 AM  30    1957  49      7       51
  AVERAGE         68                        57     11       57

PRECIPITATION (IN)
  YESTERDAY        0.00          3.16 1993   0.15  -0.15     0.00
  MONTH TO DATE    2.47                      3.46  -0.99     3.23
  SINCE SEP 1      2.47                      3.46  -0.99     3.23
  SINCE JAN 1     37.50                     34.82   2.68    36.25

SNOWFALL (IN)
  YESTERDAY        0.0           0.0  2002   0.0    0.0      0.0
                                      2001
                                      2000
  MONTH TO DATE    0.0                       0.0    0.0      0.0
  SINCE SEP 1      0.0                       0.0    0.0      0.0
  SINCE JUL 1      0.0                       0.0    0.0      0.0
  SNOW DEPTH       0

DEGREE DAYS
 HEATING
  YESTERDAY        0                         9     -9        8
  MONTH TO DATE  141                       125     16      148
  SINCE SEP 1    141                       125     16      148
  SINCE JUL 1    161                       164     -3      167

 COOLING
  YESTERDAY        3                         0      3        0
  MONTH TO DATE   57                        41     16       40
  SINCE SEP 1     57                        41     16       40
  SINCE JAN 1    419                       467    -48      571
..................................................................


WIND (MPH)
  RESULTANT WIND SPEED   6   RESULTANT WIND DIRECTION  NW (330)
  HIGHEST WIND SPEED    12   HIGHEST WIND DIRECTION     N (340)
  HIGHEST GUST SPEED    18   HIGHEST GUST DIRECTION    NW (330)
  AVERAGE WIND SPEED     6.8


SKY COVER
  POSSIBLE SUNSHINE  MM
  AVERAGE SKY COVER 0.0


WEATHER CONDITIONS
 THE FOLLOWING WEATHER WAS RECORDED YESTERDAY.
  NO SIGNIFICANT WEATHER WAS OBSERVED.


RELATIVE HUMIDITY (PERCENT)
 HIGHEST    84           800 PM
 LOWEST     40           100 PM
 AVERAGE    62

..........................................................


THE WORCESTER MA CLIMATE NORMALS FOR TODAY
                         NORMAL    RECORD    YEAR
 MAXIMUM TEMPERATURE (F)   65        84      1916
 MINIMUM TEMPERATURE (F)   48        27      1947


SUNRISE AND SUNSET
SEPTEMBER 28 2014.....SUNRISE   641 AM EDT   SUNSET   634 PM EDT
SEPTEMBER 29 2014.....SUNRISE   642 AM EDT   SUNSET   633 PM EDT


-  INDICATES NEGATIVE NUMBERS.
R  INDICATES RECORD WAS SET OR TIED.
MM INDICATES DATA IS MISSING.
T  INDICATES TRACE AMOUNT.




$$
