778
CDUS41 KBOX 202117
CLIORH


CLIMATE REPORT
NATIONAL WEATHER SERVICE TAUNTON MA
515 PM EDT SUN AUG 20 2017


...................................

...THE WORCESTER MA CLIMATE SUMMARY FOR AUGUST 19 2017...

CLIMATE NORMAL PERIOD 1981 TO 2010
CLIMATE RECORD PERIOD 1892 TO 2017


WEATHER ITEM   OBSERVED TIME   RECORD YEAR NORMAL DEPARTURE LAST
                VALUE   (LST)  VALUE       VALUE  FROM      YEAR
                                                  NORMAL
..................................................................
TEMPERATURE (F)
 YESTERDAY
  MAXIMUM         83    323 PM  90    1906  77      6       83
  MINIMUM         68    747 AM  48    1944  60      8       67
                                      1930
                                      1926
  AVERAGE         76                        69      7       75

PRECIPITATION (IN)
  YESTERDAY        0.00          6.38 1955   0.11  -0.11     0.00
  MONTH TO DATE    1.32                      2.40  -1.08     2.56
  SINCE JUN 1      7.94                     10.82  -2.88     6.28
  SINCE JAN 1     29.02                     30.05  -1.03    22.00

SNOWFALL (IN)
  YESTERDAY        0.0           0.0  2002   0.0    0.0      0.0
                                      2001
                                      2000
  MONTH TO DATE    0.0                       0.0    0.0      0.0
  SINCE JUN 1      0.0                       0.0    0.0      0.0
  SINCE JUL 1      0.0                       0.0    0.0      0.0
  SNOW DEPTH      MM

DEGREE DAYS
 HEATING
  YESTERDAY        0                         1     -1        0
  MONTH TO DATE    2                        10     -8        0
  SINCE JUN 1    117                       107     10       60
  SINCE JUL 1     31                        24      7        9

 COOLING
  YESTERDAY       11                         4      7       10
  MONTH TO DATE   93                       100     -7      158
  SINCE JUN 1    366                       359      7      474
  SINCE JAN 1    400                       381     19      516
..................................................................


WIND (MPH)
  RESULTANT WIND SPEED   7   RESULTANT WIND DIRECTION   W (250)
  HIGHEST WIND SPEED    18   HIGHEST WIND DIRECTION    SW (240)
  HIGHEST GUST SPEED    24   HIGHEST GUST DIRECTION     W (270)
  AVERAGE WIND SPEED     7.8


SKY COVER
  POSSIBLE SUNSHINE  MM
  AVERAGE SKY COVER 0.4


WEATHER CONDITIONS
 THE FOLLOWING WEATHER WAS RECORDED YESTERDAY.
  FOG
  FOG W/VISIBILITY <= 1/4 MILE


RELATIVE HUMIDITY (PERCENT)
 HIGHEST    97           800 AM
 LOWEST     43           200 PM
 AVERAGE    70

..........................................................


THE WORCESTER MA CLIMATE NORMALS FOR TODAY
                         NORMAL    RECORD    YEAR
 MAXIMUM TEMPERATURE (F)   77        94      1937
 MINIMUM TEMPERATURE (F)   60        46      1990
                                             1927
                                             1926


SUNRISE AND SUNSET
AUGUST 20 2017........SUNRISE   600 AM EDT   SUNSET   740 PM EDT
AUGUST 21 2017........SUNRISE   601 AM EDT   SUNSET   739 PM EDT


-  INDICATES NEGATIVE NUMBERS.
R  INDICATES RECORD WAS SET OR TIED.
MM INDICATES DATA IS MISSING.
T  INDICATES TRACE AMOUNT.




$$
