000
CDUS41 KBOX 220618
CLIORH


CLIMATE REPORT
NATIONAL WEATHER SERVICE TAUNTON MA
218 AM EDT THU SEP 22 2016


...................................

...THE WORCESTER MA CLIMATE SUMMARY FOR SEPTEMBER 21 2016...

CLIMATE NORMAL PERIOD 1981 TO 2010
CLIMATE RECORD PERIOD 1892 TO 2016


WEATHER ITEM   OBSERVED TIME   RECORD YEAR NORMAL DEPARTURE LAST
                VALUE   (LST)  VALUE       VALUE  FROM      YEAR
                                                  NORMAL
..................................................................
TEMPERATURE (F)
 YESTERDAY
  MAXIMUM         77   1219 PM  85    1965  68      9       66
                                      1940
                                      1895
  MINIMUM         62    722 PM  32    1929  51     11       50
  AVERAGE         70                        59     11       58

PRECIPITATION (IN)
  YESTERDAY        0.00          3.88 1961   0.14  -0.14     0.00
  MONTH TO DATE    2.42                      2.59  -0.17     1.63
  SINCE SEP 1      2.42                      2.59  -0.17     1.63
  SINCE JAN 1     25.82                     33.95  -8.13    28.35

SNOWFALL (IN)
  YESTERDAY        0.0           0.0  2002   0.0    0.0      0.0
                                      2001
                                      2000
  MONTH TO DATE    0.0                       0.0    0.0      0.0
  SINCE SEP 1      0.0                       0.0    0.0      0.0
  SINCE JUL 1      0.0                       0.0    0.0      0.0
  SNOW DEPTH      MM

DEGREE DAYS
 HEATING
  YESTERDAY        0                         6     -6        7
  MONTH TO DATE   21                        79    -58       24
  SINCE SEP 1     21                        79    -58       24
  SINCE JUL 1     30                       118    -88       25

 COOLING
  YESTERDAY        5                         1      4        0
  MONTH TO DATE   69                        37     32       97
  SINCE SEP 1     69                        37     32       97
  SINCE JAN 1    657                       463    194      654
..................................................................


WIND (MPH)
  RESULTANT WIND SPEED   6   RESULTANT WIND DIRECTION  NW (300)
  HIGHEST WIND SPEED    13   HIGHEST WIND DIRECTION    NW (300)
  HIGHEST GUST SPEED    19   HIGHEST GUST DIRECTION     W (290)
  AVERAGE WIND SPEED     7.9


SKY COVER
  POSSIBLE SUNSHINE  MM
  AVERAGE SKY COVER 0.0


WEATHER CONDITIONS
 THE FOLLOWING WEATHER WAS RECORDED YESTERDAY.
  NO SIGNIFICANT WEATHER WAS OBSERVED.


RELATIVE HUMIDITY (PERCENT)
 HIGHEST    93           300 AM
 LOWEST     27          1200 PM
 AVERAGE    60

..........................................................


THE WORCESTER MA CLIMATE NORMALS FOR TODAY
                         NORMAL    RECORD    YEAR
 MAXIMUM TEMPERATURE (F)   67        90      1931
 MINIMUM TEMPERATURE (F)   51        33      1929
                                             1904


SUNRISE AND SUNSET
SEPTEMBER 22 2016.....SUNRISE   635 AM EDT   SUNSET   644 PM EDT
SEPTEMBER 23 2016.....SUNRISE   636 AM EDT   SUNSET   642 PM EDT


-  INDICATES NEGATIVE NUMBERS.
R  INDICATES RECORD WAS SET OR TIED.
MM INDICATES DATA IS MISSING.
T  INDICATES TRACE AMOUNT.




$$
