000
CDUS41 KBOX 030535
CLIORH


CLIMATE REPORT
NATIONAL WEATHER SERVICE TAUNTON MA
1235 AM EST TUE MAR 3 2015


...................................

...THE WORCESTER MA CLIMATE SUMMARY FOR MARCH 2 2015...

CLIMATE NORMAL PERIOD 1981 TO 2010
CLIMATE RECORD PERIOD 1892 TO 2015


WEATHER ITEM   OBSERVED TIME   RECORD YEAR NORMAL DEPARTURE LAST
                VALUE   (LST)  VALUE       VALUE  FROM      YEAR
                                                  NORMAL
..................................................................
TEMPERATURE (F)
 YESTERDAY
  MAXIMUM         30    308 PM  60    1991  38     -8       35
  MINIMUM         19   1155 PM   0    1962  23     -4       24
  AVERAGE         25                        30     -5       30

PRECIPITATION (IN)
  YESTERDAY        T             2.05 2007   0.13  -0.13     0.00
  MONTH TO DATE    0.30                      0.26   0.04     0.00
  SINCE MAR 1      0.30                      0.26   0.04     0.00
  SINCE JAN 1      8.61                      6.98   1.63     7.18

SNOWFALL (IN)
  YESTERDAY        0.2           9.3  2009   0.4   -0.2      0.0
                                      1948
  MONTH TO DATE    3.8                       0.9    2.9      0.0
  SINCE MAR 1      3.8                       0.9    2.9      0.0
  SINCE JUL 1    112.4                      50.8   61.6     80.9
  SNOW DEPTH      MM

DEGREE DAYS
 HEATING
  YESTERDAY       40                        35      5       35
  MONTH TO DATE   86                        70     16       83
  SINCE MAR 1     86                        70     16       83
  SINCE JUL 1   5200                      4907    293     5137

 COOLING
  YESTERDAY        0                         0      0        0
  MONTH TO DATE    0                         0      0        0
  SINCE MAR 1      0                         0      0        0
  SINCE JAN 1      0                         0      0        0
..................................................................


WIND (MPH)
  RESULTANT WIND SPEED  18   RESULTANT WIND DIRECTION   W (290)
  HIGHEST WIND SPEED    32   HIGHEST WIND DIRECTION     W (290)
  HIGHEST GUST SPEED    45   HIGHEST GUST DIRECTION     W (290)
  AVERAGE WIND SPEED    17.8


SKY COVER
  POSSIBLE SUNSHINE  MM
  AVERAGE SKY COVER 0.5


WEATHER CONDITIONS
 THE FOLLOWING WEATHER WAS RECORDED YESTERDAY.
  LIGHT SNOW
  FOG
  HAZE
  BLOWING SNOW


RELATIVE HUMIDITY (PERCENT)
 HIGHEST    88          1200 AM
 LOWEST     46           300 PM
 AVERAGE    67

..........................................................


THE WORCESTER MA CLIMATE NORMALS FOR TODAY
                         NORMAL    RECORD    YEAR
 MAXIMUM TEMPERATURE (F)   39        65      1991
 MINIMUM TEMPERATURE (F)   23        -4      1950


SUNRISE AND SUNSET
MARCH  3 2015.........SUNRISE   620 AM EST   SUNSET   539 PM EST
MARCH  4 2015.........SUNRISE   618 AM EST   SUNSET   541 PM EST


-  INDICATES NEGATIVE NUMBERS.
R  INDICATES RECORD WAS SET OR TIED.
MM INDICATES DATA IS MISSING.
T  INDICATES TRACE AMOUNT.




$$
