000
CDUS41 KBOX 250539
CLIORH


CLIMATE REPORT
NATIONAL WEATHER SERVICE TAUNTON MA
1235 AM EST TUE NOV 25 2014


...................................

...THE WORCESTER MA CLIMATE SUMMARY FOR NOVEMBER 24 2014...

CLIMATE NORMAL PERIOD 1981 TO 2010
CLIMATE RECORD PERIOD 1892 TO 2014


WEATHER ITEM   OBSERVED TIME   RECORD YEAR NORMAL DEPARTURE LAST
                VALUE   (LST)  VALUE       VALUE  FROM      YEAR
                                                  NORMAL
..................................................................
TEMPERATURE (F)
 YESTERDAY
  MAXIMUM         62    300 PM  70    1931  44     18       24
  MINIMUM         41    355 AM   6    1989  31     10       15
  AVERAGE         52                        37     15       20

PRECIPITATION (IN)
  YESTERDAY        0.86          2.67 1923   0.14   0.72      T
  MONTH TO DATE    3.01                      3.43  -0.42     0.88
  SINCE SEP 1     12.10                     12.04   0.06     5.54
  SINCE JAN 1     47.13                     43.40   3.73    38.56

SNOWFALL (IN)
  YESTERDAY        0.0           3.3  1936   0.2   -0.2       T
  MONTH TO DATE    0.8                       1.6   -0.8      0.5
  SINCE SEP 1      0.8                       1.8   -1.0      0.5
  SINCE JUL 1      0.8                       1.8   -1.0      0.5
  SNOW DEPTH      MM

DEGREE DAYS
 HEATING
  YESTERDAY       13                        28    -15       45
  MONTH TO DATE  621                       567     54      594
  SINCE SEP 1   1167                      1189    -22     1173
  SINCE JUL 1   1187                      1228    -41     1192

 COOLING
  YESTERDAY        0                         0      0        0
  MONTH TO DATE    0                         0      0        0
  SINCE SEP 1     64                        45     19       41
  SINCE JAN 1    426                       471    -45      572
..................................................................


WIND (MPH)
  RESULTANT WIND SPEED  12   RESULTANT WIND DIRECTION  SW (210)
  HIGHEST WIND SPEED    26   HIGHEST WIND DIRECTION    SW (220)
  HIGHEST GUST SPEED    36   HIGHEST GUST DIRECTION     S (200)
  AVERAGE WIND SPEED    14.8


SKY COVER
  POSSIBLE SUNSHINE  MM
  AVERAGE SKY COVER 0.8


WEATHER CONDITIONS
 THE FOLLOWING WEATHER WAS RECORDED YESTERDAY.
  HEAVY RAIN
  RAIN
  LIGHT RAIN
  FOG
  FOG W/VISIBILITY <= 1/4 MILE


RELATIVE HUMIDITY (PERCENT)
 HIGHEST   100           400 AM
 LOWEST     62          1200 AM
 AVERAGE    81

..........................................................


THE WORCESTER MA CLIMATE NORMALS FOR TODAY
                         NORMAL    RECORD    YEAR
 MAXIMUM TEMPERATURE (F)   44        67      1979
 MINIMUM TEMPERATURE (F)   30         9      1936


SUNRISE AND SUNSET
NOVEMBER 25 2014......SUNRISE   650 AM EST   SUNSET   419 PM EST
NOVEMBER 26 2014......SUNRISE   651 AM EST   SUNSET   418 PM EST


-  INDICATES NEGATIVE NUMBERS.
R  INDICATES RECORD WAS SET OR TIED.
MM INDICATES DATA IS MISSING.
T  INDICATES TRACE AMOUNT.




$$
