000
CDUS41 KBOX 112140
CLIORH


CLIMATE REPORT
NATIONAL WEATHER SERVICE TAUNTON MA
538 PM EDT WED OCT 11 2017


...................................

...THE WORCESTER MA CLIMATE SUMMARY FOR OCTOBER 11 2017...
VALID AS OF 0500 PM LOCAL TIME.

CLIMATE NORMAL PERIOD 1981 TO 2010
CLIMATE RECORD PERIOD 1892 TO 2017


WEATHER ITEM   OBSERVED TIME   RECORD YEAR NORMAL DEPARTURE LAST
                VALUE   (LST)  VALUE       VALUE  FROM      YEAR
                                                  NORMAL
..................................................................
TEMPERATURE (F)
 TODAY
  MAXIMUM         68   1226 PM  83    1949  60      8       61
  MINIMUM         58    313 AM  22    1943  43     15       38
  AVERAGE         63                        52     11       50

PRECIPITATION (IN)
  TODAY            0.00          2.06 1975   0.16  -0.16     0.00
  MONTH TO DATE    0.67                      1.74  -1.07     1.12
  SINCE SEP 1      3.18                      5.67  -2.49     4.39
  SINCE JAN 1     32.47                     37.03  -4.56    27.79

SNOWFALL (IN)
  TODAY            0.0           T    1906   0.0    0.0      0.0
  MONTH TO DATE    0.0                       0.0    0.0      0.0
  SINCE SEP 1      0.0                       0.0    0.0      0.0
  SINCE JUL 1      0.0                       0.0    0.0      0.0
  SNOW DEPTH      MM

DEGREE DAYS
 HEATING
  TODAY            2                        14    -12       15
  MONTH TO DATE   40                       130    -90      116
  SINCE SEP 1    136                       284   -148      209
  SINCE JUL 1    184                       323   -139      218

 COOLING
  TODAY            0                         0      0        0
  MONTH TO DATE   16                         0     16        0
  SINCE SEP 1    100                        42     58       75
  SINCE JAN 1    531                       468     63      663
..................................................................


WIND (MPH)
  HIGHEST WIND SPEED    13   HIGHEST WIND DIRECTION     E (70)
  HIGHEST GUST SPEED    18   HIGHEST GUST DIRECTION     E (80)
  AVERAGE WIND SPEED     7.0


SKY COVER
  POSSIBLE SUNSHINE  MM
  AVERAGE SKY COVER 0.2


WEATHER CONDITIONS
 THE FOLLOWING WEATHER WAS RECORDED TODAY.
  NO SIGNIFICANT WEATHER WAS OBSERVED.


RELATIVE HUMIDITY (PERCENT)
 HIGHEST    86           300 AM
 LOWEST     52          1100 AM
 AVERAGE    69

..........................................................


THE WORCESTER MA CLIMATE NORMALS FOR TOMORROW
                         NORMAL    RECORD    YEAR
 MAXIMUM TEMPERATURE (F)   60        87      1938
 MINIMUM TEMPERATURE (F)   43        29      1929


SUNRISE AND SUNSET
OCTOBER 11 2017.......SUNRISE   656 AM EDT   SUNSET   612 PM EDT
OCTOBER 12 2017.......SUNRISE   657 AM EDT   SUNSET   610 PM EDT


-  INDICATES NEGATIVE NUMBERS.
R  INDICATES RECORD WAS SET OR TIED.
MM INDICATES DATA IS MISSING.
T  INDICATES TRACE AMOUNT.




$$
