000
CDUS41 KBOX 190608
CLIORH


CLIMATE REPORT
NATIONAL WEATHER SERVICE TAUNTON MA
202 AM EDT SAT AUG 19 2017


...................................

...THE WORCESTER MA CLIMATE SUMMARY FOR AUGUST 18 2017...

CLIMATE NORMAL PERIOD 1981 TO 2010
CLIMATE RECORD PERIOD 1892 TO 2017


WEATHER ITEM   OBSERVED TIME   RECORD YEAR NORMAL DEPARTURE LAST
                VALUE   (LST)  VALUE       VALUE  FROM      YEAR
                                                  NORMAL
..................................................................
TEMPERATURE (F)
 YESTERDAY
  MAXIMUM         78   1224 PM  91    1935  77      1       84
  MINIMUM         62    121 AM  45    1941  60      2       63
  AVERAGE         70                        69      1       74

PRECIPITATION (IN)
  YESTERDAY        0.05          4.61 1955   0.11  -0.06      T
  MONTH TO DATE    1.32                      2.29  -0.97     2.56
  SINCE JUN 1      7.94                     10.71  -2.77     6.28
  SINCE JAN 1     29.02                     29.94  -0.92    22.00

SNOWFALL (IN)
  YESTERDAY        0.0           0.0  2002   0.0    0.0      0.0
                                      2001
                                      2000
  MONTH TO DATE    0.0                       0.0    0.0      0.0
  SINCE JUN 1      0.0                       0.0    0.0      0.0
  SINCE JUL 1      0.0                       0.0    0.0      0.0
  SNOW DEPTH      MM

DEGREE DAYS
 HEATING
  YESTERDAY        0                         1     -1        0
  MONTH TO DATE    2                         9     -7        0
  SINCE JUN 1    117                       106     11       60
  SINCE JUL 1     31                        23      8        9

 COOLING
  YESTERDAY        5                         5      0        9
  MONTH TO DATE   82                        96    -14      148
  SINCE JUN 1    355                       355      0      464
  SINCE JAN 1    389                       377     12      506
..................................................................


WIND (MPH)
  RESULTANT WIND SPEED   9   RESULTANT WIND DIRECTION   S (190)
  HIGHEST WIND SPEED    22   HIGHEST WIND DIRECTION     S (190)
  HIGHEST GUST SPEED    30   HIGHEST GUST DIRECTION     S (180)
  AVERAGE WIND SPEED     9.8


SKY COVER
  POSSIBLE SUNSHINE  MM
  AVERAGE SKY COVER 1.0


WEATHER CONDITIONS
 THE FOLLOWING WEATHER WAS RECORDED YESTERDAY.
  LIGHT RAIN
  FOG
  FOG W/VISIBILITY <= 1/4 MILE


RELATIVE HUMIDITY (PERCENT)
 HIGHEST   100           500 PM
 LOWEST     69          1100 AM
 AVERAGE    85

..........................................................


THE WORCESTER MA CLIMATE NORMALS FOR TODAY
                         NORMAL    RECORD    YEAR
 MAXIMUM TEMPERATURE (F)   77        90      1906
 MINIMUM TEMPERATURE (F)   60        48      1944
                                             1930
                                             1926


SUNRISE AND SUNSET
AUGUST 19 2017........SUNRISE   559 AM EDT   SUNSET   742 PM EDT
AUGUST 20 2017........SUNRISE   600 AM EDT   SUNSET   740 PM EDT


-  INDICATES NEGATIVE NUMBERS.
R  INDICATES RECORD WAS SET OR TIED.
MM INDICATES DATA IS MISSING.
T  INDICATES TRACE AMOUNT.




$$
