000
CDUS41 KBOX 230603
CLIORH


CLIMATE REPORT
NATIONAL WEATHER SERVICE TAUNTON MA
1253 AM EST THU FEB 23 2017


...................................

...THE WORCESTER MA CLIMATE SUMMARY FOR FEBRUARY 22 2017...

CLIMATE NORMAL PERIOD 1981 TO 2010
CLIMATE RECORD PERIOD 1892 TO 2017


WEATHER ITEM   OBSERVED TIME   RECORD YEAR NORMAL DEPARTURE LAST
                VALUE   (LST)  VALUE       VALUE  FROM      YEAR
                                                  NORMAL
..................................................................
TEMPERATURE (F)
 YESTERDAY
  MAXIMUM         56    419 PM  57    1991  36     20       42
  MINIMUM         33    655 AM  -2    1963  21     12       25
                                      1928
  AVERAGE         45                        28     17       34

PRECIPITATION (IN)
  YESTERDAY        T             1.80 1892   0.11  -0.11     0.00
  MONTH TO DATE    2.12                      2.49  -0.37     2.96
  SINCE DEC 1      9.83                      9.80   0.03     9.73
  SINCE JAN 1      6.03                      5.98   0.05     5.08

SNOWFALL (IN)
  YESTERDAY        0.0          14.0  1893   0.5   -0.5      0.0
  MONTH TO DATE   25.4                      12.6   12.8     20.1
  SINCE DEC 1     57.8                      44.1   13.7     31.2
  SINCE JUL 1     57.8                      46.9   10.9     31.2
  SNOW DEPTH      MM

DEGREE DAYS
 HEATING
  YESTERDAY       20                        37    -17       31
  MONTH TO DATE  804                       849    -45      830
  SINCE DEC 1   2978                      3220   -242     2720
  SINCE JUL 1   4165                      4622   -457     3869

 COOLING
  YESTERDAY        0                         0      0        0
  MONTH TO DATE    0                         0      0        0
  SINCE DEC 1      0                         0      0        0
  SINCE JAN 1      0                         0      0        0
..................................................................


WIND (MPH)
  RESULTANT WIND SPEED   8   RESULTANT WIND DIRECTION  SW (240)
  HIGHEST WIND SPEED    14   HIGHEST WIND DIRECTION     W (250)
  HIGHEST GUST SPEED    18   HIGHEST GUST DIRECTION     W (250)
  AVERAGE WIND SPEED     9.0


SKY COVER
  POSSIBLE SUNSHINE  MM
  AVERAGE SKY COVER 0.2


WEATHER CONDITIONS
 THE FOLLOWING WEATHER WAS RECORDED YESTERDAY.
  LIGHT RAIN


RELATIVE HUMIDITY (PERCENT)
 HIGHEST    89           400 AM
 LOWEST     50          1100 AM
 AVERAGE    70

..........................................................


THE WORCESTER MA CLIMATE NORMALS FOR TODAY
                         NORMAL    RECORD    YEAR
 MAXIMUM TEMPERATURE (F)   36        61      1990
 MINIMUM TEMPERATURE (F)   21        -9      1972


SUNRISE AND SUNSET
FEBRUARY 23 2017......SUNRISE   632 AM EST   SUNSET   530 PM EST
FEBRUARY 24 2017......SUNRISE   630 AM EST   SUNSET   532 PM EST


-  INDICATES NEGATIVE NUMBERS.
R  INDICATES RECORD WAS SET OR TIED.
MM INDICATES DATA IS MISSING.
T  INDICATES TRACE AMOUNT.




$$
