000
CDUS41 KBOX 180606
CLIORH


CLIMATE REPORT
NATIONAL WEATHER SERVICE TAUNTON MA
200 AM EDT SAT MAR 18 2017


...................................

...THE WORCESTER MA CLIMATE SUMMARY FOR MARCH 17 2017...

CLIMATE NORMAL PERIOD 1981 TO 2010
CLIMATE RECORD PERIOD 1892 TO 2017


WEATHER ITEM   OBSERVED TIME   RECORD YEAR NORMAL DEPARTURE LAST
                VALUE   (LST)  VALUE       VALUE  FROM      YEAR
                                                  NORMAL
..................................................................
TEMPERATURE (F)
 YESTERDAY
  MAXIMUM         38    335 PM  70    1927  43     -5       59
  MINIMUM         19    523 AM   5    1967  27     -8       38
  AVERAGE         29                        35     -6       49

PRECIPITATION (IN)
  YESTERDAY        0.00          2.44 1900   0.14  -0.14     0.13
  MONTH TO DATE    1.83                      2.17  -0.34     2.21
  SINCE MAR 1      1.83                      2.17  -0.34     2.21
  SINCE JAN 1      8.18                      8.89  -0.71     9.60

SNOWFALL (IN)
  YESTERDAY        0.0           5.6  2007   0.4   -0.4      0.0
  MONTH TO DATE   16.1                       7.4    8.7       T
  SINCE MAR 1     16.1                       7.4    8.7       T
  SINCE JUL 1     73.9                      57.3   16.6     31.7
  SNOW DEPTH      MM

DEGREE DAYS
 HEATING
  YESTERDAY       36                        30      6       16
  MONTH TO DATE  644                       554     90      413
  SINCE MAR 1    644                       554     90      413
  SINCE JUL 1   4921                      5391   -470     4472

 COOLING
  YESTERDAY        0                         0      0        0
  MONTH TO DATE    0                         0      0        0
  SINCE MAR 1      0                         0      0        0
  SINCE JAN 1      0                         0      0        0
..................................................................


WIND (MPH)
  RESULTANT WIND SPEED  11   RESULTANT WIND DIRECTION   W (280)
  HIGHEST WIND SPEED    22   HIGHEST WIND DIRECTION    NW (300)
  HIGHEST GUST SPEED    28   HIGHEST GUST DIRECTION    NW (300)
  AVERAGE WIND SPEED    10.9


SKY COVER
  POSSIBLE SUNSHINE  MM
  AVERAGE SKY COVER 0.3


WEATHER CONDITIONS
 THE FOLLOWING WEATHER WAS RECORDED YESTERDAY.
  NO SIGNIFICANT WEATHER WAS OBSERVED.


RELATIVE HUMIDITY (PERCENT)
 HIGHEST    62           400 AM
 LOWEST     21           500 PM
 AVERAGE    42

..........................................................


THE WORCESTER MA CLIMATE NORMALS FOR TODAY
                         NORMAL    RECORD    YEAR
 MAXIMUM TEMPERATURE (F)   43        74      2012
 MINIMUM TEMPERATURE (F)   27         0      1967


SUNRISE AND SUNSET
MARCH 18 2017.........SUNRISE   654 AM EDT   SUNSET   658 PM EDT
MARCH 19 2017.........SUNRISE   652 AM EDT   SUNSET   659 PM EDT


-  INDICATES NEGATIVE NUMBERS.
R  INDICATES RECORD WAS SET OR TIED.
MM INDICATES DATA IS MISSING.
T  INDICATES TRACE AMOUNT.




$$
