000
CDUS41 KBOX 160529
CLIORH


CLIMATE REPORT
NATIONAL WEATHER SERVICE TAUNTON MA
129 AM EDT FRI JUN 16 2017


...................................

...THE WORCESTER MA CLIMATE SUMMARY FOR JUNE 15 2017...

CLIMATE NORMAL PERIOD 1981 TO 2010
CLIMATE RECORD PERIOD 1892 TO 2017


WEATHER ITEM   OBSERVED TIME   RECORD YEAR NORMAL DEPARTURE LAST
                VALUE   (LST)  VALUE       VALUE  FROM      YEAR
                                                  NORMAL
..................................................................
TEMPERATURE (F)
 YESTERDAY
  MAXIMUM         73    303 PM  94    1988  74     -1       79
  MINIMUM         50    431 AM  41    1978  56     -6       57
  AVERAGE         62                        65     -3       68

PRECIPITATION (IN)
  YESTERDAY        0.00          1.87 1903   0.14  -0.14     0.00
  MONTH TO DATE    1.69                      2.28  -0.59     1.13
  SINCE JUN 1      1.69                      2.28  -0.59     1.13
  SINCE JAN 1     22.77                     21.51   1.26    16.85

SNOWFALL (IN)
  YESTERDAY        0.0           0.0  2001   0.0    0.0      0.0
                                      2000
  MONTH TO DATE    0.0                       0.0    0.0      0.0
  SINCE JUN 1      0.0                       0.0    0.0      0.0
  SINCE JUL 1     78.3                      64.1   14.2     47.2
  SNOW DEPTH      MM

DEGREE DAYS
 HEATING
  YESTERDAY        3                         3      0        0
  MONTH TO DATE   73                        60     13       50
  SINCE JUN 1     73                        60     13       50
  SINCE JUL 1   6258                      6694   -436     5761

 COOLING
  YESTERDAY        0                         3     -3        3
  MONTH TO DATE   46                        30     16       16
  SINCE JUN 1     46                        30     16       16
  SINCE JAN 1     80                        52     28       58
..................................................................


WIND (MPH)
  RESULTANT WIND SPEED   9   RESULTANT WIND DIRECTION   S (200)
  HIGHEST WIND SPEED    17   HIGHEST WIND DIRECTION     S (190)
  HIGHEST GUST SPEED    23   HIGHEST GUST DIRECTION     S (190)
  AVERAGE WIND SPEED     9.4


SKY COVER
  POSSIBLE SUNSHINE  MM
  AVERAGE SKY COVER 0.3


WEATHER CONDITIONS
 THE FOLLOWING WEATHER WAS RECORDED YESTERDAY.
  NO SIGNIFICANT WEATHER WAS OBSERVED.


RELATIVE HUMIDITY (PERCENT)
 HIGHEST    77           200 AM
 LOWEST     35           200 PM
 AVERAGE    56

..........................................................


THE WORCESTER MA CLIMATE NORMALS FOR TODAY
                         NORMAL    RECORD    YEAR
 MAXIMUM TEMPERATURE (F)   74        91      1988
 MINIMUM TEMPERATURE (F)   56        42      1946


SUNRISE AND SUNSET
JUNE 16 2017..........SUNRISE   510 AM EDT   SUNSET   826 PM EDT
JUNE 17 2017..........SUNRISE   510 AM EDT   SUNSET   827 PM EDT


-  INDICATES NEGATIVE NUMBERS.
R  INDICATES RECORD WAS SET OR TIED.
MM INDICATES DATA IS MISSING.
T  INDICATES TRACE AMOUNT.




$$
