000
CDUS41 KBOX 182130
CLIORH


CLIMATE REPORT
NATIONAL WEATHER SERVICE TAUNTON MA
530 PM EDT MON AUG 18 2014


...................................

...THE WORCESTER MA CLIMATE SUMMARY FOR AUGUST 18 2014...
VALID AS OF 0500 PM LOCAL TIME.

CLIMATE NORMAL PERIOD 1981 TO 2010
CLIMATE RECORD PERIOD 1892 TO 2014


WEATHER ITEM   OBSERVED TIME   RECORD YEAR NORMAL DEPARTURE LAST
                VALUE   (LST)  VALUE       VALUE  FROM      YEAR
                                                  NORMAL
..................................................................
TEMPERATURE (F)
 TODAY
  MAXIMUM         73    244 PM  91    1935  77     -4       75
  MINIMUM         55    511 AM  45    1941  60     -5       59
  AVERAGE         64                        69     -5       67

PRECIPITATION (IN)
  TODAY            0.00          4.61 1955   0.11  -0.11     0.00
  MONTH TO DATE    2.18                      2.29  -0.11     2.86
  SINCE JUN 1     10.02                     10.71  -0.69    15.89
  SINCE JAN 1     31.21                     29.94   1.27    32.70

SNOWFALL (IN)
  TODAY            0.0           0.0  2002   0.0    0.0      0.0
                                      2001
                                      2000
  MONTH TO DATE    0.0                       0.0    0.0      0.0
  SINCE JUN 1      0.0                       0.0    0.0      0.0
  SINCE JUL 1      0.0                       0.0    0.0      0.0
  SNOW DEPTH      MM

DEGREE DAYS
 HEATING
  TODAY            1                         1      0        0
  MONTH TO DATE   11                         9      2        9
  SINCE JUN 1     56                       106    -50       83
  SINCE JUL 1     11                        23    -12       16

 COOLING
  TODAY            0                         5     -5        2
  MONTH TO DATE   56                        96    -40       39
  SINCE JUN 1    314                       355    -41      440
  SINCE JAN 1    322                       377    -55      464
..................................................................


WIND (MPH)
  HIGHEST WIND SPEED    18   HIGHEST WIND DIRECTION    NW (300)
  HIGHEST GUST SPEED    23   HIGHEST GUST DIRECTION    NW (300)
  AVERAGE WIND SPEED    12.2


SKY COVER
  POSSIBLE SUNSHINE  MM
  AVERAGE SKY COVER 0.1


WEATHER CONDITIONS
 THE FOLLOWING WEATHER WAS RECORDED TODAY.
  NO SIGNIFICANT WEATHER WAS OBSERVED.


RELATIVE HUMIDITY (PERCENT)
 HIGHEST    86           300 AM
 LOWEST     38           400 PM
 AVERAGE    62

..........................................................


THE WORCESTER MA CLIMATE NORMALS FOR TOMORROW
                         NORMAL    RECORD    YEAR
 MAXIMUM TEMPERATURE (F)   77        90      1906
 MINIMUM TEMPERATURE (F)   60        48      1944
                                             1930
                                             1926


SUNRISE AND SUNSET
AUGUST 18 2014........SUNRISE   558 AM EDT   SUNSET   744 PM EDT
AUGUST 19 2014........SUNRISE   559 AM EDT   SUNSET   742 PM EDT


-  INDICATES NEGATIVE NUMBERS.
R  INDICATES RECORD WAS SET OR TIED.
MM INDICATES DATA IS MISSING.
T  INDICATES TRACE AMOUNT.




$$
