000
CDUS41 KBOX 020542
CLIORH


CLIMATE REPORT
NATIONAL WEATHER SERVICE TAUNTON MA
139 AM EDT WED SEP 2 2015


...................................

...THE WORCESTER MA CLIMATE SUMMARY FOR SEPTEMBER 1 2015...

CLIMATE NORMAL PERIOD 1981 TO 2010
CLIMATE RECORD PERIOD 1892 TO 2015


WEATHER ITEM   OBSERVED TIME   RECORD YEAR NORMAL DEPARTURE LAST
                VALUE   (LST)  VALUE       VALUE  FROM      YEAR
                                                  NORMAL
..................................................................
TEMPERATURE (F)
 YESTERDAY
  MAXIMUM         82    321 PM  90    1937  75      7       82
  MINIMUM         64   1159 PM  38    1926  58      6       68
  AVERAGE         73                        66      7       75

PRECIPITATION (IN)
  YESTERDAY        0.00          1.62 1927   0.11  -0.11     0.00
  MONTH TO DATE    0.00                      0.11  -0.11     0.00
  SINCE SEP 1      0.00                      0.11  -0.11     0.00
  SINCE JAN 1     26.72                     31.47  -4.75    35.03

SNOWFALL (IN)
  YESTERDAY        0.0           0.0  2001   0.0    0.0      0.0
                                      2000
  MONTH TO DATE    0.0                       0.0    0.0      0.0
  SINCE SEP 1      0.0                       0.0    0.0      0.0
  SINCE JUL 1      0.0                       0.0    0.0      0.0
  SNOW DEPTH      MM

DEGREE DAYS
 HEATING
  YESTERDAY        0                         2     -2        0
  MONTH TO DATE    0                         2     -2        0
  SINCE SEP 1      0                         2     -2        0
  SINCE JUL 1      1                        41    -40       20

 COOLING
  YESTERDAY        8                         3      5       10
  MONTH TO DATE    8                         3      5       10
  SINCE SEP 1      8                         3      5       10
  SINCE JAN 1    565                       429    136      372
..................................................................


WIND (MPH)
  RESULTANT WIND SPEED   3   RESULTANT WIND DIRECTION  NW (300)
  HIGHEST WIND SPEED    13   HIGHEST WIND DIRECTION     N (350)
  HIGHEST GUST SPEED    16   HIGHEST GUST DIRECTION     N (350)
  AVERAGE WIND SPEED     7.6


SKY COVER
  POSSIBLE SUNSHINE  MM
  AVERAGE SKY COVER 0.0


WEATHER CONDITIONS
 THE FOLLOWING WEATHER WAS RECORDED YESTERDAY.
  NO SIGNIFICANT WEATHER WAS OBSERVED.


RELATIVE HUMIDITY (PERCENT)
 HIGHEST    87          1100 PM
 LOWEST     42           200 PM
 AVERAGE    65

..........................................................


THE WORCESTER MA CLIMATE NORMALS FOR TODAY
                         NORMAL    RECORD    YEAR
 MAXIMUM TEMPERATURE (F)   74        99      1953
 MINIMUM TEMPERATURE (F)   58        38      1934


SUNRISE AND SUNSET
SEPTEMBER  2 2015.....SUNRISE   613 AM EDT   SUNSET   720 PM EDT
SEPTEMBER  3 2015.....SUNRISE   614 AM EDT   SUNSET   718 PM EDT


-  INDICATES NEGATIVE NUMBERS.
R  INDICATES RECORD WAS SET OR TIED.
MM INDICATES DATA IS MISSING.
T  INDICATES TRACE AMOUNT.




$$
