111
CDUS41 KBOX 210543
CLIORH


CLIMATE REPORT
NATIONAL WEATHER SERVICE TAUNTON MA
135 AM EDT SUN MAY 21 2017


...................................

...THE WORCESTER MA CLIMATE SUMMARY FOR MAY 20 2017...

CLIMATE NORMAL PERIOD 1981 TO 2010
CLIMATE RECORD PERIOD 1892 TO 2017


WEATHER ITEM   OBSERVED TIME   RECORD YEAR NORMAL DEPARTURE LAST
                VALUE   (LST)  VALUE       VALUE  FROM      YEAR
                                                  NORMAL
..................................................................
TEMPERATURE (F)
 YESTERDAY
  MAXIMUM         69    445 PM  91    1903  67      2       71
  MINIMUM         47   1159 PM  34    1944  48     -1       45
  AVERAGE         58                        58      0       58

PRECIPITATION (IN)
  YESTERDAY        0.00          1.14 1943   0.14  -0.14     0.00
  MONTH TO DATE    3.14                      2.56   0.58     1.76
  SINCE MAR 1     11.90                     10.88   1.02     7.88
  SINCE JAN 1     18.25                     17.60   0.65    15.27

SNOWFALL (IN)
  YESTERDAY        0.0           0.0  2002   0.0    0.0      0.0
                                      2001
                                      2000
  MONTH TO DATE    0.0                       0.0    0.0      0.0
  SINCE MAR 1     20.5                      14.2    6.3     15.5
  SINCE JUL 1     78.3                      64.1   14.2     47.2
  SNOW DEPTH      MM

DEGREE DAYS
 HEATING
  YESTERDAY        7                         8     -1        7
  MONTH TO DATE  256                       213     43      255
  SINCE MAR 1   1799                      1723     76     1627
  SINCE JUL 1   6076                      6560   -484     5686

 COOLING
  YESTERDAY        0                         1     -1        0
  MONTH TO DATE   26                         5     21        1
  SINCE MAR 1     36                         8     28        5
  SINCE JAN 1     36                         8     28        5
..................................................................


WIND (MPH)
  RESULTANT WIND SPEED   3   RESULTANT WIND DIRECTION   E (90)
  HIGHEST WIND SPEED     8   HIGHEST WIND DIRECTION     E (70)
  HIGHEST GUST SPEED    18   HIGHEST GUST DIRECTION     E (70)
  AVERAGE WIND SPEED     4.4


SKY COVER
  POSSIBLE SUNSHINE  MM
  AVERAGE SKY COVER 0.0


WEATHER CONDITIONS
 THE FOLLOWING WEATHER WAS RECORDED YESTERDAY.
  NO SIGNIFICANT WEATHER WAS OBSERVED.


RELATIVE HUMIDITY (PERCENT)
 HIGHEST    36           100 PM
 LOWEST     22           400 PM
 AVERAGE    29

..........................................................


THE WORCESTER MA CLIMATE NORMALS FOR TODAY
                         NORMAL    RECORD    YEAR
 MAXIMUM TEMPERATURE (F)   67        88      1975
 MINIMUM TEMPERATURE (F)   48        32      1936


SUNRISE AND SUNSET
MAY 21 2017...........SUNRISE   521 AM EDT   SUNSET   808 PM EDT
MAY 22 2017...........SUNRISE   520 AM EDT   SUNSET   809 PM EDT


-  INDICATES NEGATIVE NUMBERS.
R  INDICATES RECORD WAS SET OR TIED.
MM INDICATES DATA IS MISSING.
T  INDICATES TRACE AMOUNT.




$$
