000
CDUS41 KBOX 132130
CLIORH


CLIMATE REPORT
NATIONAL WEATHER SERVICE TAUNTON MA
427 PM EST MON NOV 13 2017


...................................

...THE WORCESTER MA CLIMATE SUMMARY FOR NOVEMBER 13 2017...
VALID AS OF 0400 PM LOCAL TIME.

CLIMATE NORMAL PERIOD 1981 TO 2010
CLIMATE RECORD PERIOD 1892 TO 2017


WEATHER ITEM   OBSERVED TIME   RECORD YEAR NORMAL DEPARTURE LAST
                VALUE   (LST)  VALUE       VALUE  FROM      YEAR
                                                  NORMAL
..................................................................
TEMPERATURE (F)
 TODAY
  MAXIMUM         38   1252 PM  67    1964  49    -11       56
  MINIMUM         33    625 AM  15    1986  34     -1       38
  AVERAGE         36                        41     -5       47

PRECIPITATION (IN)
  TODAY            0.02          2.53 1937   0.14  -0.12     0.00
  MONTH TO DATE    0.28                      1.82  -1.54     0.11
  SINCE SEP 1     11.62                     10.43   1.19     9.95
  SINCE JAN 1     40.91                     41.79  -0.88    33.35

SNOWFALL (IN)
  TODAY            0.0           3.0  1904   0.1   -0.1      0.0
  MONTH TO DATE    T                         0.6   -0.6      0.0
  SINCE SEP 1      T                         0.8   -0.8       T
  SINCE JUL 1      T                         0.8   -0.8       T
  SNOW DEPTH      MM

DEGREE DAYS
 HEATING
  TODAY           29                        24      5       18
  MONTH TO DATE  297                       284     13      260
  SINCE SEP 1    618                       906   -288      765
  SINCE JUL 1    666                       945   -279      774

 COOLING
  TODAY            0                         0      0        0
  MONTH TO DATE    0                         0      0        0
  SINCE SEP 1    102                        45     57       75
  SINCE JAN 1    533                       471     62      663
..................................................................


WIND (MPH)
  HIGHEST WIND SPEED    10   HIGHEST WIND DIRECTION     N (360)
  HIGHEST GUST SPEED    13   HIGHEST GUST DIRECTION     N (20)
  AVERAGE WIND SPEED     6.1


SKY COVER
  POSSIBLE SUNSHINE  MM
  AVERAGE SKY COVER 0.8


WEATHER CONDITIONS
 THE FOLLOWING WEATHER WAS RECORDED TODAY.
  LIGHT RAIN


RELATIVE HUMIDITY (PERCENT)
 HIGHEST    89           300 PM
 LOWEST     52          1200 AM
 AVERAGE    71

..........................................................


THE WORCESTER MA CLIMATE NORMALS FOR TOMORROW
                         NORMAL    RECORD    YEAR
 MAXIMUM TEMPERATURE (F)   48        68      1989
                                             1959
 MINIMUM TEMPERATURE (F)   34        10      1986


SUNRISE AND SUNSET
NOVEMBER 13 2017......SUNRISE   636 AM EST   SUNSET   427 PM EST
NOVEMBER 14 2017......SUNRISE   637 AM EST   SUNSET   426 PM EST


-  INDICATES NEGATIVE NUMBERS.
R  INDICATES RECORD WAS SET OR TIED.
MM INDICATES DATA IS MISSING.
T  INDICATES TRACE AMOUNT.




$$
