884
CDUS41 KBOX 282124
CLIORH


CLIMATE REPORT
NATIONAL WEATHER SERVICE TAUNTON MA
524 PM EDT SAT MAY 28 2016


...................................

...THE WORCESTER MA CLIMATE SUMMARY FOR MAY 28 2016...
VALID AS OF 0500 PM LOCAL TIME.

CLIMATE NORMAL PERIOD 1981 TO 2010
CLIMATE RECORD PERIOD 1892 TO 2016


WEATHER ITEM   OBSERVED TIME   RECORD YEAR NORMAL DEPARTURE LAST
                VALUE   (LST)  VALUE       VALUE  FROM      YEAR
                                                  NORMAL
..................................................................
TEMPERATURE (F)
 TODAY
  MAXIMUM         89R   255 PM  88    1929  69     20       83
                                      1911
  MINIMUM         63    426 AM  34    1926  50     13       58
  AVERAGE         76                        60     16       71

PRECIPITATION (IN)
  TODAY            0.00          2.76 1906   0.15  -0.15     0.01
  MONTH TO DATE    1.96                      3.74  -1.78     0.15
  SINCE MAR 1      8.08                     12.06  -3.98     5.54
  SINCE JAN 1     15.47                     18.78  -3.31    13.85

SNOWFALL (IN)
  TODAY            0.0           0.0  2002   0.0    0.0      0.0
                                      2001
                                      2000
  MONTH TO DATE    0.0                       0.0    0.0      0.0
  SINCE MAR 1     15.5                      14.2    1.3     11.1
  SINCE JUL 1     47.2                      64.1  -16.9    119.7
  SNOW DEPTH      MM

DEGREE DAYS
 HEATING
  TODAY            0                         6     -6        0
  MONTH TO DATE  276                       269      7      129
  SINCE MAR 1   1648                      1779   -131     1773
  SINCE JUL 1   5707                      6616   -909     6887

 COOLING
  TODAY           11                         1     10        6
  MONTH TO DATE   30                        13     17       56
  SINCE MAR 1     34                        16     18       56
  SINCE JAN 1     34                        16     18       56
..................................................................


WIND (MPH)
  HIGHEST WIND SPEED    15   HIGHEST WIND DIRECTION    SW (240)
  HIGHEST GUST SPEED    19   HIGHEST GUST DIRECTION     W (260)
  AVERAGE WIND SPEED    11.3


SKY COVER
  POSSIBLE SUNSHINE  MM
  AVERAGE SKY COVER 0.1


WEATHER CONDITIONS
 THE FOLLOWING WEATHER WAS RECORDED TODAY.
  NO SIGNIFICANT WEATHER WAS OBSERVED.


RELATIVE HUMIDITY (PERCENT)
 HIGHEST    87           100 AM
 LOWEST     34           200 PM
 AVERAGE    61

..........................................................


THE WORCESTER MA CLIMATE NORMALS FOR TOMORROW
                         NORMAL    RECORD    YEAR
 MAXIMUM TEMPERATURE (F)   70        91      1931
 MINIMUM TEMPERATURE (F)   51        33      1900


SUNRISE AND SUNSET
MAY 28 2016...........SUNRISE   515 AM EDT   SUNSET   815 PM EDT
MAY 29 2016...........SUNRISE   515 AM EDT   SUNSET   815 PM EDT


-  INDICATES NEGATIVE NUMBERS.
R  INDICATES RECORD WAS SET OR TIED.
MM INDICATES DATA IS MISSING.
T  INDICATES TRACE AMOUNT.




$$
