000
CDUS41 KBOX 170546
CLIORH


CLIMATE REPORT
NATIONAL WEATHER SERVICE TAUNTON MA
1243 AM EST WED DEC 17 2014


...................................

...THE WORCESTER MA CLIMATE SUMMARY FOR DECEMBER 16 2014...

CLIMATE NORMAL PERIOD 1981 TO 2010
CLIMATE RECORD PERIOD 1892 TO 2014


WEATHER ITEM   OBSERVED TIME   RECORD YEAR NORMAL DEPARTURE LAST
                VALUE   (LST)  VALUE       VALUE  FROM      YEAR
                                                  NORMAL
..................................................................
TEMPERATURE (F)
 YESTERDAY
  MAXIMUM         35   1159 PM  58    1971  36     -1       22
  MINIMUM         28    318 AM  -2    1932  22      6       11
  AVERAGE         32                        29      3       17

PRECIPITATION (IN)
  YESTERDAY        0.14          1.22 2005   0.12   0.02      T
  MONTH TO DATE    3.66                      2.09   1.57     2.12
  SINCE DEC 1      3.66                      2.09   1.57     2.12
  SINCE JAN 1     52.34                     46.34   6.00    43.42

SNOWFALL (IN)
  YESTERDAY        0.0           8.4  2007   0.5   -0.5       T
  MONTH TO DATE    1.3                       6.4   -5.1     11.5
  SINCE DEC 1      1.3                       6.4   -5.1     11.5
  SINCE JUL 1      8.5                       9.2   -0.7     12.0
  SNOW DEPTH      MM

DEGREE DAYS
 HEATING
  YESTERDAY       33                        36     -3       48
  MONTH TO DATE  496                       529    -33      606
  SINCE DEC 1    496                       529    -33      606
  SINCE JUL 1   1874                      1931    -57     2018

 COOLING
  YESTERDAY        0                         0      0        0
  MONTH TO DATE    0                         0      0        0
  SINCE DEC 1      0                         0      0        0
  SINCE JAN 1    426                       471    -45      572
..................................................................


WIND (MPH)
  RESULTANT WIND SPEED   2   RESULTANT WIND DIRECTION   E (90)
  HIGHEST WIND SPEED     9   HIGHEST WIND DIRECTION     N (10)
  HIGHEST GUST SPEED    12   HIGHEST GUST DIRECTION     N (10)
  AVERAGE WIND SPEED     2.8


SKY COVER
  POSSIBLE SUNSHINE  MM
  AVERAGE SKY COVER 0.8


WEATHER CONDITIONS
 THE FOLLOWING WEATHER WAS RECORDED YESTERDAY.
  RAIN
  LIGHT RAIN
  FOG
  FOG W/VISIBILITY <= 1/4 MILE


RELATIVE HUMIDITY (PERCENT)
 HIGHEST   100           300 PM
 LOWEST     85          1200 AM
 AVERAGE    93

..........................................................


THE WORCESTER MA CLIMATE NORMALS FOR TODAY
                         NORMAL    RECORD    YEAR
 MAXIMUM TEMPERATURE (F)   36        60      2000
 MINIMUM TEMPERATURE (F)   22       -16      1942


SUNRISE AND SUNSET
DECEMBER 17 2014......SUNRISE   711 AM EST   SUNSET   417 PM EST
DECEMBER 18 2014......SUNRISE   711 AM EST   SUNSET   417 PM EST


-  INDICATES NEGATIVE NUMBERS.
R  INDICATES RECORD WAS SET OR TIED.
MM INDICATES DATA IS MISSING.
T  INDICATES TRACE AMOUNT.




$$
