000
CDUS41 KBOX 130604
CLIORH


CLIMATE REPORT
NATIONAL WEATHER SERVICE TAUNTON MA
153 AM EDT SUN AUG 13 2017


...................................

...THE WORCESTER MA CLIMATE SUMMARY FOR AUGUST 12 2017...

CLIMATE NORMAL PERIOD 1981 TO 2010
CLIMATE RECORD PERIOD 1892 TO 2017


WEATHER ITEM   OBSERVED TIME   RECORD YEAR NORMAL DEPARTURE LAST
                VALUE   (LST)  VALUE       VALUE  FROM      YEAR
                                                  NORMAL
..................................................................
TEMPERATURE (F)
 YESTERDAY
  MAXIMUM         76    321 PM  99    1944  78     -2       90
  MINIMUM         58    638 AM  49    1954  61     -3       72
                                      1930
  AVERAGE         67                        70     -3       81

PRECIPITATION (IN)
  YESTERDAY        0.06          2.22 1931   0.12  -0.06      T
  MONTH TO DATE    1.23                      1.58  -0.35     1.30
  SINCE JUN 1      7.85                     10.00  -2.15     5.02
  SINCE JAN 1     28.93                     29.23  -0.30    20.74

SNOWFALL (IN)
  YESTERDAY        0.0           0.0  2002   0.0    0.0      0.0
                                      2001
                                      2000
  MONTH TO DATE    0.0                       0.0    0.0      0.0
  SINCE JUN 1      0.0                       0.0    0.0      0.0
  SINCE JUL 1      0.0                       0.0    0.0      0.0
  SNOW DEPTH      MM

DEGREE DAYS
 HEATING
  YESTERDAY        0                         1     -1        0
  MONTH TO DATE    2                         3     -1        0
  SINCE JUN 1    117                       100     17       60
  SINCE JUL 1     31                        17     14        9

 COOLING
  YESTERDAY        2                         5     -3       16
  MONTH TO DATE   52                        66    -14       92
  SINCE JUN 1    325                       325      0      408
  SINCE JAN 1    359                       347     12      450
..................................................................


WIND (MPH)
  RESULTANT WIND SPEED   7   RESULTANT WIND DIRECTION   S (200)
  HIGHEST WIND SPEED    16   HIGHEST WIND DIRECTION    SW (230)
  HIGHEST GUST SPEED    19   HIGHEST GUST DIRECTION    SW (230)
  AVERAGE WIND SPEED     7.6


SKY COVER
  POSSIBLE SUNSHINE  MM
  AVERAGE SKY COVER 0.6


WEATHER CONDITIONS
 THE FOLLOWING WEATHER WAS RECORDED YESTERDAY.
  RAIN
  LIGHT RAIN


RELATIVE HUMIDITY (PERCENT)
 HIGHEST    90           200 AM
 LOWEST     64           200 PM
 AVERAGE    77

..........................................................


THE WORCESTER MA CLIMATE NORMALS FOR TODAY
                         NORMAL    RECORD    YEAR
 MAXIMUM TEMPERATURE (F)   78        98      1944
 MINIMUM TEMPERATURE (F)   61        40      1941


SUNRISE AND SUNSET
AUGUST 13 2017........SUNRISE   553 AM EDT   SUNSET   751 PM EDT
AUGUST 14 2017........SUNRISE   554 AM EDT   SUNSET   749 PM EDT


-  INDICATES NEGATIVE NUMBERS.
R  INDICATES RECORD WAS SET OR TIED.
MM INDICATES DATA IS MISSING.
T  INDICATES TRACE AMOUNT.




$$
