000
CDUS41 KBOX 170536
CLIORH


CLIMATE REPORT
NATIONAL WEATHER SERVICE TAUNTON MA
136 AM EDT WED SEP 17 2014


...................................

...THE WORCESTER MA CLIMATE SUMMARY FOR SEPTEMBER 16 2014...

CLIMATE NORMAL PERIOD 1981 TO 2010
CLIMATE RECORD PERIOD 1892 TO 2014


WEATHER ITEM   OBSERVED TIME   RECORD YEAR NORMAL DEPARTURE LAST
                VALUE   (LST)  VALUE       VALUE  FROM      YEAR
                                                  NORMAL
..................................................................
TEMPERATURE (F)
 YESTERDAY
  MAXIMUM         63    158 PM  92    1939  70     -7       65
                                      1915
  MINIMUM         49   1216 AM  36    1899  53     -4       42
  AVERAGE         56                        61     -5       54

PRECIPITATION (IN)
  YESTERDAY        T             4.67 1933   0.13  -0.13      T
  MONTH TO DATE    1.30                      1.90  -0.60     2.73
  SINCE SEP 1      1.30                      1.90  -0.60     2.73
  SINCE JAN 1     36.33                     33.26   3.07    35.75

SNOWFALL (IN)
  YESTERDAY       MM             0.0  2002   0.0   MM        0.0
  MONTH TO DATE    0.0                       0.0    0.0      0.0
  SINCE SEP 1      0.0                       0.0    0.0      0.0
  SINCE JUL 1      0.0                       0.0    0.0      0.0
  SNOW DEPTH      MM

DEGREE DAYS
 HEATING
  YESTERDAY        9                         5      4       11
  MONTH TO DATE   59                        51      8       59
  SINCE SEP 1     59                        51      8       59
  SINCE JUL 1     79                        90    -11       78

 COOLING
  YESTERDAY        0                         1     -1        0
  MONTH TO DATE   52                        32     20       40
  SINCE SEP 1     52                        32     20       40
  SINCE JAN 1    414                       458    -44      571
..................................................................


WIND (MPH)
  RESULTANT WIND SPEED   5   RESULTANT WIND DIRECTION   W (270)
  HIGHEST WIND SPEED    13   HIGHEST WIND DIRECTION    SW (230)
  HIGHEST GUST SPEED    17   HIGHEST GUST DIRECTION    SW (230)
  AVERAGE WIND SPEED     5.8


SKY COVER
  POSSIBLE SUNSHINE  MM
  AVERAGE SKY COVER 0.7


WEATHER CONDITIONS
 THE FOLLOWING WEATHER WAS RECORDED YESTERDAY.
  LIGHT RAIN


RELATIVE HUMIDITY (PERCENT)
 HIGHEST    93          1100 PM
 LOWEST     67           200 PM
 AVERAGE    80

..........................................................


THE WORCESTER MA CLIMATE NORMALS FOR TODAY
                         NORMAL    RECORD    YEAR
 MAXIMUM TEMPERATURE (F)   69        89      1942
 MINIMUM TEMPERATURE (F)   53        35      1935


SUNRISE AND SUNSET
SEPTEMBER 17 2014.....SUNRISE   629 AM EDT   SUNSET   654 PM EDT
SEPTEMBER 18 2014.....SUNRISE   630 AM EDT   SUNSET   652 PM EDT


-  INDICATES NEGATIVE NUMBERS.
R  INDICATES RECORD WAS SET OR TIED.
MM INDICATES DATA IS MISSING.
T  INDICATES TRACE AMOUNT.




$$
