000
CDUS41 KBOX 200541
CLIORH


CLIMATE REPORT
NATIONAL WEATHER SERVICE TAUNTON MA
140 AM EDT TUE JUN 20 2017


...................................

...THE WORCESTER MA CLIMATE SUMMARY FOR JUNE 19 2017...

CLIMATE NORMAL PERIOD 1981 TO 2010
CLIMATE RECORD PERIOD 1892 TO 2017


WEATHER ITEM   OBSERVED TIME   RECORD YEAR NORMAL DEPARTURE LAST
                VALUE   (LST)  VALUE       VALUE  FROM      YEAR
                                                  NORMAL
..................................................................
TEMPERATURE (F)
 YESTERDAY
  MAXIMUM         82    153 PM  93    1923  75      7       80
  MINIMUM         67    708 PM  43    1939  57     10       54
  AVERAGE         75                        66      9       67

PRECIPITATION (IN)
  YESTERDAY        0.42          1.88 1934   0.13   0.29     0.00
  MONTH TO DATE    2.71                      2.82  -0.11     1.13
  SINCE JUN 1      2.71                      2.82  -0.11     1.13
  SINCE JAN 1     23.79                     22.05   1.74    16.85

SNOWFALL (IN)
  YESTERDAY        0.0           0.0  2016   0.0    0.0      0.0
  MONTH TO DATE    0.0                       0.0    0.0      0.0
  SINCE JUN 1      0.0                       0.0    0.0      0.0
  SINCE JUL 1     78.3                      64.1   14.2     47.2
  SNOW DEPTH      MM

DEGREE DAYS
 HEATING
  YESTERDAY        0                         2     -2        0
  MONTH TO DATE   77                        68      9       50
  SINCE JUN 1     77                        68      9       50
  SINCE JUL 1   6262                      6702   -440     5761

 COOLING
  YESTERDAY       10                         3      7        2
  MONTH TO DATE   63                        42     21       26
  SINCE JUN 1     63                        42     21       26
  SINCE JAN 1     97                        64     33       68
..................................................................


WIND (MPH)
  RESULTANT WIND SPEED  14   RESULTANT WIND DIRECTION  SW (210)
  HIGHEST WIND SPEED    28   HIGHEST WIND DIRECTION    SW (210)
  HIGHEST GUST SPEED    36   HIGHEST GUST DIRECTION    SW (220)
  AVERAGE WIND SPEED    13.8


SKY COVER
  POSSIBLE SUNSHINE  MM
  AVERAGE SKY COVER 0.8


WEATHER CONDITIONS
 THE FOLLOWING WEATHER WAS RECORDED YESTERDAY.
  THUNDERSTORM
  HEAVY RAIN
  RAIN
  LIGHT RAIN
  FOG


RELATIVE HUMIDITY (PERCENT)
 HIGHEST    93           400 AM
 LOWEST     67           100 PM
 AVERAGE    80

..........................................................


THE WORCESTER MA CLIMATE NORMALS FOR TODAY
                         NORMAL    RECORD    YEAR
 MAXIMUM TEMPERATURE (F)   75        93      1953
 MINIMUM TEMPERATURE (F)   57        37      1926


SUNRISE AND SUNSET
JUNE 20 2017..........SUNRISE   511 AM EDT   SUNSET   827 PM EDT
JUNE 21 2017..........SUNRISE   511 AM EDT   SUNSET   828 PM EDT


-  INDICATES NEGATIVE NUMBERS.
R  INDICATES RECORD WAS SET OR TIED.
MM INDICATES DATA IS MISSING.
T  INDICATES TRACE AMOUNT.




$$
