000
CDUS41 KBOX 150545
CLIORH


CLIMATE REPORT
NATIONAL WEATHER SERVICE TAUNTON MA
140 AM EDT MON AUG 15 2016


...................................

...THE WORCESTER MA CLIMATE SUMMARY FOR AUGUST 14 2016...

CLIMATE NORMAL PERIOD 1981 TO 2010
CLIMATE RECORD PERIOD 1892 TO 2016


WEATHER ITEM   OBSERVED TIME   RECORD YEAR NORMAL DEPARTURE LAST
                VALUE   (LST)  VALUE       VALUE  FROM      YEAR
                                                  NORMAL
..................................................................
TEMPERATURE (F)
 YESTERDAY
  MAXIMUM         89    228 PM  95    1944  78     11       81
  MINIMUM         67   1247 AM  45    1964  61      6       60
  AVERAGE         78                        69      9       71

PRECIPITATION (IN)
  YESTERDAY        0.47          1.26 1972   0.12   0.35     0.00
  MONTH TO DATE    2.44                      1.82   0.62     1.11
  SINCE JUN 1      6.16                     10.24  -4.08    10.32
  SINCE JAN 1     21.88                     29.47  -7.59    24.62

SNOWFALL (IN)
  YESTERDAY        0.0           0.0  2002   0.0    0.0      0.0
                                      2001
                                      2000
  MONTH TO DATE    0.0                       0.0    0.0      0.0
  SINCE JUN 1      0.0                       0.0    0.0      0.0
  SINCE JUL 1      0.0                       0.0    0.0      0.0
  SNOW DEPTH       0

DEGREE DAYS
 HEATING
  YESTERDAY        0                         1     -1        0
  MONTH TO DATE    0                         5     -5        0
  SINCE JUN 1     60                       102    -42       95
  SINCE JUL 1      9                        19    -10        1

 COOLING
  YESTERDAY       13                         5      8        6
  MONTH TO DATE  115                        76     39       64
  SINCE JUN 1    431                       335     96      371
  SINCE JAN 1    473                       357    116      437
..................................................................


WIND (MPH)
  RESULTANT WIND SPEED   9   RESULTANT WIND DIRECTION   W (260)
  HIGHEST WIND SPEED    25   HIGHEST WIND DIRECTION    SW (240)
  HIGHEST GUST SPEED    33   HIGHEST GUST DIRECTION    SW (230)
  AVERAGE WIND SPEED    10.3


SKY COVER
  POSSIBLE SUNSHINE  MM
  AVERAGE SKY COVER 0.2


WEATHER CONDITIONS
 THE FOLLOWING WEATHER WAS RECORDED YESTERDAY.
  THUNDERSTORM
  HEAVY RAIN
  LIGHT RAIN
  FOG


RELATIVE HUMIDITY (PERCENT)
 HIGHEST    97           400 AM
 LOWEST     55           200 PM
 AVERAGE    76

..........................................................


THE WORCESTER MA CLIMATE NORMALS FOR TODAY
                         NORMAL    RECORD    YEAR
 MAXIMUM TEMPERATURE (F)   78        94      1944
 MINIMUM TEMPERATURE (F)   61        46      1946


SUNRISE AND SUNSET
AUGUST 15 2016........SUNRISE   555 AM EDT   SUNSET   748 PM EDT
AUGUST 16 2016........SUNRISE   556 AM EDT   SUNSET   746 PM EDT


-  INDICATES NEGATIVE NUMBERS.
R  INDICATES RECORD WAS SET OR TIED.
MM INDICATES DATA IS MISSING.
T  INDICATES TRACE AMOUNT.




$$
