000
CDUS41 KBOX 172120
CLIORH


CLIMATE REPORT
NATIONAL WEATHER SERVICE TAUNTON MA
420 PM EST FRI FEB 17 2017


...................................

...THE WORCESTER MA CLIMATE SUMMARY FOR FEBRUARY 17 2017...
VALID AS OF 0400 PM LOCAL TIME.

CLIMATE NORMAL PERIOD 1981 TO 2010
CLIMATE RECORD PERIOD 1892 TO 2017


WEATHER ITEM   OBSERVED TIME   RECORD YEAR NORMAL DEPARTURE LAST
                VALUE   (LST)  VALUE       VALUE  FROM      YEAR
                                                  NORMAL
..................................................................
TEMPERATURE (F)
 TODAY
  MAXIMUM         35    354 PM  56    1981  35      0       39
  MINIMUM         18    655 AM -14    1896  20     -2       28
  AVERAGE         27                        27      0       34

PRECIPITATION (IN)
  TODAY            0.00          1.25 2003   0.12  -0.12     0.00
  MONTH TO DATE    2.12                      1.93   0.19     2.92
  SINCE DEC 1      9.83                      9.24   0.59     9.69
  SINCE JAN 1      6.03                      5.42   0.61     5.04

SNOWFALL (IN)
  TODAY            0.0          18.8  2003   0.6   -0.6      0.0
  MONTH TO DATE   25.4                       9.8   15.6     20.1
  SINCE DEC 1     57.8                      41.3   16.5     31.2
  SINCE JUL 1     57.8                      44.1   13.7     31.2
  SNOW DEPTH       0

DEGREE DAYS
 HEATING
  TODAY           38                        38      0       31
  MONTH TO DATE  681                       664     17      675
  SINCE DEC 1   2855                      3035   -180     2565
  SINCE JUL 1   4042                      4437   -395     3714

 COOLING
  TODAY            0                         0      0        0
  MONTH TO DATE    0                         0      0        0
  SINCE DEC 1      0                         0      0        0
  SINCE JAN 1      0                         0      0        0
..................................................................


WIND (MPH)
  HIGHEST WIND SPEED    33   HIGHEST WIND DIRECTION     W (280)
  HIGHEST GUST SPEED    44   HIGHEST GUST DIRECTION     W (280)
  AVERAGE WIND SPEED    18.4


SKY COVER
  POSSIBLE SUNSHINE  MM
  AVERAGE SKY COVER 0.0


WEATHER CONDITIONS
 THE FOLLOWING WEATHER WAS RECORDED TODAY.
  NO SIGNIFICANT WEATHER WAS OBSERVED.


RELATIVE HUMIDITY (PERCENT)
 HIGHEST    67          1200 AM
 LOWEST     35           300 PM
 AVERAGE    51

..........................................................


THE WORCESTER MA CLIMATE NORMALS FOR TOMORROW
                         NORMAL    RECORD    YEAR
 MAXIMUM TEMPERATURE (F)   35        63      1981
 MINIMUM TEMPERATURE (F)   20       -12      1958


SUNRISE AND SUNSET
FEBRUARY 17 2017......SUNRISE   641 AM EST   SUNSET   523 PM EST
FEBRUARY 18 2017......SUNRISE   639 AM EST   SUNSET   524 PM EST


-  INDICATES NEGATIVE NUMBERS.
R  INDICATES RECORD WAS SET OR TIED.
MM INDICATES DATA IS MISSING.
T  INDICATES TRACE AMOUNT.




$$
