223
CDUS41 KBOX 140550
CLIORH


CLIMATE REPORT
NATIONAL WEATHER SERVICE TAUNTON MA
140 AM EDT MON AUG 14 2017


...................................

...THE WORCESTER MA CLIMATE SUMMARY FOR AUGUST 13 2017...

CLIMATE NORMAL PERIOD 1981 TO 2010
CLIMATE RECORD PERIOD 1892 TO 2017


WEATHER ITEM   OBSERVED TIME   RECORD YEAR NORMAL DEPARTURE LAST
                VALUE   (LST)  VALUE       VALUE  FROM      YEAR
                                                  NORMAL
..................................................................
TEMPERATURE (F)
 YESTERDAY
  MAXIMUM         79    424 PM  98    1944  78      1       83
  MINIMUM         66   1111 PM  40    1941  61      5       66
  AVERAGE         73                        70      3       75

PRECIPITATION (IN)
  YESTERDAY        0.02          2.74 1955   0.12  -0.10     0.67
  MONTH TO DATE    1.25                      1.70  -0.45     1.97
  SINCE JUN 1      7.87                     10.12  -2.25     5.69
  SINCE JAN 1     28.95                     29.35  -0.40    21.41

SNOWFALL (IN)
  YESTERDAY        0.0           0.0  2002   0.0    0.0      0.0
                                      2001
                                      2000
  MONTH TO DATE    0.0                       0.0    0.0      0.0
  SINCE JUN 1      0.0                       0.0    0.0      0.0
  SINCE JUL 1      0.0                       0.0    0.0      0.0
  SNOW DEPTH      MM

DEGREE DAYS
 HEATING
  YESTERDAY        0                         1     -1        0
  MONTH TO DATE    2                         4     -2        0
  SINCE JUN 1    117                       101     16       60
  SINCE JUL 1     31                        18     13        9

 COOLING
  YESTERDAY        8                         5      3       10
  MONTH TO DATE   60                        71    -11      102
  SINCE JUN 1    333                       330      3      418
  SINCE JAN 1    367                       352     15      460
..................................................................


WIND (MPH)
  RESULTANT WIND SPEED   8   RESULTANT WIND DIRECTION   W (290)
  HIGHEST WIND SPEED    20   HIGHEST WIND DIRECTION    NW (300)
  HIGHEST GUST SPEED    23   HIGHEST GUST DIRECTION     W (290)
  AVERAGE WIND SPEED     9.2


SKY COVER
  POSSIBLE SUNSHINE  MM
  AVERAGE SKY COVER 0.4


WEATHER CONDITIONS
 THE FOLLOWING WEATHER WAS RECORDED YESTERDAY.
  LIGHT RAIN
  FOG


RELATIVE HUMIDITY (PERCENT)
 HIGHEST    93          1200 AM
 LOWEST     42           300 PM
 AVERAGE    68

..........................................................


THE WORCESTER MA CLIMATE NORMALS FOR TODAY
                         NORMAL    RECORD    YEAR
 MAXIMUM TEMPERATURE (F)   78        95      1944
 MINIMUM TEMPERATURE (F)   61        45      1964


SUNRISE AND SUNSET
AUGUST 14 2017........SUNRISE   554 AM EDT   SUNSET   749 PM EDT
AUGUST 15 2017........SUNRISE   555 AM EDT   SUNSET   748 PM EDT


-  INDICATES NEGATIVE NUMBERS.
R  INDICATES RECORD WAS SET OR TIED.
MM INDICATES DATA IS MISSING.
T  INDICATES TRACE AMOUNT.




$$
