000
CDUS41 KBOX 222130
CLIORH


CLIMATE REPORT
NATIONAL WEATHER SERVICE TAUNTON MA
428 PM EST MON DEC 22 2014


...................................

...THE WORCESTER MA CLIMATE SUMMARY FOR DECEMBER 22 2014...
VALID AS OF 0400 PM LOCAL TIME.

CLIMATE NORMAL PERIOD 1981 TO 2010
CLIMATE RECORD PERIOD 1892 TO 2014


WEATHER ITEM   OBSERVED TIME   RECORD YEAR NORMAL DEPARTURE LAST
                VALUE   (LST)  VALUE       VALUE  FROM      YEAR
                                                  NORMAL
..................................................................
TEMPERATURE (F)
 TODAY
  MAXIMUM         37    116 PM  63    2013  34      3       63
                                      1923
  MINIMUM         29    837 AM  -8    1944  20      9       33
  AVERAGE         33                        27      6       48

PRECIPITATION (IN)
  TODAY            0.01          1.21 1902   0.11  -0.10      T
  MONTH TO DATE    4.07                      2.79   1.28     2.56
  SINCE DEC 1      4.07                      2.79   1.28     2.56
  SINCE JAN 1     52.75                     47.04   5.71    43.86

SNOWFALL (IN)
  TODAY            T             9.1  1975   0.5   -0.5      0.0
  MONTH TO DATE    1.5                       9.5   -8.0     18.1
  SINCE DEC 1      1.5                       9.5   -8.0     18.1
  SINCE JUL 1      8.7                      12.3   -3.6     18.6
  SNOW DEPTH      MM

DEGREE DAYS
 HEATING
  TODAY           32                        38     -6       17
  MONTH TO DATE  696                       750    -54      801
  SINCE DEC 1    696                       750    -54      801
  SINCE JUL 1   2074                      2152    -78     2213

 COOLING
  TODAY            0                         0      0        0
  MONTH TO DATE    0                         0      0        0
  SINCE DEC 1      0                         0      0        0
  SINCE JAN 1    426                       471    -45      572
..................................................................


WIND (MPH)
  HIGHEST WIND SPEED     9   HIGHEST WIND DIRECTION    NE (40)
  HIGHEST GUST SPEED    12   HIGHEST GUST DIRECTION    NE (30)
  AVERAGE WIND SPEED     6.0


SKY COVER
  POSSIBLE SUNSHINE  MM
  AVERAGE SKY COVER 1.0


WEATHER CONDITIONS
 THE FOLLOWING WEATHER WAS RECORDED TODAY.
  LIGHT SNOW
  FOG


RELATIVE HUMIDITY (PERCENT)
 HIGHEST    92          1200 AM
 LOWEST     78           300 AM
 AVERAGE    85

..........................................................


THE WORCESTER MA CLIMATE NORMALS FOR TOMORROW
                         NORMAL    RECORD    YEAR
 MAXIMUM TEMPERATURE (F)   34        61      1990
 MINIMUM TEMPERATURE (F)   20        -2      1989


SUNRISE AND SUNSET
DECEMBER 22 2014......SUNRISE   713 AM EST   SUNSET   419 PM EST
DECEMBER 23 2014......SUNRISE   714 AM EST   SUNSET   419 PM EST


-  INDICATES NEGATIVE NUMBERS.
R  INDICATES RECORD WAS SET OR TIED.
MM INDICATES DATA IS MISSING.
T  INDICATES TRACE AMOUNT.




$$
