000
CDUS41 KBOX 260539
CLIORH


CLIMATE REPORT
NATIONAL WEATHER SERVICE TAUNTON MA
1238 AM EST THU FEB 26 2015


...................................

...THE WORCESTER MA CLIMATE SUMMARY FOR FEBRUARY 25 2015...

CLIMATE NORMAL PERIOD 1981 TO 2010
CLIMATE RECORD PERIOD 1892 TO 2015


WEATHER ITEM   OBSERVED TIME   RECORD YEAR NORMAL DEPARTURE LAST
                VALUE   (LST)  VALUE       VALUE  FROM      YEAR
                                                  NORMAL
..................................................................
TEMPERATURE (F)
 YESTERDAY
  MAXIMUM         30    351 PM  64    1976  37     -7       22
                                      1930
  MINIMUM         13   1204 AM  -7    1894  21     -8       12
  AVERAGE         22                        29     -7       17

PRECIPITATION (IN)
  YESTERDAY        0.00          2.04 1965   0.12  -0.12     0.00
  MONTH TO DATE    3.27                      2.85   0.42     4.06
  SINCE DEC 1     13.20                     10.16   3.04    11.59
  SINCE JAN 1      8.30                      6.34   1.96     7.16

SNOWFALL (IN)
  YESTERDAY        0.0          13.7  1966   0.5   -0.5      0.0
  MONTH TO DATE   53.3                      14.1   39.2     41.2
  SINCE DEC 1    101.3                      45.6   55.7     80.1
  SINCE JUL 1    108.5                      48.4   60.1     80.6
  SNOW DEPTH      MM

DEGREE DAYS
 HEATING
  YESTERDAY       43                        36      7       48
  MONTH TO DATE 1269                       957    312     1010
  SINCE DEC 1   3591                      3328    263     3487
  SINCE JUL 1   4969                      4730    239     4899

 COOLING
  YESTERDAY        0                         0      0        0
  MONTH TO DATE    0                         0      0        0
  SINCE DEC 1      0                         0      0        0
  SINCE JAN 1      0                         0      0        0
..................................................................


WIND (MPH)
  RESULTANT WIND SPEED  12   RESULTANT WIND DIRECTION   W (270)
  HIGHEST WIND SPEED    25   HIGHEST WIND DIRECTION     W (270)
  HIGHEST GUST SPEED    36   HIGHEST GUST DIRECTION     W (290)
  AVERAGE WIND SPEED    12.5


SKY COVER
  POSSIBLE SUNSHINE  MM
  AVERAGE SKY COVER 0.2


WEATHER CONDITIONS
 THE FOLLOWING WEATHER WAS RECORDED YESTERDAY.
  FOG
  HAZE


RELATIVE HUMIDITY (PERCENT)
 HIGHEST    92           200 AM
 LOWEST     39           300 PM
 AVERAGE    66

..........................................................


THE WORCESTER MA CLIMATE NORMALS FOR TODAY
                         NORMAL    RECORD    YEAR
 MAXIMUM TEMPERATURE (F)   37        63      1957
 MINIMUM TEMPERATURE (F)   22        -6      1928


SUNRISE AND SUNSET
FEBRUARY 26 2015......SUNRISE   628 AM EST   SUNSET   533 PM EST
FEBRUARY 27 2015......SUNRISE   626 AM EST   SUNSET   535 PM EST


-  INDICATES NEGATIVE NUMBERS.
R  INDICATES RECORD WAS SET OR TIED.
MM INDICATES DATA IS MISSING.
T  INDICATES TRACE AMOUNT.




$$
