078
CDUS41 KBOX 152149
CLIORH


CLIMATE REPORT
NATIONAL WEATHER SERVICE TAUNTON MA
538 PM EDT FRI MAY 15 2015


...................................

...THE WORCESTER MA CLIMATE SUMMARY FOR MAY 15 2015...
VALID AS OF 0500 PM LOCAL TIME.

CLIMATE NORMAL PERIOD 1981 TO 2010
CLIMATE RECORD PERIOD 1892 TO 2015


WEATHER ITEM   OBSERVED TIME   RECORD YEAR NORMAL DEPARTURE LAST
                VALUE   (LST)  VALUE       VALUE  FROM      YEAR
                                                  NORMAL
..................................................................
TEMPERATURE (F)
 TODAY
  MAXIMUM         69    357 PM  89    1900  66      3       74
  MINIMUM         44    415 AM  30    1939  47     -3       56
  AVERAGE         57                        56      1       65

PRECIPITATION (IN)
  TODAY            0.00          1.97 1938   0.12  -0.12     0.01
  MONTH TO DATE    0.04                      1.88  -1.84     1.33
  SINCE MAR 1      5.43                     10.20  -4.77    11.19
  SINCE JAN 1     13.74                     16.92  -3.18    18.37

SNOWFALL (IN)
  TODAY            0.0           0.0  2001   0.0    0.0      0.0
                                      2000
  MONTH TO DATE    0.0                       0.0    0.0      0.0
  SINCE MAR 1     11.1                      14.2   -3.1      4.3
  SINCE JUL 1    119.7                      64.1   55.6     85.2
  SNOW DEPTH      MM

DEGREE DAYS
 HEATING
  TODAY            8                         9     -1        0
  MONTH TO DATE   71                       170    -99      135
  SINCE MAR 1   1715                      1680     35     1846
  SINCE JUL 1   6829                      6517    312     6900

 COOLING
  TODAY            0                         0      0        0
  MONTH TO DATE   22                         0     22        6
  SINCE MAR 1     22                         3     19        6
  SINCE JAN 1     22                         3     19        6
..................................................................


WIND (MPH)
  HIGHEST WIND SPEED    14   HIGHEST WIND DIRECTION    SW (240)
  HIGHEST GUST SPEED    19   HIGHEST GUST DIRECTION     W (270)
  AVERAGE WIND SPEED     7.4


SKY COVER
  POSSIBLE SUNSHINE  MM
  AVERAGE SKY COVER 0.0


WEATHER CONDITIONS
 THE FOLLOWING WEATHER WAS RECORDED TODAY.
  NO SIGNIFICANT WEATHER WAS OBSERVED.


RELATIVE HUMIDITY (PERCENT)
 HIGHEST    60           300 AM
 LOWEST     17           300 PM
 AVERAGE    39

..........................................................


THE WORCESTER MA CLIMATE NORMALS FOR TOMORROW
                         NORMAL    RECORD    YEAR
 MAXIMUM TEMPERATURE (F)   66        89      1932
 MINIMUM TEMPERATURE (F)   47        30      1947
                                             1936


SUNRISE AND SUNSET
MAY 15 2015...........SUNRISE   527 AM EDT   SUNSET   802 PM EDT
MAY 16 2015...........SUNRISE   526 AM EDT   SUNSET   803 PM EDT


-  INDICATES NEGATIVE NUMBERS.
R  INDICATES RECORD WAS SET OR TIED.
MM INDICATES DATA IS MISSING.
T  INDICATES TRACE AMOUNT.




$$
