115
CDUS41 KBOX 300555
CLIORH


CLIMATE REPORT
NATIONAL WEATHER SERVICE TAUNTON MA
153 AM EDT SAT APR 30 2016


...................................

...THE WORCESTER MA CLIMATE SUMMARY FOR APRIL 29 2016...

CLIMATE NORMAL PERIOD 1981 TO 2010
CLIMATE RECORD PERIOD 1892 TO 2016


WEATHER ITEM   OBSERVED TIME   RECORD YEAR NORMAL DEPARTURE LAST
                VALUE   (LST)  VALUE       VALUE  FROM      YEAR
                                                  NORMAL
..................................................................
TEMPERATURE (F)
 YESTERDAY
  MAXIMUM         56    452 PM  84    1901  61     -5       62
  MINIMUM         37    526 AM  28    1939  42     -5       44
  AVERAGE         47                        51     -4       53

PRECIPITATION (IN)
  YESTERDAY        0.00          1.85 1923   0.13  -0.13     0.00
  MONTH TO DATE    2.63                      3.98  -1.35     2.97
  SINCE MAR 1      6.12                      8.19  -2.07     5.39
  SINCE JAN 1     13.51                     14.91  -1.40    13.70

SNOWFALL (IN)
  YESTERDAY        0.0           2.0  1987   0.1   -0.1      0.0
  MONTH TO DATE   10.0                       2.8    7.2      0.2
  SINCE MAR 1     15.5                      14.2    1.3     11.1
  SINCE JUL 1     47.2                      64.1  -16.9    119.7
  SNOW DEPTH       0

DEGREE DAYS
 HEATING
  YESTERDAY       18                        14      4       12
  MONTH TO DATE  587                       557     30      543
  SINCE MAR 1   1356                      1496   -140     1629
  SINCE JUL 1   5415                      6333   -918     6743

 COOLING
  YESTERDAY        0                         0      0        0
  MONTH TO DATE    4                         0      4        0
  SINCE MAR 1      4                         0      4        0
  SINCE JAN 1      4                         0      4        0
..................................................................


WIND (MPH)
  RESULTANT WIND SPEED   4   RESULTANT WIND DIRECTION  SE (120)
  HIGHEST WIND SPEED    15   HIGHEST WIND DIRECTION    SE (150)
  HIGHEST GUST SPEED    18   HIGHEST GUST DIRECTION    SE (130)
  AVERAGE WIND SPEED     7.0


SKY COVER
  POSSIBLE SUNSHINE  MM
  AVERAGE SKY COVER 0.3


WEATHER CONDITIONS
 THE FOLLOWING WEATHER WAS RECORDED YESTERDAY.
  NO SIGNIFICANT WEATHER WAS OBSERVED.


RELATIVE HUMIDITY (PERCENT)
 HIGHEST    82           500 AM
 LOWEST     35           200 PM
 AVERAGE    59

..........................................................


THE WORCESTER MA CLIMATE NORMALS FOR TODAY
                         NORMAL    RECORD    YEAR
 MAXIMUM TEMPERATURE (F)   61        84      1942
 MINIMUM TEMPERATURE (F)   42        28      1931


SUNRISE AND SUNSET
APRIL 30 2016.........SUNRISE   544 AM EDT   SUNSET   746 PM EDT
MAY  1 2016...........SUNRISE   542 AM EDT   SUNSET   747 PM EDT


-  INDICATES NEGATIVE NUMBERS.
R  INDICATES RECORD WAS SET OR TIED.
MM INDICATES DATA IS MISSING.
T  INDICATES TRACE AMOUNT.




$$
