000
CDUS41 KBOX 150543
CLIORH


CLIMATE REPORT
NATIONAL WEATHER SERVICE TAUNTON MA
139 AM EDT SUN OCT 15 2017


...................................

...THE WORCESTER MA CLIMATE SUMMARY FOR OCTOBER 14 2017...

CLIMATE NORMAL PERIOD 1981 TO 2010
CLIMATE RECORD PERIOD 1892 TO 2017


WEATHER ITEM   OBSERVED TIME   RECORD YEAR NORMAL DEPARTURE LAST
                VALUE   (LST)  VALUE       VALUE  FROM      YEAR
                                                  NORMAL
..................................................................
TEMPERATURE (F)
 YESTERDAY
  MAXIMUM         69    153 PM  80    1930  59     10       56
  MINIMUM         53    319 AM  24    1937  42     11       38
                                      1925
  AVERAGE         61                        51     10       47

PRECIPITATION (IN)
  YESTERDAY        0.01          2.18 1901   0.16  -0.15     0.00
  MONTH TO DATE    0.68                      2.20  -1.52     1.12
  SINCE SEP 1      3.19                      6.13  -2.94     4.39
  SINCE JAN 1     32.48                     37.49  -5.01    27.79

SNOWFALL (IN)
  YESTERDAY        0.0           0.0  2009   0.0    0.0      0.0
                                      2008
                                      2007
  MONTH TO DATE    0.0                       0.0    0.0      0.0
  SINCE SEP 1      0.0                       0.0    0.0      0.0
  SINCE JUL 1      0.0                       0.0    0.0      0.0
  SNOW DEPTH      MM

DEGREE DAYS
 HEATING
  YESTERDAY        4                        15    -11       18
  MONTH TO DATE   75                       173    -98      152
  SINCE SEP 1    171                       327   -156      245
  SINCE JUL 1    219                       366   -147      254

 COOLING
  YESTERDAY        0                         0      0        0
  MONTH TO DATE   16                         0     16        0
  SINCE SEP 1    100                        42     58       75
  SINCE JAN 1    531                       468     63      663
..................................................................


WIND (MPH)
  RESULTANT WIND SPEED   3   RESULTANT WIND DIRECTION  SW (210)
  HIGHEST WIND SPEED     9   HIGHEST WIND DIRECTION     W (250)
  HIGHEST GUST SPEED    10   HIGHEST GUST DIRECTION     W (250)
  AVERAGE WIND SPEED     4.1


SKY COVER
  POSSIBLE SUNSHINE  MM
  AVERAGE SKY COVER 0.7


WEATHER CONDITIONS
 THE FOLLOWING WEATHER WAS RECORDED YESTERDAY.
  LIGHT RAIN
  FOG


RELATIVE HUMIDITY (PERCENT)
 HIGHEST    93           400 AM
 LOWEST     68           200 PM
 AVERAGE    81

..........................................................


THE WORCESTER MA CLIMATE NORMALS FOR TODAY
                         NORMAL    RECORD    YEAR
 MAXIMUM TEMPERATURE (F)   59        85      1956
 MINIMUM TEMPERATURE (F)   42        28      1928


SUNRISE AND SUNSET
OCTOBER 15 2017.......SUNRISE   700 AM EDT   SUNSET   605 PM EDT
OCTOBER 16 2017.......SUNRISE   702 AM EDT   SUNSET   604 PM EDT


-  INDICATES NEGATIVE NUMBERS.
R  INDICATES RECORD WAS SET OR TIED.
MM INDICATES DATA IS MISSING.
T  INDICATES TRACE AMOUNT.




$$
