000
CDUS41 KBOX 232137
CLIORH


CLIMATE REPORT
NATIONAL WEATHER SERVICE TAUNTON MA
426 PM EST FRI JAN 23 2015


...................................

...THE WORCESTER MA CLIMATE SUMMARY FOR JANUARY 23 2015...
VALID AS OF 0400 PM LOCAL TIME.

CLIMATE NORMAL PERIOD 1981 TO 2010
CLIMATE RECORD PERIOD 1892 TO 2015


WEATHER ITEM   OBSERVED TIME   RECORD YEAR NORMAL DEPARTURE LAST
                VALUE   (LST)  VALUE       VALUE  FROM      YEAR
                                                  NORMAL
..................................................................
TEMPERATURE (F)
 TODAY
  MAXIMUM         32    259 PM  60    1906  31      1       14
  MINIMUM         14    722 AM -13    1976  17     -3        0
  AVERAGE         23                        24     -1        7

PRECIPITATION (IN)
  TODAY            0.00          1.40 1992   0.11  -0.11     0.00
  MONTH TO DATE    2.68                      2.58   0.10     3.05
  SINCE DEC 1      7.58                      6.40   1.18     7.48
  SINCE JAN 1      2.68                      2.58   0.10     3.05

SNOWFALL (IN)
  TODAY            0.0          18.1  2005   0.5   -0.5      0.0
  MONTH TO DATE    5.2                      12.7   -7.5     18.9
  SINCE DEC 1      6.7                      27.1  -20.4     37.8
  SINCE JUL 1     13.9                      29.9  -16.0     38.3
  SNOW DEPTH      MM

DEGREE DAYS
 HEATING
  TODAY           42                        41      1       58
  MONTH TO DATE  984                       939     45      944
  SINCE DEC 1   1948                      2041    -93     2091
  SINCE JUL 1   3326                      3443   -117     3503

 COOLING
  TODAY            0                         0      0        0
  MONTH TO DATE    0                         0      0        0
  SINCE DEC 1      0                         0      0        0
  SINCE JAN 1      0                         0      0        0
..................................................................


WIND (MPH)
  HIGHEST WIND SPEED    21   HIGHEST WIND DIRECTION     W (280)
  HIGHEST GUST SPEED    27   HIGHEST GUST DIRECTION     W (280)
  AVERAGE WIND SPEED    10.6


SKY COVER
  POSSIBLE SUNSHINE  MM
  AVERAGE SKY COVER 0.0


WEATHER CONDITIONS
 THE FOLLOWING WEATHER WAS RECORDED TODAY.
  NO SIGNIFICANT WEATHER WAS OBSERVED.


RELATIVE HUMIDITY (PERCENT)
 HIGHEST    77           100 AM
 LOWEST     49           300 PM
 AVERAGE    63

..........................................................


THE WORCESTER MA CLIMATE NORMALS FOR TOMORROW
                         NORMAL    RECORD    YEAR
 MAXIMUM TEMPERATURE (F)   31        59      1999
 MINIMUM TEMPERATURE (F)   17       -14      1948


SUNRISE AND SUNSET
JANUARY 23 2015.......SUNRISE   709 AM EST   SUNSET   450 PM EST
JANUARY 24 2015.......SUNRISE   708 AM EST   SUNSET   451 PM EST


-  INDICATES NEGATIVE NUMBERS.
R  INDICATES RECORD WAS SET OR TIED.
MM INDICATES DATA IS MISSING.
T  INDICATES TRACE AMOUNT.




$$
