000
CDUS41 KBOX 152135
CLIORH


CLIMATE REPORT
NATIONAL WEATHER SERVICE TAUNTON MA
434 PM EST THU FEB 15 2018


...................................

...THE WORCESTER MA CLIMATE SUMMARY FOR FEBRUARY 15 2018...
VALID TODAY AS OF 0400 PM LOCAL TIME.

CLIMATE NORMAL PERIOD 1981 TO 2010
CLIMATE RECORD PERIOD 1892 TO 2018


WEATHER ITEM   OBSERVED TIME   RECORD YEAR NORMAL DEPARTURE LAST
                VALUE   (LST)  VALUE       VALUE  FROM      YEAR
                                                  NORMAL
..................................................................
TEMPERATURE (F)
 TODAY
  MAXIMUM         47    359 PM  61    1954  35     12       39
  MINIMUM         32    556 AM -19    1943  19     13       24
  AVERAGE         40                        27     13       32

PRECIPITATION (IN)
  TODAY            T             1.22 1953   0.11  -0.11     0.08
  MONTH TO DATE    3.02                      1.69   1.33     2.12
  SINCE DEC 1      9.49                      9.00   0.49     9.83
  SINCE JAN 1      6.64                      5.18   1.46     6.03

SNOWFALL (IN)
  TODAY           MM             6.0  1950   0.6   MM        0.0
  MONTH TO DATE    4.0                       8.6   -4.6     25.4
  SINCE DEC 1     39.5                      40.1   -0.6     57.8
  SINCE JUL 1     39.5                      42.9   -3.4     57.8
  SNOW DEPTH      MM

DEGREE DAYS
 HEATING
  TODAY           25                        38    -13       33
  MONTH TO DATE  549                       588    -39      604
  SINCE DEC 1   3041                      2959     82     2778
  SINCE JUL 1   4177                      4361   -184     3965

 COOLING
  TODAY            0                         0      0        0
  MONTH TO DATE    0                         0      0        0
  SINCE DEC 1      0                         0      0        0
  SINCE JAN 1      0                         0      0        0
..................................................................


WIND (MPH)
  HIGHEST WIND SPEED    18   HIGHEST WIND DIRECTION     W (250)
  HIGHEST GUST SPEED    22   HIGHEST GUST DIRECTION     W (260)
  AVERAGE WIND SPEED     8.3


SKY COVER
  POSSIBLE SUNSHINE  MM
  AVERAGE SKY COVER 0.6


WEATHER CONDITIONS
 THE FOLLOWING WEATHER WAS RECORDED TODAY.
  LIGHT RAIN
  FOG
  FOG W/VISIBILITY <= 1/4 MILE


RELATIVE HUMIDITY (PERCENT)
 HIGHEST   100           800 AM
 LOWEST     82          1200 AM
 AVERAGE    91

..........................................................


THE WORCESTER MA CLIMATE NORMALS FOR TOMORROW
                         NORMAL    RECORD    YEAR
 MAXIMUM TEMPERATURE (F)   35        62      1954
 MINIMUM TEMPERATURE (F)   20       -24      1943


SUNRISE AND SUNSET
FEBRUARY 15 2018......SUNRISE   644 AM EST   SUNSET   520 PM EST
FEBRUARY 16 2018......SUNRISE   642 AM EST   SUNSET   521 PM EST


-  INDICATES NEGATIVE NUMBERS.
R  INDICATES RECORD WAS SET OR TIED.
MM INDICATES DATA IS MISSING.
T  INDICATES TRACE AMOUNT.




$$
