000
CDUS41 KBOX 182122
CLIORH


CLIMATE REPORT
NATIONAL WEATHER SERVICE TAUNTON MA
522 PM EDT MON JUL 18 2016


...................................

...THE WORCESTER MA CLIMATE SUMMARY FOR JULY 18 2016...
VALID AS OF 0500 PM LOCAL TIME.

CLIMATE NORMAL PERIOD 1981 TO 2010
CLIMATE RECORD PERIOD 1892 TO 2016


WEATHER ITEM   OBSERVED TIME   RECORD YEAR NORMAL DEPARTURE LAST
                VALUE   (LST)  VALUE       VALUE  FROM      YEAR
                                                  NORMAL
..................................................................
TEMPERATURE (F)
 TODAY
  MAXIMUM         88   1228 PM  93    1982  79      9       79
                                      1900
  MINIMUM         65    350 AM  47    1946  62      3       64
  AVERAGE         77                        71      6       72

PRECIPITATION (IN)
  TODAY            0.03          1.64 1938   0.14  -0.11     0.11
  MONTH TO DATE    1.20                      2.37  -1.17     2.18
  SINCE JUN 1      2.86                      6.56  -3.70     8.53
  SINCE JAN 1     18.58                     25.79  -7.21    22.83

SNOWFALL (IN)
  TODAY            0.0           T    1926   0.0    0.0      0.0
  MONTH TO DATE    0.0                       0.0    0.0      0.0
  SINCE JUN 1      0.0                       0.0    0.0      0.0
  SINCE JUL 1      0.0                       0.0    0.0      0.0
  SNOW DEPTH      MM

DEGREE DAYS
 HEATING
  TODAY            0                         0      0        0
  MONTH TO DATE    9                         9      0        0
  SINCE JUN 1     60                        92    -32       94
  SINCE JUL 1      9                         9      0        0

 COOLING
  TODAY           12                         6      6        7
  MONTH TO DATE  118                        99     19      111
  SINCE JUN 1    190                       183      7      195
  SINCE JAN 1    232                       205     27      261
..................................................................


WIND (MPH)
  HIGHEST WIND SPEED    22   HIGHEST WIND DIRECTION    SW (230)
  HIGHEST GUST SPEED    27   HIGHEST GUST DIRECTION    SW (230)
  AVERAGE WIND SPEED    10.7


SKY COVER
  POSSIBLE SUNSHINE  MM
  AVERAGE SKY COVER 0.0


WEATHER CONDITIONS
 THE FOLLOWING WEATHER WAS RECORDED TODAY.
  THUNDERSTORM
  LIGHT RAIN


RELATIVE HUMIDITY (PERCENT)
 HIGHEST    87           300 AM
 LOWEST     44          1000 AM
 AVERAGE    66

..........................................................


THE WORCESTER MA CLIMATE NORMALS FOR TOMORROW
                         NORMAL    RECORD    YEAR
 MAXIMUM TEMPERATURE (F)   79        95      1991
 MINIMUM TEMPERATURE (F)   62        52      1944


SUNRISE AND SUNSET
JULY 18 2016..........SUNRISE   527 AM EDT   SUNSET   820 PM EDT
JULY 19 2016..........SUNRISE   528 AM EDT   SUNSET   819 PM EDT


-  INDICATES NEGATIVE NUMBERS.
R  INDICATES RECORD WAS SET OR TIED.
MM INDICATES DATA IS MISSING.
T  INDICATES TRACE AMOUNT.




$$
