000
CDUS41 KBOX 290558
CLIORH


CLIMATE REPORT
NATIONAL WEATHER SERVICE TAUNTON MA
1258 AM EST THU JAN 29 2015


...................................

...THE WORCESTER MA CLIMATE SUMMARY FOR JANUARY 28 2015...

CLIMATE NORMAL PERIOD 1981 TO 2010
CLIMATE RECORD PERIOD 1892 TO 2015


WEATHER ITEM   OBSERVED TIME   RECORD YEAR NORMAL DEPARTURE LAST
                VALUE   (LST)  VALUE       VALUE  FROM      YEAR
                                                  NORMAL
..................................................................
TEMPERATURE (F)
 YESTERDAY
  MAXIMUM         22    343 PM  58    1947  32    -10       14
  MINIMUM          7    514 AM -17    1935  17    -10        5
  AVERAGE         15                        24     -9       10

PRECIPITATION (IN)
  YESTERDAY        T             1.25 1994   0.11  -0.11     0.00
  MONTH TO DATE    4.97                      3.15   1.82     3.10
  SINCE DEC 1      9.87                      6.97   2.90     7.53
  SINCE JAN 1      4.97                      3.15   1.82     3.10

SNOWFALL (IN)
  YESTERDAY        T            10.0  1897   0.6   -0.6      0.0
  MONTH TO DATE   45.9                      15.4   30.5     20.0
  SINCE DEC 1     47.4                      29.8   17.6     38.9
  SINCE JUL 1     54.6                      32.6   22.0     39.4
  SNOW DEPTH      MM

DEGREE DAYS
 HEATING
  YESTERDAY       50                        41      9       55
  MONTH TO DATE 1214                      1144     70     1191
  SINCE DEC 1   2178                      2246    -68     2338
  SINCE JUL 1   3556                      3648    -92     3750

 COOLING
  YESTERDAY        0                         0      0        0
  MONTH TO DATE    0                         0      0        0
  SINCE DEC 1      0                         0      0        0
  SINCE JAN 1      0                         0      0        0
..................................................................


WIND (MPH)
  RESULTANT WIND SPEED  16   RESULTANT WIND DIRECTION  NW (320)
  HIGHEST WIND SPEED    25   HIGHEST WIND DIRECTION    NW (310)
  HIGHEST GUST SPEED    35   HIGHEST GUST DIRECTION    NW (310)
  AVERAGE WIND SPEED    15.6


SKY COVER
  POSSIBLE SUNSHINE  MM
  AVERAGE SKY COVER 0.3


WEATHER CONDITIONS
 THE FOLLOWING WEATHER WAS RECORDED YESTERDAY.
  SNOW
  BLOWING SNOW


RELATIVE HUMIDITY (PERCENT)
 HIGHEST    76           500 AM
 LOWEST     40          1100 PM
 AVERAGE    58

..........................................................


THE WORCESTER MA CLIMATE NORMALS FOR TODAY
                         NORMAL    RECORD    YEAR
 MAXIMUM TEMPERATURE (F)   32        60      2002
 MINIMUM TEMPERATURE (F)   17       -13      1925


SUNRISE AND SUNSET
JANUARY 29 2015.......SUNRISE   704 AM EST   SUNSET   458 PM EST
JANUARY 30 2015.......SUNRISE   703 AM EST   SUNSET   459 PM EST


-  INDICATES NEGATIVE NUMBERS.
R  INDICATES RECORD WAS SET OR TIED.
MM INDICATES DATA IS MISSING.
T  INDICATES TRACE AMOUNT.




$$
