000
CDUS41 KBOX 252201
CLIORH


CLIMATE REPORT
NATIONAL WEATHER SERVICE TAUNTON MA
601 PM EDT WED MAR 25 2015


...................................

...THE WORCESTER MA CLIMATE SUMMARY FOR MARCH 25 2015...
VALID AS OF 0600 PM LOCAL TIME.

CLIMATE NORMAL PERIOD 1981 TO 2010
CLIMATE RECORD PERIOD 1892 TO 2015


WEATHER ITEM   OBSERVED TIME   RECORD YEAR NORMAL DEPARTURE LAST
                VALUE   (LST)  VALUE       VALUE  FROM      YEAR
                                                  NORMAL
..................................................................
TEMPERATURE (F)
 TODAY
  MAXIMUM         46    216 PM  75    1910  46      0       34
  MINIMUM         27    601 AM   5    1960  29     -2       12
  AVERAGE         37                        38     -1       23

PRECIPITATION (IN)
  TODAY            0.00          1.83 1909   0.15  -0.15     0.00
  MONTH TO DATE    1.67                      3.35  -1.68     1.30
  SINCE MAR 1      1.67                      3.35  -1.68     1.30
  SINCE JAN 1      9.98                     10.07  -0.09     8.48

SNOWFALL (IN)
  TODAY            0.0           2.0  1900   0.3   -0.3      0.0
  MONTH TO DATE    8.2                       9.9   -1.7      3.4
  SINCE MAR 1      8.2                       9.9   -1.7      3.4
  SINCE JUL 1    116.8                      59.8   57.0     84.3
  SNOW DEPTH       0

DEGREE DAYS
 HEATING
  TODAY           28                        27      1       42
  MONTH TO DATE  909                       782    127      944
  SINCE MAR 1    909                       782    127      944
  SINCE JUL 1   6023                      5619    404     5998

 COOLING
  TODAY            0                         0      0        0
  MONTH TO DATE    0                         0      0        0
  SINCE MAR 1      0                         0      0        0
  SINCE JAN 1      0                         0      0        0
..................................................................


WIND (MPH)
  HIGHEST WIND SPEED    16   HIGHEST WIND DIRECTION    SW (210)
  HIGHEST GUST SPEED    22   HIGHEST GUST DIRECTION     S (190)
  AVERAGE WIND SPEED     8.3


SKY COVER
  POSSIBLE SUNSHINE  MM
  AVERAGE SKY COVER 0.0


WEATHER CONDITIONS
 THE FOLLOWING WEATHER WAS RECORDED TODAY.
  NO SIGNIFICANT WEATHER WAS OBSERVED.


RELATIVE HUMIDITY (PERCENT)
 HIGHEST    55           300 AM
 LOWEST     25           200 PM
 AVERAGE    40

..........................................................


THE WORCESTER MA CLIMATE NORMALS FOR TOMORROW
                         NORMAL    RECORD    YEAR
 MAXIMUM TEMPERATURE (F)   46        71      1949
                                             1922
 MINIMUM TEMPERATURE (F)   30         2      1960


SUNRISE AND SUNSET
MARCH 25 2015.........SUNRISE   643 AM EDT   SUNSET   705 PM EDT
MARCH 26 2015.........SUNRISE   641 AM EDT   SUNSET   706 PM EDT


-  INDICATES NEGATIVE NUMBERS.
R  INDICATES RECORD WAS SET OR TIED.
MM INDICATES DATA IS MISSING.
T  INDICATES TRACE AMOUNT.




$$
