000
CDUS41 KBOX 190539
CLIORH


CLIMATE REPORT
NATIONAL WEATHER SERVICE TAUNTON MA
137 AM EDT SUN OCT 19 2014


...................................

...THE WORCESTER MA CLIMATE SUMMARY FOR OCTOBER 18 2014...

CLIMATE NORMAL PERIOD 1981 TO 2010
CLIMATE RECORD PERIOD 1892 TO 2014


WEATHER ITEM   OBSERVED TIME   RECORD YEAR NORMAL DEPARTURE LAST
                VALUE   (LST)  VALUE       VALUE  FROM      YEAR
                                                  NORMAL
..................................................................
TEMPERATURE (F)
 YESTERDAY
  MAXIMUM         65   1154 AM  85    1908  58      7       62
  MINIMUM         50   1159 PM  25    1939  41      9       47
  AVERAGE         58                        49      9       55

PRECIPITATION (IN)
  YESTERDAY        0.21          3.65 1932   0.15   0.06     0.01
  MONTH TO DATE    4.19                      2.81   1.38     1.24
  SINCE SEP 1      6.91                      6.74   0.17     4.47
  SINCE JAN 1     41.94                     38.10   3.84    37.49

SNOWFALL (IN)
  YESTERDAY        0.0           1.0  2009   0.0    0.0      0.0
  MONTH TO DATE    0.0                       0.1   -0.1      0.0
  SINCE SEP 1      0.0                       0.1   -0.1      0.0
  SINCE JUL 1      0.0                       0.1   -0.1      0.0
  SNOW DEPTH       0

DEGREE DAYS
 HEATING
  YESTERDAY        7                        16     -9       10
  MONTH TO DATE  176                       235    -59      150
  SINCE SEP 1    329                       389    -60      320
  SINCE JUL 1    349                       428    -79      339

 COOLING
  YESTERDAY        0                         0      0        0
  MONTH TO DATE    3                         0      3        1
  SINCE SEP 1     64                        42     22       41
  SINCE JAN 1    426                       468    -42      572
..................................................................


WIND (MPH)
  RESULTANT WIND SPEED   9   RESULTANT WIND DIRECTION  SW (240)
  HIGHEST WIND SPEED    18   HIGHEST WIND DIRECTION     W (270)
  HIGHEST GUST SPEED    25   HIGHEST GUST DIRECTION     W (280)
  AVERAGE WIND SPEED    10.9


SKY COVER
  POSSIBLE SUNSHINE  MM
  AVERAGE SKY COVER 0.8


WEATHER CONDITIONS
 THE FOLLOWING WEATHER WAS RECORDED YESTERDAY.
  HEAVY RAIN
  LIGHT RAIN
  FOG
  FOG W/VISIBILITY <= 1/4 MILE


RELATIVE HUMIDITY (PERCENT)
 HIGHEST   100           500 AM
 LOWEST     67          1200 PM
 AVERAGE    84

..........................................................


THE WORCESTER MA CLIMATE NORMALS FOR TODAY
                         NORMAL    RECORD    YEAR
 MAXIMUM TEMPERATURE (F)   57        81      1963
                                             1945
 MINIMUM TEMPERATURE (F)   41        24      1974


SUNRISE AND SUNSET
OCTOBER 19 2014.......SUNRISE   705 AM EDT   SUNSET   559 PM EDT
OCTOBER 20 2014.......SUNRISE   706 AM EDT   SUNSET   558 PM EDT


-  INDICATES NEGATIVE NUMBERS.
R  INDICATES RECORD WAS SET OR TIED.
MM INDICATES DATA IS MISSING.
T  INDICATES TRACE AMOUNT.




$$
