000
CDUS41 KBOX 162130
CLIORH


CLIMATE REPORT
NATIONAL WEATHER SERVICE TAUNTON MA
528 PM EDT SAT AUG 16 2014


...................................

...THE WORCESTER MA CLIMATE SUMMARY FOR AUGUST 16 2014...
VALID AS OF 0500 PM LOCAL TIME.

CLIMATE NORMAL PERIOD 1981 TO 2010
CLIMATE RECORD PERIOD 1892 TO 2014


WEATHER ITEM   OBSERVED TIME   RECORD YEAR NORMAL DEPARTURE LAST
                VALUE   (LST)  VALUE       VALUE  FROM      YEAR
                                                  NORMAL
..................................................................
TEMPERATURE (F)
 TODAY
  MAXIMUM         72    224 PM  96    1944  78     -6       74
  MINIMUM         54    536 AM  46    1934  61     -7       56
  AVERAGE         63                        69     -6       65

PRECIPITATION (IN)
  TODAY            0.00          1.86 1952   0.12  -0.12     0.00
  MONTH TO DATE    2.17                      2.06   0.11     2.86
  SINCE JUN 1     10.01                     10.48  -0.47    15.89
  SINCE JAN 1     31.20                     29.71   1.49    32.70

SNOWFALL (IN)
  TODAY            0.0           0.0  2002   0.0    0.0      0.0
                                      2001
                                      2000
  MONTH TO DATE    0.0                       0.0    0.0      0.0
  SINCE JUN 1      0.0                       0.0    0.0      0.0
  SINCE JUL 1      0.0                       0.0    0.0      0.0
  SNOW DEPTH       0

DEGREE DAYS
 HEATING
  TODAY            2                         1      1        0
  MONTH TO DATE   10                         7      3        9
  SINCE JUN 1     55                       104    -49       83
  SINCE JUL 1     10                        21    -11       16

 COOLING
  TODAY            0                         5     -5        0
  MONTH TO DATE   55                        86    -31       34
  SINCE JUN 1    313                       345    -32      435
  SINCE JAN 1    321                       367    -46      459
..................................................................


WIND (MPH)
  HIGHEST WIND SPEED    18   HIGHEST WIND DIRECTION    SW (230)
  HIGHEST GUST SPEED    24   HIGHEST GUST DIRECTION    SW (230)
  AVERAGE WIND SPEED    10.6


SKY COVER
  POSSIBLE SUNSHINE  MM
  AVERAGE SKY COVER 0.4


WEATHER CONDITIONS
 THE FOLLOWING WEATHER WAS RECORDED TODAY.
  NO SIGNIFICANT WEATHER WAS OBSERVED.


RELATIVE HUMIDITY (PERCENT)
 HIGHEST    89           400 AM
 LOWEST     44           100 PM
 AVERAGE    67

..........................................................


THE WORCESTER MA CLIMATE NORMALS FOR TOMORROW
                         NORMAL    RECORD    YEAR
 MAXIMUM TEMPERATURE (F)   77        97      1944
 MINIMUM TEMPERATURE (F)   61        44      1929


SUNRISE AND SUNSET
AUGUST 16 2014........SUNRISE   556 AM EDT   SUNSET   747 PM EDT
AUGUST 17 2014........SUNRISE   557 AM EDT   SUNSET   745 PM EDT


-  INDICATES NEGATIVE NUMBERS.
R  INDICATES RECORD WAS SET OR TIED.
MM INDICATES DATA IS MISSING.
T  INDICATES TRACE AMOUNT.




$$
