000
CDUS41 KBOX 270543
CLIORH


CLIMATE REPORT
NATIONAL WEATHER SERVICE TAUNTON MA
140 AM EDT MON MAR 27 2017


...................................

...THE WORCESTER MA CLIMATE SUMMARY FOR MARCH 26 2017...

CLIMATE NORMAL PERIOD 1981 TO 2010
CLIMATE RECORD PERIOD 1892 TO 2017


WEATHER ITEM   OBSERVED TIME   RECORD YEAR NORMAL DEPARTURE LAST
                VALUE   (LST)  VALUE       VALUE  FROM      YEAR
                                                  NORMAL
..................................................................
TEMPERATURE (F)
 YESTERDAY
  MAXIMUM         37   1235 PM  71    1949  46     -9       47
                                      1922
  MINIMUM         27    627 AM   2    1960  30     -3       31
  AVERAGE         32                        38     -6       39

PRECIPITATION (IN)
  YESTERDAY        T             1.75 1988   0.14  -0.14     0.00
  MONTH TO DATE    1.95                      3.49  -1.54     2.70
  SINCE MAR 1      1.95                      3.49  -1.54     2.70
  SINCE JAN 1      8.30                     10.21  -1.91    10.09

SNOWFALL (IN)
  YESTERDAY        0.0           2.8  2001   0.3   -0.3      0.0
  MONTH TO DATE   16.1                      10.2    5.9      5.5
  SINCE MAR 1     16.1                      10.2    5.9      5.5
  SINCE JUL 1     73.9                      60.1   13.8     37.2
  SNOW DEPTH      MM

DEGREE DAYS
 HEATING
  YESTERDAY       33                        27      6       26
  MONTH TO DATE  935                       809    126      656
  SINCE MAR 1    935                       809    126      656
  SINCE JUL 1   5212                      5646   -434     4715

 COOLING
  YESTERDAY        0                         0      0        0
  MONTH TO DATE    0                         0      0        0
  SINCE MAR 1      0                         0      0        0
  SINCE JAN 1      0                         0      0        0
..................................................................


WIND (MPH)
  RESULTANT WIND SPEED   7   RESULTANT WIND DIRECTION  NE (60)
  HIGHEST WIND SPEED    14   HIGHEST WIND DIRECTION     E (70)
  HIGHEST GUST SPEED    19   HIGHEST GUST DIRECTION    NE (60)
  AVERAGE WIND SPEED     7.8


SKY COVER
  POSSIBLE SUNSHINE  MM
  AVERAGE SKY COVER 0.6


WEATHER CONDITIONS
 THE FOLLOWING WEATHER WAS RECORDED YESTERDAY.
  LIGHT RAIN


RELATIVE HUMIDITY (PERCENT)
 HIGHEST    78          1200 AM
 LOWEST     52          1200 PM
 AVERAGE    65

..........................................................


THE WORCESTER MA CLIMATE NORMALS FOR TODAY
                         NORMAL    RECORD    YEAR
 MAXIMUM TEMPERATURE (F)   47        77      1945
 MINIMUM TEMPERATURE (F)   30        11      1975


SUNRISE AND SUNSET
MARCH 27 2017.........SUNRISE   638 AM EDT   SUNSET   708 PM EDT
MARCH 28 2017.........SUNRISE   637 AM EDT   SUNSET   709 PM EDT


-  INDICATES NEGATIVE NUMBERS.
R  INDICATES RECORD WAS SET OR TIED.
MM INDICATES DATA IS MISSING.
T  INDICATES TRACE AMOUNT.




$$
