000
CDUS41 KBOX 290546
CLIORH


CLIMATE REPORT
NATIONAL WEATHER SERVICE TAUNTON MA
140 AM EDT FRI APR 29 2016


...................................

...THE WORCESTER MA CLIMATE SUMMARY FOR APRIL 28 2016...

CLIMATE NORMAL PERIOD 1981 TO 2010
CLIMATE RECORD PERIOD 1892 TO 2016


WEATHER ITEM   OBSERVED TIME   RECORD YEAR NORMAL DEPARTURE LAST
                VALUE   (LST)  VALUE       VALUE  FROM      YEAR
                                                  NORMAL
..................................................................
TEMPERATURE (F)
 YESTERDAY
  MAXIMUM         57    421 PM  90    1990  60     -3       60
  MINIMUM         33    434 AM  24    1933  41     -8       40
  AVERAGE         45                        51     -6       50

PRECIPITATION (IN)
  YESTERDAY        0.00          2.38 1988   0.13  -0.13     0.10
  MONTH TO DATE    2.63                      3.85  -1.22     2.97
  SINCE MAR 1      6.12                      8.06  -1.94     5.39
  SINCE JAN 1     13.51                     14.78  -1.27    13.70

SNOWFALL (IN)
  YESTERDAY        0.0          15.0  1987   0.0    0.0      0.0
  MONTH TO DATE   10.0                       2.7    7.3      0.2
  SINCE MAR 1     15.5                      14.1    1.4     11.1
  SINCE JUL 1     47.2                      64.0  -16.8    119.7
  SNOW DEPTH       0

DEGREE DAYS
 HEATING
  YESTERDAY       20                        14      6       15
  MONTH TO DATE  569                       543     26      531
  SINCE MAR 1   1338                      1482   -144     1617
  SINCE JUL 1   5397                      6319   -922     6731

 COOLING
  YESTERDAY        0                         0      0        0
  MONTH TO DATE    4                         0      4        0
  SINCE MAR 1      4                         0      4        0
  SINCE JAN 1      4                         0      4        0
..................................................................


WIND (MPH)
  RESULTANT WIND SPEED   2   RESULTANT WIND DIRECTION   W (250)
  HIGHEST WIND SPEED    16   HIGHEST WIND DIRECTION     S (180)
  HIGHEST GUST SPEED    21   HIGHEST GUST DIRECTION     S (170)
  AVERAGE WIND SPEED     6.6


SKY COVER
  POSSIBLE SUNSHINE  MM
  AVERAGE SKY COVER 0.1


WEATHER CONDITIONS
 THE FOLLOWING WEATHER WAS RECORDED YESTERDAY.
  NO SIGNIFICANT WEATHER WAS OBSERVED.


RELATIVE HUMIDITY (PERCENT)
 HIGHEST    58           900 PM
 LOWEST     22           100 PM
 AVERAGE    40

..........................................................


THE WORCESTER MA CLIMATE NORMALS FOR TODAY
                         NORMAL    RECORD    YEAR
 MAXIMUM TEMPERATURE (F)   61        84      1901
 MINIMUM TEMPERATURE (F)   42        28      1939


SUNRISE AND SUNSET
APRIL 29 2016.........SUNRISE   545 AM EDT   SUNSET   745 PM EDT
APRIL 30 2016.........SUNRISE   544 AM EDT   SUNSET   746 PM EDT


-  INDICATES NEGATIVE NUMBERS.
R  INDICATES RECORD WAS SET OR TIED.
MM INDICATES DATA IS MISSING.
T  INDICATES TRACE AMOUNT.




$$
