202
CDUS41 KBOX 220559
CLIORH


CLIMATE REPORT
NATIONAL WEATHER SERVICE TAUNTON MA
1254 AM EST WED FEB 22 2017


...................................

...THE WORCESTER MA CLIMATE SUMMARY FOR FEBRUARY 21 2017...

CLIMATE NORMAL PERIOD 1981 TO 2010
CLIMATE RECORD PERIOD 1892 TO 2017


WEATHER ITEM   OBSERVED TIME   RECORD YEAR NORMAL DEPARTURE LAST
                VALUE   (LST)  VALUE       VALUE  FROM      YEAR
                                                  NORMAL
..................................................................
TEMPERATURE (F)
 YESTERDAY
  MAXIMUM         42    350 PM  59    1930  36      6       51
  MINIMUM         28    645 AM -10    1950  21      7       35
  AVERAGE         35                        28      7       43

PRECIPITATION (IN)
  YESTERDAY        0.00          1.67 1996   0.11  -0.11     0.00
  MONTH TO DATE    2.12                      2.38  -0.26     2.96
  SINCE DEC 1      9.83                      9.69   0.14     9.73
  SINCE JAN 1      6.03                      5.87   0.16     5.08

SNOWFALL (IN)
  YESTERDAY        0.0           7.0  1947   0.6   -0.6      0.0
  MONTH TO DATE   25.4                      12.1   13.3     20.1
  SINCE DEC 1     57.8                      43.6   14.2     31.2
  SINCE JUL 1     57.8                      46.4   11.4     31.2
  SNOW DEPTH      MM

DEGREE DAYS
 HEATING
  YESTERDAY       30                        37     -7       22
  MONTH TO DATE  784                       812    -28      799
  SINCE DEC 1   2958                      3183   -225     2689
  SINCE JUL 1   4145                      4585   -440     3838

 COOLING
  YESTERDAY        0                         0      0        0
  MONTH TO DATE    0                         0      0        0
  SINCE DEC 1      0                         0      0        0
  SINCE JAN 1      0                         0      0        0
..................................................................


WIND (MPH)
  RESULTANT WIND SPEED   3   RESULTANT WIND DIRECTION  SW (210)
  HIGHEST WIND SPEED    16   HIGHEST WIND DIRECTION    SW (220)
  HIGHEST GUST SPEED    21   HIGHEST GUST DIRECTION    SW (230)
  AVERAGE WIND SPEED     7.6


SKY COVER
  POSSIBLE SUNSHINE  MM
  AVERAGE SKY COVER 0.0


WEATHER CONDITIONS
 THE FOLLOWING WEATHER WAS RECORDED YESTERDAY.
  NO SIGNIFICANT WEATHER WAS OBSERVED.


RELATIVE HUMIDITY (PERCENT)
 HIGHEST    75          1100 PM
 LOWEST     27           300 PM
 AVERAGE    51

..........................................................


THE WORCESTER MA CLIMATE NORMALS FOR TODAY
                         NORMAL    RECORD    YEAR
 MAXIMUM TEMPERATURE (F)   36        57      1991
 MINIMUM TEMPERATURE (F)   21        -2      1963
                                             1928


SUNRISE AND SUNSET
FEBRUARY 22 2017......SUNRISE   633 AM EST   SUNSET   529 PM EST
FEBRUARY 23 2017......SUNRISE   632 AM EST   SUNSET   530 PM EST


-  INDICATES NEGATIVE NUMBERS.
R  INDICATES RECORD WAS SET OR TIED.
MM INDICATES DATA IS MISSING.
T  INDICATES TRACE AMOUNT.




$$
