000
CDUS41 KBOX 240530
CLIORH


CLIMATE REPORT
NATIONAL WEATHER SERVICE TAUNTON MA
130 AM EDT THU APR 24 2014


...................................

...THE WORCESTER MA CLIMATE SUMMARY FOR APRIL 23 2014...

CLIMATE NORMAL PERIOD 1981 TO 2010
CLIMATE RECORD PERIOD 1892 TO 2014


WEATHER ITEM   OBSERVED TIME   RECORD YEAR NORMAL DEPARTURE LAST
                VALUE   (LST)  VALUE       VALUE  FROM      YEAR
                                                  NORMAL
..................................................................
TEMPERATURE (F)
 YESTERDAY
  MAXIMUM         51    321 AM  84    2007  58     -7       37
                                      1902
  MINIMUM         41   1159 PM  20    1933  40      1       34
  AVERAGE         46                        49     -3       36

PRECIPITATION (IN)
  YESTERDAY        0.28          1.50 2005   0.13   0.15      T
  MONTH TO DATE    2.64                      3.21  -0.57     1.76
  SINCE MAR 1      8.06                      7.42   0.64     5.44
  SINCE JAN 1     15.24                     14.14   1.10    12.32

SNOWFALL (IN)
  YESTERDAY        0.0           1.1  1956   0.0    0.0      0.0
  MONTH TO DATE    0.6                       2.5   -1.9      0.0
  SINCE MAR 1      4.3                      13.9   -9.6     30.9
  SINCE JUL 1     85.2                      63.8   21.4    108.9
  SNOW DEPTH      MM

DEGREE DAYS
 HEATING
  YESTERDAY       19                        16      3       29
  MONTH TO DATE  438                       468    -30      481
  SINCE MAR 1   1566                      1407    159     1445
  SINCE JUL 1   6620                      6244    376     5882

 COOLING
  YESTERDAY        0                         0      0        0
  MONTH TO DATE    0                         0      0        0
  SINCE MAR 1      0                         0      0        0
  SINCE JAN 1      0                         0      0        0
..................................................................


WIND (MPH)
  RESULTANT WIND SPEED  13   RESULTANT WIND DIRECTION  NW (310)
  HIGHEST WIND SPEED    26   HIGHEST WIND DIRECTION     N (340)
  HIGHEST GUST SPEED    37   HIGHEST GUST DIRECTION    NW (310)
  AVERAGE WIND SPEED    14.6


SKY COVER
  POSSIBLE SUNSHINE  MM
  AVERAGE SKY COVER 0.9


WEATHER CONDITIONS
 THE FOLLOWING WEATHER WAS RECORDED YESTERDAY.
  HEAVY RAIN
  RAIN
  LIGHT RAIN
  FOG


RELATIVE HUMIDITY (PERCENT)
 HIGHEST    93          1000 AM
 LOWEST     53           600 PM
 AVERAGE    73

..........................................................


THE WORCESTER MA CLIMATE NORMALS FOR TODAY
                         NORMAL    RECORD    YEAR
 MAXIMUM TEMPERATURE (F)   59        84      2001
 MINIMUM TEMPERATURE (F)   40        21      1930


SUNRISE AND SUNSET
APRIL 24 2014.........SUNRISE   553 AM EDT   SUNSET   739 PM EDT
APRIL 25 2014.........SUNRISE   551 AM EDT   SUNSET   740 PM EDT


-  INDICATES NEGATIVE NUMBERS.
R  INDICATES RECORD WAS SET OR TIED.
MM INDICATES DATA IS MISSING.
T  INDICATES TRACE AMOUNT.




$$
