000
CDUS41 KBOX 130543
CLIORH


CLIMATE REPORT
NATIONAL WEATHER SERVICE TAUNTON MA
1243 AM EST SAT FEB 13 2016


...................................

...THE WORCESTER MA CLIMATE SUMMARY FOR FEBRUARY 12 2016...

CLIMATE NORMAL PERIOD 1981 TO 2010
CLIMATE RECORD PERIOD 1892 TO 2016


WEATHER ITEM   OBSERVED TIME   RECORD YEAR NORMAL DEPARTURE LAST
                VALUE   (LST)  VALUE       VALUE  FROM      YEAR
                                                  NORMAL
..................................................................
TEMPERATURE (F)
 YESTERDAY
  MAXIMUM         19    340 PM  56    1999  34    -15       28
  MINIMUM         -2    701 AM -13    1914  19    -21        9
  AVERAGE          9                        26    -17       19

PRECIPITATION (IN)
  YESTERDAY        0.00          1.65 1985   0.12  -0.12     0.04
  MONTH TO DATE    2.03                      1.36   0.67     2.22
  SINCE DEC 1      8.80                      8.67   0.13    12.15
  SINCE JAN 1      4.15                      4.85  -0.70     7.25

SNOWFALL (IN)
  YESTERDAY        0.0          16.9  2006   0.5   -0.5      0.8
  MONTH TO DATE   19.1                       6.8   12.3     37.7
  SINCE DEC 1     30.2                      38.3   -8.1     85.7
  SINCE JUL 1     30.2                      41.1  -10.9     92.9
  SNOW DEPTH      MM

DEGREE DAYS
 HEATING
  YESTERDAY       56                        39     17       46
  MONTH TO DATE  430                       474    -44      587
  SINCE DEC 1   2320                      2845   -525     2909
  SINCE JUL 1   3469                      4247   -778     4287

 COOLING
  YESTERDAY        0                         0      0        0
  MONTH TO DATE    0                         0      0        0
  SINCE DEC 1      0                         0      0        0
  SINCE JAN 1      0                         0      0        0
..................................................................


WIND (MPH)
  RESULTANT WIND SPEED  10   RESULTANT WIND DIRECTION   W (250)
  HIGHEST WIND SPEED    25   HIGHEST WIND DIRECTION     W (290)
  HIGHEST GUST SPEED    31   HIGHEST GUST DIRECTION     W (290)
  AVERAGE WIND SPEED    10.8


SKY COVER
  POSSIBLE SUNSHINE  MM
  AVERAGE SKY COVER 0.3


WEATHER CONDITIONS
 THE FOLLOWING WEATHER WAS RECORDED YESTERDAY.
  HAZE


RELATIVE HUMIDITY (PERCENT)
 HIGHEST    73          1100 PM
 LOWEST     47           400 PM
 AVERAGE    60

..........................................................


THE WORCESTER MA CLIMATE NORMALS FOR TODAY
                         NORMAL    RECORD    YEAR
 MAXIMUM TEMPERATURE (F)   34        59      1900
 MINIMUM TEMPERATURE (F)   19       -12      1967


SUNRISE AND SUNSET
FEBRUARY 13 2016......SUNRISE   647 AM EST   SUNSET   517 PM EST
FEBRUARY 14 2016......SUNRISE   646 AM EST   SUNSET   518 PM EST


-  INDICATES NEGATIVE NUMBERS.
R  INDICATES RECORD WAS SET OR TIED.
MM INDICATES DATA IS MISSING.
T  INDICATES TRACE AMOUNT.




$$
