000
CDUS41 KBOX 092318
CLIORH


CLIMATE REPORT
NATIONAL WEATHER SERVICE TAUNTON MA
718 PM EDT WED APR 9 2014


...................................

...THE WORCESTER MA CLIMATE SUMMARY FOR APRIL 9 2014...
VALID AS OF 0700 PM LOCAL TIME.

CLIMATE NORMAL PERIOD 1981 TO 2010
CLIMATE RECORD PERIOD 1892 TO 2014


WEATHER ITEM   OBSERVED TIME   RECORD YEAR NORMAL DEPARTURE LAST
                VALUE   (LST)  VALUE       VALUE  FROM      YEAR
                                                  NORMAL
..................................................................
TEMPERATURE (F)
 TODAY
  MAXIMUM         54    226 PM  77    1991  52      2       66
  MINIMUM         32    525 AM  17    1977  35     -3       44
  AVERAGE         43                        44     -1       55

PRECIPITATION (IN)
  TODAY            0.00          1.48 2000   0.15  -0.15     0.09
  MONTH TO DATE    0.77                      1.30  -0.53     0.39
  SINCE MAR 1      6.19                      5.51   0.68     4.07
  SINCE JAN 1     13.37                     12.23   1.14    10.95

SNOWFALL (IN)
  TODAY            0.0           6.3  1907   0.1   -0.1      0.0
  MONTH TO DATE    0.0                       1.3   -1.3      0.0
  SINCE MAR 1      3.7                      12.7   -9.0     30.9
  SINCE JUL 1     84.6                      62.6   22.0    108.9
  SNOW DEPTH      MM

DEGREE DAYS
 HEATING
  TODAY           22                        21      1       10
  MONTH TO DATE  195                       207    -12      212
  SINCE MAR 1   1323                      1146    177     1176
  SINCE JUL 1   6377                      5983    394     5613

 COOLING
  TODAY            0                         0      0        0
  MONTH TO DATE    0                         0      0        0
  SINCE MAR 1      0                         0      0        0
  SINCE JAN 1      0                         0      0        0
..................................................................


WIND (MPH)
  HIGHEST WIND SPEED    23   HIGHEST WIND DIRECTION    NW (310)
  HIGHEST GUST SPEED    33   HIGHEST GUST DIRECTION    NW (300)
  AVERAGE WIND SPEED    13.9


SKY COVER
  POSSIBLE SUNSHINE  MM
  AVERAGE SKY COVER 0.2


WEATHER CONDITIONS
 THE FOLLOWING WEATHER WAS RECORDED TODAY.
  NO SIGNIFICANT WEATHER WAS OBSERVED.


RELATIVE HUMIDITY (PERCENT)
 HIGHEST    89           500 AM
 LOWEST     24           500 PM
 AVERAGE    57

..........................................................


THE WORCESTER MA CLIMATE NORMALS FOR TOMORROW
                         NORMAL    RECORD    YEAR
 MAXIMUM TEMPERATURE (F)   53        84      1922
 MINIMUM TEMPERATURE (F)   35        19      1985


SUNRISE AND SUNSET
APRIL  9 2014.........SUNRISE   617 AM EDT   SUNSET   722 PM EDT
APRIL 10 2014.........SUNRISE   615 AM EDT   SUNSET   723 PM EDT


-  INDICATES NEGATIVE NUMBERS.
R  INDICATES RECORD WAS SET OR TIED.
MM INDICATES DATA IS MISSING.
T  INDICATES TRACE AMOUNT.




$$
