000
CDUS41 KBOX 122136
CLIORH


CLIMATE REPORT
NATIONAL WEATHER SERVICE TAUNTON MA
535 PM EDT FRI SEP 12 2014


...................................

...THE WORCESTER MA CLIMATE SUMMARY FOR SEPTEMBER 12 2014...
VALID TODAY AS OF 0500 PM LOCAL TIME.

CLIMATE NORMAL PERIOD 1981 TO 2010
CLIMATE RECORD PERIOD 1892 TO 2014


WEATHER ITEM   OBSERVED TIME   RECORD YEAR NORMAL DEPARTURE LAST
                VALUE   (LST)  VALUE       VALUE  FROM      YEAR
                                                  NORMAL
..................................................................
TEMPERATURE (F)
 TODAY
  MAXIMUM         68    226 PM  86    1961  71     -3       82
                                      1930
  MINIMUM         53    421 AM  34    1933  54     -1       65
  AVERAGE         61                        63     -2       74

PRECIPITATION (IN)
  TODAY            0.00          4.65 1960   0.12  -0.12     0.81
  MONTH TO DATE    1.07                      1.38  -0.31     2.67
  SINCE SEP 1      1.07                      1.38  -0.31     2.67
  SINCE JAN 1     36.10                     32.74   3.36    35.69

SNOWFALL (IN)
  TODAY            0.0           T    1933   0.0    0.0      0.0
  MONTH TO DATE    0.0                       0.0    0.0      0.0
  SINCE SEP 1      0.0                       0.0    0.0      0.0
  SINCE JUL 1      0.0                       0.0    0.0      0.0
  SNOW DEPTH      MM

DEGREE DAYS
 HEATING
  TODAY            4                         4      0        0
  MONTH TO DATE   14                        33    -19       31
  SINCE SEP 1     14                        33    -19       31
  SINCE JUL 1     34                        72    -38       50

 COOLING
  TODAY            0                         2     -2        9
  MONTH TO DATE   52                        28     24       40
  SINCE SEP 1     52                        28     24       40
  SINCE JAN 1    414                       454    -40      571
..................................................................


WIND (MPH)
  HIGHEST WIND SPEED    17   HIGHEST WIND DIRECTION    NW (330)
  HIGHEST GUST SPEED    23   HIGHEST GUST DIRECTION     N (350)
  AVERAGE WIND SPEED     9.3


SKY COVER
  POSSIBLE SUNSHINE  MM
  AVERAGE SKY COVER 0.1


WEATHER CONDITIONS
 THE FOLLOWING WEATHER WAS RECORDED TODAY.
  NO SIGNIFICANT WEATHER WAS OBSERVED.


RELATIVE HUMIDITY (PERCENT)
 HIGHEST    93           300 AM
 LOWEST     48          1200 PM
 AVERAGE    71

..........................................................


THE WORCESTER MA CLIMATE NORMALS FOR TOMORROW
                         NORMAL    RECORD    YEAR
 MAXIMUM TEMPERATURE (F)   71        89      1957
                                             1947
 MINIMUM TEMPERATURE (F)   54        33      1943


SUNRISE AND SUNSET
SEPTEMBER 12 2014.....SUNRISE   624 AM EDT   SUNSET   702 PM EDT
SEPTEMBER 13 2014.....SUNRISE   625 AM EDT   SUNSET   701 PM EDT


-  INDICATES NEGATIVE NUMBERS.
R  INDICATES RECORD WAS SET OR TIED.
MM INDICATES DATA IS MISSING.
T  INDICATES TRACE AMOUNT.




$$
