000
CDUS41 KBOX 200559
CLIORH


CLIMATE REPORT
NATIONAL WEATHER SERVICE TAUNTON MA
158 AM EDT WED JUL 20 2016


...................................

...THE WORCESTER MA CLIMATE SUMMARY FOR JULY 19 2016...

CLIMATE NORMAL PERIOD 1981 TO 2010
CLIMATE RECORD PERIOD 1892 TO 2016


WEATHER ITEM   OBSERVED TIME   RECORD YEAR NORMAL DEPARTURE LAST
                VALUE   (LST)  VALUE       VALUE  FROM      YEAR
                                                  NORMAL
..................................................................
TEMPERATURE (F)
 YESTERDAY
  MAXIMUM         78    143 PM  95    1991  79     -1       87
  MINIMUM         58   1148 PM  52    1944  62     -4       72
  AVERAGE         68                        71     -3       80

PRECIPITATION (IN)
  YESTERDAY        0.00          1.85 1972   0.15  -0.15      T
  MONTH TO DATE    1.20                      2.52  -1.32     2.18
  SINCE JUN 1      2.86                      6.71  -3.85     8.53
  SINCE JAN 1     18.58                     25.94  -7.36    22.83

SNOWFALL (IN)
  YESTERDAY        0.0           0.0  2002   0.0    0.0      0.0
                                      2001
                                      2000
  MONTH TO DATE    0.0                       0.0    0.0      0.0
  SINCE JUN 1      0.0                       0.0    0.0      0.0
  SINCE JUL 1      0.0                       0.0    0.0      0.0
  SNOW DEPTH      MM

DEGREE DAYS
 HEATING
  YESTERDAY        0                         0      0        0
  MONTH TO DATE    9                         9      0        0
  SINCE JUN 1     60                        92    -32       94
  SINCE JUL 1      9                         9      0        0

 COOLING
  YESTERDAY        3                         6     -3       15
  MONTH TO DATE  121                       105     16      126
  SINCE JUN 1    193                       189      4      210
  SINCE JAN 1    235                       211     24      276
..................................................................


WIND (MPH)
  RESULTANT WIND SPEED  10   RESULTANT WIND DIRECTION  NW (300)
  HIGHEST WIND SPEED    21   HIGHEST WIND DIRECTION     W (290)
  HIGHEST GUST SPEED    27   HIGHEST GUST DIRECTION    NW (300)
  AVERAGE WIND SPEED    10.9


SKY COVER
  POSSIBLE SUNSHINE  MM
  AVERAGE SKY COVER 0.2


WEATHER CONDITIONS
 THE FOLLOWING WEATHER WAS RECORDED YESTERDAY.
  NO SIGNIFICANT WEATHER WAS OBSERVED.


RELATIVE HUMIDITY (PERCENT)
 HIGHEST    84          1200 AM
 LOWEST     33           400 PM
 AVERAGE    59

..........................................................


THE WORCESTER MA CLIMATE NORMALS FOR TODAY
                         NORMAL    RECORD    YEAR
 MAXIMUM TEMPERATURE (F)   79        95      1991
 MINIMUM TEMPERATURE (F)   62        46      1943


SUNRISE AND SUNSET
JULY 20 2016..........SUNRISE   529 AM EDT   SUNSET   818 PM EDT
JULY 21 2016..........SUNRISE   530 AM EDT   SUNSET   817 PM EDT


-  INDICATES NEGATIVE NUMBERS.
R  INDICATES RECORD WAS SET OR TIED.
MM INDICATES DATA IS MISSING.
T  INDICATES TRACE AMOUNT.




$$
