000
CDUS41 KBOX 260540
CLIORH


CLIMATE REPORT
NATIONAL WEATHER SERVICE TAUNTON MA
1237 AM EST MON JAN 26 2015


...................................

...THE WORCESTER MA CLIMATE SUMMARY FOR JANUARY 25 2015...

CLIMATE NORMAL PERIOD 1981 TO 2010
CLIMATE RECORD PERIOD 1892 TO 2015


WEATHER ITEM   OBSERVED TIME   RECORD YEAR NORMAL DEPARTURE LAST
                VALUE   (LST)  VALUE       VALUE  FROM      YEAR
                                                  NORMAL
..................................................................
TEMPERATURE (F)
 YESTERDAY
  MAXIMUM         31   1250 PM  56    1938  31      0       30
  MINIMUM         15   1159 PM -11    1935  17     -2        9
  AVERAGE         23                        24     -1       20

PRECIPITATION (IN)
  YESTERDAY        T             2.33 1979   0.12  -0.12     0.03
  MONTH TO DATE    3.29                      2.82   0.47     3.08
  SINCE DEC 1      8.19                      6.64   1.55     7.51
  SINCE JAN 1      3.29                      2.82   0.47     3.08

SNOWFALL (IN)
  YESTERDAY        0.0          12.1  1905   0.5   -0.5      1.1
  MONTH TO DATE   11.4                      13.7   -2.3     20.0
  SINCE DEC 1     12.9                      28.1  -15.2     38.9
  SINCE JUL 1     20.1                      30.9  -10.8     39.4
  SNOW DEPTH      MM

DEGREE DAYS
 HEATING
  YESTERDAY       42                        41      1       45
  MONTH TO DATE 1061                      1021     40     1047
  SINCE DEC 1   2025                      2123    -98     2194
  SINCE JUL 1   3403                      3525   -122     3606

 COOLING
  YESTERDAY        0                         0      0        0
  MONTH TO DATE    0                         0      0        0
  SINCE DEC 1      0                         0      0        0
  SINCE JAN 1      0                         0      0        0
..................................................................


WIND (MPH)
  RESULTANT WIND SPEED  14   RESULTANT WIND DIRECTION   W (280)
  HIGHEST WIND SPEED    25   HIGHEST WIND DIRECTION     W (290)
  HIGHEST GUST SPEED    33   HIGHEST GUST DIRECTION     W (280)
  AVERAGE WIND SPEED    13.6


SKY COVER
  POSSIBLE SUNSHINE  MM
  AVERAGE SKY COVER 0.4


WEATHER CONDITIONS
 THE FOLLOWING WEATHER WAS RECORDED YESTERDAY.
  FOG


RELATIVE HUMIDITY (PERCENT)
 HIGHEST    92           300 AM
 LOWEST     34           400 PM
 AVERAGE    63

..........................................................


THE WORCESTER MA CLIMATE NORMALS FOR TODAY
                         NORMAL    RECORD    YEAR
 MAXIMUM TEMPERATURE (F)   31        67      1950
 MINIMUM TEMPERATURE (F)   17        -6      1927


SUNRISE AND SUNSET
JANUARY 26 2015.......SUNRISE   707 AM EST   SUNSET   454 PM EST
JANUARY 27 2015.......SUNRISE   706 AM EST   SUNSET   455 PM EST


-  INDICATES NEGATIVE NUMBERS.
R  INDICATES RECORD WAS SET OR TIED.
MM INDICATES DATA IS MISSING.
T  INDICATES TRACE AMOUNT.




$$
