000
CDUS41 KBOX 120013
CLIORH


CLIMATE REPORT
NATIONAL WEATHER SERVICE TAUNTON MA
813 PM EDT FRI AUG 11 2017


...................................

...THE WORCESTER MA CLIMATE SUMMARY FOR AUGUST 11 2017...
VALID TODAY AS OF 0800 PM LOCAL TIME.

CLIMATE NORMAL PERIOD 1981 TO 2010
CLIMATE RECORD PERIOD 1892 TO 2017


WEATHER ITEM   OBSERVED TIME   RECORD YEAR NORMAL DEPARTURE LAST
                VALUE   (LST)  VALUE       VALUE  FROM      YEAR
                                                  NORMAL
..................................................................
TEMPERATURE (F)
 TODAY
  MAXIMUM         77    355 PM  98    1944  78     -1       89
  MINIMUM         61    521 AM  46    1972  61      0       71
  AVERAGE         69                        70     -1       80

PRECIPITATION (IN)
  TODAY            0.00          2.16 1902   0.13  -0.13     0.00
  MONTH TO DATE    1.12                      1.46  -0.34     1.30
  SINCE JUN 1      7.74                      9.88  -2.14     5.02
  SINCE JAN 1     28.82                     29.11  -0.29    20.74

SNOWFALL (IN)
  TODAY            0.0           T    1932   0.0    0.0      0.0
  MONTH TO DATE    0.0                       0.0    0.0      0.0
  SINCE JUN 1      0.0                       0.0    0.0      0.0
  SINCE JUL 1      0.0                       0.0    0.0      0.0
  SNOW DEPTH      MM

DEGREE DAYS
 HEATING
  TODAY            0                         1     -1        0
  MONTH TO DATE    2                         2      0        0
  SINCE JUN 1    117                        99     18       60
  SINCE JUL 1     31                        16     15        9

 COOLING
  TODAY            4                         5     -1       15
  MONTH TO DATE   50                        61    -11       76
  SINCE JUN 1    323                       320      3      392
  SINCE JAN 1    357                       342     15      434
..................................................................


WIND (MPH)
  HIGHEST WIND SPEED    13   HIGHEST WIND DIRECTION     S (200)
  HIGHEST GUST SPEED    17   HIGHEST GUST DIRECTION    SW (210)
  AVERAGE WIND SPEED     6.5


SKY COVER
  POSSIBLE SUNSHINE  MM
  AVERAGE SKY COVER 0.1


WEATHER CONDITIONS
 THE FOLLOWING WEATHER WAS RECORDED TODAY.
  NO SIGNIFICANT WEATHER WAS OBSERVED.


RELATIVE HUMIDITY (PERCENT)
 HIGHEST    84           400 AM
 LOWEST     36          1100 AM
 AVERAGE    60

..........................................................


THE WORCESTER MA CLIMATE NORMALS FOR TOMORROW
                         NORMAL    RECORD    YEAR
 MAXIMUM TEMPERATURE (F)   78        99      1944
 MINIMUM TEMPERATURE (F)   61        49      1954
                                             1930


SUNRISE AND SUNSET
AUGUST 11 2017........SUNRISE   551 AM EDT   SUNSET   754 PM EDT
AUGUST 12 2017........SUNRISE   552 AM EDT   SUNSET   752 PM EDT


-  INDICATES NEGATIVE NUMBERS.
R  INDICATES RECORD WAS SET OR TIED.
MM INDICATES DATA IS MISSING.
T  INDICATES TRACE AMOUNT.




$$
