239
CDUS41 KBOX 240530
CLIORH


CLIMATE REPORT
NATIONAL WEATHER SERVICE TAUNTON MA
130 AM EDT MON APR 24 2017


...................................

...THE WORCESTER MA CLIMATE SUMMARY FOR APRIL 23 2017...

CLIMATE NORMAL PERIOD 1981 TO 2010
CLIMATE RECORD PERIOD 1892 TO 2017


WEATHER ITEM   OBSERVED TIME   RECORD YEAR NORMAL DEPARTURE LAST
                VALUE   (LST)  VALUE       VALUE  FROM      YEAR
                                                  NORMAL
..................................................................
TEMPERATURE (F)
 YESTERDAY
  MAXIMUM         65    416 PM  84    2007  58      7       63
                                      1902
  MINIMUM         36    436 AM  20    1933  40     -4       46
  AVERAGE         51                        49      2       55

PRECIPITATION (IN)
  YESTERDAY        0.00          1.50 2005   0.13  -0.13     0.00
  MONTH TO DATE    3.87                      3.21   0.66     2.31
  SINCE MAR 1      7.88                      7.42   0.46     5.80
  SINCE JAN 1     14.23                     14.14   0.09    13.19

SNOWFALL (IN)
  YESTERDAY        0.0           1.1  1956   0.0    0.0      0.0
  MONTH TO DATE    2.9                       2.5    0.4     10.0
  SINCE MAR 1     20.5                      13.9    6.6     15.5
  SINCE JUL 1     78.3                      63.8   14.5     47.2
  SNOW DEPTH      MM

DEGREE DAYS
 HEATING
  YESTERDAY       14                        16     -2       10
  MONTH TO DATE  397                       468    -71      475
  SINCE MAR 1   1477                      1407     70     1244
  SINCE JUL 1   5754                      6244   -490     5303

 COOLING
  YESTERDAY        0                         0      0        0
  MONTH TO DATE    6                         0      6        4
  SINCE MAR 1      6                         0      6        4
  SINCE JAN 1      6                         0      6        4
..................................................................


WIND (MPH)
  RESULTANT WIND SPEED   4   RESULTANT WIND DIRECTION   W (280)
  HIGHEST WIND SPEED    17   HIGHEST WIND DIRECTION     S (190)
  HIGHEST GUST SPEED    22   HIGHEST GUST DIRECTION     S (190)
  AVERAGE WIND SPEED     8.2


SKY COVER
  POSSIBLE SUNSHINE  MM
  AVERAGE SKY COVER 0.1


WEATHER CONDITIONS
 THE FOLLOWING WEATHER WAS RECORDED YESTERDAY.
  NO SIGNIFICANT WEATHER WAS OBSERVED.


RELATIVE HUMIDITY (PERCENT)
 HIGHEST    85           400 AM
 LOWEST     22           400 PM
 AVERAGE    54

..........................................................


THE WORCESTER MA CLIMATE NORMALS FOR TODAY
                         NORMAL    RECORD    YEAR
 MAXIMUM TEMPERATURE (F)   59        84      2001
 MINIMUM TEMPERATURE (F)   40        21      1930


SUNRISE AND SUNSET
APRIL 24 2017.........SUNRISE   552 AM EDT   SUNSET   739 PM EDT
APRIL 25 2017.........SUNRISE   551 AM EDT   SUNSET   740 PM EDT


-  INDICATES NEGATIVE NUMBERS.
R  INDICATES RECORD WAS SET OR TIED.
MM INDICATES DATA IS MISSING.
T  INDICATES TRACE AMOUNT.




$$
