000
CDUS41 KBOX 260539
CLIORH


CLIMATE REPORT
NATIONAL WEATHER SERVICE TAUNTON MA
138 AM EDT TUE MAY 26 2015


...................................

...THE WORCESTER MA CLIMATE SUMMARY FOR MAY 25 2015...

CLIMATE NORMAL PERIOD 1981 TO 2010
CLIMATE RECORD PERIOD 1892 TO 2015


WEATHER ITEM   OBSERVED TIME   RECORD YEAR NORMAL DEPARTURE LAST
                VALUE   (LST)  VALUE       VALUE  FROM      YEAR
                                                  NORMAL
..................................................................
TEMPERATURE (F)
 YESTERDAY
  MAXIMUM         79    316 PM  88    2007  68     11       67
                                      1932
                                      1904
  MINIMUM         58    449 AM  33    1967  50      8       48
                                      1956
                                      1945
  AVERAGE         69                        59     10       58

PRECIPITATION (IN)
  YESTERDAY        T             3.03 1967   0.15  -0.15     0.38
  MONTH TO DATE    0.14                      3.30  -3.16     3.66
  SINCE MAR 1      5.53                     11.62  -6.09    13.52
  SINCE JAN 1     13.84                     18.34  -4.50    20.70

SNOWFALL (IN)
  YESTERDAY        0.0           T    1967   0.0    0.0      0.0
  MONTH TO DATE    0.0                       0.0    0.0      0.0
  SINCE MAR 1     11.1                      14.2   -3.1      4.3
  SINCE JUL 1    119.7                      64.1   55.6     85.2
  SNOW DEPTH      MM

DEGREE DAYS
 HEATING
  YESTERDAY        0                         7     -7        7
  MONTH TO DATE  129                       250   -121      205
  SINCE MAR 1   1773                      1760     13     1916
  SINCE JUL 1   6887                      6597    290     6970

 COOLING
  YESTERDAY        4                         1      3        0
  MONTH TO DATE   33                        10     23        6
  SINCE MAR 1     33                        13     20        6
  SINCE JAN 1     33                        13     20        6
..................................................................


WIND (MPH)
  RESULTANT WIND SPEED  11   RESULTANT WIND DIRECTION  SW (230)
  HIGHEST WIND SPEED    21   HIGHEST WIND DIRECTION    SW (210)
  HIGHEST GUST SPEED    29   HIGHEST GUST DIRECTION     S (190)
  AVERAGE WIND SPEED    12.2


SKY COVER
  POSSIBLE SUNSHINE  MM
  AVERAGE SKY COVER 0.3


WEATHER CONDITIONS
 THE FOLLOWING WEATHER WAS RECORDED YESTERDAY.
  LIGHT RAIN
  HAZE


RELATIVE HUMIDITY (PERCENT)
 HIGHEST    72           200 AM
 LOWEST     39           300 PM
 AVERAGE    56

..........................................................


THE WORCESTER MA CLIMATE NORMALS FOR TODAY
                         NORMAL    RECORD    YEAR
 MAXIMUM TEMPERATURE (F)   69        94      2010
 MINIMUM TEMPERATURE (F)   50        35      1992
                                             1972
                                             1925


SUNRISE AND SUNSET
MAY 26 2015...........SUNRISE   517 AM EDT   SUNSET   812 PM EDT
MAY 27 2015...........SUNRISE   517 AM EDT   SUNSET   813 PM EDT


-  INDICATES NEGATIVE NUMBERS.
R  INDICATES RECORD WAS SET OR TIED.
MM INDICATES DATA IS MISSING.
T  INDICATES TRACE AMOUNT.




$$
