000
CDUS41 KBOX 160547
CLIORH


CLIMATE REPORT
NATIONAL WEATHER SERVICE TAUNTON MA
142 AM EDT THU MAR 16 2017


...................................

...THE WORCESTER MA CLIMATE SUMMARY FOR MARCH 15 2017...

CLIMATE NORMAL PERIOD 1981 TO 2010
CLIMATE RECORD PERIOD 1892 TO 2017


WEATHER ITEM   OBSERVED TIME   RECORD YEAR NORMAL DEPARTURE LAST
                VALUE   (LST)  VALUE       VALUE  FROM      YEAR
                                                  NORMAL
..................................................................
TEMPERATURE (F)
 YESTERDAY
  MAXIMUM         24    303 PM  81    1990  42    -18       43
  MINIMUM         11    630 AM   2    1993  26    -15       37
  AVERAGE         18                        34    -16       40

PRECIPITATION (IN)
  YESTERDAY        T             1.26 1893   0.13  -0.13     0.65
  MONTH TO DATE    1.83                      1.90  -0.07     2.00
  SINCE MAR 1      1.83                      1.90  -0.07     2.00
  SINCE JAN 1      8.18                      8.62  -0.44     9.39

SNOWFALL (IN)
  YESTERDAY       MM             8.4  1906   0.4   MM        0.0
  MONTH TO DATE   16.1                       6.6    9.5       T
  SINCE MAR 1     16.1                       6.6    9.5       T
  SINCE JUL 1     73.9                      56.5   17.4     31.7
  SNOW DEPTH      MM

DEGREE DAYS
 HEATING
  YESTERDAY       47                        31     16       25
  MONTH TO DATE  566                       494     72      379
  SINCE MAR 1    566                       494     72      379
  SINCE JUL 1   4843                      5331   -488     4438

 COOLING
  YESTERDAY        0                         0      0        0
  MONTH TO DATE    0                         0      0        0
  SINCE MAR 1      0                         0      0        0
  SINCE JAN 1      0                         0      0        0
..................................................................


WIND (MPH)
  RESULTANT WIND SPEED  19   RESULTANT WIND DIRECTION   W (260)
  HIGHEST WIND SPEED    29   HIGHEST WIND DIRECTION     W (280)
  HIGHEST GUST SPEED    39   HIGHEST GUST DIRECTION     W (280)
  AVERAGE WIND SPEED    18.5


SKY COVER
  POSSIBLE SUNSHINE  MM
  AVERAGE SKY COVER 0.4


WEATHER CONDITIONS
 THE FOLLOWING WEATHER WAS RECORDED YESTERDAY.
  LIGHT SNOW
  HAZE
  BLOWING SNOW


RELATIVE HUMIDITY (PERCENT)
 HIGHEST    80           100 AM
 LOWEST     42           300 PM
 AVERAGE    61

..........................................................


THE WORCESTER MA CLIMATE NORMALS FOR TODAY
                         NORMAL    RECORD    YEAR
 MAXIMUM TEMPERATURE (F)   43        76      1990
 MINIMUM TEMPERATURE (F)   26         6      1992


SUNRISE AND SUNSET
MARCH 16 2017.........SUNRISE   657 AM EDT   SUNSET   655 PM EDT
MARCH 17 2017.........SUNRISE   656 AM EDT   SUNSET   657 PM EDT


-  INDICATES NEGATIVE NUMBERS.
R  INDICATES RECORD WAS SET OR TIED.
MM INDICATES DATA IS MISSING.
T  INDICATES TRACE AMOUNT.




$$
