000
CDUS41 KBOX 210558
CLIORH


CLIMATE REPORT
NATIONAL WEATHER SERVICE TAUNTON MA
158 AM EDT SAT MAY 21 2016


...................................

...THE WORCESTER MA CLIMATE SUMMARY FOR MAY 20 2016...

CLIMATE NORMAL PERIOD 1981 TO 2010
CLIMATE RECORD PERIOD 1892 TO 2016


WEATHER ITEM   OBSERVED TIME   RECORD YEAR NORMAL DEPARTURE LAST
                VALUE   (LST)  VALUE       VALUE  FROM      YEAR
                                                  NORMAL
..................................................................
TEMPERATURE (F)
 YESTERDAY
  MAXIMUM         71        MM  91    1903  67      4       60
  MINIMUM         45        MM  34    1944  48     -3       46
  AVERAGE         58                        58      0       53

PRECIPITATION (IN)
  YESTERDAY        0.00          1.14 1943   0.14  -0.14     0.00
  MONTH TO DATE    1.76                      2.56  -0.80     0.14
  SINCE MAR 1      7.88                     10.88  -3.00     5.53
  SINCE JAN 1     15.27                     17.60  -2.33    13.84

SNOWFALL (IN)
  YESTERDAY        0.0           0.0  2002   0.0    0.0      0.0
                                      2001
                                      2000
  MONTH TO DATE    0.0                       0.0    0.0      0.0
  SINCE MAR 1     15.5                      14.2    1.3     11.1
  SINCE JUL 1     47.2                      64.1  -16.9    119.7
  SNOW DEPTH      MM

DEGREE DAYS
 HEATING
  YESTERDAY        7                         8     -1       12
  MONTH TO DATE  254                       213     41       95
  SINCE MAR 1   1626                      1723    -97     1739
  SINCE JUL 1   5685                      6560   -875     6853

 COOLING
  YESTERDAY        0                         1     -1        0
  MONTH TO DATE    1                         5     -4       29
  SINCE MAR 1      5                         8     -3       29
  SINCE JAN 1      5                         8     -3       29
..................................................................


WIND (MPH)
  RESULTANT WIND SPEED   5   RESULTANT WIND DIRECTION  NW (300)
  HIGHEST WIND SPEED    14   HIGHEST WIND DIRECTION     W (290)
  HIGHEST GUST SPEED    22   HIGHEST GUST DIRECTION    NW (320)
  AVERAGE WIND SPEED     8.7


SKY COVER
  POSSIBLE SUNSHINE  MM
  AVERAGE SKY COVER 0.1


WEATHER CONDITIONS
 THE FOLLOWING WEATHER WAS RECORDED YESTERDAY.
  NO SIGNIFICANT WEATHER WAS OBSERVED.


RELATIVE HUMIDITY (PERCENT)
 HIGHEST   100           100 AM
 LOWEST     26           400 PM
 AVERAGE    63

..........................................................


THE WORCESTER MA CLIMATE NORMALS FOR TODAY
                         NORMAL    RECORD    YEAR
 MAXIMUM TEMPERATURE (F)   67        88      1975
 MINIMUM TEMPERATURE (F)   48        32      1936


SUNRISE AND SUNSET
MAY 21 2016...........SUNRISE   520 AM EDT   SUNSET   808 PM EDT
MAY 22 2016...........SUNRISE   520 AM EDT   SUNSET   809 PM EDT


-  INDICATES NEGATIVE NUMBERS.
R  INDICATES RECORD WAS SET OR TIED.
MM INDICATES DATA IS MISSING.
T  INDICATES TRACE AMOUNT.




$$
