000
CDUS41 KBOX 200541
CLIORH


CLIMATE REPORT
NATIONAL WEATHER SERVICE TAUNTON MA
1238 AM EST SAT DEC 20 2014


...................................

...THE WORCESTER MA CLIMATE SUMMARY FOR DECEMBER 19 2014...

CLIMATE NORMAL PERIOD 1981 TO 2010
CLIMATE RECORD PERIOD 1892 TO 2014


WEATHER ITEM   OBSERVED TIME   RECORD YEAR NORMAL DEPARTURE LAST
                VALUE   (LST)  VALUE       VALUE  FROM      YEAR
                                                  NORMAL
..................................................................
TEMPERATURE (F)
 YESTERDAY
  MAXIMUM         31    312 AM  54    1895  35     -4       37
  MINIMUM         23   1159 PM  -4    1919  21      2       14
  AVERAGE         27                        28     -1       26

PRECIPITATION (IN)
  YESTERDAY        0.00          2.03 1986   0.11  -0.11     0.00
  MONTH TO DATE    4.03                      2.44   1.59     2.56
  SINCE DEC 1      4.03                      2.44   1.59     2.56
  SINCE JAN 1     52.71                     46.69   6.02    43.86

SNOWFALL (IN)
  YESTERDAY        0.0          11.6  2008   0.5   -0.5     MM
  MONTH TO DATE    1.3                       7.9   -6.6     18.1
  SINCE DEC 1      1.3                       7.9   -6.6     18.1
  SINCE JUL 1      8.5                      10.7   -2.2     18.6
  SNOW DEPTH      MM

DEGREE DAYS
 HEATING
  YESTERDAY       38                        37      1       39
  MONTH TO DATE  590                       638    -48      741
  SINCE DEC 1    590                       638    -48      741
  SINCE JUL 1   1968                      2040    -72     2153

 COOLING
  YESTERDAY        0                         0      0        0
  MONTH TO DATE    0                         0      0        0
  SINCE DEC 1      0                         0      0        0
  SINCE JAN 1    426                       471    -45      572
..................................................................


WIND (MPH)
  RESULTANT WIND SPEED  11   RESULTANT WIND DIRECTION  NW (310)
  HIGHEST WIND SPEED    20   HIGHEST WIND DIRECTION    NW (300)
  HIGHEST GUST SPEED    26   HIGHEST GUST DIRECTION     W (290)
  AVERAGE WIND SPEED    11.2


SKY COVER
  POSSIBLE SUNSHINE  MM
  AVERAGE SKY COVER 0.9


WEATHER CONDITIONS
 THE FOLLOWING WEATHER WAS RECORDED YESTERDAY.
  NO SIGNIFICANT WEATHER WAS OBSERVED.


RELATIVE HUMIDITY (PERCENT)
 HIGHEST    85          1200 AM
 LOWEST     63          1100 AM
 AVERAGE    74

..........................................................


THE WORCESTER MA CLIMATE NORMALS FOR TODAY
                         NORMAL    RECORD    YEAR
 MAXIMUM TEMPERATURE (F)   35        59      1957
 MINIMUM TEMPERATURE (F)   21       -15      1942


SUNRISE AND SUNSET
DECEMBER 20 2014......SUNRISE   712 AM EST   SUNSET   418 PM EST
DECEMBER 21 2014......SUNRISE   713 AM EST   SUNSET   418 PM EST


-  INDICATES NEGATIVE NUMBERS.
R  INDICATES RECORD WAS SET OR TIED.
MM INDICATES DATA IS MISSING.
T  INDICATES TRACE AMOUNT.




$$
