000
CDUS41 KBOX 260545
CLIORH


CLIMATE REPORT
NATIONAL WEATHER SERVICE TAUNTON MA
145 AM EDT TUE AUG 26 2014


...................................

...THE WORCESTER MA CLIMATE SUMMARY FOR AUGUST 25 2014...

CLIMATE NORMAL PERIOD 1981 TO 2010
CLIMATE RECORD PERIOD 1892 TO 2014


WEATHER ITEM   OBSERVED TIME   RECORD YEAR NORMAL DEPARTURE LAST
                VALUE   (LST)  VALUE       VALUE  FROM      YEAR
                                                  NORMAL
..................................................................
TEMPERATURE (F)
 YESTERDAY
  MAXIMUM         84    421 PM  92    1947  76      8       78
  MINIMUM         64    541 AM  40    1940  59      5       57
  AVERAGE         74                        68      6       68

PRECIPITATION (IN)
  YESTERDAY        0.00          1.37 1945   0.11  -0.11     0.00
  MONTH TO DATE    2.27                      3.07  -0.80     2.86
  SINCE JUN 1     10.11                     11.49  -1.38    15.89
  SINCE JAN 1     31.30                     30.72   0.58    32.70

SNOWFALL (IN)
  YESTERDAY        0.0           0.0  2002   0.0    0.0      0.0
                                      2001
                                      2000
  MONTH TO DATE    0.0                       0.0    0.0      0.0
  SINCE JUN 1      0.0                       0.0    0.0      0.0
  SINCE JUL 1      0.0                       0.0    0.0      0.0
  SNOW DEPTH       0

DEGREE DAYS
 HEATING
  YESTERDAY        0                         1     -1        0
  MONTH TO DATE   17                        16      1        9
  SINCE JUN 1     62                       113    -51       83
  SINCE JUL 1     17                        30    -13       16

 COOLING
  YESTERDAY        9                         4      5        3
  MONTH TO DATE   70                       124    -54       73
  SINCE JUN 1    328                       383    -55      474
  SINCE JAN 1    336                       405    -69      498
..................................................................


WIND (MPH)
  RESULTANT WIND SPEED   4   RESULTANT WIND DIRECTION  NW (320)
  HIGHEST WIND SPEED    15   HIGHEST WIND DIRECTION    NW (310)
  HIGHEST GUST SPEED    19   HIGHEST GUST DIRECTION    NW (310)
  AVERAGE WIND SPEED     6.6


SKY COVER
  POSSIBLE SUNSHINE  MM
  AVERAGE SKY COVER 0.0


WEATHER CONDITIONS
 THE FOLLOWING WEATHER WAS RECORDED YESTERDAY.
  NO SIGNIFICANT WEATHER WAS OBSERVED.


RELATIVE HUMIDITY (PERCENT)
 HIGHEST    87          1000 PM
 LOWEST     40          1200 PM
 AVERAGE    64

..........................................................


THE WORCESTER MA CLIMATE NORMALS FOR TODAY
                         NORMAL    RECORD    YEAR
 MAXIMUM TEMPERATURE (F)   76        98      1948
 MINIMUM TEMPERATURE (F)   59        40      1942


SUNRISE AND SUNSET
AUGUST 26 2014........SUNRISE   606 AM EDT   SUNSET   731 PM EDT
AUGUST 27 2014........SUNRISE   607 AM EDT   SUNSET   730 PM EDT


-  INDICATES NEGATIVE NUMBERS.
R  INDICATES RECORD WAS SET OR TIED.
MM INDICATES DATA IS MISSING.
T  INDICATES TRACE AMOUNT.




$$
