000
CDUS41 KBOX 241235
CLIORH


CLIMATE REPORT
NATIONAL WEATHER SERVICE TAUNTON MA
835 AM EDT SAT SEP 24 2016


...................................

...THE WORCESTER MA CLIMATE SUMMARY FOR SEPTEMBER 23 2016...

CLIMATE NORMAL PERIOD 1981 TO 2010
CLIMATE RECORD PERIOD 1892 TO 2016


WEATHER ITEM   OBSERVED TIME   RECORD YEAR NORMAL DEPARTURE LAST
                VALUE   (LST)  VALUE       VALUE  FROM      YEAR
                                                  NORMAL
..................................................................
TEMPERATURE (F)
 YESTERDAY
  MAXIMUM         77    343 PM  90    1941  67     10       72
  MINIMUM         52   1159 PM  32    1904  50      2       52
  AVERAGE         65                        59      6       62

PRECIPITATION (IN)
  YESTERDAY        0.15          2.98 1907   0.15   0.00     0.00
  MONTH TO DATE    2.57                      2.88  -0.31     1.63
  SINCE SEP 1      2.57                      2.88  -0.31     1.63
  SINCE JAN 1     25.97                     34.24  -8.27    28.35

SNOWFALL (IN)
  YESTERDAY        0.0           0.0  2002   0.0    0.0      0.0
                                      2001
                                      2000
  MONTH TO DATE    0.0                       0.0    0.0      0.0
  SINCE SEP 1      0.0                       0.0    0.0      0.0
  SINCE JUL 1      0.0                       0.0    0.0      0.0
  SNOW DEPTH       0

DEGREE DAYS
 HEATING
  YESTERDAY        0                         7     -7        3
  MONTH TO DATE   21                        93    -72       32
  SINCE SEP 1     21                        93    -72       32
  SINCE JUL 1     30                       132   -102       33

 COOLING
  YESTERDAY        0                         1     -1        0
  MONTH TO DATE   75                        39     36       97
  SINCE SEP 1     75                        39     36       97
  SINCE JAN 1    663                       465    198      654
..................................................................


WIND (MPH)
  RESULTANT WIND SPEED   4   RESULTANT WIND DIRECTION   W (280)
  HIGHEST WIND SPEED    16   HIGHEST WIND DIRECTION    NE (30)
  HIGHEST GUST SPEED    23   HIGHEST GUST DIRECTION    NE (40)
  AVERAGE WIND SPEED     8.3


SKY COVER
  POSSIBLE SUNSHINE  MM
  AVERAGE SKY COVER 0.3


WEATHER CONDITIONS
 THE FOLLOWING WEATHER WAS RECORDED YESTERDAY.
  HEAVY RAIN
  RAIN
  LIGHT RAIN
  FOG


RELATIVE HUMIDITY (PERCENT)
 HIGHEST    96          1100 PM
 LOWEST     44           600 AM
 AVERAGE    70

..........................................................


THE WORCESTER MA CLIMATE NORMALS FOR TODAY
                         NORMAL    RECORD    YEAR
 MAXIMUM TEMPERATURE (F)   67        85      2010
                                             1914
                                             1908
 MINIMUM TEMPERATURE (F)   50        32      1944
                                             1935


SUNRISE AND SUNSET
SEPTEMBER 24 2016.....SUNRISE   637 AM EDT   SUNSET   640 PM EDT
SEPTEMBER 25 2016.....SUNRISE   638 AM EDT   SUNSET   639 PM EDT


-  INDICATES NEGATIVE NUMBERS.
R  INDICATES RECORD WAS SET OR TIED.
MM INDICATES DATA IS MISSING.
T  INDICATES TRACE AMOUNT.




$$
