000
CDUS41 KBOX 210525
CLIORH


CLIMATE REPORT
NATIONAL WEATHER SERVICE TAUNTON MA
125 AM EDT FRI JUL 21 2017


...................................

...THE WORCESTER MA CLIMATE SUMMARY FOR JULY 20 2017...

CLIMATE NORMAL PERIOD 1981 TO 2010
CLIMATE RECORD PERIOD 1892 TO 2017


WEATHER ITEM   OBSERVED TIME   RECORD YEAR NORMAL DEPARTURE LAST
                VALUE   (LST)  VALUE       VALUE  FROM      YEAR
                                                  NORMAL
..................................................................
TEMPERATURE (F)
 YESTERDAY
  MAXIMUM         87    133 PM  95    1991  79      8       79
  MINIMUM         67    324 AM  46    1943  62      5       56
  AVERAGE         77                        71      6       68

PRECIPITATION (IN)
  YESTERDAY        0.00          2.43 1959   0.14  -0.14     0.00
  MONTH TO DATE    1.31                      2.66  -1.35     1.20
  SINCE JUN 1      5.64                      6.85  -1.21     2.86
  SINCE JAN 1     26.72                     26.08   0.64    18.58

SNOWFALL (IN)
  YESTERDAY        0.0           0.0  2002   0.0    0.0      0.0
                                      2001
                                      2000
  MONTH TO DATE    0.0                       0.0    0.0      0.0
  SINCE JUN 1      0.0                       0.0    0.0      0.0
  SINCE JUL 1      0.0                       0.0    0.0      0.0
  SNOW DEPTH      MM

DEGREE DAYS
 HEATING
  YESTERDAY        0                         0      0        0
  MONTH TO DATE   10                         9      1        9
  SINCE JUN 1     96                        92      4       60
  SINCE JUL 1     10                         9      1        9

 COOLING
  YESTERDAY       12                         6      6        3
  MONTH TO DATE  131                       111     20      124
  SINCE JUN 1    237                       195     42      196
  SINCE JAN 1    271                       217     54      238
..................................................................


WIND (MPH)
  RESULTANT WIND SPEED   8   RESULTANT WIND DIRECTION   W (270)
  HIGHEST WIND SPEED    16   HIGHEST WIND DIRECTION    SW (240)
  HIGHEST GUST SPEED    21   HIGHEST GUST DIRECTION    SW (220)
  AVERAGE WIND SPEED     8.4


SKY COVER
  POSSIBLE SUNSHINE  MM
  AVERAGE SKY COVER 0.1


WEATHER CONDITIONS
 THE FOLLOWING WEATHER WAS RECORDED YESTERDAY.
  NO SIGNIFICANT WEATHER WAS OBSERVED.


RELATIVE HUMIDITY (PERCENT)
 HIGHEST    73           300 AM
 LOWEST     48           100 PM
 AVERAGE    61

..........................................................


THE WORCESTER MA CLIMATE NORMALS FOR TODAY
                         NORMAL    RECORD    YEAR
 MAXIMUM TEMPERATURE (F)   79        95      1926
 MINIMUM TEMPERATURE (F)   62        48      1939
                                             1929
                                             1928


SUNRISE AND SUNSET
JULY 21 2017..........SUNRISE   530 AM EDT   SUNSET   817 PM EDT
JULY 22 2017..........SUNRISE   531 AM EDT   SUNSET   817 PM EDT


-  INDICATES NEGATIVE NUMBERS.
R  INDICATES RECORD WAS SET OR TIED.
MM INDICATES DATA IS MISSING.
T  INDICATES TRACE AMOUNT.




$$
