000
CDUS41 KBOX 150543
CLIORH


CLIMATE REPORT
NATIONAL WEATHER SERVICE TAUNTON MA
1243 AM EST THU FEB 15 2018


...................................

...THE WORCESTER MA CLIMATE SUMMARY FOR FEBRUARY 14 2018...

CLIMATE NORMAL PERIOD 1981 TO 2010
CLIMATE RECORD PERIOD 1892 TO 2018


WEATHER ITEM   OBSERVED TIME   RECORD YEAR NORMAL DEPARTURE LAST
                VALUE   (LST)  VALUE       VALUE  FROM      YEAR
                                                  NORMAL
..................................................................
TEMPERATURE (F)
 YESTERDAY
  MAXIMUM         44    421 PM  56    1908  34     10       32
  MINIMUM         23    112 AM -16    2016  19      4       17
  AVERAGE         34                        27      7       25

PRECIPITATION (IN)
  YESTERDAY        0.00          1.90 1892   0.11  -0.11     0.00
  MONTH TO DATE    3.02                      1.58   1.44     2.04
  SINCE DEC 1      9.49                      8.89   0.60     9.75
  SINCE JAN 1      6.64                      5.07   1.57     5.95

SNOWFALL (IN)
  YESTERDAY        0.0          19.5  1962   0.6   -0.6      0.0
  MONTH TO DATE    4.0                       8.0   -4.0     25.4
  SINCE DEC 1     39.5                      39.5    0.0     57.8
  SINCE JUL 1     39.5                      42.3   -2.8     57.8
  SNOW DEPTH      MM

DEGREE DAYS
 HEATING
  YESTERDAY       31                        38     -7       40
  MONTH TO DATE  524                       550    -26      571
  SINCE DEC 1   3016                      2921     95     2745
  SINCE JUL 1   4152                      4323   -171     3932

 COOLING
  YESTERDAY        0                         0      0        0
  MONTH TO DATE    0                         0      0        0
  SINCE DEC 1      0                         0      0        0
  SINCE JAN 1      0                         0      0        0
..................................................................


WIND (MPH)
  RESULTANT WIND SPEED  13   RESULTANT WIND DIRECTION  SW (230)
  HIGHEST WIND SPEED    22   HIGHEST WIND DIRECTION    SW (220)
  HIGHEST GUST SPEED    26   HIGHEST GUST DIRECTION    SW (210)
  AVERAGE WIND SPEED    12.9


SKY COVER
  POSSIBLE SUNSHINE  MM
  AVERAGE SKY COVER 0.4


WEATHER CONDITIONS
 THE FOLLOWING WEATHER WAS RECORDED YESTERDAY.
  NO SIGNIFICANT WEATHER WAS OBSERVED.


RELATIVE HUMIDITY (PERCENT)
 HIGHEST    85           700 AM
 LOWEST     58           400 PM
 AVERAGE    72

..........................................................


THE WORCESTER MA CLIMATE NORMALS FOR TODAY
                         NORMAL    RECORD    YEAR
 MAXIMUM TEMPERATURE (F)   35        61      1954
 MINIMUM TEMPERATURE (F)   19       -19      1943


SUNRISE AND SUNSET
FEBRUARY 15 2018......SUNRISE   644 AM EST   SUNSET   520 PM EST
FEBRUARY 16 2018......SUNRISE   642 AM EST   SUNSET   521 PM EST


-  INDICATES NEGATIVE NUMBERS.
R  INDICATES RECORD WAS SET OR TIED.
MM INDICATES DATA IS MISSING.
T  INDICATES TRACE AMOUNT.




$$
