000
CDUS41 KBOX 132147
CLIORH


CLIMATE REPORT
NATIONAL WEATHER SERVICE TAUNTON MA
537 PM EDT WED SEP 13 2017


...................................

...THE WORCESTER MA CLIMATE SUMMARY FOR SEPTEMBER 13 2017...
VALID TODAY AS OF 0500 PM LOCAL TIME.

CLIMATE NORMAL PERIOD 1981 TO 2010
CLIMATE RECORD PERIOD 1892 TO 2017


WEATHER ITEM   OBSERVED TIME   RECORD YEAR NORMAL DEPARTURE LAST
                VALUE   (LST)  VALUE       VALUE  FROM      YEAR
                                                  NORMAL
..................................................................
TEMPERATURE (F)
 TODAY
  MAXIMUM         79    324 PM  89    1957  71      8       78
                                      1947
  MINIMUM         58    500 AM  33    1943  54      4       54
  AVERAGE         69                        62      7       66

PRECIPITATION (IN)
  TODAY            0.00          2.57 1974   0.13  -0.13     0.00
  MONTH TO DATE    2.31                      1.51   0.80     0.47
  SINCE SEP 1      2.31                      1.51   0.80     0.47
  SINCE JAN 1     31.60                     32.87  -1.27    23.87

SNOWFALL (IN)
  TODAY            0.0           0.0  2002   0.0    0.0      0.0
                                      2001
                                      2000
  MONTH TO DATE    0.0                       0.0    0.0      0.0
  SINCE SEP 1      0.0                       0.0    0.0      0.0
  SINCE JUL 1      0.0                       0.0    0.0      0.0
  SNOW DEPTH      MM

DEGREE DAYS
 HEATING
  TODAY            0                         4     -4        0
  MONTH TO DATE   56                        37     19        8
  SINCE SEP 1     56                        37     19        8
  SINCE JUL 1    104                        76     28       17

 COOLING
  TODAY            4                         1      3        1
  MONTH TO DATE   14                        29    -15       48
  SINCE SEP 1     14                        29    -15       48
  SINCE JAN 1    445                       455    -10      636
..................................................................


WIND (MPH)
  HIGHEST WIND SPEED    16   HIGHEST WIND DIRECTION     W (270)
  HIGHEST GUST SPEED    21   HIGHEST GUST DIRECTION     W (270)
  AVERAGE WIND SPEED     7.2


SKY COVER
  POSSIBLE SUNSHINE  MM
  AVERAGE SKY COVER 0.0


WEATHER CONDITIONS
 THE FOLLOWING WEATHER WAS RECORDED TODAY.
  NO SIGNIFICANT WEATHER WAS OBSERVED.


RELATIVE HUMIDITY (PERCENT)
 HIGHEST    86           500 AM
 LOWEST     35           300 PM
 AVERAGE    61

..........................................................


THE WORCESTER MA CLIMATE NORMALS FOR TOMORROW
                         NORMAL    RECORD    YEAR
 MAXIMUM TEMPERATURE (F)   70        90      1915
 MINIMUM TEMPERATURE (F)   54        34      1943
                                             1911


SUNRISE AND SUNSET
SEPTEMBER 13 2017.....SUNRISE   626 AM EDT   SUNSET   700 PM EDT
SEPTEMBER 14 2017.....SUNRISE   627 AM EDT   SUNSET   658 PM EDT


-  INDICATES NEGATIVE NUMBERS.
R  INDICATES RECORD WAS SET OR TIED.
MM INDICATES DATA IS MISSING.
T  INDICATES TRACE AMOUNT.




$$
