000
CDUS41 KBOX 170545
CLIORH


CLIMATE REPORT
NATIONAL WEATHER SERVICE TAUNTON MA
143 AM EDT FRI OCT 17 2014


...................................

...THE WORCESTER MA CLIMATE SUMMARY FOR OCTOBER 16 2014...

CLIMATE NORMAL PERIOD 1981 TO 2010
CLIMATE RECORD PERIOD 1892 TO 2014


WEATHER ITEM   OBSERVED TIME   RECORD YEAR NORMAL DEPARTURE LAST
                VALUE   (LST)  VALUE       VALUE  FROM      YEAR
                                                  NORMAL
..................................................................
TEMPERATURE (F)
 YESTERDAY
  MAXIMUM         68   1147 AM  86    1947  58     10       56
  MINIMUM         57   1159 PM  25    1939  42     15       49
  AVERAGE         63                        50     13       53

PRECIPITATION (IN)
  YESTERDAY        2.69R         2.65 1974   0.15   2.54     0.00
  MONTH TO DATE    3.98                      2.51   1.47     1.17
  SINCE SEP 1      6.70                      6.44   0.26     4.40
  SINCE JAN 1     41.73                     37.80   3.93    37.42

SNOWFALL (IN)
  YESTERDAY        0.0           1.4  2009   0.0    0.0      0.0
  MONTH TO DATE    0.0                       0.0    0.0      0.0
  SINCE SEP 1      0.0                       0.0    0.0      0.0
  SINCE JUL 1      0.0                       0.0    0.0      0.0
  SNOW DEPTH       0

DEGREE DAYS
 HEATING
  YESTERDAY        2                        15    -13       12
  MONTH TO DATE  165                       203    -38      134
  SINCE SEP 1    318                       357    -39      304
  SINCE JUL 1    338                       396    -58      323

 COOLING
  YESTERDAY        0                         0      0        0
  MONTH TO DATE    3                         0      3        1
  SINCE SEP 1     64                        42     22       41
  SINCE JAN 1    426                       468    -42      572
..................................................................


WIND (MPH)
  RESULTANT WIND SPEED   9   RESULTANT WIND DIRECTION   S (170)
  HIGHEST WIND SPEED    20   HIGHEST WIND DIRECTION    SW (210)
  HIGHEST GUST SPEED    26   HIGHEST GUST DIRECTION    SW (220)
  AVERAGE WIND SPEED    11.2


SKY COVER
  POSSIBLE SUNSHINE  MM
  AVERAGE SKY COVER 1.0


WEATHER CONDITIONS
 THE FOLLOWING WEATHER WAS RECORDED YESTERDAY.
  HEAVY RAIN
  RAIN
  LIGHT RAIN
  FOG
  FOG W/VISIBILITY <= 1/4 MILE


RELATIVE HUMIDITY (PERCENT)
 HIGHEST   100          1200 AM
 LOWEST     87           400 PM
 AVERAGE    94

..........................................................


THE WORCESTER MA CLIMATE NORMALS FOR TODAY
                         NORMAL    RECORD    YEAR
 MAXIMUM TEMPERATURE (F)   58        85      1947
                                             1938
 MINIMUM TEMPERATURE (F)   41        23      1940
                                             1937


SUNRISE AND SUNSET
OCTOBER 17 2014.......SUNRISE   702 AM EDT   SUNSET   603 PM EDT
OCTOBER 18 2014.......SUNRISE   704 AM EDT   SUNSET   601 PM EDT


-  INDICATES NEGATIVE NUMBERS.
R  INDICATES RECORD WAS SET OR TIED.
MM INDICATES DATA IS MISSING.
T  INDICATES TRACE AMOUNT.




$$
