000
CDUS41 KBOX 160556
CLIORH


CLIMATE REPORT
NATIONAL WEATHER SERVICE TAUNTON MA
156 AM EDT SAT JUL 16 2016


...................................

...THE WORCESTER MA CLIMATE SUMMARY FOR JULY 15 2016...

CLIMATE NORMAL PERIOD 1981 TO 2010
CLIMATE RECORD PERIOD 1892 TO 2016


WEATHER ITEM   OBSERVED TIME   RECORD YEAR NORMAL DEPARTURE LAST
                VALUE   (LST)  VALUE       VALUE  FROM      YEAR
                                                  NORMAL
..................................................................
TEMPERATURE (F)
 YESTERDAY
  MAXIMUM         88    257 PM  90    1892  79      9       83
  MINIMUM         69    353 AM  45    1941  62      7       64
  AVERAGE         79                        71      8       74

PRECIPITATION (IN)
  YESTERDAY        0.00          2.59 2014   0.14  -0.14      T
  MONTH TO DATE    1.17                      1.94  -0.77     2.07
  SINCE JUN 1      2.83                      6.13  -3.30     8.42
  SINCE JAN 1     18.55                     25.36  -6.81    22.72

SNOWFALL (IN)
  YESTERDAY        0.0           0.0  2002   0.0    0.0      0.0
                                      2001
                                      2000
  MONTH TO DATE    0.0                       0.0    0.0      0.0
  SINCE JUN 1      0.0                       0.0    0.0      0.0
  SINCE JUL 1      0.0                       0.0    0.0      0.0
  SNOW DEPTH      MM

DEGREE DAYS
 HEATING
  YESTERDAY        0                         0      0        0
  MONTH TO DATE    9                         9      0        0
  SINCE JUN 1     60                        92    -32       94
  SINCE JUL 1      9                         9      0        0

 COOLING
  YESTERDAY       14                         6      8        9
  MONTH TO DATE   84                        81      3      101
  SINCE JUN 1    156                       165     -9      185
  SINCE JAN 1    198                       187     11      251
..................................................................


WIND (MPH)
  RESULTANT WIND SPEED   8   RESULTANT WIND DIRECTION   W (260)
  HIGHEST WIND SPEED    15   HIGHEST WIND DIRECTION    NW (310)
  HIGHEST GUST SPEED    20   HIGHEST GUST DIRECTION     W (260)
  AVERAGE WIND SPEED     9.0


SKY COVER
  POSSIBLE SUNSHINE  MM
  AVERAGE SKY COVER 0.3


WEATHER CONDITIONS
 THE FOLLOWING WEATHER WAS RECORDED YESTERDAY.
  FOG
  FOG W/VISIBILITY <= 1/4 MILE


RELATIVE HUMIDITY (PERCENT)
 HIGHEST   100          1200 AM
 LOWEST     37           100 PM
 AVERAGE    69

..........................................................


THE WORCESTER MA CLIMATE NORMALS FOR TODAY
                         NORMAL    RECORD    YEAR
 MAXIMUM TEMPERATURE (F)   79        92      1901
 MINIMUM TEMPERATURE (F)   62        46      1930


SUNRISE AND SUNSET
JULY 16 2016..........SUNRISE   526 AM EDT   SUNSET   821 PM EDT
JULY 17 2016..........SUNRISE   526 AM EDT   SUNSET   820 PM EDT


-  INDICATES NEGATIVE NUMBERS.
R  INDICATES RECORD WAS SET OR TIED.
MM INDICATES DATA IS MISSING.
T  INDICATES TRACE AMOUNT.




$$
