000
CDUS41 KBOX 172141
CLIORH


CLIMATE REPORT
NATIONAL WEATHER SERVICE TAUNTON MA
538 PM EDT SAT JUN 17 2017


...................................

...THE WORCESTER MA CLIMATE SUMMARY FOR JUNE 17 2017...
VALID AS OF 0500 PM LOCAL TIME.

CLIMATE NORMAL PERIOD 1981 TO 2010
CLIMATE RECORD PERIOD 1892 TO 2017


WEATHER ITEM   OBSERVED TIME   RECORD YEAR NORMAL DEPARTURE LAST
                VALUE   (LST)  VALUE       VALUE  FROM      YEAR
                                                  NORMAL
..................................................................
TEMPERATURE (F)
 TODAY
  MAXIMUM         70    359 PM  91    1957  75     -5       76
                                      1894
                                      1892
  MINIMUM         56    647 AM  33    1926  57     -1       56
  AVERAGE         63                        66     -3       66

PRECIPITATION (IN)
  TODAY            0.07          2.44 1906   0.14  -0.07     0.00
  MONTH TO DATE    2.29                      2.56  -0.27     1.13
  SINCE JUN 1      2.29                      2.56  -0.27     1.13
  SINCE JAN 1     23.37                     21.79   1.58    16.85

SNOWFALL (IN)
  TODAY            0.0           0.0  2002   0.0    0.0      0.0
                                      2001
                                      2000
  MONTH TO DATE    0.0                       0.0    0.0      0.0
  SINCE JUN 1      0.0                       0.0    0.0      0.0
  SINCE JUL 1     78.3                      64.1   14.2     47.2
  SNOW DEPTH      MM

DEGREE DAYS
 HEATING
  TODAY            2                         2      0        0
  MONTH TO DATE   78                        64     14       50
  SINCE JUN 1     78                        64     14       50
  SINCE JUL 1   6263                      6698   -435     5761

 COOLING
  TODAY            0                         3     -3        1
  MONTH TO DATE   46                        36     10       22
  SINCE JUN 1     46                        36     10       22
  SINCE JAN 1     80                        58     22       64
..................................................................


WIND (MPH)
  HIGHEST WIND SPEED     8   HIGHEST WIND DIRECTION     S (180)
  HIGHEST GUST SPEED    11   HIGHEST GUST DIRECTION    NE (40)
  AVERAGE WIND SPEED     4.4


SKY COVER
  POSSIBLE SUNSHINE  MM
  AVERAGE SKY COVER 0.9


WEATHER CONDITIONS
 THE FOLLOWING WEATHER WAS RECORDED TODAY.
  HEAVY RAIN
  RAIN
  LIGHT RAIN
  FOG
  FOG W/VISIBILITY <= 1/4 MILE


RELATIVE HUMIDITY (PERCENT)
 HIGHEST   100           400 AM
 LOWEST     84           400 PM
 AVERAGE    92

..........................................................


THE WORCESTER MA CLIMATE NORMALS FOR TOMORROW
                         NORMAL    RECORD    YEAR
 MAXIMUM TEMPERATURE (F)   75        93      1929
                                             1907
 MINIMUM TEMPERATURE (F)   57        40      1950


SUNRISE AND SUNSET
JUNE 17 2017..........SUNRISE   510 AM EDT   SUNSET   827 PM EDT
JUNE 18 2017..........SUNRISE   511 AM EDT   SUNSET   827 PM EDT


-  INDICATES NEGATIVE NUMBERS.
R  INDICATES RECORD WAS SET OR TIED.
MM INDICATES DATA IS MISSING.
T  INDICATES TRACE AMOUNT.




$$
