656
CDUS41 KBOX 280556
CLIORH


CLIMATE REPORT
NATIONAL WEATHER SERVICE TAUNTON MA
155 AM EDT THU APR 28 2016


...................................

...THE WORCESTER MA CLIMATE SUMMARY FOR APRIL 27 2016...

CLIMATE NORMAL PERIOD 1981 TO 2010
CLIMATE RECORD PERIOD 1892 TO 2016


WEATHER ITEM   OBSERVED TIME   RECORD YEAR NORMAL DEPARTURE LAST
                VALUE   (LST)  VALUE       VALUE  FROM      YEAR
                                                  NORMAL
..................................................................
TEMPERATURE (F)
 YESTERDAY
  MAXIMUM         58    501 PM  88    1962  60     -2       55
  MINIMUM         31    228 AM  25    1928  41    -10       44
  AVERAGE         45                        50     -5       50

PRECIPITATION (IN)
  YESTERDAY        0.00          1.79 1979   0.13  -0.13      T
  MONTH TO DATE    2.63                      3.72  -1.09     2.87
  SINCE MAR 1      6.12                      7.93  -1.81     5.29
  SINCE JAN 1     13.51                     14.65  -1.14    13.60

SNOWFALL (IN)
  YESTERDAY        0.0           1.1  1993   0.1   -0.1      0.0
  MONTH TO DATE   10.0                       2.7    7.3      0.2
  SINCE MAR 1     15.5                      14.1    1.4     11.1
  SINCE JUL 1     47.2                      64.0  -16.8    119.7
  SNOW DEPTH       0

DEGREE DAYS
 HEATING
  YESTERDAY       20                        15      5       15
  MONTH TO DATE  546                       529     17      516
  SINCE MAR 1   1315                      1468   -153     1602
  SINCE JUL 1   5374                      6305   -931     6716

 COOLING
  YESTERDAY        0                         0      0        0
  MONTH TO DATE    4                         0      4        0
  SINCE MAR 1      4                         0      4        0
  SINCE JAN 1      4                         0      4        0
..................................................................


WIND (MPH)
  RESULTANT WIND SPEED   9   RESULTANT WIND DIRECTION   W (270)
  HIGHEST WIND SPEED    22   HIGHEST WIND DIRECTION     W (250)
  HIGHEST GUST SPEED    30   HIGHEST GUST DIRECTION     W (250)
  AVERAGE WIND SPEED    10.3


SKY COVER
  POSSIBLE SUNSHINE  MM
  AVERAGE SKY COVER 0.1


WEATHER CONDITIONS
 THE FOLLOWING WEATHER WAS RECORDED YESTERDAY.
  FOG


RELATIVE HUMIDITY (PERCENT)
 HIGHEST   100           300 AM
 LOWEST     24           400 PM
 AVERAGE    62

..........................................................


THE WORCESTER MA CLIMATE NORMALS FOR TODAY
                         NORMAL    RECORD    YEAR
 MAXIMUM TEMPERATURE (F)   60        90      1990
 MINIMUM TEMPERATURE (F)   41        24      1933


SUNRISE AND SUNSET
APRIL 28 2016.........SUNRISE   546 AM EDT   SUNSET   744 PM EDT
APRIL 29 2016.........SUNRISE   545 AM EDT   SUNSET   745 PM EDT


-  INDICATES NEGATIVE NUMBERS.
R  INDICATES RECORD WAS SET OR TIED.
MM INDICATES DATA IS MISSING.
T  INDICATES TRACE AMOUNT.




$$
