000
CDUS41 KBOX 312154
CLIORH


CLIMATE REPORT
NATIONAL WEATHER SERVICE TAUNTON MA
543 PM EDT MON AUG 31 2015


...................................

...THE WORCESTER MA CLIMATE SUMMARY FOR AUGUST 31 2015...
VALID AS OF 0500 PM LOCAL TIME.

CLIMATE NORMAL PERIOD 1981 TO 2010
CLIMATE RECORD PERIOD 1892 TO 2015


WEATHER ITEM   OBSERVED TIME   RECORD YEAR NORMAL DEPARTURE LAST
                VALUE   (LST)  VALUE       VALUE  FROM      YEAR
                                                  NORMAL
..................................................................
TEMPERATURE (F)
 TODAY
  MAXIMUM         83    257 PM  93    1953  75      8       79
  MINIMUM         66    547 AM  39    1976  58      8       64
  AVERAGE         75                        66      9       72

PRECIPITATION (IN)
  TODAY            0.00          4.97 1954   0.11  -0.11     2.41
  MONTH TO DATE    3.21                      3.71  -0.50     6.00
  SINCE JUN 1     12.42                     12.13   0.29    13.84
  SINCE JAN 1     26.72                     31.36  -4.64    35.03

SNOWFALL (IN)
  TODAY            0.0           0.0  2002   0.0    0.0      0.0
                                      2001
                                      2000
  MONTH TO DATE    0.0                       0.0    0.0      0.0
  SINCE JUN 1      0.0                       0.0    0.0      0.0
  SINCE JUL 1      0.0                       0.0    0.0      0.0
  SNOW DEPTH      MM

DEGREE DAYS
 HEATING
  TODAY            0                         2     -2        0
  MONTH TO DATE    0                        25    -25       20
  SINCE JUN 1     95                       122    -27       65
  SINCE JUL 1      1                        39    -38       20

 COOLING
  TODAY           10                         3      7        7
  MONTH TO DATE  184                       145     39       96
  SINCE JUN 1    491                       404     87      354
  SINCE JAN 1    557                       426    131      362
..................................................................


WIND (MPH)
  HIGHEST WIND SPEED    21   HIGHEST WIND DIRECTION     W (250)
  HIGHEST GUST SPEED    26   HIGHEST GUST DIRECTION     W (280)
  AVERAGE WIND SPEED    10.4


SKY COVER
  POSSIBLE SUNSHINE  MM
  AVERAGE SKY COVER 0.2


WEATHER CONDITIONS
 THE FOLLOWING WEATHER WAS RECORDED TODAY.
  FOG
  HAZE


RELATIVE HUMIDITY (PERCENT)
 HIGHEST    93           600 AM
 LOWEST     47           200 PM
 AVERAGE    70

..........................................................


THE WORCESTER MA CLIMATE NORMALS FOR TOMORROW
                         NORMAL    RECORD    YEAR
 MAXIMUM TEMPERATURE (F)   75        90      1937
 MINIMUM TEMPERATURE (F)   58        38      1926


SUNRISE AND SUNSET
AUGUST 31 2015........SUNRISE   611 AM EDT   SUNSET   724 PM EDT
SEPTEMBER  1 2015.....SUNRISE   612 AM EDT   SUNSET   722 PM EDT


-  INDICATES NEGATIVE NUMBERS.
R  INDICATES RECORD WAS SET OR TIED.
MM INDICATES DATA IS MISSING.
T  INDICATES TRACE AMOUNT.




$$
