000
CDUS41 KBOX 122150
CLIORH


CLIMATE REPORT
NATIONAL WEATHER SERVICE TAUNTON MA
439 PM EST FRI JAN 12 2018


...................................

...THE WORCESTER MA CLIMATE SUMMARY FOR JANUARY 12 2018...
VALID AS OF 0400 PM LOCAL TIME.

CLIMATE NORMAL PERIOD 1981 TO 2010
CLIMATE RECORD PERIOD 1892 TO 2018


WEATHER ITEM   OBSERVED TIME   RECORD YEAR NORMAL DEPARTURE LAST
                VALUE   (LST)  VALUE       VALUE  FROM      YEAR
                                                  NORMAL
..................................................................
TEMPERATURE (F)
 TODAY
  MAXIMUM         58R   313 PM  57    2017  31     27       57
  MINIMUM         45    117 AM  -8    1982  17     28       39
                                      1981
  AVERAGE         52                        24     28       48

PRECIPITATION (IN)
  TODAY            0.20          1.58 2011   0.12   0.08     0.45
  MONTH TO DATE    1.25                      1.32  -0.07     2.19
  SINCE DEC 1      4.10                      5.14  -1.04     5.99
  SINCE JAN 1      1.25                      1.32  -0.07     2.19

SNOWFALL (IN)
  TODAY            0.0          21.1  2011   0.6   -0.6      0.0
  MONTH TO DATE   17.2                       6.6   10.6      7.7
  SINCE DEC 1     30.6                      21.0    9.6     25.2
  SINCE JUL 1     30.6                      23.8    6.8     25.2
  SNOW DEPTH      MM

DEGREE DAYS
 HEATING
  TODAY           13                        41    -28       17
  MONTH TO DATE  551                       488     63      455
  SINCE DEC 1   1781                      1590    191     1545
  SINCE JUL 1   2917                      2992    -75     2732

 COOLING
  TODAY            0                         0      0        0
  MONTH TO DATE    0                         0      0        0
  SINCE DEC 1      0                         0      0        0
  SINCE JAN 1      0                         0      0        0
..................................................................


WIND (MPH)
  HIGHEST WIND SPEED    25   HIGHEST WIND DIRECTION     S (190)
  HIGHEST GUST SPEED    36   HIGHEST GUST DIRECTION     S (180)
  AVERAGE WIND SPEED    15.1


SKY COVER
  POSSIBLE SUNSHINE  MM
  AVERAGE SKY COVER 1.0


WEATHER CONDITIONS
 THE FOLLOWING WEATHER WAS RECORDED TODAY.
  RAIN
  LIGHT RAIN
  FOG
  FOG W/VISIBILITY <= 1/4 MILE


RELATIVE HUMIDITY (PERCENT)
 HIGHEST   100          1100 AM
 LOWEST     92           100 AM
 AVERAGE    96

..........................................................


THE WORCESTER MA CLIMATE NORMALS FOR TOMORROW
                         NORMAL    RECORD    YEAR
 MAXIMUM TEMPERATURE (F)   31        62      1932
 MINIMUM TEMPERATURE (F)   17        -9      1912


SUNRISE AND SUNSET
JANUARY 12 2018.......SUNRISE   715 AM EST   SUNSET   437 PM EST
JANUARY 13 2018.......SUNRISE   715 AM EST   SUNSET   438 PM EST


-  INDICATES NEGATIVE NUMBERS.
R  INDICATES RECORD WAS SET OR TIED.
MM INDICATES DATA IS MISSING.
T  INDICATES TRACE AMOUNT.




$$
