584
CDUS41 KBOX 020536
CLIORH


CLIMATE REPORT
NATIONAL WEATHER SERVICE TAUNTON MA
1236 AM EST FRI DEC 2 2016


...................................

...THE WORCESTER MA CLIMATE SUMMARY FOR DECEMBER 1 2016...

CLIMATE NORMAL PERIOD 1981 TO 2010
CLIMATE RECORD PERIOD 1892 TO 2016


WEATHER ITEM   OBSERVED TIME   RECORD YEAR NORMAL DEPARTURE LAST
                VALUE   (LST)  VALUE       VALUE  FROM      YEAR
                                                  NORMAL
..................................................................
TEMPERATURE (F)
 YESTERDAY
  MAXIMUM         50   1239 PM  65    2006  42      8       36
  MINIMUM         36   1158 PM   5    1936  28      8       28
  AVERAGE         43                        35      8       32

PRECIPITATION (IN)
  YESTERDAY        0.41          1.22 1977   0.13   0.28     0.16
  MONTH TO DATE    0.41                      0.13   0.28     0.16
  SINCE DEC 1      0.41                      0.13   0.28     0.16
  SINCE JAN 1     37.54                     44.38  -6.84    35.85

SNOWFALL (IN)
  YESTERDAY        0.0           4.2  1917   0.3   -0.3      0.0
  MONTH TO DATE    0.0                       0.3   -0.3      0.0
  SINCE DEC 1      0.0                       0.3   -0.3      0.0
  SINCE JUL 1      T                         3.1   -3.1       T
  SNOW DEPTH      MM

DEGREE DAYS
 HEATING
  YESTERDAY       22                        30     -8       33
  MONTH TO DATE   22                        30     -8       33
  SINCE DEC 1     22                        30     -8       33
  SINCE JUL 1   1209                      1432   -223     1182

 COOLING
  YESTERDAY        0                         0      0        0
  MONTH TO DATE    0                         0      0        0
  SINCE DEC 1      0                         0      0        0
  SINCE JAN 1    663                       471    192      659
..................................................................


WIND (MPH)
  RESULTANT WIND SPEED   8   RESULTANT WIND DIRECTION   W (290)
  HIGHEST WIND SPEED    23   HIGHEST WIND DIRECTION     W (280)
  HIGHEST GUST SPEED    32   HIGHEST GUST DIRECTION     W (260)
  AVERAGE WIND SPEED    12.3


SKY COVER
  POSSIBLE SUNSHINE  MM
  AVERAGE SKY COVER 0.7


WEATHER CONDITIONS
 THE FOLLOWING WEATHER WAS RECORDED YESTERDAY.
  RAIN
  LIGHT RAIN
  FOG


RELATIVE HUMIDITY (PERCENT)
 HIGHEST   100           500 AM
 LOWEST     56           200 PM
 AVERAGE    78

..........................................................


THE WORCESTER MA CLIMATE NORMALS FOR TODAY
                         NORMAL    RECORD    YEAR
 MAXIMUM TEMPERATURE (F)   41        64      1932
 MINIMUM TEMPERATURE (F)   28         4      1989


SUNRISE AND SUNSET
DECEMBER  2 2016......SUNRISE   658 AM EST   SUNSET   416 PM EST
DECEMBER  3 2016......SUNRISE   659 AM EST   SUNSET   416 PM EST


-  INDICATES NEGATIVE NUMBERS.
R  INDICATES RECORD WAS SET OR TIED.
MM INDICATES DATA IS MISSING.
T  INDICATES TRACE AMOUNT.




$$
