000
CDUS41 KBOX 230550
CLIORH


CLIMATE REPORT
NATIONAL WEATHER SERVICE TAUNTON MA
1242 AM EST MON FEB 23 2015


...................................

...THE WORCESTER MA CLIMATE SUMMARY FOR FEBRUARY 22 2015...

CLIMATE NORMAL PERIOD 1981 TO 2010
CLIMATE RECORD PERIOD 1892 TO 2015


WEATHER ITEM   OBSERVED TIME   RECORD YEAR NORMAL DEPARTURE LAST
                VALUE   (LST)  VALUE       VALUE  FROM      YEAR
                                                  NORMAL
..................................................................
TEMPERATURE (F)
 YESTERDAY
  MAXIMUM         37    310 PM  57    1991  36      1       46
  MINIMUM         27   1159 PM  -2    1963  21      6       30
                                      1928
  AVERAGE         32                        28      4       38

PRECIPITATION (IN)
  YESTERDAY        0.10          1.80 1892   0.11  -0.01     0.00
  MONTH TO DATE    3.27                      2.49   0.78     4.06
  SINCE DEC 1     13.20                      9.80   3.40    11.59
  SINCE JAN 1      8.30                      5.98   2.32     7.16

SNOWFALL (IN)
  YESTERDAY        0.8          14.0  1893   0.5    0.3      0.0
  MONTH TO DATE   53.3                      12.6   40.7     41.2
  SINCE DEC 1    101.3                      44.1   57.2     80.1
  SINCE JUL 1    108.5                      46.9   61.6     80.6
  SNOW DEPTH      MM

DEGREE DAYS
 HEATING
  YESTERDAY       33                        37     -4       27
  MONTH TO DATE 1114                       849    265      900
  SINCE DEC 1   3436                      3220    216     3377
  SINCE JUL 1   4814                      4622    192     4789

 COOLING
  YESTERDAY        0                         0      0        0
  MONTH TO DATE    0                         0      0        0
  SINCE DEC 1      0                         0      0        0
  SINCE JAN 1      0                         0      0        0
..................................................................


WIND (MPH)
  RESULTANT WIND SPEED   8   RESULTANT WIND DIRECTION   W (260)
  HIGHEST WIND SPEED    20   HIGHEST WIND DIRECTION    SW (240)
  HIGHEST GUST SPEED    24   HIGHEST GUST DIRECTION     W (260)
  AVERAGE WIND SPEED     8.6


SKY COVER
  POSSIBLE SUNSHINE  MM
  AVERAGE SKY COVER 0.6


WEATHER CONDITIONS
 THE FOLLOWING WEATHER WAS RECORDED YESTERDAY.
  LIGHT SNOW
  FOG


RELATIVE HUMIDITY (PERCENT)
 HIGHEST    92          1200 AM
 LOWEST     59           300 PM
 AVERAGE    76

..........................................................


THE WORCESTER MA CLIMATE NORMALS FOR TODAY
                         NORMAL    RECORD    YEAR
 MAXIMUM TEMPERATURE (F)   36        61      1990
 MINIMUM TEMPERATURE (F)   21        -9      1972


SUNRISE AND SUNSET
FEBRUARY 23 2015......SUNRISE   633 AM EST   SUNSET   530 PM EST
FEBRUARY 24 2015......SUNRISE   631 AM EST   SUNSET   531 PM EST


-  INDICATES NEGATIVE NUMBERS.
R  INDICATES RECORD WAS SET OR TIED.
MM INDICATES DATA IS MISSING.
T  INDICATES TRACE AMOUNT.




$$
