000
CDUS41 KBOX 180539
CLIORH


CLIMATE REPORT
NATIONAL WEATHER SERVICE TAUNTON MA
137 AM EDT SAT OCT 18 2014


...................................

...THE WORCESTER MA CLIMATE SUMMARY FOR OCTOBER 17 2014...

CLIMATE NORMAL PERIOD 1981 TO 2010
CLIMATE RECORD PERIOD 1892 TO 2014


WEATHER ITEM   OBSERVED TIME   RECORD YEAR NORMAL DEPARTURE LAST
                VALUE   (LST)  VALUE       VALUE  FROM      YEAR
                                                  NORMAL
..................................................................
TEMPERATURE (F)
 YESTERDAY
  MAXIMUM         67    157 PM  85    1947  58      9       68
                                      1938
  MINIMUM         55   1120 PM  23    1940  41     14       50
                                      1937
  AVERAGE         61                        50     11       59

PRECIPITATION (IN)
  YESTERDAY        0.00          1.97 1936   0.15  -0.15     0.06
  MONTH TO DATE    3.98                      2.66   1.32     1.23
  SINCE SEP 1      6.70                      6.59   0.11     4.46
  SINCE JAN 1     41.73                     37.95   3.78    37.48

SNOWFALL (IN)
  YESTERDAY        0.0           T    1970   0.1   -0.1      0.0
  MONTH TO DATE    0.0                       0.1   -0.1      0.0
  SINCE SEP 1      0.0                       0.1   -0.1      0.0
  SINCE JUL 1      0.0                       0.1   -0.1      0.0
  SNOW DEPTH       0

DEGREE DAYS
 HEATING
  YESTERDAY        4                        16    -12        6
  MONTH TO DATE  169                       219    -50      140
  SINCE SEP 1    322                       373    -51      310
  SINCE JUL 1    342                       412    -70      329

 COOLING
  YESTERDAY        0                         0      0        0
  MONTH TO DATE    3                         0      3        1
  SINCE SEP 1     64                        42     22       41
  SINCE JAN 1    426                       468    -42      572
..................................................................


WIND (MPH)
  RESULTANT WIND SPEED  10   RESULTANT WIND DIRECTION  SW (230)
  HIGHEST WIND SPEED    21   HIGHEST WIND DIRECTION    SW (240)
  HIGHEST GUST SPEED    26   HIGHEST GUST DIRECTION    SW (220)
  AVERAGE WIND SPEED    10.9


SKY COVER
  POSSIBLE SUNSHINE  MM
  AVERAGE SKY COVER 0.5


WEATHER CONDITIONS
 THE FOLLOWING WEATHER WAS RECORDED YESTERDAY.
  FOG


RELATIVE HUMIDITY (PERCENT)
 HIGHEST   100           100 AM
 LOWEST     48           400 PM
 AVERAGE    74

..........................................................


THE WORCESTER MA CLIMATE NORMALS FOR TODAY
                         NORMAL    RECORD    YEAR
 MAXIMUM TEMPERATURE (F)   58        85      1908
 MINIMUM TEMPERATURE (F)   41        25      1939


SUNRISE AND SUNSET
OCTOBER 18 2014.......SUNRISE   704 AM EDT   SUNSET   601 PM EDT
OCTOBER 19 2014.......SUNRISE   705 AM EDT   SUNSET   559 PM EDT


-  INDICATES NEGATIVE NUMBERS.
R  INDICATES RECORD WAS SET OR TIED.
MM INDICATES DATA IS MISSING.
T  INDICATES TRACE AMOUNT.




$$
