000
CDUS41 KBOX 090558
CLIORH


CLIMATE REPORT
NATIONAL WEATHER SERVICE TAUNTON MA
155 AM EDT WED APR 9 2014


...................................

...THE WORCESTER MA CLIMATE SUMMARY FOR APRIL 8 2014...

CLIMATE NORMAL PERIOD 1981 TO 2010
CLIMATE RECORD PERIOD 1892 TO 2014


WEATHER ITEM   OBSERVED TIME   RECORD YEAR NORMAL DEPARTURE LAST
                VALUE   (LST)  VALUE       VALUE  FROM      YEAR
                                                  NORMAL
..................................................................
TEMPERATURE (F)
 YESTERDAY
  MAXIMUM         61    349 PM  85    1929  52      9       63
  MINIMUM         39   1159 PM  17    1972  34      5       40
  AVERAGE         50                        43      7       52

PRECIPITATION (IN)
  YESTERDAY        0.39          1.06 1903   0.14   0.25     0.00
  MONTH TO DATE    0.77                      1.15  -0.38     0.30
  SINCE MAR 1      6.19                      5.36   0.83     3.98
  SINCE JAN 1     13.37                     12.08   1.29    10.86

SNOWFALL (IN)
  YESTERDAY        0.0          10.2  1956   0.1   -0.1      0.0
  MONTH TO DATE    0.0                       1.2   -1.2      0.0
  SINCE MAR 1      3.7                      12.6   -8.9     30.9
  SINCE JUL 1     84.6                      62.5   22.1    108.9
  SNOW DEPTH      MM

DEGREE DAYS
 HEATING
  YESTERDAY       15                        22     -7       13
  MONTH TO DATE  173                       186    -13      202
  SINCE MAR 1   1301                      1125    176     1166
  SINCE JUL 1   6355                      5962    393     5603

 COOLING
  YESTERDAY        0                         0      0        0
  MONTH TO DATE    0                         0      0        0
  SINCE MAR 1      0                         0      0        0
  SINCE JAN 1      0                         0      0        0
..................................................................


WIND (MPH)
  RESULTANT WIND SPEED  10   RESULTANT WIND DIRECTION  SW (240)
  HIGHEST WIND SPEED    30   HIGHEST WIND DIRECTION     W (290)
  HIGHEST GUST SPEED    41   HIGHEST GUST DIRECTION     W (260)
  AVERAGE WIND SPEED    14.2


SKY COVER
  POSSIBLE SUNSHINE  MM
  AVERAGE SKY COVER 0.7


WEATHER CONDITIONS
 THE FOLLOWING WEATHER WAS RECORDED YESTERDAY.
  RAIN
  LIGHT RAIN
  FOG
  FOG W/VISIBILITY <= 1/4 MILE


RELATIVE HUMIDITY (PERCENT)
 HIGHEST   100           100 AM
 LOWEST     53           500 PM
 AVERAGE    77

..........................................................


THE WORCESTER MA CLIMATE NORMALS FOR TODAY
                         NORMAL    RECORD    YEAR
 MAXIMUM TEMPERATURE (F)   52        77      1991
 MINIMUM TEMPERATURE (F)   35        17      1977


SUNRISE AND SUNSET
APRIL  9 2014.........SUNRISE   617 AM EDT   SUNSET   722 PM EDT
APRIL 10 2014.........SUNRISE   615 AM EDT   SUNSET   723 PM EDT


-  INDICATES NEGATIVE NUMBERS.
R  INDICATES RECORD WAS SET OR TIED.
MM INDICATES DATA IS MISSING.
T  INDICATES TRACE AMOUNT.




$$
