000
CDUS41 KBOX 250549
CLIORH


CLIMATE REPORT
NATIONAL WEATHER SERVICE TAUNTON MA
139 AM EDT MON APR 25 2016


...................................

...THE WORCESTER MA CLIMATE SUMMARY FOR APRIL 24 2016...

CLIMATE NORMAL PERIOD 1981 TO 2010
CLIMATE RECORD PERIOD 1892 TO 2016


WEATHER ITEM   OBSERVED TIME   RECORD YEAR NORMAL DEPARTURE LAST
                VALUE   (LST)  VALUE       VALUE  FROM      YEAR
                                                  NORMAL
..................................................................
TEMPERATURE (F)
 YESTERDAY
  MAXIMUM         57    407 PM  84    2001  59     -2       44
  MINIMUM         41    540 AM  21    1930  40      1       33
  AVERAGE         49                        49      0       39

PRECIPITATION (IN)
  YESTERDAY        0.00          2.01 1983   0.12  -0.12     0.00
  MONTH TO DATE    2.31                      3.33  -1.02     2.87
  SINCE MAR 1      5.80                      7.54  -1.74     5.29
  SINCE JAN 1     13.19                     14.26  -1.07    13.60

SNOWFALL (IN)
  YESTERDAY        0.0           3.4  1967   0.1   -0.1      0.0
  MONTH TO DATE   10.0                       2.6    7.4      0.2
  SINCE MAR 1     15.5                      14.0    1.5     11.1
  SINCE JUL 1     47.2                      63.9  -16.7    119.7
  SNOW DEPTH      MM

DEGREE DAYS
 HEATING
  YESTERDAY       16                        16      0       26
  MONTH TO DATE  488                       484      4      461
  SINCE MAR 1   1257                      1423   -166     1547
  SINCE JUL 1   5316                      6260   -944     6661

 COOLING
  YESTERDAY        0                         0      0        0
  MONTH TO DATE    4                         0      4        0
  SINCE MAR 1      4                         0      4        0
  SINCE JAN 1      4                         0      4        0
..................................................................


WIND (MPH)
  RESULTANT WIND SPEED   8   RESULTANT WIND DIRECTION  NW (320)
  HIGHEST WIND SPEED    20   HIGHEST WIND DIRECTION     W (290)
  HIGHEST GUST SPEED    25   HIGHEST GUST DIRECTION    NW (310)
  AVERAGE WIND SPEED     9.3


SKY COVER
  POSSIBLE SUNSHINE  MM
  AVERAGE SKY COVER 0.1


WEATHER CONDITIONS
 THE FOLLOWING WEATHER WAS RECORDED YESTERDAY.
  NO SIGNIFICANT WEATHER WAS OBSERVED.


RELATIVE HUMIDITY (PERCENT)
 HIGHEST    29           800 AM
 LOWEST     13           400 PM
 AVERAGE    21

..........................................................


THE WORCESTER MA CLIMATE NORMALS FOR TODAY
                         NORMAL    RECORD    YEAR
 MAXIMUM TEMPERATURE (F)   59        86      2009
 MINIMUM TEMPERATURE (F)   40        25      1927
                                             1919


SUNRISE AND SUNSET
APRIL 25 2016.........SUNRISE   551 AM EDT   SUNSET   741 PM EDT
APRIL 26 2016.........SUNRISE   549 AM EDT   SUNSET   742 PM EDT


-  INDICATES NEGATIVE NUMBERS.
R  INDICATES RECORD WAS SET OR TIED.
MM INDICATES DATA IS MISSING.
T  INDICATES TRACE AMOUNT.




$$
