000
CDUS41 KBOX 200545
CLIORH


CLIMATE REPORT
NATIONAL WEATHER SERVICE TAUNTON MA
1245 AM EST TUE FEB 20 2018


...................................

...THE WORCESTER MA CLIMATE SUMMARY FOR FEBRUARY 19 2018...

CLIMATE NORMAL PERIOD 1981 TO 2010
CLIMATE RECORD PERIOD 1892 TO 2018


WEATHER ITEM   OBSERVED TIME   RECORD YEAR NORMAL DEPARTURE LAST
                VALUE   (LST)  VALUE       VALUE  FROM      YEAR
                                                  NORMAL
..................................................................
TEMPERATURE (F)
 YESTERDAY
  MAXIMUM         47   1159 PM  62    1981  36     11       56
                                      1961
  MINIMUM         23    603 AM  -3    1936  20      3       40
  AVERAGE         35                        28      7       48

PRECIPITATION (IN)
  YESTERDAY        0.28          1.59 1960   0.11   0.17     0.00
  MONTH TO DATE    3.85                      2.15   1.70     2.12
  SINCE DEC 1     10.32                      9.46   0.86     9.83
  SINCE JAN 1      7.47                      5.64   1.83     6.03

SNOWFALL (IN)
  YESTERDAY        0.0          14.1  1972   0.5   -0.5      0.0
  MONTH TO DATE   10.0                      10.9   -0.9     25.4
  SINCE DEC 1     45.5                      42.4    3.1     57.8
  SINCE JUL 1     45.5                      45.2    0.3     57.8
  SNOW DEPTH      MM

DEGREE DAYS
 HEATING
  YESTERDAY       30                        37     -7       17
  MONTH TO DATE  673                       738    -65      725
  SINCE DEC 1   3165                      3109     56     2899
  SINCE JUL 1   4301                      4511   -210     4086

 COOLING
  YESTERDAY        0                         0      0        0
  MONTH TO DATE    0                         0      0        0
  SINCE DEC 1      0                         0      0        0
  SINCE JAN 1      0                         0      0        0
..................................................................


WIND (MPH)
  RESULTANT WIND SPEED  11   RESULTANT WIND DIRECTION  SW (210)
  HIGHEST WIND SPEED    22   HIGHEST WIND DIRECTION    SW (230)
  HIGHEST GUST SPEED    29   HIGHEST GUST DIRECTION     S (180)
  AVERAGE WIND SPEED    12.3


SKY COVER
  POSSIBLE SUNSHINE  MM
  AVERAGE SKY COVER 0.4


WEATHER CONDITIONS
 THE FOLLOWING WEATHER WAS RECORDED YESTERDAY.
  RAIN
  LIGHT RAIN
  FOG


RELATIVE HUMIDITY (PERCENT)
 HIGHEST   100           900 PM
 LOWEST     60          1200 PM
 AVERAGE    80

..........................................................


THE WORCESTER MA CLIMATE NORMALS FOR TODAY
                         NORMAL    RECORD    YEAR
 MAXIMUM TEMPERATURE (F)   36        65      1930
 MINIMUM TEMPERATURE (F)   20        -8      1966


SUNRISE AND SUNSET
FEBRUARY 20 2018......SUNRISE   637 AM EST   SUNSET   526 PM EST
FEBRUARY 21 2018......SUNRISE   635 AM EST   SUNSET   528 PM EST


-  INDICATES NEGATIVE NUMBERS.
R  INDICATES RECORD WAS SET OR TIED.
MM INDICATES DATA IS MISSING.
T  INDICATES TRACE AMOUNT.




$$
