000
CDUS41 KBOX 270553
CLIORH


CLIMATE REPORT
NATIONAL WEATHER SERVICE TAUNTON MA
149 AM EDT SUN JUL 27 2014


...................................

...THE WORCESTER MA CLIMATE SUMMARY FOR JULY 26 2014...

CLIMATE NORMAL PERIOD 1981 TO 2010
CLIMATE RECORD PERIOD 1892 TO 2014


WEATHER ITEM   OBSERVED TIME   RECORD YEAR NORMAL DEPARTURE LAST
                VALUE   (LST)  VALUE       VALUE  FROM      YEAR
                                                  NORMAL
..................................................................
TEMPERATURE (F)
 YESTERDAY
  MAXIMUM         79    223 PM  94    1892  79      0       70
  MINIMUM         60    444 AM  51    1936  62     -2       58
  AVERAGE         70                        71     -1       64

PRECIPITATION (IN)
  YESTERDAY        0.00          2.63 1900   0.14  -0.14     0.49
  MONTH TO DATE    4.84                      3.51   1.33     2.97
  SINCE JUN 1      6.40                      7.70  -1.30    13.03
  SINCE JAN 1     27.59                     26.93   0.66    29.84

SNOWFALL (IN)
  YESTERDAY        0.0           0.0  2002   0.0    0.0      0.0
                                      2001
                                      2000
  MONTH TO DATE    0.0                       0.0    0.0      0.0
  SINCE JUN 1      0.0                       0.0    0.0      0.0
  SINCE JUL 1      0.0                       0.0    0.0      0.0
  SNOW DEPTH       0

DEGREE DAYS
 HEATING
  YESTERDAY        0                         0      0        1
  MONTH TO DATE    0                         9     -9        7
  SINCE JUN 1     45                        92    -47       74
  SINCE JUL 1      0                         9     -9        7

 COOLING
  YESTERDAY        5                         6     -1        0
  MONTH TO DATE  160                       147     13      272
  SINCE JUN 1    244                       231     13      375
  SINCE JAN 1    252                       253     -1      399
..................................................................


WIND (MPH)
  RESULTANT WIND SPEED  10   RESULTANT WIND DIRECTION  SW (240)
  HIGHEST WIND SPEED    20   HIGHEST WIND DIRECTION     W (250)
  HIGHEST GUST SPEED    25   HIGHEST GUST DIRECTION     W (260)
  AVERAGE WIND SPEED     9.8


SKY COVER
  POSSIBLE SUNSHINE  MM
  AVERAGE SKY COVER 0.1


WEATHER CONDITIONS
 THE FOLLOWING WEATHER WAS RECORDED YESTERDAY.
  NO SIGNIFICANT WEATHER WAS OBSERVED.


RELATIVE HUMIDITY (PERCENT)
 HIGHEST    93          1100 PM
 LOWEST     40          1200 PM
 AVERAGE    67

..........................................................


THE WORCESTER MA CLIMATE NORMALS FOR TODAY
                         NORMAL    RECORD    YEAR
 MAXIMUM TEMPERATURE (F)   79        93      1949
                                             1940
                                             1892
 MINIMUM TEMPERATURE (F)   62        46      1946


SUNRISE AND SUNSET
JULY 27 2014..........SUNRISE   535 AM EDT   SUNSET   812 PM EDT
JULY 28 2014..........SUNRISE   536 AM EDT   SUNSET   811 PM EDT


-  INDICATES NEGATIVE NUMBERS.
R  INDICATES RECORD WAS SET OR TIED.
MM INDICATES DATA IS MISSING.
T  INDICATES TRACE AMOUNT.




$$
