000
CDUS41 KBOX 142125
CLIORH


CLIMATE REPORT
NATIONAL WEATHER SERVICE TAUNTON MA
525 PM EDT SUN SEP 14 2014


...................................

...THE WORCESTER MA CLIMATE SUMMARY FOR SEPTEMBER 14 2014...
VALID TODAY AS OF 0500 PM LOCAL TIME.

CLIMATE NORMAL PERIOD 1981 TO 2010
CLIMATE RECORD PERIOD 1892 TO 2014


WEATHER ITEM   OBSERVED TIME   RECORD YEAR NORMAL DEPARTURE LAST
                VALUE   (LST)  VALUE       VALUE  FROM      YEAR
                                                  NORMAL
..................................................................
TEMPERATURE (F)
 TODAY
  MAXIMUM         61    351 PM  90    1915  70     -9       64
  MINIMUM         46    533 AM  34    1943  54     -8       50
  AVERAGE         54                        62     -8       57

PRECIPITATION (IN)
  TODAY            0.00          1.59 1989   0.13  -0.13      T
  MONTH TO DATE    1.30                      1.64  -0.34     2.73
  SINCE SEP 1      1.30                      1.64  -0.34     2.73
  SINCE JAN 1     36.33                     33.00   3.33    35.75

SNOWFALL (IN)
  TODAY            0.0           0.0  2002   0.0    0.0      0.0
                                      2001
                                      2000
  MONTH TO DATE    0.0                       0.0    0.0      0.0
  SINCE SEP 1      0.0                       0.0    0.0      0.0
  SINCE JUL 1      0.0                       0.0    0.0      0.0
  SNOW DEPTH      MM

DEGREE DAYS
 HEATING
  TODAY           11                         4      7        8
  MONTH TO DATE   39                        41     -2       39
  SINCE SEP 1     39                        41     -2       39
  SINCE JUL 1     59                        80    -21       58

 COOLING
  TODAY            0                         1     -1        0
  MONTH TO DATE   52                        30     22       40
  SINCE SEP 1     52                        30     22       40
  SINCE JAN 1    414                       456    -42      571
..................................................................


WIND (MPH)
  HIGHEST WIND SPEED    18   HIGHEST WIND DIRECTION     N (350)
  HIGHEST GUST SPEED    23   HIGHEST GUST DIRECTION     N (350)
  AVERAGE WIND SPEED    10.4


SKY COVER
  POSSIBLE SUNSHINE  MM
  AVERAGE SKY COVER 0.0


WEATHER CONDITIONS
 THE FOLLOWING WEATHER WAS RECORDED TODAY.
  NO SIGNIFICANT WEATHER WAS OBSERVED.


RELATIVE HUMIDITY (PERCENT)
 HIGHEST    93           300 AM
 LOWEST     49           200 PM
 AVERAGE    71

..........................................................


THE WORCESTER MA CLIMATE NORMALS FOR TOMORROW
                         NORMAL    RECORD    YEAR
 MAXIMUM TEMPERATURE (F)   70        92      1915
 MINIMUM TEMPERATURE (F)   53        35      1926


SUNRISE AND SUNSET
SEPTEMBER 14 2014.....SUNRISE   626 AM EDT   SUNSET   659 PM EDT
SEPTEMBER 15 2014.....SUNRISE   627 AM EDT   SUNSET   657 PM EDT


-  INDICATES NEGATIVE NUMBERS.
R  INDICATES RECORD WAS SET OR TIED.
MM INDICATES DATA IS MISSING.
T  INDICATES TRACE AMOUNT.




$$
