000
CDUS41 KBOX 222119
CLIORH


CLIMATE REPORT
NATIONAL WEATHER SERVICE TAUNTON MA
419 PM EST SAT NOV 22 2014


...................................

...THE WORCESTER MA CLIMATE SUMMARY FOR NOVEMBER 22 2014...
VALID AS OF 0400 PM LOCAL TIME.

CLIMATE NORMAL PERIOD 1981 TO 2010
CLIMATE RECORD PERIOD 1892 TO 2014


WEATHER ITEM   OBSERVED TIME   RECORD YEAR NORMAL DEPARTURE LAST
                VALUE   (LST)  VALUE       VALUE  FROM      YEAR
                                                  NORMAL
..................................................................
TEMPERATURE (F)
 TODAY
  MAXIMUM         39    124 PM  71    1931  45     -6       46
  MINIMUM         19    438 AM  11    1987  31    -12       39
  AVERAGE         29                        38     -9       43

PRECIPITATION (IN)
  TODAY            0.00          1.94 1952   0.15  -0.15     0.14
  MONTH TO DATE    2.15                      3.14  -0.99     0.88
  SINCE SEP 1     11.24                     11.75  -0.51     5.54
  SINCE JAN 1     46.27                     43.11   3.16    38.56

SNOWFALL (IN)
  TODAY            0.0           3.5  1971   0.1   -0.1      0.0
  MONTH TO DATE    0.8                       1.3   -0.5      0.5
  SINCE SEP 1      0.8                       1.5   -0.7      0.5
  SINCE JUL 1      0.8                       1.5   -0.7      0.5
  SNOW DEPTH       0

DEGREE DAYS
 HEATING
  TODAY           36                        27      9       22
  MONTH TO DATE  588                       512     76      520
  SINCE SEP 1   1134                      1134      0     1099
  SINCE JUL 1   1154                      1173    -19     1118

 COOLING
  TODAY            0                         0      0        0
  MONTH TO DATE    0                         0      0        0
  SINCE SEP 1     64                        45     19       41
  SINCE JAN 1    426                       471    -45      572
..................................................................


WIND (MPH)
  HIGHEST WIND SPEED    26   HIGHEST WIND DIRECTION    SW (230)
  HIGHEST GUST SPEED    31   HIGHEST GUST DIRECTION    SW (220)
  AVERAGE WIND SPEED    13.1


SKY COVER
  POSSIBLE SUNSHINE  MM
  AVERAGE SKY COVER 0.1


WEATHER CONDITIONS
 THE FOLLOWING WEATHER WAS RECORDED TODAY.
  NO SIGNIFICANT WEATHER WAS OBSERVED.


RELATIVE HUMIDITY (PERCENT)
 HIGHEST    67           200 AM
 LOWEST     24           200 PM
 AVERAGE    46

..........................................................


THE WORCESTER MA CLIMATE NORMALS FOR TOMORROW
                         NORMAL    RECORD    YEAR
 MAXIMUM TEMPERATURE (F)   45        74      1931
 MINIMUM TEMPERATURE (F)   31         9      1989
                                             1972
                                             1929


SUNRISE AND SUNSET
NOVEMBER 22 2014......SUNRISE   646 AM EST   SUNSET   420 PM EST
NOVEMBER 23 2014......SUNRISE   648 AM EST   SUNSET   420 PM EST


-  INDICATES NEGATIVE NUMBERS.
R  INDICATES RECORD WAS SET OR TIED.
MM INDICATES DATA IS MISSING.
T  INDICATES TRACE AMOUNT.




$$
