000
CDUS41 KBOX 160549
CLIORH


CLIMATE REPORT
NATIONAL WEATHER SERVICE TAUNTON MA
1246 AM EST TUE DEC 16 2014


...................................

...THE WORCESTER MA CLIMATE SUMMARY FOR DECEMBER 15 2014...

CLIMATE NORMAL PERIOD 1981 TO 2010
CLIMATE RECORD PERIOD 1892 TO 2014


WEATHER ITEM   OBSERVED TIME   RECORD YEAR NORMAL DEPARTURE LAST
                VALUE   (LST)  VALUE       VALUE  FROM      YEAR
                                                  NORMAL
..................................................................
TEMPERATURE (F)
 YESTERDAY
  MAXIMUM         41    227 PM  61    1975  36      5       25
  MINIMUM         30   1159 PM   1    1933  23      7       14
  AVERAGE         36                        30      6       20

PRECIPITATION (IN)
  YESTERDAY        0.00          3.60 1897   0.12  -0.12     0.62
  MONTH TO DATE    3.52                      1.97   1.55     2.12
  SINCE DEC 1      3.52                      1.97   1.55     2.12
  SINCE JAN 1     52.20                     46.22   5.98    43.42

SNOWFALL (IN)
  YESTERDAY        0.0           6.1  1916   0.5   -0.5      3.9
  MONTH TO DATE    1.3                       5.9   -4.6     11.5
  SINCE DEC 1      1.3                       5.9   -4.6     11.5
  SINCE JUL 1      8.5                       8.7   -0.2     12.0
  SNOW DEPTH      MM

DEGREE DAYS
 HEATING
  YESTERDAY       29                        35     -6       45
  MONTH TO DATE  463                       493    -30      558
  SINCE DEC 1    463                       493    -30      558
  SINCE JUL 1   1841                      1895    -54     1970

 COOLING
  YESTERDAY        0                         0      0        0
  MONTH TO DATE    0                         0      0        0
  SINCE DEC 1      0                         0      0        0
  SINCE JAN 1    426                       471    -45      572
..................................................................


WIND (MPH)
  RESULTANT WIND SPEED   6   RESULTANT WIND DIRECTION  NW (330)
  HIGHEST WIND SPEED    17   HIGHEST WIND DIRECTION    NW (300)
  HIGHEST GUST SPEED    24   HIGHEST GUST DIRECTION    NW (330)
  AVERAGE WIND SPEED     6.2


SKY COVER
  POSSIBLE SUNSHINE  MM
  AVERAGE SKY COVER 0.2


WEATHER CONDITIONS
 THE FOLLOWING WEATHER WAS RECORDED YESTERDAY.
  NO SIGNIFICANT WEATHER WAS OBSERVED.


RELATIVE HUMIDITY (PERCENT)
 HIGHEST    85          1200 AM
 LOWEST     59           100 PM
 AVERAGE    72

..........................................................


THE WORCESTER MA CLIMATE NORMALS FOR TODAY
                         NORMAL    RECORD    YEAR
 MAXIMUM TEMPERATURE (F)   36        58      1971
 MINIMUM TEMPERATURE (F)   22        -2      1932


SUNRISE AND SUNSET
DECEMBER 16 2014......SUNRISE   710 AM EST   SUNSET   416 PM EST
DECEMBER 17 2014......SUNRISE   711 AM EST   SUNSET   417 PM EST


-  INDICATES NEGATIVE NUMBERS.
R  INDICATES RECORD WAS SET OR TIED.
MM INDICATES DATA IS MISSING.
T  INDICATES TRACE AMOUNT.




$$
