000
CDUS41 KBOX 150539
CLIORH


CLIMATE REPORT
NATIONAL WEATHER SERVICE TAUNTON MA
136 AM EDT TUE AUG 15 2017


...................................

...THE WORCESTER MA CLIMATE SUMMARY FOR AUGUST 14 2017...

CLIMATE NORMAL PERIOD 1981 TO 2010
CLIMATE RECORD PERIOD 1892 TO 2017


WEATHER ITEM   OBSERVED TIME   RECORD YEAR NORMAL DEPARTURE LAST
                VALUE   (LST)  VALUE       VALUE  FROM      YEAR
                                                  NORMAL
..................................................................
TEMPERATURE (F)
 YESTERDAY
  MAXIMUM         78    153 PM  95    1944  78      0       89
  MINIMUM         62    433 AM  45    1964  61      1       67
  AVERAGE         70                        69      1       78

PRECIPITATION (IN)
  YESTERDAY        0.00          1.26 1972   0.12  -0.12     0.47
  MONTH TO DATE    1.25                      1.82  -0.57     2.44
  SINCE JUN 1      7.87                     10.24  -2.37     6.16
  SINCE JAN 1     28.95                     29.47  -0.52    21.88

SNOWFALL (IN)
  YESTERDAY        0.0           0.0  2002   0.0    0.0      0.0
                                      2001
                                      2000
  MONTH TO DATE    0.0                       0.0    0.0      0.0
  SINCE JUN 1      0.0                       0.0    0.0      0.0
  SINCE JUL 1      0.0                       0.0    0.0      0.0
  SNOW DEPTH       0

DEGREE DAYS
 HEATING
  YESTERDAY        0                         1     -1        0
  MONTH TO DATE    2                         5     -3        0
  SINCE JUN 1    117                       102     15       60
  SINCE JUL 1     31                        19     12        9

 COOLING
  YESTERDAY        5                         5      0       13
  MONTH TO DATE   65                        76    -11      115
  SINCE JUN 1    338                       335      3      431
  SINCE JAN 1    372                       357     15      473
..................................................................


WIND (MPH)
  RESULTANT WIND SPEED   4   RESULTANT WIND DIRECTION   S (200)
  HIGHEST WIND SPEED    12   HIGHEST WIND DIRECTION    SW (240)
  HIGHEST GUST SPEED    14   HIGHEST GUST DIRECTION    SW (230)
  AVERAGE WIND SPEED     4.5


SKY COVER
  POSSIBLE SUNSHINE  MM
  AVERAGE SKY COVER 0.1


WEATHER CONDITIONS
 THE FOLLOWING WEATHER WAS RECORDED YESTERDAY.
  NO SIGNIFICANT WEATHER WAS OBSERVED.


RELATIVE HUMIDITY (PERCENT)
 HIGHEST    87          1000 PM
 LOWEST     43           200 PM
 AVERAGE    65

..........................................................


THE WORCESTER MA CLIMATE NORMALS FOR TODAY
                         NORMAL    RECORD    YEAR
 MAXIMUM TEMPERATURE (F)   78        94      1944
 MINIMUM TEMPERATURE (F)   61        46      1946


SUNRISE AND SUNSET
AUGUST 15 2017........SUNRISE   555 AM EDT   SUNSET   748 PM EDT
AUGUST 16 2017........SUNRISE   556 AM EDT   SUNSET   746 PM EDT


-  INDICATES NEGATIVE NUMBERS.
R  INDICATES RECORD WAS SET OR TIED.
MM INDICATES DATA IS MISSING.
T  INDICATES TRACE AMOUNT.




$$
