000
CDUS41 KBOX 290027
CLIORH


CLIMATE REPORT
NATIONAL WEATHER SERVICE TAUNTON MA
824 PM EDT SUN JUN 28 2015


...................................

...THE WORCESTER MA CLIMATE SUMMARY FOR JUNE 28 2015...
VALID AS OF 0800 PM LOCAL TIME.

CLIMATE NORMAL PERIOD 1981 TO 2010
CLIMATE RECORD PERIOD 1892 TO 2015


WEATHER ITEM   OBSERVED TIME   RECORD YEAR NORMAL DEPARTURE LAST
                VALUE   (LST)  VALUE       VALUE  FROM      YEAR
                                                  NORMAL
..................................................................
TEMPERATURE (F)
 TODAY
  MAXIMUM         57   1148 AM  96    1901  77    -20       82
  MINIMUM         52    721 PM  45    1995  59     -7       60
  AVERAGE         55                        68    -13       71

PRECIPITATION (IN)
  TODAY            0.87          1.85 1895   0.12   0.75     0.00
  MONTH TO DATE    6.35                      3.94   2.41     1.56
  SINCE JUN 1      6.35                      3.94   2.41     1.56
  SINCE JAN 1     20.65                     23.17  -2.52    22.75

SNOWFALL (IN)
  TODAY            0.0           0.0  2002   0.0    0.0      0.0
                                      2001
                                      2000
  MONTH TO DATE    0.0                       0.0    0.0      0.0
  SINCE JUN 1      0.0                       0.0    0.0      0.0
  SINCE JUL 1    119.7                      64.1   55.6     85.2
  SNOW DEPTH      MM

DEGREE DAYS
 HEATING
  TODAY           10                         1      9        0
  MONTH TO DATE   89                        80      9       45
  SINCE JUN 1     89                        80      9       45
  SINCE JUL 1   6981                      6714    267     7073

 COOLING
  TODAY            0                         4     -4        6
  MONTH TO DATE   81                        75      6       70
  SINCE JUN 1     81                        75      6       70
  SINCE JAN 1    147                        97     50       78
..................................................................


WIND (MPH)
  HIGHEST WIND SPEED    22   HIGHEST WIND DIRECTION    NE (30)
  HIGHEST GUST SPEED    33   HIGHEST GUST DIRECTION    NE (40)
  AVERAGE WIND SPEED    15.0


SKY COVER
  POSSIBLE SUNSHINE  MM
  AVERAGE SKY COVER 1.0


WEATHER CONDITIONS
 THE FOLLOWING WEATHER WAS RECORDED TODAY.
  HEAVY RAIN
  RAIN
  LIGHT RAIN
  FOG


RELATIVE HUMIDITY (PERCENT)
 HIGHEST    93           100 AM
 LOWEST     86          1200 AM
 AVERAGE    90

..........................................................


THE WORCESTER MA CLIMATE NORMALS FOR TOMORROW
                         NORMAL    RECORD    YEAR
 MAXIMUM TEMPERATURE (F)   77        95      1933
 MINIMUM TEMPERATURE (F)   60        49      1968
                                             1919


SUNRISE AND SUNSET
JUNE 28 2015..........SUNRISE   513 AM EDT   SUNSET   828 PM EDT
JUNE 29 2015..........SUNRISE   514 AM EDT   SUNSET   828 PM EDT


-  INDICATES NEGATIVE NUMBERS.
R  INDICATES RECORD WAS SET OR TIED.
MM INDICATES DATA IS MISSING.
T  INDICATES TRACE AMOUNT.




$$
