000
CDUS41 KBOX 140554
CLIORH


CLIMATE REPORT
NATIONAL WEATHER SERVICE TAUNTON MA
1254 AM EST SAT JAN 14 2017


...................................

...THE WORCESTER MA CLIMATE SUMMARY FOR JANUARY 13 2017...

CLIMATE NORMAL PERIOD 1981 TO 2010
CLIMATE RECORD PERIOD 1892 TO 2017


WEATHER ITEM   OBSERVED TIME   RECORD YEAR NORMAL DEPARTURE LAST
                VALUE   (LST)  VALUE       VALUE  FROM      YEAR
                                                  NORMAL
..................................................................
TEMPERATURE (F)
 YESTERDAY
  MAXIMUM         54   1250 AM  62    1932  31     23       27
  MINIMUM         21   1159 PM  -9    1912  17      4       15
  AVERAGE         38                        24     14       21

PRECIPITATION (IN)
  YESTERDAY        0.00          1.23 1975   0.11  -0.11     0.00
  MONTH TO DATE    1.74                      1.43   0.31     1.30
  SINCE DEC 1      5.54                      5.25   0.29     5.95
  SINCE JAN 1      1.74                      1.43   0.31     1.30

SNOWFALL (IN)
  YESTERDAY        0.0          13.0  1938   0.6   -0.6      0.0
  MONTH TO DATE    7.7                       7.2    0.5      3.2
  SINCE DEC 1     25.2                      21.6    3.6      4.6
  SINCE JUL 1     25.2                      24.4    0.8      4.6
  SNOW DEPTH      MM

DEGREE DAYS
 HEATING
  YESTERDAY       27                        41    -14       44
  MONTH TO DATE  465                       529    -64      477
  SINCE DEC 1   1555                      1631    -76     1201
  SINCE JUL 1   2742                      3033   -291     2350

 COOLING
  YESTERDAY        0                         0      0        0
  MONTH TO DATE    0                         0      0        0
  SINCE DEC 1      0                         0      0        0
  SINCE JAN 1      0                         0      0        0
..................................................................


WIND (MPH)
  RESULTANT WIND SPEED  19   RESULTANT WIND DIRECTION   W (290)
  HIGHEST WIND SPEED    31   HIGHEST WIND DIRECTION    NW (300)
  HIGHEST GUST SPEED    42   HIGHEST GUST DIRECTION     W (290)
  AVERAGE WIND SPEED    18.8


SKY COVER
  POSSIBLE SUNSHINE  MM
  AVERAGE SKY COVER 0.0


WEATHER CONDITIONS
 THE FOLLOWING WEATHER WAS RECORDED YESTERDAY.
  NO SIGNIFICANT WEATHER WAS OBSERVED.


RELATIVE HUMIDITY (PERCENT)
 HIGHEST    89           200 AM
 LOWEST     29           900 PM
 AVERAGE    59

..........................................................


THE WORCESTER MA CLIMATE NORMALS FOR TODAY
                         NORMAL    RECORD    YEAR
 MAXIMUM TEMPERATURE (F)   31        66      1932
 MINIMUM TEMPERATURE (F)   16       -12      1988
                                             1957


SUNRISE AND SUNSET
JANUARY 14 2017.......SUNRISE   714 AM EST   SUNSET   440 PM EST
JANUARY 15 2017.......SUNRISE   714 AM EST   SUNSET   441 PM EST


-  INDICATES NEGATIVE NUMBERS.
R  INDICATES RECORD WAS SET OR TIED.
MM INDICATES DATA IS MISSING.
T  INDICATES TRACE AMOUNT.




$$
