000
CDUS41 KBOX 311235
CLIORH


CLIMATE REPORT
NATIONAL WEATHER SERVICE TAUNTON MA
835 AM EDT SUN MAY 31 2015


...................................

...THE WORCESTER MA CLIMATE SUMMARY FOR MAY 30 2015...

CLIMATE NORMAL PERIOD 1981 TO 2010
CLIMATE RECORD PERIOD 1892 TO 2015


WEATHER ITEM   OBSERVED TIME   RECORD YEAR NORMAL DEPARTURE LAST
                VALUE   (LST)  VALUE       VALUE  FROM      YEAR
                                                  NORMAL
..................................................................
TEMPERATURE (F)
 YESTERDAY
  MAXIMUM         83    225 PM  91    1929  70     13       67
  MINIMUM         58    348 AM  36    1961  51      7       45
                                      1946
                                      1940
  AVERAGE         71                        60     11       56

PRECIPITATION (IN)
  YESTERDAY        0.00          1.85 1908   0.15  -0.15     0.27
  MONTH TO DATE    0.15                      4.04  -3.89     4.15
  SINCE MAR 1      5.54                     12.36  -6.82    14.01
  SINCE JAN 1     13.85                     19.08  -5.23    21.19

SNOWFALL (IN)
  YESTERDAY        0.0           0.0  2002   0.0    0.0      0.0
                                      2001
                                      2000
  MONTH TO DATE    0.0                       0.0    0.0      0.0
  SINCE MAR 1     11.1                      14.2   -3.1      4.3
  SINCE JUL 1    119.7                      64.1   55.6     85.2
  SNOW DEPTH       0

DEGREE DAYS
 HEATING
  YESTERDAY        0                         6     -6        9
  MONTH TO DATE  129                       281   -152      253
  SINCE MAR 1   1773                      1791    -18     1964
  SINCE JUL 1   6887                      6628    259     7018

 COOLING
  YESTERDAY        6                         1      5        0
  MONTH TO DATE   66                        15     51        8
  SINCE MAR 1     66                        18     48        8
  SINCE JAN 1     66                        18     48        8
..................................................................


WIND (MPH)
  RESULTANT WIND SPEED  14   RESULTANT WIND DIRECTION  SW (220)
  HIGHEST WIND SPEED    22   HIGHEST WIND DIRECTION    SW (220)
  HIGHEST GUST SPEED    31   HIGHEST GUST DIRECTION     S (190)
  AVERAGE WIND SPEED    14.9


SKY COVER
  POSSIBLE SUNSHINE  MM
  AVERAGE SKY COVER 0.1


WEATHER CONDITIONS
 THE FOLLOWING WEATHER WAS RECORDED YESTERDAY.
  NO SIGNIFICANT WEATHER WAS OBSERVED.


RELATIVE HUMIDITY (PERCENT)
 HIGHEST    86           300 AM
 LOWEST     47           200 PM
 AVERAGE    67

..........................................................


THE WORCESTER MA CLIMATE NORMALS FOR TODAY
                         NORMAL    RECORD    YEAR
 MAXIMUM TEMPERATURE (F)   70        92      1944
 MINIMUM TEMPERATURE (F)   51        32      1938


SUNRISE AND SUNSET
MAY 31 2015...........SUNRISE   514 AM EDT   SUNSET   816 PM EDT
JUNE  1 2015..........SUNRISE   514 AM EDT   SUNSET   817 PM EDT


-  INDICATES NEGATIVE NUMBERS.
R  INDICATES RECORD WAS SET OR TIED.
MM INDICATES DATA IS MISSING.
T  INDICATES TRACE AMOUNT.




$$
