546
CDUS41 KBOX 232137
CLIORH


CLIMATE REPORT
NATIONAL WEATHER SERVICE TAUNTON MA
530 PM EDT TUE MAY 23 2017


...................................

...THE WORCESTER MA CLIMATE SUMMARY FOR MAY 23 2017...
VALID TODAY AS OF 0500 PM LOCAL TIME.

CLIMATE NORMAL PERIOD 1981 TO 2010
CLIMATE RECORD PERIOD 1892 TO 2017


WEATHER ITEM   OBSERVED TIME   RECORD YEAR NORMAL DEPARTURE LAST
                VALUE   (LST)  VALUE       VALUE  FROM      YEAR
                                                  NORMAL
..................................................................
TEMPERATURE (F)
 TODAY
  MAXIMUM         67        MM  89    1964  68     -1       75
  MINIMUM         49        MM  32    1929  49      0       53
  AVERAGE         58                        58      0       64

PRECIPITATION (IN)
  TODAY            0.00          1.28 1983   0.15  -0.15      T
  MONTH TO DATE    3.38                      2.99   0.39     1.76
  SINCE MAR 1     12.14                     11.31   0.83     7.88
  SINCE JAN 1     18.49                     18.03   0.46    15.27

SNOWFALL (IN)
  TODAY            0.0           T    1994   0.0    0.0      0.0
  MONTH TO DATE    0.0                       0.0    0.0      0.0
  SINCE MAR 1     20.5                      14.2    6.3     15.5
  SINCE JUL 1     78.3                      64.1   14.2     47.2
  SNOW DEPTH       0

DEGREE DAYS
 HEATING
  TODAY            7                         7      0        1
  MONTH TO DATE  287                       236     51      268
  SINCE MAR 1   1830                      1746     84     1640
  SINCE JUL 1   6107                      6583   -476     5699

 COOLING
  TODAY            0                         1     -1        0
  MONTH TO DATE   26                         8     18        1
  SINCE MAR 1     36                        11     25        5
  SINCE JAN 1     36                        11     25        5
..................................................................


WIND (MPH)
  HIGHEST WIND SPEED    10   HIGHEST WIND DIRECTION    NW (330)
  HIGHEST GUST SPEED    19   HIGHEST GUST DIRECTION    NW (310)
  AVERAGE WIND SPEED     6.8


SKY COVER
  POSSIBLE SUNSHINE  MM
  AVERAGE SKY COVER 0.2


WEATHER CONDITIONS
 THE FOLLOWING WEATHER WAS RECORDED TODAY.
  FOG
  FOG W/VISIBILITY <= 1/4 MILE


RELATIVE HUMIDITY (PERCENT)
 HIGHEST    93          1200 AM
 LOWEST     42           100 PM
 AVERAGE    68

..........................................................


THE WORCESTER MA CLIMATE NORMALS FOR TOMORROW
                         NORMAL    RECORD    YEAR
 MAXIMUM TEMPERATURE (F)   68        88      1964
                                             1936
 MINIMUM TEMPERATURE (F)   49        33      1956
                                             1935
                                             1932


SUNRISE AND SUNSET
MAY 23 2017...........SUNRISE   519 AM EDT   SUNSET   810 PM EDT
MAY 24 2017...........SUNRISE   518 AM EDT   SUNSET   811 PM EDT


-  INDICATES NEGATIVE NUMBERS.
R  INDICATES RECORD WAS SET OR TIED.
MM INDICATES DATA IS MISSING.
T  INDICATES TRACE AMOUNT.




$$
