000
CDUS41 KBOX 150537
CLIORH


CLIMATE REPORT
NATIONAL WEATHER SERVICE TAUNTON MA
137 AM EDT FRI SEP 15 2017


...................................

...THE WORCESTER MA CLIMATE SUMMARY FOR SEPTEMBER 14 2017...

CLIMATE NORMAL PERIOD 1981 TO 2010
CLIMATE RECORD PERIOD 1892 TO 2017


WEATHER ITEM   OBSERVED TIME   RECORD YEAR NORMAL DEPARTURE LAST
                VALUE   (LST)  VALUE       VALUE  FROM      YEAR
                                                  NORMAL
..................................................................
TEMPERATURE (F)
 YESTERDAY
  MAXIMUM         76    126 PM  90    1915  70      6       83
  MINIMUM         64    453 AM  34    1943  54     10       56
                                      1911
  AVERAGE         70                        62      8       70

PRECIPITATION (IN)
  YESTERDAY        0.01          1.59 1989   0.13  -0.12     0.02
  MONTH TO DATE    2.32                      1.64   0.68     0.49
  SINCE SEP 1      2.32                      1.64   0.68     0.49
  SINCE JAN 1     31.61                     33.00  -1.39    23.89

SNOWFALL (IN)
  YESTERDAY        0.0           0.0  2002   0.0    0.0      0.0
                                      2001
                                      2000
  MONTH TO DATE    0.0                       0.0    0.0      0.0
  SINCE SEP 1      0.0                       0.0    0.0      0.0
  SINCE JUL 1      0.0                       0.0    0.0      0.0
  SNOW DEPTH      MM

DEGREE DAYS
 HEATING
  YESTERDAY        0                         4     -4        0
  MONTH TO DATE   56                        41     15        8
  SINCE SEP 1     56                        41     15        8
  SINCE JUL 1    104                        80     24       17

 COOLING
  YESTERDAY        5                         1      4        5
  MONTH TO DATE   19                        30    -11       53
  SINCE SEP 1     19                        30    -11       53
  SINCE JAN 1    450                       456     -6      641
..................................................................


WIND (MPH)
  RESULTANT WIND SPEED   9   RESULTANT WIND DIRECTION  SW (230)
  HIGHEST WIND SPEED    20   HIGHEST WIND DIRECTION     W (250)
  HIGHEST GUST SPEED    25   HIGHEST GUST DIRECTION     W (250)
  AVERAGE WIND SPEED     9.6


SKY COVER
  POSSIBLE SUNSHINE  MM
  AVERAGE SKY COVER 0.6


WEATHER CONDITIONS
 THE FOLLOWING WEATHER WAS RECORDED YESTERDAY.
  THUNDERSTORM
  FOG


RELATIVE HUMIDITY (PERCENT)
 HIGHEST    93           400 AM
 LOWEST     64          1200 PM
 AVERAGE    79

..........................................................


THE WORCESTER MA CLIMATE NORMALS FOR TODAY
                         NORMAL    RECORD    YEAR
 MAXIMUM TEMPERATURE (F)   70        92      1915
 MINIMUM TEMPERATURE (F)   53        35      1926


SUNRISE AND SUNSET
SEPTEMBER 15 2017.....SUNRISE   628 AM EDT   SUNSET   657 PM EDT
SEPTEMBER 16 2017.....SUNRISE   629 AM EDT   SUNSET   655 PM EDT


-  INDICATES NEGATIVE NUMBERS.
R  INDICATES RECORD WAS SET OR TIED.
MM INDICATES DATA IS MISSING.
T  INDICATES TRACE AMOUNT.




$$
