000
CDUS41 KBOX 282130
CLIORH


CLIMATE REPORT
NATIONAL WEATHER SERVICE TAUNTON MA
519 PM EDT MON JUL 28 2014


...................................

...THE WORCESTER MA CLIMATE SUMMARY FOR JULY 28 2014...
VALID AS OF 0500 PM LOCAL TIME.

CLIMATE NORMAL PERIOD 1981 TO 2010
CLIMATE RECORD PERIOD 1892 TO 2014


WEATHER ITEM   OBSERVED TIME   RECORD YEAR NORMAL DEPARTURE LAST
                VALUE   (LST)  VALUE       VALUE  FROM      YEAR
                                                  NORMAL
..................................................................
TEMPERATURE (F)
 TODAY
  MAXIMUM         79    310 PM  95    1892  79      0       80
  MINIMUM         63    112 AM  46    1946  62      1       61
  AVERAGE         71                        71      0       71

PRECIPITATION (IN)
  TODAY            0.18          2.90 1934   0.13   0.05      T
  MONTH TO DATE    6.10                      3.79   2.31     2.97
  SINCE JUN 1      7.66                      7.98  -0.32    13.03
  SINCE JAN 1     28.85                     27.21   1.64    29.84

SNOWFALL (IN)
  TODAY            0.0           0.0  2002   0.0    0.0      0.0
                                      2001
                                      2000
  MONTH TO DATE    0.0                       0.0    0.0      0.0
  SINCE JUN 1      0.0                       0.0    0.0      0.0
  SINCE JUL 1      0.0                       0.0    0.0      0.0
  SNOW DEPTH       0

DEGREE DAYS
 HEATING
  TODAY            0                         0      0        0
  MONTH TO DATE    0                         9     -9        7
  SINCE JUN 1     45                        92    -47       74
  SINCE JUL 1      0                         9     -9        7

 COOLING
  TODAY            6                         6      0        6
  MONTH TO DATE  171                       159     12      282
  SINCE JUN 1    255                       243     12      385
  SINCE JAN 1    263                       265     -2      409
..................................................................


WIND (MPH)
  HIGHEST WIND SPEED    26   HIGHEST WIND DIRECTION     W (250)
  HIGHEST GUST SPEED    34   HIGHEST GUST DIRECTION     W (250)
  AVERAGE WIND SPEED     9.4


SKY COVER
  POSSIBLE SUNSHINE  MM
  AVERAGE SKY COVER 0.8


WEATHER CONDITIONS
 THE FOLLOWING WEATHER WAS RECORDED TODAY.
  THUNDERSTORM
  HEAVY RAIN
  RAIN
  LIGHT RAIN
  FOG
  FOG W/VISIBILITY <= 1/4 MILE


RELATIVE HUMIDITY (PERCENT)
 HIGHEST   100           200 AM
 LOWEST     67           300 PM
 AVERAGE    84

..........................................................


THE WORCESTER MA CLIMATE NORMALS FOR TOMORROW
                         NORMAL    RECORD    YEAR
 MAXIMUM TEMPERATURE (F)   79        94      1892
 MINIMUM TEMPERATURE (F)   62        51      1937


SUNRISE AND SUNSET
JULY 28 2014..........SUNRISE   536 AM EDT   SUNSET   811 PM EDT
JULY 29 2014..........SUNRISE   537 AM EDT   SUNSET   810 PM EDT


-  INDICATES NEGATIVE NUMBERS.
R  INDICATES RECORD WAS SET OR TIED.
MM INDICATES DATA IS MISSING.
T  INDICATES TRACE AMOUNT.




$$
