501
CDUS41 KBOX 112201
CLIORH


CLIMATE REPORT
NATIONAL WEATHER SERVICE TAUNTON MA
451 PM EST THU JAN 11 2018


...................................

...THE WORCESTER MA CLIMATE SUMMARY FOR JANUARY 11 2018...
VALID AS OF 0400 PM LOCAL TIME.

CLIMATE NORMAL PERIOD 1981 TO 2010
CLIMATE RECORD PERIOD 1892 TO 2018


WEATHER ITEM   OBSERVED TIME   RECORD YEAR NORMAL DEPARTURE LAST
                VALUE   (LST)  VALUE       VALUE  FROM      YEAR
                                                  NORMAL
..................................................................
TEMPERATURE (F)
 TODAY
  MAXIMUM         50    312 PM  58    1924  31     19       48
  MINIMUM         30   1227 AM  -9    1968  17     13       37
  AVERAGE         40                        24     16       43

PRECIPITATION (IN)
  TODAY            0.00          1.61 1983   0.11  -0.11     0.22
  MONTH TO DATE    1.05                      1.20  -0.15     1.74
  SINCE DEC 1      3.90                      5.02  -1.12     5.54
  SINCE JAN 1      1.05                      1.20  -0.15     1.74

SNOWFALL (IN)
  TODAY            0.0           8.0  1922   0.5   -0.5      0.0
  MONTH TO DATE   17.2                       6.0   11.2      7.7
  SINCE DEC 1     30.6                      20.4   10.2     25.2
  SINCE JUL 1     30.6                      23.2    7.4     25.2
  SNOW DEPTH      MM

DEGREE DAYS
 HEATING
  TODAY           25                        41    -16       22
  MONTH TO DATE  538                       447     91      438
  SINCE DEC 1   1768                      1549    219     1528
  SINCE JUL 1   2904                      2951    -47     2715

 COOLING
  TODAY            0                         0      0        0
  MONTH TO DATE    0                         0      0        0
  SINCE DEC 1      0                         0      0        0
  SINCE JAN 1      0                         0      0        0
..................................................................


WIND (MPH)
  HIGHEST WIND SPEED    24   HIGHEST WIND DIRECTION    SW (240)
  HIGHEST GUST SPEED    29   HIGHEST GUST DIRECTION    SW (240)
  AVERAGE WIND SPEED    17.7


SKY COVER
  POSSIBLE SUNSHINE  MM
  AVERAGE SKY COVER 0.7


WEATHER CONDITIONS
 THE FOLLOWING WEATHER WAS RECORDED TODAY.
  FOG


RELATIVE HUMIDITY (PERCENT)
 HIGHEST    93           900 AM
 LOWEST     78          1200 AM
 AVERAGE    86

..........................................................


THE WORCESTER MA CLIMATE NORMALS FOR TOMORROW
                         NORMAL    RECORD    YEAR
 MAXIMUM TEMPERATURE (F)   31        57      2017
 MINIMUM TEMPERATURE (F)   17        -8      1982
                                             1981


SUNRISE AND SUNSET
JANUARY 11 2018.......SUNRISE   715 AM EST   SUNSET   436 PM EST
JANUARY 12 2018.......SUNRISE   715 AM EST   SUNSET   437 PM EST


-  INDICATES NEGATIVE NUMBERS.
R  INDICATES RECORD WAS SET OR TIED.
MM INDICATES DATA IS MISSING.
T  INDICATES TRACE AMOUNT.




$$
