481
CDUS41 KBOX 240544
CLIORH


CLIMATE REPORT
NATIONAL WEATHER SERVICE TAUNTON MA
142 AM EDT FRI MAR 24 2017


...................................

...THE WORCESTER MA CLIMATE SUMMARY FOR MARCH 23 2017...

CLIMATE NORMAL PERIOD 1981 TO 2010
CLIMATE RECORD PERIOD 1892 TO 2017


WEATHER ITEM   OBSERVED TIME   RECORD YEAR NORMAL DEPARTURE LAST
                VALUE   (LST)  VALUE       VALUE  FROM      YEAR
                                                  NORMAL
..................................................................
TEMPERATURE (F)
 YESTERDAY
  MAXIMUM         34    336 PM  78    1938  45    -11       60
  MINIMUM         13    553 AM   4    1934  29    -16       39
  AVERAGE         24                        37    -13       50

PRECIPITATION (IN)
  YESTERDAY        0.00          1.81 1903   0.15  -0.15     0.02
  MONTH TO DATE    1.83                      3.05  -1.22     2.55
  SINCE MAR 1      1.83                      3.05  -1.22     2.55
  SINCE JAN 1      8.18                      9.77  -1.59     9.94

SNOWFALL (IN)
  YESTERDAY        0.0           4.1  1992   0.3   -0.3      0.0
  MONTH TO DATE   16.1                       9.3    6.8      5.5
  SINCE MAR 1     16.1                       9.3    6.8      5.5
  SINCE JUL 1     73.9                      59.2   14.7     37.2
  SNOW DEPTH      MM

DEGREE DAYS
 HEATING
  YESTERDAY       41                        28     13       15
  MONTH TO DATE  843                       727    116      583
  SINCE MAR 1    843                       727    116      583
  SINCE JUL 1   5120                      5564   -444     4642

 COOLING
  YESTERDAY        0                         0      0        0
  MONTH TO DATE    0                         0      0        0
  SINCE MAR 1      0                         0      0        0
  SINCE JAN 1      0                         0      0        0
..................................................................


WIND (MPH)
  RESULTANT WIND SPEED  13   RESULTANT WIND DIRECTION  NW (300)
  HIGHEST WIND SPEED    26   HIGHEST WIND DIRECTION    NW (310)
  HIGHEST GUST SPEED    35   HIGHEST GUST DIRECTION    NW (310)
  AVERAGE WIND SPEED    12.8


SKY COVER
  POSSIBLE SUNSHINE  MM
  AVERAGE SKY COVER 0.0


WEATHER CONDITIONS
 THE FOLLOWING WEATHER WAS RECORDED YESTERDAY.
  NO SIGNIFICANT WEATHER WAS OBSERVED.


RELATIVE HUMIDITY (PERCENT)
 HIGHEST    40           600 AM
 LOWEST     19           100 PM
 AVERAGE    30

..........................................................


THE WORCESTER MA CLIMATE NORMALS FOR TODAY
                         NORMAL    RECORD    YEAR
 MAXIMUM TEMPERATURE (F)   46        67      1988
                                             1928
                                             1903
 MINIMUM TEMPERATURE (F)   29         6      1906


SUNRISE AND SUNSET
MARCH 24 2017.........SUNRISE   643 AM EDT   SUNSET   705 PM EDT
MARCH 25 2017.........SUNRISE   642 AM EDT   SUNSET   706 PM EDT


-  INDICATES NEGATIVE NUMBERS.
R  INDICATES RECORD WAS SET OR TIED.
MM INDICATES DATA IS MISSING.
T  INDICATES TRACE AMOUNT.




$$
