000
CDUS41 KBOX 102202
CLIORH


CLIMATE REPORT
NATIONAL WEATHER SERVICE TAUNTON MA
551 PM EDT THU APR 10 2014


...................................

...THE WORCESTER MA CLIMATE SUMMARY FOR APRIL 10 2014...
VALID AS OF 0500 PM LOCAL TIME.

CLIMATE NORMAL PERIOD 1981 TO 2010
CLIMATE RECORD PERIOD 1892 TO 2014


WEATHER ITEM   OBSERVED TIME   RECORD YEAR NORMAL DEPARTURE LAST
                VALUE   (LST)  VALUE       VALUE  FROM      YEAR
                                                  NORMAL
..................................................................
TEMPERATURE (F)
 TODAY
  MAXIMUM         58    131 PM  84    1922  53      5       61
  MINIMUM         30    340 AM  19    1985  35     -5       44
  AVERAGE         44                        44      0       53

PRECIPITATION (IN)
  TODAY            0.00          2.14 1983   0.15  -0.15     0.23
  MONTH TO DATE    0.77                      1.45  -0.68     0.62
  SINCE MAR 1      6.19                      5.66   0.53     4.30
  SINCE JAN 1     13.37                     12.38   0.99    11.18

SNOWFALL (IN)
  TODAY            0.0          14.0  1996   0.1   -0.1      0.0
  MONTH TO DATE    0.0                       1.4   -1.4      0.0
  SINCE MAR 1      3.7                      12.8   -9.1     30.9
  SINCE JUL 1     84.6                      62.7   21.9    108.9
  SNOW DEPTH      MM

DEGREE DAYS
 HEATING
  TODAY           21                        21      0       12
  MONTH TO DATE  216                       228    -12      224
  SINCE MAR 1   1344                      1167    177     1188
  SINCE JUL 1   6398                      6004    394     5625

 COOLING
  TODAY            0                         0      0        0
  MONTH TO DATE    0                         0      0        0
  SINCE MAR 1      0                         0      0        0
  SINCE JAN 1      0                         0      0        0
..................................................................


WIND (MPH)
  HIGHEST WIND SPEED    25   HIGHEST WIND DIRECTION    SW (220)
  HIGHEST GUST SPEED    32   HIGHEST GUST DIRECTION     S (200)
  AVERAGE WIND SPEED    13.4


SKY COVER
  POSSIBLE SUNSHINE  MM
  AVERAGE SKY COVER 0.0


WEATHER CONDITIONS
 THE FOLLOWING WEATHER WAS RECORDED TODAY.
  NO SIGNIFICANT WEATHER WAS OBSERVED.


RELATIVE HUMIDITY (PERCENT)
 HIGHEST    53           400 AM
 LOWEST     19           100 PM
 AVERAGE    36

..........................................................


THE WORCESTER MA CLIMATE NORMALS FOR TOMORROW
                         NORMAL    RECORD    YEAR
 MAXIMUM TEMPERATURE (F)   53        80      1945
 MINIMUM TEMPERATURE (F)   36        19      1948
                                             1938


SUNRISE AND SUNSET
APRIL 10 2014.........SUNRISE   615 AM EDT   SUNSET   723 PM EDT
APRIL 11 2014.........SUNRISE   613 AM EDT   SUNSET   724 PM EDT


-  INDICATES NEGATIVE NUMBERS.
R  INDICATES RECORD WAS SET OR TIED.
MM INDICATES DATA IS MISSING.
T  INDICATES TRACE AMOUNT.




$$
