000
CDUS41 KBOX 240531
CLIORH


CLIMATE REPORT
NATIONAL WEATHER SERVICE TAUNTON MA
1231 AM EST MON NOV 24 2014


...................................

...THE WORCESTER MA CLIMATE SUMMARY FOR NOVEMBER 23 2014...

CLIMATE NORMAL PERIOD 1981 TO 2010
CLIMATE RECORD PERIOD 1892 TO 2014


WEATHER ITEM   OBSERVED TIME   RECORD YEAR NORMAL DEPARTURE LAST
                VALUE   (LST)  VALUE       VALUE  FROM      YEAR
                                                  NORMAL
..................................................................
TEMPERATURE (F)
 YESTERDAY
  MAXIMUM         55    259 PM  74    1931  45     10       47
  MINIMUM         35    724 AM   9    1989  31      4       24
                                      1972
                                      1929
  AVERAGE         45                        38      7       36

PRECIPITATION (IN)
  YESTERDAY        T             1.92 1920   0.15  -0.15      T
  MONTH TO DATE    2.15                      3.29  -1.14     0.88
  SINCE SEP 1     11.24                     11.90  -0.66     5.54
  SINCE JAN 1     46.27                     43.26   3.01    38.56

SNOWFALL (IN)
  YESTERDAY       MM             7.0  1989   0.1   MM         T
  MONTH TO DATE    0.8                       1.4   -0.6      0.5
  SINCE SEP 1      0.8                       1.6   -0.8      0.5
  SINCE JUL 1      0.8                       1.6   -0.8      0.5
  SNOW DEPTH      MM

DEGREE DAYS
 HEATING
  YESTERDAY       20                        27     -7       29
  MONTH TO DATE  608                       539     69      549
  SINCE SEP 1   1154                      1161     -7     1128
  SINCE JUL 1   1174                      1200    -26     1147

 COOLING
  YESTERDAY        0                         0      0        0
  MONTH TO DATE    0                         0      0        0
  SINCE SEP 1     64                        45     19       41
  SINCE JAN 1    426                       471    -45      572
..................................................................


WIND (MPH)
  RESULTANT WIND SPEED  10   RESULTANT WIND DIRECTION  SW (240)
  HIGHEST WIND SPEED    28   HIGHEST WIND DIRECTION     W (250)
  HIGHEST GUST SPEED    33   HIGHEST GUST DIRECTION     W (260)
  AVERAGE WIND SPEED    10.9


SKY COVER
  POSSIBLE SUNSHINE  MM
  AVERAGE SKY COVER 0.3


WEATHER CONDITIONS
 THE FOLLOWING WEATHER WAS RECORDED YESTERDAY.
  LIGHT RAIN


RELATIVE HUMIDITY (PERCENT)
 HIGHEST    70           500 AM
 LOWEST     45          1000 AM
 AVERAGE    58

..........................................................


THE WORCESTER MA CLIMATE NORMALS FOR TODAY
                         NORMAL    RECORD    YEAR
 MAXIMUM TEMPERATURE (F)   44        70      1931
 MINIMUM TEMPERATURE (F)   31         6      1989


SUNRISE AND SUNSET
NOVEMBER 24 2014......SUNRISE   649 AM EST   SUNSET   419 PM EST
NOVEMBER 25 2014......SUNRISE   650 AM EST   SUNSET   419 PM EST


-  INDICATES NEGATIVE NUMBERS.
R  INDICATES RECORD WAS SET OR TIED.
MM INDICATES DATA IS MISSING.
T  INDICATES TRACE AMOUNT.




$$
