000
CDUS41 KBOX 242122
CLIORH


CLIMATE REPORT
NATIONAL WEATHER SERVICE TAUNTON MA
522 PM EDT SUN AUG 24 2014


...................................

...THE WORCESTER MA CLIMATE SUMMARY FOR AUGUST 24 2014...
VALID AS OF 0500 PM LOCAL TIME.

CLIMATE NORMAL PERIOD 1981 TO 2010
CLIMATE RECORD PERIOD 1892 TO 2014


WEATHER ITEM   OBSERVED TIME   RECORD YEAR NORMAL DEPARTURE LAST
                VALUE   (LST)  VALUE       VALUE  FROM      YEAR
                                                  NORMAL
..................................................................
TEMPERATURE (F)
 TODAY
  MAXIMUM         77    208 PM  92    1947  76      1       74
  MINIMUM         55    459 AM  44    1971  60     -5       57
                                      1941
  AVERAGE         66                        68     -2       66

PRECIPITATION (IN)
  TODAY            0.00          2.62 1927   0.11  -0.11     0.00
  MONTH TO DATE    2.27                      2.96  -0.69     2.86
  SINCE JUN 1     10.11                     11.38  -1.27    15.89
  SINCE JAN 1     31.30                     30.61   0.69    32.70

SNOWFALL (IN)
  TODAY            0.0           0.0  2002   0.0    0.0      0.0
                                      2001
                                      2000
  MONTH TO DATE    0.0                       0.0    0.0      0.0
  SINCE JUN 1      0.0                       0.0    0.0      0.0
  SINCE JUL 1      0.0                       0.0    0.0      0.0
  SNOW DEPTH      MM

DEGREE DAYS
 HEATING
  TODAY            0                         1     -1        0
  MONTH TO DATE   17                        15      2        9
  SINCE JUN 1     62                       112    -50       83
  SINCE JUL 1     17                        29    -12       16

 COOLING
  TODAY            1                         4     -3        1
  MONTH TO DATE   61                       120    -59       70
  SINCE JUN 1    319                       379    -60      471
  SINCE JAN 1    327                       401    -74      495
..................................................................


WIND (MPH)
  HIGHEST WIND SPEED    12   HIGHEST WIND DIRECTION     E (80)
  HIGHEST GUST SPEED    17   HIGHEST GUST DIRECTION     N (10)
  AVERAGE WIND SPEED     6.7


SKY COVER
  POSSIBLE SUNSHINE  MM
  AVERAGE SKY COVER 0.3


WEATHER CONDITIONS
 THE FOLLOWING WEATHER WAS RECORDED TODAY.
  NO SIGNIFICANT WEATHER WAS OBSERVED.


RELATIVE HUMIDITY (PERCENT)
 HIGHEST    93           500 AM
 LOWEST     46           200 PM
 AVERAGE    70

..........................................................


THE WORCESTER MA CLIMATE NORMALS FOR TOMORROW
                         NORMAL    RECORD    YEAR
 MAXIMUM TEMPERATURE (F)   76        92      1947
 MINIMUM TEMPERATURE (F)   59        40      1940


SUNRISE AND SUNSET
AUGUST 24 2014........SUNRISE   604 AM EDT   SUNSET   735 PM EDT
AUGUST 25 2014........SUNRISE   605 AM EDT   SUNSET   733 PM EDT


-  INDICATES NEGATIVE NUMBERS.
R  INDICATES RECORD WAS SET OR TIED.
MM INDICATES DATA IS MISSING.
T  INDICATES TRACE AMOUNT.




$$
