000
CDUS41 KBOX 170532
CLIORH


CLIMATE REPORT
NATIONAL WEATHER SERVICE TAUNTON MA
132 AM EDT MON JUL 17 2017


...................................

...THE WORCESTER MA CLIMATE SUMMARY FOR JULY 16 2017...

CLIMATE NORMAL PERIOD 1981 TO 2010
CLIMATE RECORD PERIOD 1892 TO 2017


WEATHER ITEM   OBSERVED TIME   RECORD YEAR NORMAL DEPARTURE LAST
                VALUE   (LST)  VALUE       VALUE  FROM      YEAR
                                                  NORMAL
..................................................................
TEMPERATURE (F)
 YESTERDAY
  MAXIMUM         83    333 PM  92    1901  79      4       85
  MINIMUM         64    505 AM  46    1930  62      2       67
  AVERAGE         74                        71      3       76

PRECIPITATION (IN)
  YESTERDAY        0.00          2.71 1979   0.14  -0.14     0.00
  MONTH TO DATE    1.10                      2.08  -0.98     1.17
  SINCE JUN 1      5.43                      6.27  -0.84     2.83
  SINCE JAN 1     26.51                     25.50   1.01    18.55

SNOWFALL (IN)
  YESTERDAY        0.0           0.0  2002   0.0    0.0      0.0
                                      2001
                                      2000
  MONTH TO DATE    0.0                       0.0    0.0      0.0
  SINCE JUN 1      0.0                       0.0    0.0      0.0
  SINCE JUL 1      0.0                       0.0    0.0      0.0
  SNOW DEPTH      MM

DEGREE DAYS
 HEATING
  YESTERDAY        0                         0      0        0
  MONTH TO DATE   10                         9      1        9
  SINCE JUN 1     96                        92      4       60
  SINCE JUL 1     10                         9      1        9

 COOLING
  YESTERDAY        9                         6      3       11
  MONTH TO DATE   88                        87      1       95
  SINCE JUN 1    194                       171     23      167
  SINCE JAN 1    228                       193     35      209
..................................................................


WIND (MPH)
  RESULTANT WIND SPEED   6   RESULTANT WIND DIRECTION   W (270)
  HIGHEST WIND SPEED    13   HIGHEST WIND DIRECTION     W (290)
  HIGHEST GUST SPEED    25   HIGHEST GUST DIRECTION    SW (230)
  AVERAGE WIND SPEED     7.4


SKY COVER
  POSSIBLE SUNSHINE  MM
  AVERAGE SKY COVER 0.1


WEATHER CONDITIONS
 THE FOLLOWING WEATHER WAS RECORDED YESTERDAY.
  NO SIGNIFICANT WEATHER WAS OBSERVED.


RELATIVE HUMIDITY (PERCENT)
 HIGHEST    87           200 AM
 LOWEST     40           300 PM
 AVERAGE    64

..........................................................


THE WORCESTER MA CLIMATE NORMALS FOR TODAY
                         NORMAL    RECORD    YEAR
 MAXIMUM TEMPERATURE (F)   79        93      1900
 MINIMUM TEMPERATURE (F)   62        41      1946


SUNRISE AND SUNSET
JULY 17 2017..........SUNRISE   526 AM EDT   SUNSET   821 PM EDT
JULY 18 2017..........SUNRISE   527 AM EDT   SUNSET   820 PM EDT


-  INDICATES NEGATIVE NUMBERS.
R  INDICATES RECORD WAS SET OR TIED.
MM INDICATES DATA IS MISSING.
T  INDICATES TRACE AMOUNT.




$$
