000
CDUS41 KBOX 172144
CLIORH


CLIMATE REPORT
NATIONAL WEATHER SERVICE TAUNTON MA
533 PM EDT WED MAY 17 2017


...................................

...THE WORCESTER MA CLIMATE SUMMARY FOR MAY 17 2017...
VALID AS OF 0500 PM LOCAL TIME.

CLIMATE NORMAL PERIOD 1981 TO 2010
CLIMATE RECORD PERIOD 1892 TO 2017


WEATHER ITEM   OBSERVED TIME   RECORD YEAR NORMAL DEPARTURE LAST
                VALUE   (LST)  VALUE       VALUE  FROM      YEAR
                                                  NORMAL
..................................................................
TEMPERATURE (F)
 TODAY
  MAXIMUM         88R   344 PM  87    1906  66     22       65
  MINIMUM         55    507 AM  28    1939  47      8       52
  AVERAGE         72                        57     15       59

PRECIPITATION (IN)
  TODAY            T             1.92 1916   0.14  -0.14     0.00
  MONTH TO DATE    3.13                      2.15   0.98     1.57
  SINCE MAR 1     11.89                     10.47   1.42     7.69
  SINCE JAN 1     18.24                     17.19   1.05    15.08

SNOWFALL (IN)
  TODAY            0.0           0.0  2002   0.0    0.0      0.0
                                      2000
  MONTH TO DATE    0.0                       0.0    0.0      0.0
  SINCE MAR 1     20.5                      14.2    6.3     15.5
  SINCE JUL 1     78.3                      64.1   14.2     47.2
  SNOW DEPTH      MM

DEGREE DAYS
 HEATING
  TODAY            0                         9     -9        6
  MONTH TO DATE  249                       188     61      232
  SINCE MAR 1   1792                      1698     94     1604
  SINCE JUL 1   6069                      6535   -466     5663

 COOLING
  TODAY            7                         1      6        0
  MONTH TO DATE    7                         2      5        1
  SINCE MAR 1     17                         5     12        5
  SINCE JAN 1     17                         5     12        5
..................................................................


WIND (MPH)
  HIGHEST WIND SPEED    24   HIGHEST WIND DIRECTION    SW (240)
  HIGHEST GUST SPEED    30   HIGHEST GUST DIRECTION    SW (230)
  AVERAGE WIND SPEED    11.9


SKY COVER
  POSSIBLE SUNSHINE  MM
  AVERAGE SKY COVER 0.1


WEATHER CONDITIONS
 THE FOLLOWING WEATHER WAS RECORDED TODAY.
  LIGHT RAIN


RELATIVE HUMIDITY (PERCENT)
 HIGHEST    66           500 AM
 LOWEST     26           400 PM
 AVERAGE    46

..........................................................


THE WORCESTER MA CLIMATE NORMALS FOR TOMORROW
                         NORMAL    RECORD    YEAR
 MAXIMUM TEMPERATURE (F)   67        90      1906
 MINIMUM TEMPERATURE (F)   47        33      2002


SUNRISE AND SUNSET
MAY 17 2017...........SUNRISE   524 AM EDT   SUNSET   804 PM EDT
MAY 18 2017...........SUNRISE   523 AM EDT   SUNSET   805 PM EDT


-  INDICATES NEGATIVE NUMBERS.
R  INDICATES RECORD WAS SET OR TIED.
MM INDICATES DATA IS MISSING.
T  INDICATES TRACE AMOUNT.




$$
