000
CDUS41 KBOX 270540
CLIORH


CLIMATE REPORT
NATIONAL WEATHER SERVICE TAUNTON MA
137 AM EDT MON JUL 27 2015


...................................

...THE WORCESTER MA CLIMATE SUMMARY FOR JULY 26 2015...

CLIMATE NORMAL PERIOD 1981 TO 2010
CLIMATE RECORD PERIOD 1892 TO 2015


WEATHER ITEM   OBSERVED TIME   RECORD YEAR NORMAL DEPARTURE LAST
                VALUE   (LST)  VALUE       VALUE  FROM      YEAR
                                                  NORMAL
..................................................................
TEMPERATURE (F)
 YESTERDAY
  MAXIMUM         76    243 PM  94    1892  79     -3       79
  MINIMUM         60    353 AM  51    1936  62     -2       60
  AVERAGE         68                        71     -3       70

PRECIPITATION (IN)
  YESTERDAY        T             2.63 1900   0.14  -0.14     0.00
  MONTH TO DATE    2.53                      3.51  -0.98     4.84
  SINCE JUN 1      8.88                      7.70   1.18     6.40
  SINCE JAN 1     23.18                     26.93  -3.75    27.59

SNOWFALL (IN)
  YESTERDAY        0.0           0.0  2002   0.0    0.0      0.0
                                      2001
                                      2000
  MONTH TO DATE    0.0                       0.0    0.0      0.0
  SINCE JUN 1      0.0                       0.0    0.0      0.0
  SINCE JUL 1      0.0                       0.0    0.0      0.0
  SNOW DEPTH      MM

DEGREE DAYS
 HEATING
  YESTERDAY        0                         0      0        0
  MONTH TO DATE    1                         9     -8        0
  SINCE JUN 1     95                        92      3       45
  SINCE JUL 1      1                         9     -8        0

 COOLING
  YESTERDAY        3                         6     -3        5
  MONTH TO DATE  169                       147     22      160
  SINCE JUN 1    253                       231     22      244
  SINCE JAN 1    319                       253     66      252
..................................................................


WIND (MPH)
  RESULTANT WIND SPEED   9   RESULTANT WIND DIRECTION   S (200)
  HIGHEST WIND SPEED    15   HIGHEST WIND DIRECTION    SW (220)
  HIGHEST GUST SPEED    20   HIGHEST GUST DIRECTION     S (200)
  AVERAGE WIND SPEED     9.2


SKY COVER
  POSSIBLE SUNSHINE  MM
  AVERAGE SKY COVER 0.7


WEATHER CONDITIONS
 THE FOLLOWING WEATHER WAS RECORDED YESTERDAY.
  THUNDERSTORM
  LIGHT RAIN
  FOG


RELATIVE HUMIDITY (PERCENT)
 HIGHEST   100           500 AM
 LOWEST     69           200 PM
 AVERAGE    85

..........................................................


THE WORCESTER MA CLIMATE NORMALS FOR TODAY
                         NORMAL    RECORD    YEAR
 MAXIMUM TEMPERATURE (F)   79        93      1949
                                             1940
                                             1892
 MINIMUM TEMPERATURE (F)   62        46      1946


SUNRISE AND SUNSET
JULY 27 2015..........SUNRISE   535 AM EDT   SUNSET   812 PM EDT
JULY 28 2015..........SUNRISE   536 AM EDT   SUNSET   811 PM EDT


-  INDICATES NEGATIVE NUMBERS.
R  INDICATES RECORD WAS SET OR TIED.
MM INDICATES DATA IS MISSING.
T  INDICATES TRACE AMOUNT.




$$
