000
CDUS41 KBOX 190547
CLIORH


CLIMATE REPORT
NATIONAL WEATHER SERVICE TAUNTON MA
144 AM EDT TUE SEP 19 2017


...................................

...THE WORCESTER MA CLIMATE SUMMARY FOR SEPTEMBER 18 2017...

CLIMATE NORMAL PERIOD 1981 TO 2010
CLIMATE RECORD PERIOD 1892 TO 2017


WEATHER ITEM   OBSERVED TIME   RECORD YEAR NORMAL DEPARTURE LAST
                VALUE   (LST)  VALUE       VALUE  FROM      YEAR
                                                  NORMAL
..................................................................
TEMPERATURE (F)
 YESTERDAY
  MAXIMUM         70    253 PM  88    1906  69      1       76
  MINIMUM         59    330 AM  34    1990  52      7       62
  AVERAGE         65                        61      4       69

PRECIPITATION (IN)
  YESTERDAY        0.02          2.53 2004   0.14  -0.12     0.02
  MONTH TO DATE    2.35                      2.17   0.18     0.51
  SINCE SEP 1      2.35                      2.17   0.18     0.51
  SINCE JAN 1     31.64                     33.53  -1.89    23.91

SNOWFALL (IN)
  YESTERDAY        0.0           0.0  2002   0.0    0.0      0.0
                                      2001
                                      2000
  MONTH TO DATE    0.0                       0.0    0.0      0.0
  SINCE SEP 1      0.0                       0.0    0.0      0.0
  SINCE JUL 1      0.0                       0.0    0.0      0.0
  SNOW DEPTH      MM

DEGREE DAYS
 HEATING
  YESTERDAY        0                         5     -5        0
  MONTH TO DATE   56                        61     -5       21
  SINCE SEP 1     56                        61     -5       21
  SINCE JUL 1    104                       100      4       30

 COOLING
  YESTERDAY        0                         1     -1        4
  MONTH TO DATE   39                        34      5       57
  SINCE SEP 1     39                        34      5       57
  SINCE JAN 1    470                       460     10      645
..................................................................


WIND (MPH)
  RESULTANT WIND SPEED   4   RESULTANT WIND DIRECTION   E (80)
  HIGHEST WIND SPEED    10   HIGHEST WIND DIRECTION     E (70)
  HIGHEST GUST SPEED    13   HIGHEST GUST DIRECTION    NE (60)
  AVERAGE WIND SPEED     5.1


SKY COVER
  POSSIBLE SUNSHINE  MM
  AVERAGE SKY COVER 0.9


WEATHER CONDITIONS
 THE FOLLOWING WEATHER WAS RECORDED YESTERDAY.
  LIGHT RAIN
  FOG
  FOG W/VISIBILITY <= 1/4 MILE


RELATIVE HUMIDITY (PERCENT)
 HIGHEST   100           700 AM
 LOWEST     73           200 PM
 AVERAGE    87

..........................................................


THE WORCESTER MA CLIMATE NORMALS FOR TODAY
                         NORMAL    RECORD    YEAR
 MAXIMUM TEMPERATURE (F)   69        88      1906
 MINIMUM TEMPERATURE (F)   52        30      1943


SUNRISE AND SUNSET
SEPTEMBER 19 2017.....SUNRISE   632 AM EDT   SUNSET   650 PM EDT
SEPTEMBER 20 2017.....SUNRISE   633 AM EDT   SUNSET   648 PM EDT


-  INDICATES NEGATIVE NUMBERS.
R  INDICATES RECORD WAS SET OR TIED.
MM INDICATES DATA IS MISSING.
T  INDICATES TRACE AMOUNT.




$$
