000
CDUS41 KBOX 270548
CLIORH


CLIMATE REPORT
NATIONAL WEATHER SERVICE TAUNTON MA
1246 AM EST TUE JAN 27 2015


...................................

...THE WORCESTER MA CLIMATE SUMMARY FOR JANUARY 26 2015...

CLIMATE NORMAL PERIOD 1981 TO 2010
CLIMATE RECORD PERIOD 1892 TO 2015


WEATHER ITEM   OBSERVED TIME   RECORD YEAR NORMAL DEPARTURE LAST
                VALUE   (LST)  VALUE       VALUE  FROM      YEAR
                                                  NORMAL
..................................................................
TEMPERATURE (F)
 YESTERDAY
  MAXIMUM         18    614 PM  67    1950  31    -13       19
  MINIMUM          7    828 AM  -6    1927  17    -10        8
  AVERAGE         13                        24    -11       14

PRECIPITATION (IN)
  YESTERDAY        0.13          2.04 1986   0.11   0.02      T
  MONTH TO DATE    3.42                      2.93   0.49     3.08
  SINCE DEC 1      8.32                      6.75   1.57     7.51
  SINCE JAN 1      3.42                      2.93   0.49     3.08

SNOWFALL (IN)
  YESTERDAY        2.6           6.1  2005   0.6    2.0       T
                                      1907
  MONTH TO DATE   14.0                      14.3   -0.3     20.0
  SINCE DEC 1     15.5                      28.7  -13.2     38.9
  SINCE JUL 1     22.7                      31.5   -8.8     39.4
  SNOW DEPTH      MM

DEGREE DAYS
 HEATING
  YESTERDAY       52                        41     11       51
  MONTH TO DATE 1113                      1062     51     1098
  SINCE DEC 1   2077                      2164    -87     2245
  SINCE JUL 1   3455                      3566   -111     3657

 COOLING
  YESTERDAY        0                         0      0        0
  MONTH TO DATE    0                         0      0        0
  SINCE DEC 1      0                         0      0        0
  SINCE JAN 1      0                         0      0        0
..................................................................


WIND (MPH)
  RESULTANT WIND SPEED  11   RESULTANT WIND DIRECTION  NE (30)
  HIGHEST WIND SPEED    26   HIGHEST WIND DIRECTION    NE (40)
  HIGHEST GUST SPEED    40   HIGHEST GUST DIRECTION    NE (40)
  AVERAGE WIND SPEED    11.9


SKY COVER
  POSSIBLE SUNSHINE  MM
  AVERAGE SKY COVER 0.7


WEATHER CONDITIONS
 THE FOLLOWING WEATHER WAS RECORDED YESTERDAY.
  SNOW
  LIGHT SNOW
  FOG


RELATIVE HUMIDITY (PERCENT)
 HIGHEST    96          1000 PM
 LOWEST     53          1200 AM
 AVERAGE    75

..........................................................


THE WORCESTER MA CLIMATE NORMALS FOR TODAY
                         NORMAL    RECORD    YEAR
 MAXIMUM TEMPERATURE (F)   31        63      1916
 MINIMUM TEMPERATURE (F)   17       -10      1935


SUNRISE AND SUNSET
JANUARY 27 2015.......SUNRISE   706 AM EST   SUNSET   455 PM EST
JANUARY 28 2015.......SUNRISE   705 AM EST   SUNSET   456 PM EST


-  INDICATES NEGATIVE NUMBERS.
R  INDICATES RECORD WAS SET OR TIED.
MM INDICATES DATA IS MISSING.
T  INDICATES TRACE AMOUNT.




$$
