000
CDUS41 KBOX 182330
CLIORH


CLIMATE REPORT
NATIONAL WEATHER SERVICE TAUNTON MA
723 PM EDT WED MAY 18 2016


...................................

...THE WORCESTER MA CLIMATE SUMMARY FOR MAY 18 2016...
VALID AS OF 0700 PM LOCAL TIME.

CLIMATE NORMAL PERIOD 1981 TO 2010
CLIMATE RECORD PERIOD 1892 TO 2016


WEATHER ITEM   OBSERVED TIME   RECORD YEAR NORMAL DEPARTURE LAST
                VALUE   (LST)  VALUE       VALUE  FROM      YEAR
                                                  NORMAL
..................................................................
TEMPERATURE (F)
 TODAY
  MAXIMUM         66    500 PM  90    1906  67     -1       70
  MINIMUM         49    955 AM  33    2002  47      2       48
  AVERAGE         58                        57      1       59

PRECIPITATION (IN)
  TODAY            0.00          1.60 1945   0.13  -0.13     0.00
  MONTH TO DATE    1.57                      2.28  -0.71     0.04
  SINCE MAR 1      7.69                     10.60  -2.91     5.43
  SINCE JAN 1     15.08                     17.32  -2.24    13.74

SNOWFALL (IN)
  TODAY            0.0           0.7  2002   0.0    0.0      0.0
  MONTH TO DATE    0.0                       0.0    0.0      0.0
  SINCE MAR 1     15.5                      14.2    1.3     11.1
  SINCE JUL 1     47.2                      64.1  -16.9    119.7
  SNOW DEPTH      MM

DEGREE DAYS
 HEATING
  TODAY            7                         9     -2        6
  MONTH TO DATE  239                       197     42       80
  SINCE MAR 1   1611                      1707    -96     1724
  SINCE JUL 1   5670                      6544   -874     6838

 COOLING
  TODAY            0                         1     -1        0
  MONTH TO DATE    1                         3     -2       29
  SINCE MAR 1      5                         6     -1       29
  SINCE JAN 1      5                         6     -1       29
..................................................................


WIND (MPH)
  HIGHEST WIND SPEED    12   HIGHEST WIND DIRECTION     E (110)
  HIGHEST GUST SPEED    23   HIGHEST GUST DIRECTION     E (110)
  AVERAGE WIND SPEED     8.1


SKY COVER
  POSSIBLE SUNSHINE  MM
  AVERAGE SKY COVER 0.1


WEATHER CONDITIONS
 THE FOLLOWING WEATHER WAS RECORDED TODAY.
  NO SIGNIFICANT WEATHER WAS OBSERVED.


RELATIVE HUMIDITY (PERCENT)
 HIGHEST    56           100 AM
 LOWEST     26           400 PM
 AVERAGE    41

..........................................................


THE WORCESTER MA CLIMATE NORMALS FOR TOMORROW
                         NORMAL    RECORD    YEAR
 MAXIMUM TEMPERATURE (F)   67        92      1962
 MINIMUM TEMPERATURE (F)   48        27      1944


SUNRISE AND SUNSET
MAY 18 2016...........SUNRISE   523 AM EDT   SUNSET   805 PM EDT
MAY 19 2016...........SUNRISE   522 AM EDT   SUNSET   806 PM EDT


-  INDICATES NEGATIVE NUMBERS.
R  INDICATES RECORD WAS SET OR TIED.
MM INDICATES DATA IS MISSING.
T  INDICATES TRACE AMOUNT.




$$
