000
CDUS41 KBOX 250555
CLIORH


CLIMATE REPORT
NATIONAL WEATHER SERVICE TAUNTON MA
153 AM EDT TUE AUG 25 2015


...................................

...THE WORCESTER MA CLIMATE SUMMARY FOR AUGUST 24 2015...

CLIMATE NORMAL PERIOD 1981 TO 2010
CLIMATE RECORD PERIOD 1892 TO 2015


WEATHER ITEM   OBSERVED TIME   RECORD YEAR NORMAL DEPARTURE LAST
                VALUE   (LST)  VALUE       VALUE  FROM      YEAR
                                                  NORMAL
..................................................................
TEMPERATURE (F)
 YESTERDAY
  MAXIMUM         78    435 PM  92    1947  76      2       77
  MINIMUM         65    633 AM  44    1971  60      5       55
                                      1941
  AVERAGE         72                        68      4       66

PRECIPITATION (IN)
  YESTERDAY        0.00          2.62 1927   0.11  -0.11     0.00
  MONTH TO DATE    3.21                      2.96   0.25     2.27
  SINCE JUN 1     12.42                     11.38   1.04    10.11
  SINCE JAN 1     26.72                     30.61  -3.89    31.30

SNOWFALL (IN)
  YESTERDAY        0.0           0.0  2002   0.0    0.0      0.0
                                      2001
                                      2000
  MONTH TO DATE    0.0                       0.0    0.0      0.0
  SINCE JUN 1      0.0                       0.0    0.0      0.0
  SINCE JUL 1      0.0                       0.0    0.0      0.0
  SNOW DEPTH      MM

DEGREE DAYS
 HEATING
  YESTERDAY        0                         1     -1        0
  MONTH TO DATE    0                        15    -15       17
  SINCE JUN 1     95                       112    -17       62
  SINCE JUL 1      1                        29    -28       17

 COOLING
  YESTERDAY        7                         4      3        1
  MONTH TO DATE  153                       120     33       61
  SINCE JUN 1    460                       379     81      319
  SINCE JAN 1    526                       401    125      327
..................................................................


WIND (MPH)
  RESULTANT WIND SPEED   4   RESULTANT WIND DIRECTION   S (180)
  HIGHEST WIND SPEED    13   HIGHEST WIND DIRECTION    SW (220)
  HIGHEST GUST SPEED    17   HIGHEST GUST DIRECTION     S (160)
  AVERAGE WIND SPEED     5.4


SKY COVER
  POSSIBLE SUNSHINE  MM
  AVERAGE SKY COVER 0.8


WEATHER CONDITIONS
 THE FOLLOWING WEATHER WAS RECORDED YESTERDAY.
  FOG
  FOG W/VISIBILITY <= 1/4 MILE


RELATIVE HUMIDITY (PERCENT)
 HIGHEST   100           600 AM
 LOWEST     64           300 PM
 AVERAGE    82

..........................................................


THE WORCESTER MA CLIMATE NORMALS FOR TODAY
                         NORMAL    RECORD    YEAR
 MAXIMUM TEMPERATURE (F)   76        92      1947
 MINIMUM TEMPERATURE (F)   59        40      1940


SUNRISE AND SUNSET
AUGUST 25 2015........SUNRISE   605 AM EDT   SUNSET   733 PM EDT
AUGUST 26 2015........SUNRISE   606 AM EDT   SUNSET   732 PM EDT


-  INDICATES NEGATIVE NUMBERS.
R  INDICATES RECORD WAS SET OR TIED.
MM INDICATES DATA IS MISSING.
T  INDICATES TRACE AMOUNT.




$$
