000
CDUS41 KBOX 110541
CLIORH


CLIMATE REPORT
NATIONAL WEATHER SERVICE TAUNTON MA
141 AM EDT FRI AUG 11 2017


...................................

...THE WORCESTER MA CLIMATE SUMMARY FOR AUGUST 10 2017...

CLIMATE NORMAL PERIOD 1981 TO 2010
CLIMATE RECORD PERIOD 1892 TO 2017


WEATHER ITEM   OBSERVED TIME   RECORD YEAR NORMAL DEPARTURE LAST
                VALUE   (LST)  VALUE       VALUE  FROM      YEAR
                                                  NORMAL
..................................................................
TEMPERATURE (F)
 YESTERDAY
  MAXIMUM         82    152 PM  97    1949  78      4       77
  MINIMUM         62    514 AM  45    1933  61      1       65
  AVERAGE         72                        70      2       71

PRECIPITATION (IN)
  YESTERDAY        0.00          2.02 1952   0.13  -0.13     0.36
  MONTH TO DATE    1.12                      1.33  -0.21     1.30
  SINCE JUN 1      7.74                      9.75  -2.01     5.02
  SINCE JAN 1     28.82                     28.98  -0.16    20.74

SNOWFALL (IN)
  YESTERDAY        0.0           0.0  2002   0.0    0.0      0.0
                                      2001
                                      2000
  MONTH TO DATE    0.0                       0.0    0.0      0.0
  SINCE JUN 1      0.0                       0.0    0.0      0.0
  SINCE JUL 1      0.0                       0.0    0.0      0.0
  SNOW DEPTH      MM

DEGREE DAYS
 HEATING
  YESTERDAY        0                         1     -1        0
  MONTH TO DATE    2                         1      1        0
  SINCE JUN 1    117                        98     19       60
  SINCE JUL 1     31                        15     16        9

 COOLING
  YESTERDAY        7                         5      2        6
  MONTH TO DATE   46                        56    -10       61
  SINCE JUN 1    319                       315      4      377
  SINCE JAN 1    353                       337     16      419
..................................................................


WIND (MPH)
  RESULTANT WIND SPEED   5   RESULTANT WIND DIRECTION  SW (220)
  HIGHEST WIND SPEED    13   HIGHEST WIND DIRECTION     S (180)
  HIGHEST GUST SPEED    16   HIGHEST GUST DIRECTION     S (180)
  AVERAGE WIND SPEED     6.2


SKY COVER
  POSSIBLE SUNSHINE  MM
  AVERAGE SKY COVER 0.4


WEATHER CONDITIONS
 THE FOLLOWING WEATHER WAS RECORDED YESTERDAY.
  NO SIGNIFICANT WEATHER WAS OBSERVED.


RELATIVE HUMIDITY (PERCENT)
 HIGHEST    78           200 AM
 LOWEST     39           200 PM
 AVERAGE    59

..........................................................


THE WORCESTER MA CLIMATE NORMALS FOR TODAY
                         NORMAL    RECORD    YEAR
 MAXIMUM TEMPERATURE (F)   78        98      1944
 MINIMUM TEMPERATURE (F)   61        46      1972


SUNRISE AND SUNSET
AUGUST 11 2017........SUNRISE   551 AM EDT   SUNSET   754 PM EDT
AUGUST 12 2017........SUNRISE   552 AM EDT   SUNSET   752 PM EDT


-  INDICATES NEGATIVE NUMBERS.
R  INDICATES RECORD WAS SET OR TIED.
MM INDICATES DATA IS MISSING.
T  INDICATES TRACE AMOUNT.




$$
