273
CDUS41 KBOX 110537
CLIORH


CLIMATE REPORT
NATIONAL WEATHER SERVICE TAUNTON MA
135 AM EDT WED OCT 11 2017


...................................

...THE WORCESTER MA CLIMATE SUMMARY FOR OCTOBER 10 2017...

CLIMATE NORMAL PERIOD 1981 TO 2010
CLIMATE RECORD PERIOD 1892 TO 2017


WEATHER ITEM   OBSERVED TIME   RECORD YEAR NORMAL DEPARTURE LAST
                VALUE   (LST)  VALUE       VALUE  FROM      YEAR
                                                  NORMAL
..................................................................
TEMPERATURE (F)
 YESTERDAY
  MAXIMUM         73    334 PM  86    1939  60     13       56
  MINIMUM         58    837 PM  27    1989  44     14       41
                                      1972
                                      1929
  AVERAGE         66                        52     14       49

PRECIPITATION (IN)
  YESTERDAY        0.00          2.40 1971   0.16  -0.16     0.00
  MONTH TO DATE    0.67                      1.58  -0.91     1.12
  SINCE SEP 1      3.18                      5.51  -2.33     4.39
  SINCE JAN 1     32.47                     36.87  -4.40    27.79

SNOWFALL (IN)
  YESTERDAY        0.0           7.5  1979   0.0    0.0      0.0
  MONTH TO DATE    0.0                       0.0    0.0      0.0
  SINCE SEP 1      0.0                       0.0    0.0      0.0
  SINCE JUL 1      0.0                       0.0    0.0      0.0
  SNOW DEPTH      MM

DEGREE DAYS
 HEATING
  YESTERDAY        0                        13    -13       16
  MONTH TO DATE   38                       116    -78      101
  SINCE SEP 1    134                       270   -136      194
  SINCE JUL 1    182                       309   -127      203

 COOLING
  YESTERDAY        1                         0      1        0
  MONTH TO DATE   16                         0     16        0
  SINCE SEP 1    100                        42     58       75
  SINCE JAN 1    531                       468     63      663
..................................................................


WIND (MPH)
  RESULTANT WIND SPEED   9   RESULTANT WIND DIRECTION   W (280)
  HIGHEST WIND SPEED    18   HIGHEST WIND DIRECTION     W (290)
  HIGHEST GUST SPEED    24   HIGHEST GUST DIRECTION     W (290)
  AVERAGE WIND SPEED     9.1


SKY COVER
  POSSIBLE SUNSHINE  MM
  AVERAGE SKY COVER 0.2


WEATHER CONDITIONS
 THE FOLLOWING WEATHER WAS RECORDED YESTERDAY.
  NO SIGNIFICANT WEATHER WAS OBSERVED.


RELATIVE HUMIDITY (PERCENT)
 HIGHEST    93           100 AM
 LOWEST     53           300 PM
 AVERAGE    73

..........................................................


THE WORCESTER MA CLIMATE NORMALS FOR TODAY
                         NORMAL    RECORD    YEAR
 MAXIMUM TEMPERATURE (F)   60        83      1949
 MINIMUM TEMPERATURE (F)   43        22      1943


SUNRISE AND SUNSET
OCTOBER 11 2017.......SUNRISE   656 AM EDT   SUNSET   612 PM EDT
OCTOBER 12 2017.......SUNRISE   657 AM EDT   SUNSET   610 PM EDT


-  INDICATES NEGATIVE NUMBERS.
R  INDICATES RECORD WAS SET OR TIED.
MM INDICATES DATA IS MISSING.
T  INDICATES TRACE AMOUNT.




$$
