084
CDUS41 KBOX 140544
CLIORH


CLIMATE REPORT
NATIONAL WEATHER SERVICE TAUNTON MA
1244 AM EST TUE FEB 14 2017


...................................

...THE WORCESTER MA CLIMATE SUMMARY FOR FEBRUARY 13 2017...

CLIMATE NORMAL PERIOD 1981 TO 2010
CLIMATE RECORD PERIOD 1892 TO 2017


WEATHER ITEM   OBSERVED TIME   RECORD YEAR NORMAL DEPARTURE LAST
                VALUE   (LST)  VALUE       VALUE  FROM      YEAR
                                                  NORMAL
..................................................................
TEMPERATURE (F)
 YESTERDAY
  MAXIMUM         28    323 PM  59    1900  34     -6       17
  MINIMUM         20   1159 PM -12    1967  19      1      -10
  AVERAGE         24                        27     -3        4

PRECIPITATION (IN)
  YESTERDAY        0.01          3.16 1900   0.11  -0.10     0.00
  MONTH TO DATE    2.04                      1.47   0.57     2.03
  SINCE DEC 1      9.75                      8.78   0.97     8.80
  SINCE JAN 1      5.95                      4.96   0.99     4.15

SNOWFALL (IN)
  YESTERDAY       MM            10.5  2014   0.6   MM        0.0
  MONTH TO DATE   25.4                       7.4   18.0     19.1
  SINCE DEC 1     57.8                      38.9   18.9     30.2
  SINCE JUL 1     57.8                      41.7   16.1     30.2
  SNOW DEPTH      MM

DEGREE DAYS
 HEATING
  YESTERDAY       41                        38      3       61
  MONTH TO DATE  531                       512     19      491
  SINCE DEC 1   2705                      2883   -178     2381
  SINCE JUL 1   3892                      4285   -393     3530

 COOLING
  YESTERDAY        0                         0      0        0
  MONTH TO DATE    0                         0      0        0
  SINCE DEC 1      0                         0      0        0
  SINCE JAN 1      0                         0      0        0
..................................................................


WIND (MPH)
  RESULTANT WIND SPEED  20   RESULTANT WIND DIRECTION  NW (310)
  HIGHEST WIND SPEED    44   HIGHEST WIND DIRECTION    NW (310)
  HIGHEST GUST SPEED    58   HIGHEST GUST DIRECTION    NW (310)
  AVERAGE WIND SPEED    20.9


SKY COVER
  POSSIBLE SUNSHINE  MM
  AVERAGE SKY COVER 0.7


WEATHER CONDITIONS
 THE FOLLOWING WEATHER WAS RECORDED YESTERDAY.
  LIGHT SNOW
  FOG
  BLOWING SNOW


RELATIVE HUMIDITY (PERCENT)
 HIGHEST    92           300 AM
 LOWEST     55           700 PM
 AVERAGE    74

..........................................................


THE WORCESTER MA CLIMATE NORMALS FOR TODAY
                         NORMAL    RECORD    YEAR
 MAXIMUM TEMPERATURE (F)   34        56      1908
 MINIMUM TEMPERATURE (F)   19       -16      2016


SUNRISE AND SUNSET
FEBRUARY 14 2017......SUNRISE   645 AM EST   SUNSET   519 PM EST
FEBRUARY 15 2017......SUNRISE   643 AM EST   SUNSET   520 PM EST


-  INDICATES NEGATIVE NUMBERS.
R  INDICATES RECORD WAS SET OR TIED.
MM INDICATES DATA IS MISSING.
T  INDICATES TRACE AMOUNT.




$$
