000
CDUS41 KBOX 300557
CLIORH


CLIMATE REPORT
NATIONAL WEATHER SERVICE TAUNTON MA
1257 AM EST WED NOV 30 2016


...................................

...THE WORCESTER MA CLIMATE SUMMARY FOR NOVEMBER 29 2016...

CLIMATE NORMAL PERIOD 1981 TO 2010
CLIMATE RECORD PERIOD 1892 TO 2016


WEATHER ITEM   OBSERVED TIME   RECORD YEAR NORMAL DEPARTURE LAST
                VALUE   (LST)  VALUE       VALUE  FROM      YEAR
                                                  NORMAL
..................................................................
TEMPERATURE (F)
 YESTERDAY
  MAXIMUM         56   1142 PM  64    1990  42     14       42
  MINIMUM         34    103 AM   5    1940  29      5       25
  AVERAGE         45                        36      9       34

PRECIPITATION (IN)
  YESTERDAY        0.88          1.89 1935   0.14   0.74     0.00
  MONTH TO DATE    2.82                      4.14  -1.32     1.76
  SINCE SEP 1     12.66                     12.75  -0.09     8.97
  SINCE JAN 1     36.06                     44.11  -8.05    35.69

SNOWFALL (IN)
  YESTERDAY       MM             6.0  1924   0.2   MM        0.0
  MONTH TO DATE    T                         2.4   -2.4      0.0
  SINCE SEP 1      T                         2.6   -2.6       T
  SINCE JUL 1      T                         2.6   -2.6       T
  SNOW DEPTH      MM

DEGREE DAYS
 HEATING
  YESTERDAY       20                        29     -9       31
  MONTH TO DATE  657                       710    -53      572
  SINCE SEP 1   1162                      1332   -170     1111
  SINCE JUL 1   1171                      1371   -200     1112

 COOLING
  YESTERDAY        0                         0      0        0
  MONTH TO DATE    0                         0      0        0
  SINCE SEP 1     75                        45     30      102
  SINCE JAN 1    663                       471    192      659
..................................................................


WIND (MPH)
  RESULTANT WIND SPEED   6   RESULTANT WIND DIRECTION   S (170)
  HIGHEST WIND SPEED    21   HIGHEST WIND DIRECTION    SW (210)
  HIGHEST GUST SPEED    28   HIGHEST GUST DIRECTION     S (200)
  AVERAGE WIND SPEED     8.5


SKY COVER
  POSSIBLE SUNSHINE  MM
  AVERAGE SKY COVER 0.9


WEATHER CONDITIONS
 THE FOLLOWING WEATHER WAS RECORDED YESTERDAY.
  HEAVY RAIN
  RAIN
  LIGHT RAIN
  FOG
  FOG W/VISIBILITY <= 1/4 MILE


RELATIVE HUMIDITY (PERCENT)
 HIGHEST   100           300 PM
 LOWEST     70          1200 AM
 AVERAGE    85

..........................................................


THE WORCESTER MA CLIMATE NORMALS FOR TODAY
                         NORMAL    RECORD    YEAR
 MAXIMUM TEMPERATURE (F)   42        65      1962
                                             1933
 MINIMUM TEMPERATURE (F)   28         6      1929


SUNRISE AND SUNSET
NOVEMBER 30 2016......SUNRISE   656 AM EST   SUNSET   416 PM EST
DECEMBER  1 2016......SUNRISE   657 AM EST   SUNSET   416 PM EST


-  INDICATES NEGATIVE NUMBERS.
R  INDICATES RECORD WAS SET OR TIED.
MM INDICATES DATA IS MISSING.
T  INDICATES TRACE AMOUNT.




$$
