000
CDUS41 KBOX 182132
CLIORH


CLIMATE REPORT
NATIONAL WEATHER SERVICE TAUNTON MA
528 PM EDT SUN JUN 18 2017


...................................

...THE WORCESTER MA CLIMATE SUMMARY FOR JUNE 18 2017...
VALID AS OF 0500 PM LOCAL TIME.

CLIMATE NORMAL PERIOD 1981 TO 2010
CLIMATE RECORD PERIOD 1892 TO 2017


WEATHER ITEM   OBSERVED TIME   RECORD YEAR NORMAL DEPARTURE LAST
                VALUE   (LST)  VALUE       VALUE  FROM      YEAR
                                                  NORMAL
..................................................................
TEMPERATURE (F)
 TODAY
  MAXIMUM         78    358 PM  93    1929  75      3       79
                                      1907
  MINIMUM         66    716 AM  40    1950  57      9       54
  AVERAGE         72                        66      6       67

PRECIPITATION (IN)
  TODAY            0.00          2.15 1943   0.13  -0.13     0.00
  MONTH TO DATE    2.29                      2.69  -0.40     1.13
  SINCE JUN 1      2.29                      2.69  -0.40     1.13
  SINCE JAN 1     23.37                     21.92   1.45    16.85

SNOWFALL (IN)
  TODAY            0.0           0.0  2002   0.0    0.0      0.0
                                      2001
                                      2000
  MONTH TO DATE    0.0                       0.0    0.0      0.0
  SINCE JUN 1      0.0                       0.0    0.0      0.0
  SINCE JUL 1     78.3                      64.1   14.2     47.2
  SNOW DEPTH      MM

DEGREE DAYS
 HEATING
  TODAY            0                         2     -2        0
  MONTH TO DATE   77                        66     11       50
  SINCE JUN 1     77                        66     11       50
  SINCE JUL 1   6262                      6700   -438     5761

 COOLING
  TODAY            7                         3      4        2
  MONTH TO DATE   53                        39     14       24
  SINCE JUN 1     53                        39     14       24
  SINCE JAN 1     87                        61     26       66
..................................................................


WIND (MPH)
  HIGHEST WIND SPEED    21   HIGHEST WIND DIRECTION     S (200)
  HIGHEST GUST SPEED    30   HIGHEST GUST DIRECTION     S (190)
  AVERAGE WIND SPEED    10.4


SKY COVER
  POSSIBLE SUNSHINE  MM
  AVERAGE SKY COVER 1.0


WEATHER CONDITIONS
 THE FOLLOWING WEATHER WAS RECORDED TODAY.
  FOG
  FOG W/VISIBILITY <= 1/4 MILE


RELATIVE HUMIDITY (PERCENT)
 HIGHEST    93          1200 AM
 LOWEST     71           300 PM
 AVERAGE    82

..........................................................


THE WORCESTER MA CLIMATE NORMALS FOR TOMORROW
                         NORMAL    RECORD    YEAR
 MAXIMUM TEMPERATURE (F)   75        93      1923
 MINIMUM TEMPERATURE (F)   57        43      1939


SUNRISE AND SUNSET
JUNE 18 2017..........SUNRISE   511 AM EDT   SUNSET   827 PM EDT
JUNE 19 2017..........SUNRISE   511 AM EDT   SUNSET   827 PM EDT


-  INDICATES NEGATIVE NUMBERS.
R  INDICATES RECORD WAS SET OR TIED.
MM INDICATES DATA IS MISSING.
T  INDICATES TRACE AMOUNT.




$$
