000
CDUS41 KBOX 212129
CLIORH


CLIMATE REPORT
NATIONAL WEATHER SERVICE TAUNTON MA
427 PM EST SUN DEC 21 2014


...................................

...THE WORCESTER MA CLIMATE SUMMARY FOR DECEMBER 21 2014...
VALID AS OF 0400 PM LOCAL TIME.

CLIMATE NORMAL PERIOD 1981 TO 2010
CLIMATE RECORD PERIOD 1892 TO 2014


WEATHER ITEM   OBSERVED TIME   RECORD YEAR NORMAL DEPARTURE LAST
                VALUE   (LST)  VALUE       VALUE  FROM      YEAR
                                                  NORMAL
..................................................................
TEMPERATURE (F)
 TODAY
  MAXIMUM         30    303 PM  58    1973  35     -5       53
                                      1957
  MINIMUM         26    942 AM -11    1955  21      5       39
                                      1942
  AVERAGE         28                        28      0       46

PRECIPITATION (IN)
  TODAY            0.03          2.47 1973   0.12  -0.09      T
  MONTH TO DATE    4.06                      2.68   1.38     2.56
  SINCE DEC 1      4.06                      2.68   1.38     2.56
  SINCE JAN 1     52.74                     46.93   5.81    43.86

SNOWFALL (IN)
  TODAY            0.1           8.0  2008   0.5   -0.4      0.0
  MONTH TO DATE    1.4                       9.0   -7.6     18.1
  SINCE DEC 1      1.4                       9.0   -7.6     18.1
  SINCE JUL 1      8.6                      11.8   -3.2     18.6
  SNOW DEPTH      MM

DEGREE DAYS
 HEATING
  TODAY           37                        37      0       19
  MONTH TO DATE  664                       712    -48      784
  SINCE DEC 1    664                       712    -48      784
  SINCE JUL 1   2042                      2114    -72     2196

 COOLING
  TODAY            0                         0      0        0
  MONTH TO DATE    0                         0      0        0
  SINCE DEC 1      0                         0      0        0
  SINCE JAN 1    426                       471    -45      572
..................................................................


WIND (MPH)
  HIGHEST WIND SPEED    10   HIGHEST WIND DIRECTION    NE (30)
  HIGHEST GUST SPEED    15   HIGHEST GUST DIRECTION     N (20)
  AVERAGE WIND SPEED     7.2


SKY COVER
  POSSIBLE SUNSHINE  MM
  AVERAGE SKY COVER 1.0


WEATHER CONDITIONS
 THE FOLLOWING WEATHER WAS RECORDED TODAY.
  LIGHT SNOW
  FOG


RELATIVE HUMIDITY (PERCENT)
 HIGHEST   100          1100 AM
 LOWEST     85          1200 AM
 AVERAGE    93

..........................................................


THE WORCESTER MA CLIMATE NORMALS FOR TOMORROW
                         NORMAL    RECORD    YEAR
 MAXIMUM TEMPERATURE (F)   34        63      2013
                                             1923
 MINIMUM TEMPERATURE (F)   20        -8      1944


SUNRISE AND SUNSET
DECEMBER 21 2014......SUNRISE   713 AM EST   SUNSET   418 PM EST
DECEMBER 22 2014......SUNRISE   713 AM EST   SUNSET   419 PM EST


-  INDICATES NEGATIVE NUMBERS.
R  INDICATES RECORD WAS SET OR TIED.
MM INDICATES DATA IS MISSING.
T  INDICATES TRACE AMOUNT.




$$
