000
CDUS41 KBOX 062130
CLIORH


CLIMATE REPORT
NATIONAL WEATHER SERVICE TAUNTON MA
427 PM EST FRI JAN 6 2017


...................................

...THE WORCESTER MA CLIMATE SUMMARY FOR JANUARY 6 2017...
VALID AS OF 0400 PM LOCAL TIME.

CLIMATE NORMAL PERIOD 1981 TO 2010
CLIMATE RECORD PERIOD 1892 TO 2017


WEATHER ITEM   OBSERVED TIME   RECORD YEAR NORMAL DEPARTURE LAST
                VALUE   (LST)  VALUE       VALUE  FROM      YEAR
                                                  NORMAL
..................................................................
TEMPERATURE (F)
 TODAY
  MAXIMUM         26    201 PM  66    2007  31     -5       39
  MINIMUM         21    707 AM -12    1896  17      4       17
  AVERAGE         24                        24      0       28

PRECIPITATION (IN)
  TODAY            0.07          2.08 1962   0.11  -0.04     0.00
  MONTH TO DATE    1.19                      0.67   0.52      T
  SINCE DEC 1      4.99                      4.49   0.50     4.65
  SINCE JAN 1      1.19                      0.67   0.52      T

SNOWFALL (IN)
  TODAY            1.1           6.9  2005   0.5    0.6      0.0
  MONTH TO DATE    2.5                       3.2   -0.7       T
  SINCE DEC 1     20.0                      17.6    2.4      1.4
  SINCE JUL 1     20.0                      20.4   -0.4      1.4
  SNOW DEPTH      MM

DEGREE DAYS
 HEATING
  TODAY           41                        41      0       37
  MONTH TO DATE  215                       242    -27      237
  SINCE DEC 1   1305                      1344    -39      961
  SINCE JUL 1   2492                      2746   -254     2110

 COOLING
  TODAY            0                         0      0        0
  MONTH TO DATE    0                         0      0        0
  SINCE DEC 1      0                         0      0        0
  SINCE JAN 1      0                         0      0        0
..................................................................


WIND (MPH)
  HIGHEST WIND SPEED    14   HIGHEST WIND DIRECTION    NW (310)
  HIGHEST GUST SPEED    16   HIGHEST GUST DIRECTION    NW (310)
  AVERAGE WIND SPEED     6.6


SKY COVER
  POSSIBLE SUNSHINE  MM
  AVERAGE SKY COVER 0.7


WEATHER CONDITIONS
 THE FOLLOWING WEATHER WAS RECORDED TODAY.
  SNOW
  LIGHT SNOW
  FOG


RELATIVE HUMIDITY (PERCENT)
 HIGHEST    92           800 AM
 LOWEST     46           200 PM
 AVERAGE    69

..........................................................


THE WORCESTER MA CLIMATE NORMALS FOR TOMORROW
                         NORMAL    RECORD    YEAR
 MAXIMUM TEMPERATURE (F)   31        60      1930
 MINIMUM TEMPERATURE (F)   17        -5      1942


SUNRISE AND SUNSET
JANUARY  6 2017.......SUNRISE   716 AM EST   SUNSET   431 PM EST
JANUARY  7 2017.......SUNRISE   716 AM EST   SUNSET   432 PM EST


-  INDICATES NEGATIVE NUMBERS.
R  INDICATES RECORD WAS SET OR TIED.
MM INDICATES DATA IS MISSING.
T  INDICATES TRACE AMOUNT.




$$
