000
CDUS41 KBOX 210557
CLIORH


CLIMATE REPORT
NATIONAL WEATHER SERVICE TAUNTON MA
153 AM EDT SUN AUG 21 2016


...................................

...THE WORCESTER MA CLIMATE SUMMARY FOR AUGUST 20 2016...

CLIMATE NORMAL PERIOD 1981 TO 2010
CLIMATE RECORD PERIOD 1892 TO 2016


WEATHER ITEM   OBSERVED TIME   RECORD YEAR NORMAL DEPARTURE LAST
                VALUE   (LST)  VALUE       VALUE  FROM      YEAR
                                                  NORMAL
..................................................................
TEMPERATURE (F)
 YESTERDAY
  MAXIMUM         81    131 PM  94    1937  77      4       81
  MINIMUM         65   1159 PM  46    1990  60      5       68
                                      1927
                                      1926
  AVERAGE         73                        69      4       75

PRECIPITATION (IN)
  YESTERDAY        T             3.17 1970   0.11  -0.11     0.00
  MONTH TO DATE    2.56                      2.51   0.05     3.06
  SINCE JUN 1      6.28                     10.93  -4.65    12.27
  SINCE JAN 1     22.00                     30.16  -8.16    26.57

SNOWFALL (IN)
  YESTERDAY        0.0           0.0  2002   0.0    0.0      0.0
                                      2001
                                      2000
  MONTH TO DATE    0.0                       0.0    0.0      0.0
  SINCE JUN 1      0.0                       0.0    0.0      0.0
  SINCE JUL 1      0.0                       0.0    0.0      0.0
  SNOW DEPTH      MM

DEGREE DAYS
 HEATING
  YESTERDAY        0                         1     -1        0
  MONTH TO DATE    0                        11    -11        0
  SINCE JUN 1     60                       108    -48       95
  SINCE JUL 1      9                        25    -16        1

 COOLING
  YESTERDAY        8                         4      4       10
  MONTH TO DATE  166                       104     62      129
  SINCE JUN 1    482                       363    119      436
  SINCE JAN 1    524                       385    139      502
..................................................................


WIND (MPH)
  RESULTANT WIND SPEED   7   RESULTANT WIND DIRECTION   S (170)
  HIGHEST WIND SPEED    18   HIGHEST WIND DIRECTION     S (180)
  HIGHEST GUST SPEED    23   HIGHEST GUST DIRECTION     S (170)
  AVERAGE WIND SPEED     8.1


SKY COVER
  POSSIBLE SUNSHINE  MM
  AVERAGE SKY COVER 0.5


WEATHER CONDITIONS
 THE FOLLOWING WEATHER WAS RECORDED YESTERDAY.
  FOG
  FOG W/VISIBILITY <= 1/4 MILE


RELATIVE HUMIDITY (PERCENT)
 HIGHEST   100           400 AM
 LOWEST     58          1200 PM
 AVERAGE    79

..........................................................


THE WORCESTER MA CLIMATE NORMALS FOR TODAY
                         NORMAL    RECORD    YEAR
 MAXIMUM TEMPERATURE (F)   77        92      1937
 MINIMUM TEMPERATURE (F)   60        43      1941


SUNRISE AND SUNSET
AUGUST 21 2016........SUNRISE   602 AM EDT   SUNSET   739 PM EDT
AUGUST 22 2016........SUNRISE   603 AM EDT   SUNSET   737 PM EDT


-  INDICATES NEGATIVE NUMBERS.
R  INDICATES RECORD WAS SET OR TIED.
MM INDICATES DATA IS MISSING.
T  INDICATES TRACE AMOUNT.




$$
