000
CDUS41 KBOX 130554
CLIORH


CLIMATE REPORT
NATIONAL WEATHER SERVICE TAUNTON MA
149 AM EDT SUN APR 13 2014


...................................

...THE WORCESTER MA CLIMATE SUMMARY FOR APRIL 12 2014...

CLIMATE NORMAL PERIOD 1981 TO 2010
CLIMATE RECORD PERIOD 1892 TO 2014


WEATHER ITEM   OBSERVED TIME   RECORD YEAR NORMAL DEPARTURE LAST
                VALUE   (LST)  VALUE       VALUE  FROM      YEAR
                                                  NORMAL
..................................................................
TEMPERATURE (F)
 YESTERDAY
  MAXIMUM         65    432 PM  80    1945  54     11       37
  MINIMUM         41    544 AM  15    1976  36      5       33
  AVERAGE         53                        45      8       35

PRECIPITATION (IN)
  YESTERDAY        0.04          2.57 1934   0.15  -0.11     0.47
  MONTH TO DATE    0.87                      1.75  -0.88     1.15
  SINCE MAR 1      6.29                      5.96   0.33     4.83
  SINCE JAN 1     13.47                     12.68   0.79    11.71

SNOWFALL (IN)
  YESTERDAY        0.0           8.0  1894   0.1   -0.1      0.0
  MONTH TO DATE    0.0                       1.6   -1.6      0.0
  SINCE MAR 1      3.7                      13.0   -9.3     30.9
  SINCE JUL 1     84.6                      62.9   21.7    108.9
  SNOW DEPTH      MM

DEGREE DAYS
 HEATING
  YESTERDAY       12                        20     -8       30
  MONTH TO DATE  238                       269    -31      274
  SINCE MAR 1   1366                      1208    158     1238
  SINCE JUL 1   6420                      6045    375     5675

 COOLING
  YESTERDAY        0                         0      0        0
  MONTH TO DATE    0                         0      0        0
  SINCE MAR 1      0                         0      0        0
  SINCE JAN 1      0                         0      0        0
..................................................................


WIND (MPH)
  RESULTANT WIND SPEED  10   RESULTANT WIND DIRECTION   W (280)
  HIGHEST WIND SPEED    20   HIGHEST WIND DIRECTION     W (250)
  HIGHEST GUST SPEED    26   HIGHEST GUST DIRECTION     W (260)
  AVERAGE WIND SPEED    10.6


SKY COVER
  POSSIBLE SUNSHINE  MM
  AVERAGE SKY COVER 0.1


WEATHER CONDITIONS
 THE FOLLOWING WEATHER WAS RECORDED YESTERDAY.
  RAIN
  LIGHT RAIN
  FOG


RELATIVE HUMIDITY (PERCENT)
 HIGHEST    96           300 AM
 LOWEST     22           500 PM
 AVERAGE    59

..........................................................


THE WORCESTER MA CLIMATE NORMALS FOR TODAY
                         NORMAL    RECORD    YEAR
 MAXIMUM TEMPERATURE (F)   54        86      1945
 MINIMUM TEMPERATURE (F)   36        18      1926


SUNRISE AND SUNSET
APRIL 13 2014.........SUNRISE   610 AM EDT   SUNSET   727 PM EDT
APRIL 14 2014.........SUNRISE   608 AM EDT   SUNSET   728 PM EDT


-  INDICATES NEGATIVE NUMBERS.
R  INDICATES RECORD WAS SET OR TIED.
MM INDICATES DATA IS MISSING.
T  INDICATES TRACE AMOUNT.




$$
