000
CDUS41 KBOX 302131
CLIORH


CLIMATE REPORT
NATIONAL WEATHER SERVICE TAUNTON MA
530 PM EDT SUN AUG 30 2015


...................................

...THE WORCESTER MA CLIMATE SUMMARY FOR AUGUST 30 2015...
VALID TODAY AS OF 0500 PM LOCAL TIME.

CLIMATE NORMAL PERIOD 1981 TO 2010
CLIMATE RECORD PERIOD 1892 TO 2015


WEATHER ITEM   OBSERVED TIME   RECORD YEAR NORMAL DEPARTURE LAST
                VALUE   (LST)  VALUE       VALUE  FROM      YEAR
                                                  NORMAL
..................................................................
TEMPERATURE (F)
 TODAY
  MAXIMUM         81    229 PM  93    1953  75      6       73
  MINIMUM         61    357 AM  38    1965  58      3       54
  AVERAGE         71                        67      4       64

PRECIPITATION (IN)
  TODAY            0.00          1.60 1975   0.10  -0.10     0.00
  MONTH TO DATE    3.21                      3.60  -0.39     3.59
  SINCE JUN 1     12.42                     12.02   0.40    11.43
  SINCE JAN 1     26.72                     31.25  -4.53    32.62

SNOWFALL (IN)
  TODAY            0.0           0.0  2002   0.0    0.0      0.0
                                      2001
                                      2000
  MONTH TO DATE    0.0                       0.0    0.0      0.0
  SINCE JUN 1      0.0                       0.0    0.0      0.0
  SINCE JUL 1      0.0                       0.0    0.0      0.0
  SNOW DEPTH      MM

DEGREE DAYS
 HEATING
  TODAY            0                         2     -2        1
  MONTH TO DATE    0                        23    -23       20
  SINCE JUN 1     95                       120    -25       65
  SINCE JUL 1      1                        37    -36       20

 COOLING
  TODAY            6                         3      3        0
  MONTH TO DATE  174                       142     32       89
  SINCE JUN 1    481                       401     80      347
  SINCE JAN 1    547                       423    124      355
..................................................................


WIND (MPH)
  HIGHEST WIND SPEED    17   HIGHEST WIND DIRECTION    SW (230)
  HIGHEST GUST SPEED    20   HIGHEST GUST DIRECTION    SW (230)
  AVERAGE WIND SPEED     9.4


SKY COVER
  POSSIBLE SUNSHINE  MM
  AVERAGE SKY COVER 0.2


WEATHER CONDITIONS
 THE FOLLOWING WEATHER WAS RECORDED TODAY.
  NO SIGNIFICANT WEATHER WAS OBSERVED.


RELATIVE HUMIDITY (PERCENT)
 HIGHEST    93           500 AM
 LOWEST     45           100 PM
 AVERAGE    69

..........................................................


THE WORCESTER MA CLIMATE NORMALS FOR TOMORROW
                         NORMAL    RECORD    YEAR
 MAXIMUM TEMPERATURE (F)   75        93      1953
 MINIMUM TEMPERATURE (F)   58        39      1976


SUNRISE AND SUNSET
AUGUST 30 2015........SUNRISE   610 AM EDT   SUNSET   725 PM EDT
AUGUST 31 2015........SUNRISE   611 AM EDT   SUNSET   724 PM EDT


-  INDICATES NEGATIVE NUMBERS.
R  INDICATES RECORD WAS SET OR TIED.
MM INDICATES DATA IS MISSING.
T  INDICATES TRACE AMOUNT.




$$
