000
CDUS41 KBOX 200551
CLIORH


CLIMATE REPORT
NATIONAL WEATHER SERVICE TAUNTON MA
151 AM EDT FRI MAY 20 2016


...................................

...THE WORCESTER MA CLIMATE SUMMARY FOR MAY 19 2016...

CLIMATE NORMAL PERIOD 1981 TO 2010
CLIMATE RECORD PERIOD 1892 TO 2016


WEATHER ITEM   OBSERVED TIME   RECORD YEAR NORMAL DEPARTURE LAST
                VALUE   (LST)  VALUE       VALUE  FROM      YEAR
                                                  NORMAL
..................................................................
TEMPERATURE (F)
 YESTERDAY
  MAXIMUM         64    243 PM  92    1962  67     -3       70
  MINIMUM         47   1159 PM  27    1944  48     -1       54
  AVERAGE         56                        57     -1       62

PRECIPITATION (IN)
  YESTERDAY        0.19          1.48 1900   0.14   0.05     0.10
  MONTH TO DATE    1.76                      2.42  -0.66     0.14
  SINCE MAR 1      7.88                     10.74  -2.86     5.53
  SINCE JAN 1     15.27                     17.46  -2.19    13.84

SNOWFALL (IN)
  YESTERDAY        0.0           T    1976   0.0    0.0      0.0
  MONTH TO DATE    0.0                       0.0    0.0      0.0
  SINCE MAR 1     15.5                      14.2    1.3     11.1
  SINCE JUL 1     47.2                      64.1  -16.9    119.7
  SNOW DEPTH      MM

DEGREE DAYS
 HEATING
  YESTERDAY        9                         8      1        3
  MONTH TO DATE  247                       205     42       83
  SINCE MAR 1   1619                      1715    -96     1727
  SINCE JUL 1   5678                      6552   -874     6841

 COOLING
  YESTERDAY        0                         1     -1        0
  MONTH TO DATE    1                         4     -3       29
  SINCE MAR 1      5                         7     -2       29
  SINCE JAN 1      5                         7     -2       29
..................................................................


WIND (MPH)
  RESULTANT WIND SPEED   1   RESULTANT WIND DIRECTION   E (90)
  HIGHEST WIND SPEED    21   HIGHEST WIND DIRECTION     N (340)
  HIGHEST GUST SPEED    28   HIGHEST GUST DIRECTION    NW (330)
  AVERAGE WIND SPEED     5.5


SKY COVER
  POSSIBLE SUNSHINE  MM
  AVERAGE SKY COVER 0.7


WEATHER CONDITIONS
 THE FOLLOWING WEATHER WAS RECORDED YESTERDAY.
  THUNDERSTORM
  HEAVY RAIN
  RAIN
  LIGHT RAIN
  FOG


RELATIVE HUMIDITY (PERCENT)
 HIGHEST    93          1100 PM
 LOWEST     43          1200 PM
 AVERAGE    68

..........................................................


THE WORCESTER MA CLIMATE NORMALS FOR TODAY
                         NORMAL    RECORD    YEAR
 MAXIMUM TEMPERATURE (F)   67        91      1903
 MINIMUM TEMPERATURE (F)   48        34      1944


SUNRISE AND SUNSET
MAY 20 2016...........SUNRISE   521 AM EDT   SUNSET   807 PM EDT
MAY 21 2016...........SUNRISE   520 AM EDT   SUNSET   808 PM EDT


-  INDICATES NEGATIVE NUMBERS.
R  INDICATES RECORD WAS SET OR TIED.
MM INDICATES DATA IS MISSING.
T  INDICATES TRACE AMOUNT.




$$
