000
CDUS41 KBOX 240552
CLIORH


CLIMATE REPORT
NATIONAL WEATHER SERVICE TAUNTON MA
142 AM EDT SUN APR 24 2016


...................................

...THE WORCESTER MA CLIMATE SUMMARY FOR APRIL 23 2016...

CLIMATE NORMAL PERIOD 1981 TO 2010
CLIMATE RECORD PERIOD 1892 TO 2016


WEATHER ITEM   OBSERVED TIME   RECORD YEAR NORMAL DEPARTURE LAST
                VALUE   (LST)  VALUE       VALUE  FROM      YEAR
                                                  NORMAL
..................................................................
TEMPERATURE (F)
 YESTERDAY
  MAXIMUM         63    100 PM  84    2007  58      5       45
                                      1902
  MINIMUM         46   1159 PM  20    1933  40      6       33
  AVERAGE         55                        49      6       39

PRECIPITATION (IN)
  YESTERDAY       MM             1.50 2005   0.13  MM         T
  MONTH TO DATE    2.31                      3.21  -0.90     2.87
  SINCE MAR 1      5.80                      7.42  -1.62     5.29
  SINCE JAN 1     13.19                     14.14  -0.95    13.60

SNOWFALL (IN)
  YESTERDAY       MM             1.1  1956   0.0   MM        0.0
  MONTH TO DATE   10.0                       2.5    7.5      0.2
  SINCE MAR 1     15.5                      13.9    1.6     11.1
  SINCE JUL 1     47.2                      63.8  -16.6    119.7
  SNOW DEPTH      MM

DEGREE DAYS
 HEATING
  YESTERDAY       10                        16     -6       26
  MONTH TO DATE  472                       468      4      435
  SINCE MAR 1   1241                      1407   -166     1521
  SINCE JUL 1   5300                      6244   -944     6635

 COOLING
  YESTERDAY        0                         0      0        0
  MONTH TO DATE    4                         0      4        0
  SINCE MAR 1      4                         0      4        0
  SINCE JAN 1      4                         0      4        0
..................................................................


WIND (MPH)
  RESULTANT WIND SPEED  14   RESULTANT WIND DIRECTION   N (20)
  HIGHEST WIND SPEED    MM   HIGHEST WIND DIRECTION    MM
  HIGHEST GUST SPEED    MM   HIGHEST GUST DIRECTION    MM
  AVERAGE WIND SPEED    MM


SKY COVER
  POSSIBLE SUNSHINE  MM
  AVERAGE SKY COVER  MM


WEATHER CONDITIONS
 THE FOLLOWING WEATHER WAS RECORDED YESTERDAY.
  LIGHT RAIN


RELATIVE HUMIDITY (PERCENT)
 HIGHEST    MM
 LOWEST     MM
 AVERAGE    MM

..........................................................


THE WORCESTER MA CLIMATE NORMALS FOR TODAY
                         NORMAL    RECORD    YEAR
 MAXIMUM TEMPERATURE (F)   59        84      2001
 MINIMUM TEMPERATURE (F)   40        21      1930


SUNRISE AND SUNSET
APRIL 24 2016.........SUNRISE   552 AM EDT   SUNSET   740 PM EDT
APRIL 25 2016.........SUNRISE   551 AM EDT   SUNSET   741 PM EDT


-  INDICATES NEGATIVE NUMBERS.
R  INDICATES RECORD WAS SET OR TIED.
MM INDICATES DATA IS MISSING.
T  INDICATES TRACE AMOUNT.




$$
