652
CDUS41 KBOX 190552
CLIORH


CLIMATE REPORT
NATIONAL WEATHER SERVICE TAUNTON MA
1245 AM EST THU JAN 19 2017


...................................

...THE WORCESTER MA CLIMATE SUMMARY FOR JANUARY 18 2017...

CLIMATE NORMAL PERIOD 1981 TO 2010
CLIMATE RECORD PERIOD 1892 TO 2017


WEATHER ITEM   OBSERVED TIME   RECORD YEAR NORMAL DEPARTURE LAST
                VALUE   (LST)  VALUE       VALUE  FROM      YEAR
                                                  NORMAL
..................................................................
TEMPERATURE (F)
 YESTERDAY
  MAXIMUM         32   1146 AM  59    1973  31      1       24
  MINIMUM         30   1159 PM -12    1982  16     14       13
  AVERAGE         31                        24      7       19

PRECIPITATION (IN)
  YESTERDAY        0.24          1.30 2015   0.12   0.12     0.05
  MONTH TO DATE    2.83                      2.01   0.82     1.99
  SINCE DEC 1      6.63                      5.83   0.80     6.64
  SINCE JAN 1      2.83                      2.01   0.82     1.99

SNOWFALL (IN)
  YESTERDAY        1.3           8.2  2009   0.5    0.8      1.3
  MONTH TO DATE    9.7                      10.0   -0.3      6.9
  SINCE DEC 1     27.2                      24.4    2.8      8.3
  SINCE JUL 1     27.2                      27.2    0.0      8.3
  SNOW DEPTH       0

DEGREE DAYS
 HEATING
  YESTERDAY       34                        41     -7       46
  MONTH TO DATE  666                       734    -68      675
  SINCE DEC 1   1756                      1836    -80     1399
  SINCE JUL 1   2943                      3238   -295     2548

 COOLING
  YESTERDAY        0                         0      0        0
  MONTH TO DATE    0                         0      0        0
  SINCE DEC 1      0                         0      0        0
  SINCE JAN 1      0                         0      0        0
..................................................................


WIND (MPH)
  RESULTANT WIND SPEED   8   RESULTANT WIND DIRECTION  NE (30)
  HIGHEST WIND SPEED    14   HIGHEST WIND DIRECTION     N (20)
  HIGHEST GUST SPEED    19   HIGHEST GUST DIRECTION     N (20)
  AVERAGE WIND SPEED     8.1


SKY COVER
  POSSIBLE SUNSHINE  MM
  AVERAGE SKY COVER 1.0


WEATHER CONDITIONS
 THE FOLLOWING WEATHER WAS RECORDED YESTERDAY.
  LT FREEZING RAIN
  SNOW
  LIGHT SNOW
  FOG
  FOG W/VISIBILITY <= 1/4 MILE


RELATIVE HUMIDITY (PERCENT)
 HIGHEST   100           100 AM
 LOWEST     92          1000 AM
 AVERAGE    96

..........................................................


THE WORCESTER MA CLIMATE NORMALS FOR TODAY
                         NORMAL    RECORD    YEAR
 MAXIMUM TEMPERATURE (F)   31        58      1929
                                             1915
 MINIMUM TEMPERATURE (F)   16       -10      1938


SUNRISE AND SUNSET
JANUARY 19 2017.......SUNRISE   711 AM EST   SUNSET   446 PM EST
JANUARY 20 2017.......SUNRISE   711 AM EST   SUNSET   447 PM EST


-  INDICATES NEGATIVE NUMBERS.
R  INDICATES RECORD WAS SET OR TIED.
MM INDICATES DATA IS MISSING.
T  INDICATES TRACE AMOUNT.




$$
