000
CDUS41 KBOX 010532
CLIORH


CLIMATE REPORT
NATIONAL WEATHER SERVICE TAUNTON MA
1232 AM EST MON FEB 1 2016


...................................

...THE WORCESTER MA CLIMATE SUMMARY FOR JANUARY 31 2016...

CLIMATE NORMAL PERIOD 1981 TO 2010
CLIMATE RECORD PERIOD 1892 TO 2016


WEATHER ITEM   OBSERVED TIME   RECORD YEAR NORMAL DEPARTURE LAST
                VALUE   (LST)  VALUE       VALUE  FROM      YEAR
                                                  NORMAL
..................................................................
TEMPERATURE (F)
 YESTERDAY
  MAXIMUM         53    248 PM  59    2013  32     21       16
  MINIMUM         33    802 AM -10    1920  17     16        5
  AVERAGE         43                        25     18       11

PRECIPITATION (IN)
  YESTERDAY        0.00          0.84 1914   0.11  -0.11      T
  MONTH TO DATE    2.12                      3.49  -1.37     5.03
  SINCE DEC 1      6.77                      7.31  -0.54     9.93
  SINCE JAN 1      2.12                      3.49  -1.37     5.03

SNOWFALL (IN)
  YESTERDAY        0.0           5.5  1931   0.6   -0.6       T
  MONTH TO DATE    9.7                      17.1   -7.4     46.5
  SINCE DEC 1     11.1                      31.5  -20.4     48.0
  SINCE JUL 1     11.1                      34.3  -23.2     55.2
  SNOW DEPTH      MM

DEGREE DAYS
 HEATING
  YESTERDAY       22                        40    -18       54
  MONTH TO DATE 1166                      1266   -100     1358
  SINCE DEC 1   1890                      2371   -481     2322
  SINCE JUL 1   3039                      3773   -734     3700

 COOLING
  YESTERDAY        0                         0      0        0
  MONTH TO DATE    0                         0      0        0
  SINCE DEC 1      0                         0      0        0
  SINCE JAN 1      0                         0      0        0
..................................................................


WIND (MPH)
  RESULTANT WIND SPEED  13   RESULTANT WIND DIRECTION  SW (230)
  HIGHEST WIND SPEED    26   HIGHEST WIND DIRECTION    SW (240)
  HIGHEST GUST SPEED    35   HIGHEST GUST DIRECTION    SW (220)
  AVERAGE WIND SPEED    12.8


SKY COVER
  POSSIBLE SUNSHINE  MM
  AVERAGE SKY COVER 0.1


WEATHER CONDITIONS
 THE FOLLOWING WEATHER WAS RECORDED YESTERDAY.
  NO SIGNIFICANT WEATHER WAS OBSERVED.


RELATIVE HUMIDITY (PERCENT)
 HIGHEST    70          1100 PM
 LOWEST     35           100 PM
 AVERAGE    53

..........................................................


THE WORCESTER MA CLIMATE NORMALS FOR TODAY
                         NORMAL    RECORD    YEAR
 MAXIMUM TEMPERATURE (F)   32        61      1989
 MINIMUM TEMPERATURE (F)   17       -11      1935


SUNRISE AND SUNSET
FEBRUARY  1 2016......SUNRISE   701 AM EST   SUNSET   501 PM EST
FEBRUARY  2 2016......SUNRISE   700 AM EST   SUNSET   502 PM EST


-  INDICATES NEGATIVE NUMBERS.
R  INDICATES RECORD WAS SET OR TIED.
MM INDICATES DATA IS MISSING.
T  INDICATES TRACE AMOUNT.




$$
