000
CDUS41 KBOX 110543
CLIORH


CLIMATE REPORT
NATIONAL WEATHER SERVICE TAUNTON MA
139 AM EDT THU SEP 11 2014


...................................

...THE WORCESTER MA CLIMATE SUMMARY FOR SEPTEMBER 10 2014...

CLIMATE NORMAL PERIOD 1981 TO 2010
CLIMATE RECORD PERIOD 1892 TO 2014


WEATHER ITEM   OBSERVED TIME   RECORD YEAR NORMAL DEPARTURE LAST
                VALUE   (LST)  VALUE       VALUE  FROM      YEAR
                                                  NORMAL
..................................................................
TEMPERATURE (F)
 YESTERDAY
  MAXIMUM         69    340 PM  91    1931  72     -3       73
  MINIMUM         55    638 AM  35    1938  55      0       55
  AVERAGE         62                        63     -1       64

PRECIPITATION (IN)
  YESTERDAY        0.00          2.35 1999   0.12  -0.12     0.08
  MONTH TO DATE    1.07                      1.14  -0.07     1.86
  SINCE SEP 1      1.07                      1.14  -0.07     1.86
  SINCE JAN 1     36.10                     32.50   3.60    34.88

SNOWFALL (IN)
  YESTERDAY        0.0           0.0  2002   0.0    0.0      0.0
                                      2001
                                      2000
  MONTH TO DATE    0.0                       0.0    0.0      0.0
  SINCE SEP 1      0.0                       0.0    0.0      0.0
  SINCE JUL 1      0.0                       0.0    0.0      0.0
  SNOW DEPTH      MM

DEGREE DAYS
 HEATING
  YESTERDAY        3                         3      0        1
  MONTH TO DATE   10                        25    -15       31
  SINCE SEP 1     10                        25    -15       31
  SINCE JUL 1     30                        64    -34       50

 COOLING
  YESTERDAY        0                         2     -2        0
  MONTH TO DATE   52                        24     28       17
  SINCE SEP 1     52                        24     28       17
  SINCE JAN 1    414                       450    -36      548
..................................................................


WIND (MPH)
  RESULTANT WIND SPEED   4   RESULTANT WIND DIRECTION  NE (50)
  HIGHEST WIND SPEED     9   HIGHEST WIND DIRECTION    SE (150)
  HIGHEST GUST SPEED    14   HIGHEST GUST DIRECTION    NE (30)
  AVERAGE WIND SPEED     5.2


SKY COVER
  POSSIBLE SUNSHINE  MM
  AVERAGE SKY COVER 0.7


WEATHER CONDITIONS
 THE FOLLOWING WEATHER WAS RECORDED YESTERDAY.
  FOG
  FOG W/VISIBILITY <= 1/4 MILE


RELATIVE HUMIDITY (PERCENT)
 HIGHEST   100           100 AM
 LOWEST     63           100 PM
 AVERAGE    82

..........................................................


THE WORCESTER MA CLIMATE NORMALS FOR TODAY
                         NORMAL    RECORD    YEAR
 MAXIMUM TEMPERATURE (F)   71        91      1983
                                             1931
 MINIMUM TEMPERATURE (F)   55        39      1917


SUNRISE AND SUNSET
SEPTEMBER 11 2014.....SUNRISE   623 AM EDT   SUNSET   704 PM EDT
SEPTEMBER 12 2014.....SUNRISE   624 AM EDT   SUNSET   702 PM EDT


-  INDICATES NEGATIVE NUMBERS.
R  INDICATES RECORD WAS SET OR TIED.
MM INDICATES DATA IS MISSING.
T  INDICATES TRACE AMOUNT.




$$
