000
CDUS41 KBOX 220526
CLIORH


CLIMATE REPORT
NATIONAL WEATHER SERVICE TAUNTON MA
1226 AM EST SUN FEB 22 2015


...................................

...THE WORCESTER MA CLIMATE SUMMARY FOR FEBRUARY 21 2015...

CLIMATE NORMAL PERIOD 1981 TO 2010
CLIMATE RECORD PERIOD 1892 TO 2015


WEATHER ITEM   OBSERVED TIME   RECORD YEAR NORMAL DEPARTURE LAST
                VALUE   (LST)  VALUE       VALUE  FROM      YEAR
                                                  NORMAL
..................................................................
TEMPERATURE (F)
 YESTERDAY
  MAXIMUM         29   1159 PM  59    1930  36     -7       38
  MINIMUM         -1    622 AM -10    1950  21    -22       31
  AVERAGE         14                        28    -14       35

PRECIPITATION (IN)
  YESTERDAY        0.29          1.67 1996   0.11   0.18     0.10
  MONTH TO DATE    3.17                      2.38   0.79     4.06
  SINCE DEC 1     13.10                      9.69   3.41    11.59
  SINCE JAN 1      8.20                      5.87   2.33     7.16

SNOWFALL (IN)
  YESTERDAY        3.8           7.0  1947   0.6    3.2      0.0
  MONTH TO DATE   52.5                      12.1   40.4     41.2
  SINCE DEC 1    100.5                      43.6   56.9     80.1
  SINCE JUL 1    107.7                      46.4   61.3     80.6
  SNOW DEPTH      MM

DEGREE DAYS
 HEATING
  YESTERDAY       51                        37     14       30
  MONTH TO DATE  881                       812     69      873
  SINCE DEC 1   3203                      3183     20     3350
  SINCE JUL 1   4581                      4585     -4     4762

 COOLING
  YESTERDAY        0                         0      0        0
  MONTH TO DATE    0                         0      0        0
  SINCE DEC 1      0                         0      0        0
  SINCE JAN 1      0                         0      0        0
..................................................................


WIND (MPH)
  RESULTANT WIND SPEED  12   RESULTANT WIND DIRECTION  SW (220)
  HIGHEST WIND SPEED    24   HIGHEST WIND DIRECTION     S (200)
  HIGHEST GUST SPEED    32   HIGHEST GUST DIRECTION    SW (210)
  AVERAGE WIND SPEED    13.2


SKY COVER
  POSSIBLE SUNSHINE  MM
  AVERAGE SKY COVER 0.6


WEATHER CONDITIONS
 THE FOLLOWING WEATHER WAS RECORDED YESTERDAY.
  SNOW
  LIGHT SNOW
  FOG
  HAZE


RELATIVE HUMIDITY (PERCENT)
 HIGHEST    92           700 PM
 LOWEST     45          1200 PM
 AVERAGE    69

..........................................................


THE WORCESTER MA CLIMATE NORMALS FOR TODAY
                         NORMAL    RECORD    YEAR
 MAXIMUM TEMPERATURE (F)   36        57      1991
 MINIMUM TEMPERATURE (F)   21        -2      1963
                                             1928


SUNRISE AND SUNSET
FEBRUARY 22 2015......SUNRISE   634 AM EST   SUNSET   528 PM EST
FEBRUARY 23 2015......SUNRISE   633 AM EST   SUNSET   530 PM EST


-  INDICATES NEGATIVE NUMBERS.
R  INDICATES RECORD WAS SET OR TIED.
MM INDICATES DATA IS MISSING.
T  INDICATES TRACE AMOUNT.




$$
