000
CDUS41 KBOX 230539
CLIORH


CLIMATE REPORT
NATIONAL WEATHER SERVICE TAUNTON MA
139 AM EDT MON MAR 23 2015


...................................

...THE WORCESTER MA CLIMATE SUMMARY FOR MARCH 22 2015...

CLIMATE NORMAL PERIOD 1981 TO 2010
CLIMATE RECORD PERIOD 1892 TO 2015


WEATHER ITEM   OBSERVED TIME   RECORD YEAR NORMAL DEPARTURE LAST
                VALUE   (LST)  VALUE       VALUE  FROM      YEAR
                                                  NORMAL
..................................................................
TEMPERATURE (F)
 YESTERDAY
  MAXIMUM         34   1204 AM  78    2012  45    -11       51
  MINIMUM         15   1159 PM   8    1988  28    -13       23
  AVERAGE         25                        37    -12       37

PRECIPITATION (IN)
  YESTERDAY        T             1.66 2001   0.16  -0.16      T
  MONTH TO DATE    1.67                      2.90  -1.23     1.30
  SINCE MAR 1      1.67                      2.90  -1.23     1.30
  SINCE JAN 1      9.98                      9.62   0.36     8.48

SNOWFALL (IN)
  YESTERDAY        T            10.3  1977   0.3   -0.3      0.0
  MONTH TO DATE    8.2                       9.0   -0.8      3.4
  SINCE MAR 1      8.2                       9.0   -0.8      3.4
  SINCE JUL 1    116.8                      58.9   57.9     84.3
  SNOW DEPTH      MM

DEGREE DAYS
 HEATING
  YESTERDAY       40                        28     12       28
  MONTH TO DATE  797                       699     98      819
  SINCE MAR 1    797                       699     98      819
  SINCE JUL 1   5911                      5536    375     5873

 COOLING
  YESTERDAY        0                         0      0        0
  MONTH TO DATE    0                         0      0        0
  SINCE MAR 1      0                         0      0        0
  SINCE JAN 1      0                         0      0        0
..................................................................


WIND (MPH)
  RESULTANT WIND SPEED  19   RESULTANT WIND DIRECTION   W (280)
  HIGHEST WIND SPEED    33   HIGHEST WIND DIRECTION    NW (300)
  HIGHEST GUST SPEED    44   HIGHEST GUST DIRECTION     W (290)
  AVERAGE WIND SPEED    18.6


SKY COVER
  POSSIBLE SUNSHINE  MM
  AVERAGE SKY COVER 0.1


WEATHER CONDITIONS
 THE FOLLOWING WEATHER WAS RECORDED YESTERDAY.
  LIGHT SNOW


RELATIVE HUMIDITY (PERCENT)
 HIGHEST    63           300 AM
 LOWEST     29           400 PM
 AVERAGE    46

..........................................................


THE WORCESTER MA CLIMATE NORMALS FOR TODAY
                         NORMAL    RECORD    YEAR
 MAXIMUM TEMPERATURE (F)   45        78      1938
 MINIMUM TEMPERATURE (F)   29         4      1934


SUNRISE AND SUNSET
MARCH 23 2015.........SUNRISE   646 AM EDT   SUNSET   703 PM EDT
MARCH 24 2015.........SUNRISE   644 AM EDT   SUNSET   704 PM EDT


-  INDICATES NEGATIVE NUMBERS.
R  INDICATES RECORD WAS SET OR TIED.
MM INDICATES DATA IS MISSING.
T  INDICATES TRACE AMOUNT.




$$
