000
CDUS41 KBOX 130550
CLIORH


CLIMATE REPORT
NATIONAL WEATHER SERVICE TAUNTON MA
147 AM EDT SAT AUG 13 2016


...................................

...THE WORCESTER MA CLIMATE SUMMARY FOR AUGUST 12 2016...

CLIMATE NORMAL PERIOD 1981 TO 2010
CLIMATE RECORD PERIOD 1892 TO 2016


WEATHER ITEM   OBSERVED TIME   RECORD YEAR NORMAL DEPARTURE LAST
                VALUE   (LST)  VALUE       VALUE  FROM      YEAR
                                                  NORMAL
..................................................................
TEMPERATURE (F)
 YESTERDAY
  MAXIMUM         90    127 PM  99    1944  78     12       77
  MINIMUM         72    606 AM  49    1954  61     11       63
                                      1930
  AVERAGE         81                        70     11       70

PRECIPITATION (IN)
  YESTERDAY        T             2.22 1931   0.12  -0.12     0.00
  MONTH TO DATE    1.30                      1.58  -0.28     1.11
  SINCE JUN 1      5.02                     10.00  -4.98    10.32
  SINCE JAN 1     20.74                     29.23  -8.49    24.62

SNOWFALL (IN)
  YESTERDAY        0.0           0.0  2002   0.0    0.0      0.0
                                      2001
                                      2000
  MONTH TO DATE    0.0                       0.0    0.0      0.0
  SINCE JUN 1      0.0                       0.0    0.0      0.0
  SINCE JUL 1      0.0                       0.0    0.0      0.0
  SNOW DEPTH      MM

DEGREE DAYS
 HEATING
  YESTERDAY        0                         1     -1        0
  MONTH TO DATE    0                         3     -3        0
  SINCE JUN 1     60                       100    -40       95
  SINCE JUL 1      9                        17     -8        1

 COOLING
  YESTERDAY       16                         5     11        5
  MONTH TO DATE   92                        66     26       54
  SINCE JUN 1    408                       325     83      361
  SINCE JAN 1    450                       347    103      427
..................................................................


WIND (MPH)
  RESULTANT WIND SPEED  12   RESULTANT WIND DIRECTION  SW (240)
  HIGHEST WIND SPEED    21   HIGHEST WIND DIRECTION     W (250)
  HIGHEST GUST SPEED    26   HIGHEST GUST DIRECTION    SW (240)
  AVERAGE WIND SPEED    12.1


SKY COVER
  POSSIBLE SUNSHINE  MM
  AVERAGE SKY COVER 0.2


WEATHER CONDITIONS
 THE FOLLOWING WEATHER WAS RECORDED YESTERDAY.
  THUNDERSTORM
  LIGHT RAIN


RELATIVE HUMIDITY (PERCENT)
 HIGHEST    90           500 AM
 LOWEST     55           100 PM
 AVERAGE    73

..........................................................


THE WORCESTER MA CLIMATE NORMALS FOR TODAY
                         NORMAL    RECORD    YEAR
 MAXIMUM TEMPERATURE (F)   78        98      1944
 MINIMUM TEMPERATURE (F)   61        40      1941


SUNRISE AND SUNSET
AUGUST 13 2016........SUNRISE   553 AM EDT   SUNSET   751 PM EDT
AUGUST 14 2016........SUNRISE   554 AM EDT   SUNSET   749 PM EDT


-  INDICATES NEGATIVE NUMBERS.
R  INDICATES RECORD WAS SET OR TIED.
MM INDICATES DATA IS MISSING.
T  INDICATES TRACE AMOUNT.




$$
