000
CDUS41 KBOX 151649
CLIORH


CLIMATE REPORT
NATIONAL WEATHER SERVICE TAUNTON MA
1240 PM EDT WED MAR 15 2017


...................................

...THE WORCESTER MA CLIMATE SUMMARY FOR MARCH 14 2017...

CLIMATE NORMAL PERIOD 1981 TO 2010
CLIMATE RECORD PERIOD 1892 TO 2017


WEATHER ITEM   OBSERVED TIME   RECORD YEAR NORMAL DEPARTURE LAST
                VALUE   (LST)  VALUE       VALUE  FROM      YEAR
                                                  NORMAL
..................................................................
TEMPERATURE (F)
 YESTERDAY
  MAXIMUM         31    624 PM  73    1946  42    -11       47
  MINIMUM         20    621 AM   4    1948  26     -6       34
  AVERAGE         26                        34     -8       41

PRECIPITATION (IN)
  YESTERDAY        1.54          1.75 2010   0.13   1.41     0.41
  MONTH TO DATE    1.83                      1.77   0.06     1.35
  SINCE MAR 1      1.83                      1.77   0.06     1.35
  SINCE JAN 1      8.18                      8.49  -0.31     8.74

SNOWFALL (IN)
  YESTERDAY       14.4 R        14.4  2017   0.3   14.1       T
  MONTH TO DATE   16.1                       6.2    9.9       T
  SINCE MAR 1     16.1                       6.2    9.9       T
  SINCE JUL 1     73.9                      56.1   17.8     31.7
  SNOW DEPTH      MM

DEGREE DAYS
 HEATING
  YESTERDAY       39                        31      8       24
  MONTH TO DATE  519                       463     56      354
  SINCE MAR 1    519                       463     56      354
  SINCE JUL 1   4796                      5300   -504     4413

 COOLING
  YESTERDAY        0                         0      0        0
  MONTH TO DATE    0                         0      0        0
  SINCE MAR 1      0                         0      0        0
  SINCE JAN 1      0                         0      0        0
..................................................................


WIND (MPH)
  RESULTANT WIND SPEED  11   RESULTANT WIND DIRECTION   N (20)
  HIGHEST WIND SPEED    33   HIGHEST WIND DIRECTION     W (280)
  HIGHEST GUST SPEED    55   HIGHEST GUST DIRECTION    NE (50)
  AVERAGE WIND SPEED    17.1


SKY COVER
  POSSIBLE SUNSHINE  MM
  AVERAGE SKY COVER 1.0


WEATHER CONDITIONS
 THE FOLLOWING WEATHER WAS RECORDED YESTERDAY.
  THUNDERSTORM
  HEAVY SNOW
  SNOW
  LIGHT SNOW
  FOG
  FOG W/VISIBILITY <= 1/4 MILE
  BLOWING SNOW


RELATIVE HUMIDITY (PERCENT)
 HIGHEST    92           800 AM
 LOWEST     54          1200 AM
 AVERAGE    73

..........................................................


THE WORCESTER MA CLIMATE NORMALS FOR TODAY
                         NORMAL    RECORD    YEAR
 MAXIMUM TEMPERATURE (F)   42        81      1990
 MINIMUM TEMPERATURE (F)   26         2      1993


SUNRISE AND SUNSET
MARCH 15 2017.........SUNRISE   659 AM EDT   SUNSET   654 PM EDT
MARCH 16 2017.........SUNRISE   657 AM EDT   SUNSET   655 PM EDT


-  INDICATES NEGATIVE NUMBERS.
R  INDICATES RECORD WAS SET OR TIED.
MM INDICATES DATA IS MISSING.
T  INDICATES TRACE AMOUNT.




$$
