000
CDUS41 KBOX 202130
CLIORH


CLIMATE REPORT
NATIONAL WEATHER SERVICE TAUNTON MA
427 PM EST FRI FEB 20 2015


...................................

...THE WORCESTER MA CLIMATE SUMMARY FOR FEBRUARY 20 2015...
VALID AS OF 0400 PM LOCAL TIME.

CLIMATE NORMAL PERIOD 1981 TO 2010
CLIMATE RECORD PERIOD 1892 TO 2015


WEATHER ITEM   OBSERVED TIME   RECORD YEAR NORMAL DEPARTURE LAST
                VALUE   (LST)  VALUE       VALUE  FROM      YEAR
                                                  NORMAL
..................................................................
TEMPERATURE (F)
 TODAY
  MAXIMUM         13    350 PM  65    1930  36    -23       43
  MINIMUM         -2    757 AM  -8    1966  20    -22       27
  AVERAGE          6                        28    -22       35

PRECIPITATION (IN)
  TODAY            0.00          1.50 1934   0.12  -0.12     0.13
  MONTH TO DATE    2.88                      2.27   0.61     3.96
  SINCE DEC 1     12.81                      9.58   3.23    11.49
  SINCE JAN 1      7.91                      5.76   2.15     7.06

SNOWFALL (IN)
  TODAY            0.0          15.5  1934   0.6   -0.6       T
  MONTH TO DATE   48.7                      11.5   37.2     41.2
  SINCE DEC 1     96.7                      43.0   53.7     80.1
  SINCE JUL 1    103.9                      45.8   58.1     80.6
  SNOW DEPTH      MM

DEGREE DAYS
 HEATING
  TODAY           59                        37     22       30
  MONTH TO DATE  830                       775     55      843
  SINCE DEC 1   3152                      3146      6     3320
  SINCE JUL 1   4530                      4548    -18     4732

 COOLING
  TODAY            0                         0      0        0
  MONTH TO DATE    0                         0      0        0
  SINCE DEC 1      0                         0      0        0
  SINCE JAN 1      0                         0      0        0
..................................................................


WIND (MPH)
  HIGHEST WIND SPEED    33   HIGHEST WIND DIRECTION     W (280)
  HIGHEST GUST SPEED    45   HIGHEST GUST DIRECTION     W (280)
  AVERAGE WIND SPEED    23.8


SKY COVER
  POSSIBLE SUNSHINE  MM
  AVERAGE SKY COVER 0.0


WEATHER CONDITIONS
 THE FOLLOWING WEATHER WAS RECORDED TODAY.
  HAZE
  BLOWING SNOW


RELATIVE HUMIDITY (PERCENT)
 HIGHEST    69           100 AM
 LOWEST     42           400 PM
 AVERAGE    56

..........................................................


THE WORCESTER MA CLIMATE NORMALS FOR TOMORROW
                         NORMAL    RECORD    YEAR
 MAXIMUM TEMPERATURE (F)   36        59      1930
 MINIMUM TEMPERATURE (F)   21       -10      1950


SUNRISE AND SUNSET
FEBRUARY 20 2015......SUNRISE   637 AM EST   SUNSET   526 PM EST
FEBRUARY 21 2015......SUNRISE   636 AM EST   SUNSET   527 PM EST


-  INDICATES NEGATIVE NUMBERS.
R  INDICATES RECORD WAS SET OR TIED.
MM INDICATES DATA IS MISSING.
T  INDICATES TRACE AMOUNT.




$$
