000
CDUS41 KBOX 130550
CLIORH


CLIMATE REPORT
NATIONAL WEATHER SERVICE TAUNTON MA
1245 AM EST SAT DEC 13 2014


...................................

...THE WORCESTER MA CLIMATE SUMMARY FOR DECEMBER 12 2014...

CLIMATE NORMAL PERIOD 1981 TO 2010
CLIMATE RECORD PERIOD 1892 TO 2014


WEATHER ITEM   OBSERVED TIME   RECORD YEAR NORMAL DEPARTURE LAST
                VALUE   (LST)  VALUE       VALUE  FROM      YEAR
                                                  NORMAL
..................................................................
TEMPERATURE (F)
 YESTERDAY
  MAXIMUM         31    328 PM  63    1911  37     -6       20
                                      1899
  MINIMUM         26    859 AM  -4    1988  24      2       10
  AVERAGE         29                        31     -2       15

PRECIPITATION (IN)
  YESTERDAY        0.00          2.36 2010   0.13  -0.13      T
  MONTH TO DATE    3.52                      1.60   1.92     1.04
  SINCE DEC 1      3.52                      1.60   1.92     1.04
  SINCE JAN 1     52.20                     45.85   6.35    42.34

SNOWFALL (IN)
  YESTERDAY        0.0          17.3  1992   0.4   -0.4       T
  MONTH TO DATE    1.3                       4.5   -3.2      2.5
  SINCE DEC 1      1.3                       4.5   -3.2      2.5
  SINCE JUL 1      8.5                       7.3    1.2      3.0
  SNOW DEPTH       0

DEGREE DAYS
 HEATING
  YESTERDAY       36                        34      2       50
  MONTH TO DATE  369                       388    -19      413
  SINCE DEC 1    369                       388    -19      413
  SINCE JUL 1   1747                      1790    -43     1825

 COOLING
  YESTERDAY        0                         0      0        0
  MONTH TO DATE    0                         0      0        0
  SINCE DEC 1      0                         0      0        0
  SINCE JAN 1    426                       471    -45      572
..................................................................


WIND (MPH)
  RESULTANT WIND SPEED  13   RESULTANT WIND DIRECTION   W (290)
  HIGHEST WIND SPEED    21   HIGHEST WIND DIRECTION    NW (300)
  HIGHEST GUST SPEED    25   HIGHEST GUST DIRECTION    NW (300)
  AVERAGE WIND SPEED    13.7


SKY COVER
  POSSIBLE SUNSHINE  MM
  AVERAGE SKY COVER 0.7


WEATHER CONDITIONS
 THE FOLLOWING WEATHER WAS RECORDED YESTERDAY.
  NO SIGNIFICANT WEATHER WAS OBSERVED.


RELATIVE HUMIDITY (PERCENT)
 HIGHEST    92          1200 AM
 LOWEST     78           100 PM
 AVERAGE    85

..........................................................


THE WORCESTER MA CLIMATE NORMALS FOR TODAY
                         NORMAL    RECORD    YEAR
 MAXIMUM TEMPERATURE (F)   37        62      1984
 MINIMUM TEMPERATURE (F)   23         0      1976


SUNRISE AND SUNSET
DECEMBER 13 2014......SUNRISE   708 AM EST   SUNSET   415 PM EST
DECEMBER 14 2014......SUNRISE   709 AM EST   SUNSET   416 PM EST


-  INDICATES NEGATIVE NUMBERS.
R  INDICATES RECORD WAS SET OR TIED.
MM INDICATES DATA IS MISSING.
T  INDICATES TRACE AMOUNT.




$$
