000
CDUS41 KBOX 142122
CLIORH


CLIMATE REPORT
NATIONAL WEATHER SERVICE TAUNTON MA
522 PM EDT MON APR 14 2014


...................................

...THE WORCESTER MA CLIMATE SUMMARY FOR APRIL 14 2014...
VALID AS OF 0500 PM LOCAL TIME.

CLIMATE NORMAL PERIOD 1981 TO 2010
CLIMATE RECORD PERIOD 1892 TO 2014


WEATHER ITEM   OBSERVED TIME   RECORD YEAR NORMAL DEPARTURE LAST
                VALUE   (LST)  VALUE       VALUE  FROM      YEAR
                                                  NORMAL
..................................................................
TEMPERATURE (F)
 TODAY
  MAXIMUM         71   1113 AM  79    1938  55     16       48
  MINIMUM         57    707 AM  18    1940  37     20       33
  AVERAGE         64                        46     18       41

PRECIPITATION (IN)
  TODAY            0.00          2.17 1895   0.15  -0.15     0.00
  MONTH TO DATE    0.93                      2.04  -1.11     1.22
  SINCE MAR 1      6.35                      6.25   0.10     4.90
  SINCE JAN 1     13.53                     12.97   0.56    11.78

SNOWFALL (IN)
  TODAY            0.0           3.8  1953   0.1   -0.1      0.0
  MONTH TO DATE    0.0                       1.8   -1.8      0.0
  SINCE MAR 1      3.7                      13.2   -9.5     30.9
  SINCE JUL 1     84.6                      63.1   21.5    108.9
  SNOW DEPTH      MM

DEGREE DAYS
 HEATING
  TODAY            1                        20    -19       24
  MONTH TO DATE  248                       309    -61      322
  SINCE MAR 1   1376                      1248    128     1286
  SINCE JUL 1   6430                      6085    345     5723

 COOLING
  TODAY            0                         0      0        0
  MONTH TO DATE    0                         0      0        0
  SINCE MAR 1      0                         0      0        0
  SINCE JAN 1      0                         0      0        0
..................................................................


WIND (MPH)
  HIGHEST WIND SPEED    33   HIGHEST WIND DIRECTION    SW (220)
  HIGHEST GUST SPEED    44   HIGHEST GUST DIRECTION    SW (210)
  AVERAGE WIND SPEED    21.6


SKY COVER
  POSSIBLE SUNSHINE  MM
  AVERAGE SKY COVER 0.1


WEATHER CONDITIONS
 THE FOLLOWING WEATHER WAS RECORDED TODAY.
  NO SIGNIFICANT WEATHER WAS OBSERVED.


RELATIVE HUMIDITY (PERCENT)
 HIGHEST    86           700 AM
 LOWEST     47           100 PM
 AVERAGE    67

..........................................................


THE WORCESTER MA CLIMATE NORMALS FOR TOMORROW
                         NORMAL    RECORD    YEAR
 MAXIMUM TEMPERATURE (F)   55        85      1941
 MINIMUM TEMPERATURE (F)   37        19      1940


SUNRISE AND SUNSET
APRIL 14 2014.........SUNRISE   608 AM EDT   SUNSET   728 PM EDT
APRIL 15 2014.........SUNRISE   607 AM EDT   SUNSET   729 PM EDT


-  INDICATES NEGATIVE NUMBERS.
R  INDICATES RECORD WAS SET OR TIED.
MM INDICATES DATA IS MISSING.
T  INDICATES TRACE AMOUNT.




$$
