924
CDUS41 KBOX 141005
CLIORH


CLIMATE REPORT
NATIONAL WEATHER SERVICE TAUNTON MA
505 AM EST SAT JAN 14 2017


...................................

...THE WORCESTER MA CLIMATE SUMMARY FOR JANUARY 12 2017...

CLIMATE NORMAL PERIOD 1981 TO 2010
CLIMATE RECORD PERIOD 1892 TO 2017


WEATHER ITEM   OBSERVED TIME   RECORD YEAR NORMAL DEPARTURE LAST
                VALUE   (LST)  VALUE       VALUE  FROM      YEAR
                                                  NORMAL
..................................................................
TEMPERATURE (F)
 YESTERDAY
  MAXIMUM         57R  1207 PM  55    1980  31     26       32
                                      1913
  MINIMUM         39    202 AM  -8    1982  17     22       14
                                      1981
  AVERAGE         48                        24     24       23

PRECIPITATION (IN)
  YESTERDAY        0.45          1.58 2011   0.12   0.33     0.18
  MONTH TO DATE    2.19                      1.32   0.87     1.30
  SINCE DEC 1      5.99                      5.14   0.85     5.95
  SINCE JAN 1      2.19                      1.32   0.87     1.30

SNOWFALL (IN)
  YESTERDAY        0.0          21.1  2011   0.6   -0.6      2.9
  MONTH TO DATE    7.7                       6.6    1.1      3.2
  SINCE DEC 1     25.2                      21.0    4.2      4.6
  SINCE JUL 1     25.2                      23.8    1.4      4.6
  SNOW DEPTH      MM

DEGREE DAYS
 HEATING
  YESTERDAY       17                        41    -24       42
  MONTH TO DATE  455                       488    -33      433
  SINCE DEC 1   1545                      1590    -45     1157
  SINCE JUL 1   2732                      2992   -260     2306

 COOLING
  YESTERDAY        0                         0      0        0
  MONTH TO DATE    0                         0      0        0
  SINCE DEC 1      0                         0      0        0
  SINCE JAN 1      0                         0      0        0
..................................................................


WIND (MPH)
  RESULTANT WIND SPEED  18   RESULTANT WIND DIRECTION  SW (230)
  HIGHEST WIND SPEED    30   HIGHEST WIND DIRECTION    SW (230)
  HIGHEST GUST SPEED    43   HIGHEST GUST DIRECTION    SW (230)
  AVERAGE WIND SPEED    18.9


SKY COVER
  POSSIBLE SUNSHINE  MM
  AVERAGE SKY COVER 0.9


WEATHER CONDITIONS
 THE FOLLOWING WEATHER WAS RECORDED YESTERDAY.
  RAIN
  LIGHT RAIN
  FOG


RELATIVE HUMIDITY (PERCENT)
 HIGHEST   100           200 AM
 LOWEST     77          1100 AM
 AVERAGE    89

..........................................................


THE WORCESTER MA CLIMATE NORMALS FOR TODAY
                         NORMAL    RECORD    YEAR
 MAXIMUM TEMPERATURE (F)   31        62      1932
 MINIMUM TEMPERATURE (F)   17        -9      1912


SUNRISE AND SUNSET
JANUARY 13 2017.......SUNRISE   714 AM EST   SUNSET   438 PM EST
JANUARY 14 2017.......SUNRISE   714 AM EST   SUNSET   440 PM EST


-  INDICATES NEGATIVE NUMBERS.
R  INDICATES RECORD WAS SET OR TIED.
MM INDICATES DATA IS MISSING.
T  INDICATES TRACE AMOUNT.




$$
