000
CDUS41 KBOX 242212
CLIORH


CLIMATE REPORT
NATIONAL WEATHER SERVICE TAUNTON MA
608 PM EDT WED JUN 24 2015


...................................

...THE WORCESTER MA CLIMATE SUMMARY FOR JUNE 24 2015...
VALID AS OF 0600 PM LOCAL TIME.

CLIMATE NORMAL PERIOD 1981 TO 2010
CLIMATE RECORD PERIOD 1892 TO 2015


WEATHER ITEM   OBSERVED TIME   RECORD YEAR NORMAL DEPARTURE LAST
                VALUE   (LST)  VALUE       VALUE  FROM      YEAR
                                                  NORMAL
..................................................................
TEMPERATURE (F)
 TODAY
  MAXIMUM         80    335 PM  91    1914  76      4       80
  MINIMUM         62    506 AM  41    1932  59      3       57
  AVERAGE         71                        67      4       69

PRECIPITATION (IN)
  TODAY            0.00          2.67 1944   0.13  -0.13     0.00
  MONTH TO DATE    5.18                      3.44   1.74     1.02
  SINCE JUN 1      5.18                      3.44   1.74     1.02
  SINCE JAN 1     19.48                     22.67  -3.19    22.21

SNOWFALL (IN)
  TODAY            0.0           0.0  2002   0.0    0.0      0.0
                                      2001
                                      2000
  MONTH TO DATE    0.0                       0.0    0.0      0.0
  SINCE JUN 1      0.0                       0.0    0.0      0.0
  SINCE JUL 1    119.7                      64.1   55.6     85.2
  SNOW DEPTH       0

DEGREE DAYS
 HEATING
  TODAY            0                         1     -1        0
  MONTH TO DATE   77                        76      1       45
  SINCE JUN 1     77                        76      1       45
  SINCE JUL 1   6969                      6710    259     7073

 COOLING
  TODAY            6                         4      2        4
  MONTH TO DATE   75                        59     16       49
  SINCE JUN 1     75                        59     16       49
  SINCE JAN 1    141                        81     60       57
..................................................................


WIND (MPH)
  HIGHEST WIND SPEED    17   HIGHEST WIND DIRECTION     W (290)
  HIGHEST GUST SPEED    22   HIGHEST GUST DIRECTION    NW (300)
  AVERAGE WIND SPEED    11.8


SKY COVER
  POSSIBLE SUNSHINE  MM
  AVERAGE SKY COVER 0.2


WEATHER CONDITIONS
 THE FOLLOWING WEATHER WAS RECORDED TODAY.
  NO SIGNIFICANT WEATHER WAS OBSERVED.


RELATIVE HUMIDITY (PERCENT)
 HIGHEST    78           300 AM
 LOWEST     42           200 PM
 AVERAGE    60

..........................................................


THE WORCESTER MA CLIMATE NORMALS FOR TOMORROW
                         NORMAL    RECORD    YEAR
 MAXIMUM TEMPERATURE (F)   77        92      1943
                                             1907
 MINIMUM TEMPERATURE (F)   59        44      1931


SUNRISE AND SUNSET
JUNE 24 2015..........SUNRISE   512 AM EDT   SUNSET   828 PM EDT
JUNE 25 2015..........SUNRISE   512 AM EDT   SUNSET   828 PM EDT


-  INDICATES NEGATIVE NUMBERS.
R  INDICATES RECORD WAS SET OR TIED.
MM INDICATES DATA IS MISSING.
T  INDICATES TRACE AMOUNT.




$$
