000
CDUS41 KBOX 092137
CLIORH


CLIMATE REPORT
NATIONAL WEATHER SERVICE TAUNTON MA
434 PM EST FRI DEC 9 2016


...................................

...THE WORCESTER MA CLIMATE SUMMARY FOR DECEMBER 9 2016...
VALID AS OF 0400 PM LOCAL TIME.

CLIMATE NORMAL PERIOD 1981 TO 2010
CLIMATE RECORD PERIOD 1892 TO 2016


WEATHER ITEM   OBSERVED TIME   RECORD YEAR NORMAL DEPARTURE LAST
                VALUE   (LST)  VALUE       VALUE  FROM      YEAR
                                                  NORMAL
..................................................................
TEMPERATURE (F)
 TODAY
  MAXIMUM         30    228 PM  66    1966  38     -8       44
  MINIMUM         26    622 AM -13    1902  25      1       32
  AVERAGE         28                        32     -4       38

PRECIPITATION (IN)
  TODAY            T             1.68 1973   0.13  -0.13     0.00
  MONTH TO DATE    0.71                      1.20  -0.49     0.51
  SINCE DEC 1      0.71                      1.20  -0.49     0.51
  SINCE JAN 1     37.84                     45.45  -7.61    36.20

SNOWFALL (IN)
  TODAY            T            12.8  2005   0.5   -0.5      0.0
  MONTH TO DATE    2.1                       3.3   -1.2      0.0
  SINCE DEC 1      2.1                       3.3   -1.2      0.0
  SINCE JUL 1      2.1                       6.1   -4.0       T
  SNOW DEPTH      MM

DEGREE DAYS
 HEATING
  TODAY           37                        33      4       27
  MONTH TO DATE  276                       286    -10      229
  SINCE DEC 1    276                       286    -10      229
  SINCE JUL 1   1463                      1688   -225     1378

 COOLING
  TODAY            0                         0      0        0
  MONTH TO DATE    0                         0      0        0
  SINCE DEC 1      0                         0      0        0
  SINCE JAN 1    663                       471    192      659
..................................................................


WIND (MPH)
  HIGHEST WIND SPEED    28   HIGHEST WIND DIRECTION     W (290)
  HIGHEST GUST SPEED    38   HIGHEST GUST DIRECTION     W (290)
  AVERAGE WIND SPEED    19.6


SKY COVER
  POSSIBLE SUNSHINE  MM
  AVERAGE SKY COVER 0.1


WEATHER CONDITIONS
 THE FOLLOWING WEATHER WAS RECORDED TODAY.
  LIGHT SNOW


RELATIVE HUMIDITY (PERCENT)
 HIGHEST    68           600 AM
 LOWEST     42           300 PM
 AVERAGE    55

..........................................................


THE WORCESTER MA CLIMATE NORMALS FOR TOMORROW
                         NORMAL    RECORD    YEAR
 MAXIMUM TEMPERATURE (F)   38        63      1946
 MINIMUM TEMPERATURE (F)   25        -4      1902


SUNRISE AND SUNSET
DECEMBER  9 2016......SUNRISE   705 AM EST   SUNSET   415 PM EST
DECEMBER 10 2016......SUNRISE   706 AM EST   SUNSET   415 PM EST


-  INDICATES NEGATIVE NUMBERS.
R  INDICATES RECORD WAS SET OR TIED.
MM INDICATES DATA IS MISSING.
T  INDICATES TRACE AMOUNT.




$$
