000
CDUS41 KBOX 281509
CLIORH


CLIMATE REPORT
NATIONAL WEATHER SERVICE TAUNTON MA
1006 AM EST FRI NOV 28 2014


...................................

...THE WORCESTER MA CLIMATE SUMMARY FOR NOVEMBER 27 2014...

CLIMATE NORMAL PERIOD 1981 TO 2010
CLIMATE RECORD PERIOD 1892 TO 2014


WEATHER ITEM   OBSERVED TIME   RECORD YEAR NORMAL DEPARTURE LAST
                VALUE   (LST)  VALUE       VALUE  FROM      YEAR
                                                  NORMAL
..................................................................
TEMPERATURE (F)
 YESTERDAY
  MAXIMUM         31    255 PM  66    1896  43    -12       60
  MINIMUM         26   1159 PM   5    1932  29     -3       32
  AVERAGE         29                        36     -7       46

PRECIPITATION (IN)
  YESTERDAY        0.07          2.57 2013   0.14  -0.07     2.57
  MONTH TO DATE    4.46                      3.85   0.61     3.62
  SINCE SEP 1     13.55                     12.46   1.09     8.28
  SINCE JAN 1     48.58                     43.82   4.76    41.30

SNOWFALL (IN)
  YESTERDAY        1.1          10.8  1940   0.1    1.0      0.0
  MONTH TO DATE    7.2                       2.0    5.2      0.5
  SINCE SEP 1      7.2                       2.2    5.0      0.5
  SINCE JUL 1      7.2                       2.2    5.0      0.5
  SNOW DEPTH      MM

DEGREE DAYS
 HEATING
  YESTERDAY       36                        29      7       19
  MONTH TO DATE  701                       652     49      691
  SINCE SEP 1   1247                      1274    -27     1270
  SINCE JUL 1   1267                      1313    -46     1289

 COOLING
  YESTERDAY        0                         0      0        0
  MONTH TO DATE    0                         0      0        0
  SINCE SEP 1     64                        45     19       41
  SINCE JAN 1    426                       471    -45      572
..................................................................


WIND (MPH)
  RESULTANT WIND SPEED   9   RESULTANT WIND DIRECTION  NW (320)
  HIGHEST WIND SPEED    18   HIGHEST WIND DIRECTION     N (360)
  HIGHEST GUST SPEED    28   HIGHEST GUST DIRECTION     N (360)
  AVERAGE WIND SPEED     9.4


SKY COVER
  POSSIBLE SUNSHINE  MM
  AVERAGE SKY COVER 1.0


WEATHER CONDITIONS
 THE FOLLOWING WEATHER WAS RECORDED YESTERDAY.
  LIGHT SNOW
  FOG


RELATIVE HUMIDITY (PERCENT)
 HIGHEST   100           100 AM
 LOWEST     85           900 AM
 AVERAGE    93

..........................................................


THE WORCESTER MA CLIMATE NORMALS FOR TODAY
                         NORMAL    RECORD    YEAR
 MAXIMUM TEMPERATURE (F)   43        67      1990
 MINIMUM TEMPERATURE (F)   29         7      1936


SUNRISE AND SUNSET
NOVEMBER 28 2014......SUNRISE   653 AM EST   SUNSET   417 PM EST
NOVEMBER 29 2014......SUNRISE   654 AM EST   SUNSET   417 PM EST


-  INDICATES NEGATIVE NUMBERS.
R  INDICATES RECORD WAS SET OR TIED.
MM INDICATES DATA IS MISSING.
T  INDICATES TRACE AMOUNT.




$$
