000
CDUS41 KBOX 300547
CLIORH


CLIMATE REPORT
NATIONAL WEATHER SERVICE TAUNTON MA
1236 AM EST FRI JAN 30 2015


...................................

...THE WORCESTER MA CLIMATE SUMMARY FOR JANUARY 29 2015...

CLIMATE NORMAL PERIOD 1981 TO 2010
CLIMATE RECORD PERIOD 1892 TO 2015


WEATHER ITEM   OBSERVED TIME   RECORD YEAR NORMAL DEPARTURE LAST
                VALUE   (LST)  VALUE       VALUE  FROM      YEAR
                                                  NORMAL
..................................................................
TEMPERATURE (F)
 YESTERDAY
  MAXIMUM         30    358 PM  60    2002  32     -2       20
  MINIMUM          8    428 AM -13    1925  17     -9        9
  AVERAGE         19                        24     -5       15

PRECIPITATION (IN)
  YESTERDAY        T             1.09 1990   0.11  -0.11      T
  MONTH TO DATE    4.97                      3.26   1.71     3.10
  SINCE DEC 1      9.87                      7.08   2.79     7.53
  SINCE JAN 1      4.97                      3.26   1.71     3.10

SNOWFALL (IN)
  YESTERDAY        T            11.5  1973   0.5   -0.5       T
  MONTH TO DATE   45.9                      15.9   30.0     20.0
  SINCE DEC 1     47.4                      30.3   17.1     38.9
  SINCE JUL 1     54.6                      33.1   21.5     39.4
  SNOW DEPTH      MM

DEGREE DAYS
 HEATING
  YESTERDAY       46                        41      5       50
  MONTH TO DATE 1260                      1185     75     1241
  SINCE DEC 1   2224                      2287    -63     2388
  SINCE JUL 1   3602                      3689    -87     3800

 COOLING
  YESTERDAY        0                         0      0        0
  MONTH TO DATE    0                         0      0        0
  SINCE DEC 1      0                         0      0        0
  SINCE JAN 1      0                         0      0        0
..................................................................


WIND (MPH)
  RESULTANT WIND SPEED   1   RESULTANT WIND DIRECTION   S (180)
  HIGHEST WIND SPEED    13   HIGHEST WIND DIRECTION    NW (310)
  HIGHEST GUST SPEED    16   HIGHEST GUST DIRECTION    NW (310)
  AVERAGE WIND SPEED     6.2


SKY COVER
  POSSIBLE SUNSHINE  MM
  AVERAGE SKY COVER 0.2


WEATHER CONDITIONS
 THE FOLLOWING WEATHER WAS RECORDED YESTERDAY.
  LIGHT SNOW


RELATIVE HUMIDITY (PERCENT)
 HIGHEST    81          1100 PM
 LOWEST     23           100 PM
 AVERAGE    52

..........................................................


THE WORCESTER MA CLIMATE NORMALS FOR TODAY
                         NORMAL    RECORD    YEAR
 MAXIMUM TEMPERATURE (F)   32        56      2013
 MINIMUM TEMPERATURE (F)   17       -11      1948


SUNRISE AND SUNSET
JANUARY 30 2015.......SUNRISE   703 AM EST   SUNSET   459 PM EST
JANUARY 31 2015.......SUNRISE   702 AM EST   SUNSET   500 PM EST


-  INDICATES NEGATIVE NUMBERS.
R  INDICATES RECORD WAS SET OR TIED.
MM INDICATES DATA IS MISSING.
T  INDICATES TRACE AMOUNT.




$$
