000
CDUS41 KBOX 180924
CLIORH


CLIMATE REPORT
NATIONAL WEATHER SERVICE TAUNTON MA
524 AM EDT MON SEP 18 2017


...................................

...THE WORCESTER MA CLIMATE SUMMARY FOR SEPTEMBER 17 2017...

CLIMATE NORMAL PERIOD 1981 TO 2010
CLIMATE RECORD PERIOD 1892 TO 2017


WEATHER ITEM   OBSERVED TIME   RECORD YEAR NORMAL DEPARTURE LAST
                VALUE   (LST)  VALUE       VALUE  FROM      YEAR
                                                  NORMAL
..................................................................
TEMPERATURE (F)
 YESTERDAY
  MAXIMUM         80    238 PM  89    1942  69     11       73
  MINIMUM         62   1159 PM  35    1935  53      9       50
  AVERAGE         71                        61     10       62

PRECIPITATION (IN)
  YESTERDAY        0.00          1.69 1933   0.13  -0.13     0.00
  MONTH TO DATE    2.33                      2.03   0.30     0.49
  SINCE SEP 1      2.33                      2.03   0.30     0.49
  SINCE JAN 1     31.62                     33.39  -1.77    23.89

SNOWFALL (IN)
  YESTERDAY        0.0           0.0  2002   0.0    0.0      0.0
                                      2001
                                      2000
  MONTH TO DATE    0.0                       0.0    0.0      0.0
  SINCE SEP 1      0.0                       0.0    0.0      0.0
  SINCE JUL 1      0.0                       0.0    0.0      0.0
  SNOW DEPTH      MM

DEGREE DAYS
 HEATING
  YESTERDAY        0                         5     -5        3
  MONTH TO DATE   56                        56      0       21
  SINCE SEP 1     56                        56      0       21
  SINCE JUL 1    104                        95      9       30

 COOLING
  YESTERDAY        6                         1      5        0
  MONTH TO DATE   39                        33      6       53
  SINCE SEP 1     39                        33      6       53
  SINCE JAN 1    470                       459     11      641
..................................................................


WIND (MPH)
  RESULTANT WIND SPEED   1   RESULTANT WIND DIRECTION   S (180)
  HIGHEST WIND SPEED     9   HIGHEST WIND DIRECTION    SE (130)
  HIGHEST GUST SPEED    13   HIGHEST GUST DIRECTION     E (100)
  AVERAGE WIND SPEED     4.5


SKY COVER
  POSSIBLE SUNSHINE  MM
  AVERAGE SKY COVER 0.2


WEATHER CONDITIONS
 THE FOLLOWING WEATHER WAS RECORDED YESTERDAY.
  FOG W/VISIBILITY <= 1/4 MILE


RELATIVE HUMIDITY (PERCENT)
 HIGHEST   100           700 AM
 LOWEST     54           100 PM
 AVERAGE    77

..........................................................


THE WORCESTER MA CLIMATE NORMALS FOR TODAY
                         NORMAL    RECORD    YEAR
 MAXIMUM TEMPERATURE (F)   69        88      1906
 MINIMUM TEMPERATURE (F)   52        34      1990


SUNRISE AND SUNSET
SEPTEMBER 18 2017.....SUNRISE   631 AM EDT   SUNSET   651 PM EDT
SEPTEMBER 19 2017.....SUNRISE   632 AM EDT   SUNSET   650 PM EDT


-  INDICATES NEGATIVE NUMBERS.
R  INDICATES RECORD WAS SET OR TIED.
MM INDICATES DATA IS MISSING.
T  INDICATES TRACE AMOUNT.




$$
