000
CDUS41 KBOX 162139
CLIORH


CLIMATE REPORT
NATIONAL WEATHER SERVICE TAUNTON MA
528 PM EDT WED JUL 16 2014


...................................

...THE WORCESTER MA CLIMATE SUMMARY FOR JULY 16 2014...
VALID AS OF 0500 PM LOCAL TIME.

CLIMATE NORMAL PERIOD 1981 TO 2010
CLIMATE RECORD PERIOD 1892 TO 2014


WEATHER ITEM   OBSERVED TIME   RECORD YEAR NORMAL DEPARTURE LAST
                VALUE   (LST)  VALUE       VALUE  FROM      YEAR
                                                  NORMAL
..................................................................
TEMPERATURE (F)
 TODAY
  MAXIMUM         73    310 PM  92    1901  79     -6       90
  MINIMUM         68    600 AM  46    1930  62      6       72
  AVERAGE         71                        70      1       81

PRECIPITATION (IN)
  TODAY            0.01          2.71 1979   0.14  -0.13     0.00
  MONTH TO DATE    4.74                      2.08   2.66     0.77
  SINCE JUN 1      6.30                      6.27   0.03    10.83
  SINCE JAN 1     27.49                     25.50   1.99    27.64

SNOWFALL (IN)
  TODAY            0.0           0.0  2002   0.0    0.0      0.0
                                      2001
                                      2000
  MONTH TO DATE    0.0                       0.0    0.0      0.0
  SINCE JUN 1      0.0                       0.0    0.0      0.0
  SINCE JUL 1      0.0                       0.0    0.0      0.0
  SNOW DEPTH      MM

DEGREE DAYS
 HEATING
  TODAY            0                         0      0        0
  MONTH TO DATE    0                         9     -9        0
  SINCE JUN 1     45                        92    -47       67
  SINCE JUL 1      0                         9     -9        0

 COOLING
  TODAY            6                         6      0       16
  MONTH TO DATE  115                        87     28      170
  SINCE JUN 1    199                       171     28      273
  SINCE JAN 1    207                       193     14      297
..................................................................


WIND (MPH)
  HIGHEST WIND SPEED    13   HIGHEST WIND DIRECTION    SW (230)
  HIGHEST GUST SPEED    19   HIGHEST GUST DIRECTION    SW (220)
  AVERAGE WIND SPEED     7.7


SKY COVER
  POSSIBLE SUNSHINE  MM
  AVERAGE SKY COVER 0.9


WEATHER CONDITIONS
 THE FOLLOWING WEATHER WAS RECORDED TODAY.
  LIGHT RAIN


RELATIVE HUMIDITY (PERCENT)
 HIGHEST    97          1000 AM
 LOWEST     79           100 PM
 AVERAGE    88

..........................................................


THE WORCESTER MA CLIMATE NORMALS FOR TOMORROW
                         NORMAL    RECORD    YEAR
 MAXIMUM TEMPERATURE (F)   79        93      1900
 MINIMUM TEMPERATURE (F)   62        41      1946


SUNRISE AND SUNSET
JULY 16 2014..........SUNRISE   525 AM EDT   SUNSET   821 PM EDT
JULY 17 2014..........SUNRISE   526 AM EDT   SUNSET   821 PM EDT


-  INDICATES NEGATIVE NUMBERS.
R  INDICATES RECORD WAS SET OR TIED.
MM INDICATES DATA IS MISSING.
T  INDICATES TRACE AMOUNT.




$$
