000
CDUS41 KBOX 060547
CLIORH


CLIMATE REPORT
NATIONAL WEATHER SERVICE TAUNTON MA
137 AM EDT SUN AUG 6 2017


...................................

...THE WORCESTER MA CLIMATE SUMMARY FOR AUGUST 5 2017...

CLIMATE NORMAL PERIOD 1981 TO 2010
CLIMATE RECORD PERIOD 1892 TO 2017


WEATHER ITEM   OBSERVED TIME   RECORD YEAR NORMAL DEPARTURE LAST
                VALUE   (LST)  VALUE       VALUE  FROM      YEAR
                                                  NORMAL
..................................................................
TEMPERATURE (F)
 YESTERDAY
  MAXIMUM         72    516 PM  96    1944  79     -7       82
  MINIMUM         60   1159 PM  48    1929  62     -2       60
  AVERAGE         66                        70     -4       71

PRECIPITATION (IN)
  YESTERDAY        0.55          1.42 1908   0.14   0.41     0.00
  MONTH TO DATE    1.12                      0.67   0.45     0.88
  SINCE JUN 1      7.74                      9.09  -1.35     4.60
  SINCE JAN 1     28.82                     28.32   0.50    20.32

SNOWFALL (IN)
  YESTERDAY        0.0           0.0  2002   0.0    0.0      0.0
                                      2001
                                      2000
  MONTH TO DATE    0.0                       0.0    0.0      0.0
  SINCE JUN 1      0.0                       0.0    0.0      0.0
  SINCE JUL 1      0.0                       0.0    0.0      0.0
  SNOW DEPTH      MM

DEGREE DAYS
 HEATING
  YESTERDAY        0                         0      0        0
  MONTH TO DATE    0                         0      0        0
  SINCE JUN 1    115                        97     18       60
  SINCE JUL 1     29                        14     15        9

 COOLING
  YESTERDAY        1                         6     -5        6
  MONTH TO DATE   35                        30      5       21
  SINCE JUN 1    308                       289     19      337
  SINCE JAN 1    342                       311     31      379
..................................................................


WIND (MPH)
  RESULTANT WIND SPEED   5   RESULTANT WIND DIRECTION   S (200)
  HIGHEST WIND SPEED    18   HIGHEST WIND DIRECTION     W (280)
  HIGHEST GUST SPEED    24   HIGHEST GUST DIRECTION    NW (300)
  AVERAGE WIND SPEED     9.9


SKY COVER
  POSSIBLE SUNSHINE  MM
  AVERAGE SKY COVER 0.8


WEATHER CONDITIONS
 THE FOLLOWING WEATHER WAS RECORDED YESTERDAY.
  THUNDERSTORM
  HEAVY RAIN
  LIGHT RAIN
  FOG
  FOG W/VISIBILITY <= 1/4 MILE


RELATIVE HUMIDITY (PERCENT)
 HIGHEST   100           700 AM
 LOWEST     72          1000 PM
 AVERAGE    86

..........................................................


THE WORCESTER MA CLIMATE NORMALS FOR TODAY
                         NORMAL    RECORD    YEAR
 MAXIMUM TEMPERATURE (F)   79        93      1906
 MINIMUM TEMPERATURE (F)   62        45      1942
                                             1934
                                             1929


SUNRISE AND SUNSET
AUGUST  6 2017........SUNRISE   546 AM EDT   SUNSET   800 PM EDT
AUGUST  7 2017........SUNRISE   547 AM EDT   SUNSET   759 PM EDT


-  INDICATES NEGATIVE NUMBERS.
R  INDICATES RECORD WAS SET OR TIED.
MM INDICATES DATA IS MISSING.
T  INDICATES TRACE AMOUNT.




$$
