000
CDUS41 KBOX 300543
CLIORH


CLIMATE REPORT
NATIONAL WEATHER SERVICE TAUNTON MA
1242 AM EST THU NOV 30 2017


...................................

...THE WORCESTER MA CLIMATE SUMMARY FOR NOVEMBER 29 2017...

CLIMATE NORMAL PERIOD 1981 TO 2010
CLIMATE RECORD PERIOD 1892 TO 2017


WEATHER ITEM   OBSERVED TIME   RECORD YEAR NORMAL DEPARTURE LAST
                VALUE   (LST)  VALUE       VALUE  FROM      YEAR
                                                  NORMAL
..................................................................
TEMPERATURE (F)
 YESTERDAY
  MAXIMUM         56    108 PM  64    1990  42     14       56
  MINIMUM         33   1159 PM   5    1940  29      4       34
  AVERAGE         45                        36      9       45

PRECIPITATION (IN)
  YESTERDAY        0.00          1.89 1935   0.14  -0.14     0.88
  MONTH TO DATE    1.79                      4.14  -2.35     2.82
  SINCE SEP 1     13.13                     12.75   0.38    12.66
  SINCE JAN 1     42.42                     44.11  -1.69    36.06

SNOWFALL (IN)
  YESTERDAY        0.0           6.0  1924   0.2   -0.2      0.0
  MONTH TO DATE    T                         2.4   -2.4       T
  SINCE SEP 1      T                         2.6   -2.6       T
  SINCE JUL 1      T                         2.6   -2.6       T
  SNOW DEPTH      MM

DEGREE DAYS
 HEATING
  YESTERDAY       20                        29     -9       20
  MONTH TO DATE  736                       710     26      657
  SINCE SEP 1   1057                      1332   -275     1162
  SINCE JUL 1   1105                      1371   -266     1171

 COOLING
  YESTERDAY        0                         0      0        0
  MONTH TO DATE    0                         0      0        0
  SINCE SEP 1    102                        45     57       75
  SINCE JAN 1    533                       471     62      663
..................................................................


WIND (MPH)
  RESULTANT WIND SPEED  13   RESULTANT WIND DIRECTION   W (260)
  HIGHEST WIND SPEED    32   HIGHEST WIND DIRECTION    NW (310)
  HIGHEST GUST SPEED    43   HIGHEST GUST DIRECTION    NW (310)
  AVERAGE WIND SPEED    15.6


SKY COVER
  POSSIBLE SUNSHINE  MM
  AVERAGE SKY COVER 0.1


WEATHER CONDITIONS
 THE FOLLOWING WEATHER WAS RECORDED YESTERDAY.
  NO SIGNIFICANT WEATHER WAS OBSERVED.


RELATIVE HUMIDITY (PERCENT)
 HIGHEST    89          1200 AM
 LOWEST     28           200 PM
 AVERAGE    59

..........................................................


THE WORCESTER MA CLIMATE NORMALS FOR TODAY
                         NORMAL    RECORD    YEAR
 MAXIMUM TEMPERATURE (F)   42        65      1962
                                             1933
 MINIMUM TEMPERATURE (F)   28         6      1929


SUNRISE AND SUNSET
NOVEMBER 30 2017......SUNRISE   656 AM EST   SUNSET   416 PM EST
DECEMBER  1 2017......SUNRISE   657 AM EST   SUNSET   416 PM EST


-  INDICATES NEGATIVE NUMBERS.
R  INDICATES RECORD WAS SET OR TIED.
MM INDICATES DATA IS MISSING.
T  INDICATES TRACE AMOUNT.




$$
