336
CDUS41 KBOX 110544
CLIORH


CLIMATE REPORT
NATIONAL WEATHER SERVICE TAUNTON MA
1243 AM EST WED JAN 11 2017


...................................

...THE WORCESTER MA CLIMATE SUMMARY FOR JANUARY 10 2017...

CLIMATE NORMAL PERIOD 1981 TO 2010
CLIMATE RECORD PERIOD 1892 TO 2017


WEATHER ITEM   OBSERVED TIME   RECORD YEAR NORMAL DEPARTURE LAST
                VALUE   (LST)  VALUE       VALUE  FROM      YEAR
                                                  NORMAL
..................................................................
TEMPERATURE (F)
 YESTERDAY
  MAXIMUM         40   1152 PM  56    2016  31      9       56
  MINIMUM         10    736 AM  -8    2004  17     -7       34
  AVERAGE         25                        24      1       45

PRECIPITATION (IN)
  YESTERDAY        0.06          2.89 1935   0.11  -0.05     1.07
  MONTH TO DATE    1.52                      1.09   0.43     1.12
  SINCE DEC 1      5.32                      4.91   0.41     5.77
  SINCE JAN 1      1.52                      1.09   0.43     1.12

SNOWFALL (IN)
  YESTERDAY        0.0           7.4  1977   0.6   -0.6      0.0
  MONTH TO DATE    7.7                       5.5    2.2      0.3
  SINCE DEC 1     25.2                      19.9    5.3      1.7
  SINCE JUL 1     25.2                      22.7    2.5      1.7
  SNOW DEPTH      MM

DEGREE DAYS
 HEATING
  YESTERDAY       40                        41     -1       20
  MONTH TO DATE  416                       406     10      357
  SINCE DEC 1   1506                      1508     -2     1081
  SINCE JUL 1   2693                      2910   -217     2230

 COOLING
  YESTERDAY        0                         0      0        0
  MONTH TO DATE    0                         0      0        0
  SINCE DEC 1      0                         0      0        0
  SINCE JAN 1      0                         0      0        0
..................................................................


WIND (MPH)
  RESULTANT WIND SPEED   9   RESULTANT WIND DIRECTION  SW (210)
  HIGHEST WIND SPEED    20   HIGHEST WIND DIRECTION     S (190)
  HIGHEST GUST SPEED    28   HIGHEST GUST DIRECTION     S (190)
  AVERAGE WIND SPEED    10.6


SKY COVER
  POSSIBLE SUNSHINE  MM
  AVERAGE SKY COVER 0.5


WEATHER CONDITIONS
 THE FOLLOWING WEATHER WAS RECORDED YESTERDAY.
  RAIN
  LIGHT RAIN
  LT FREEZING RAIN
  FOG
  FOG W/VISIBILITY <= 1/4 MILE


RELATIVE HUMIDITY (PERCENT)
 HIGHEST    92           900 PM
 LOWEST     61           900 AM
 AVERAGE    77

..........................................................


THE WORCESTER MA CLIMATE NORMALS FOR TODAY
                         NORMAL    RECORD    YEAR
 MAXIMUM TEMPERATURE (F)   31        58      1924
 MINIMUM TEMPERATURE (F)   17        -9      1968


SUNRISE AND SUNSET
JANUARY 11 2017.......SUNRISE   715 AM EST   SUNSET   436 PM EST
JANUARY 12 2017.......SUNRISE   715 AM EST   SUNSET   437 PM EST


-  INDICATES NEGATIVE NUMBERS.
R  INDICATES RECORD WAS SET OR TIED.
MM INDICATES DATA IS MISSING.
T  INDICATES TRACE AMOUNT.




$$
