000
CDUS41 KBOX 200544
CLIORH


CLIMATE REPORT
NATIONAL WEATHER SERVICE TAUNTON MA
143 AM EDT WED MAY 20 2015


...................................

...THE WORCESTER MA CLIMATE SUMMARY FOR MAY 19 2015...

CLIMATE NORMAL PERIOD 1981 TO 2010
CLIMATE RECORD PERIOD 1892 TO 2015


WEATHER ITEM   OBSERVED TIME   RECORD YEAR NORMAL DEPARTURE LAST
                VALUE   (LST)  VALUE       VALUE  FROM      YEAR
                                                  NORMAL
..................................................................
TEMPERATURE (F)
 YESTERDAY
  MAXIMUM         70    511 PM  92    1962  67      3       62
  MINIMUM         54    525 AM  27    1944  48      6       44
  AVERAGE         62                        57      5       53

PRECIPITATION (IN)
  YESTERDAY        0.10          1.48 1900   0.14  -0.04     0.01
  MONTH TO DATE    0.14                      2.42  -2.28     2.83
  SINCE MAR 1      5.53                     10.74  -5.21    12.69
  SINCE JAN 1     13.84                     17.46  -3.62    19.87

SNOWFALL (IN)
  YESTERDAY        0.0           T    1976   0.0    0.0      0.0
  MONTH TO DATE    0.0                       0.0    0.0      0.0
  SINCE MAR 1     11.1                      14.2   -3.1      4.3
  SINCE JUL 1    119.7                      64.1   55.6     85.2
  SNOW DEPTH      MM

DEGREE DAYS
 HEATING
  YESTERDAY        3                         8     -5       12
  MONTH TO DATE   83                       205   -122      164
  SINCE MAR 1   1727                      1715     12     1875
  SINCE JUL 1   6841                      6552    289     6929

 COOLING
  YESTERDAY        0                         1     -1        0
  MONTH TO DATE   29                         4     25        6
  SINCE MAR 1     29                         7     22        6
  SINCE JAN 1     29                         7     22        6
..................................................................


WIND (MPH)
  RESULTANT WIND SPEED   9   RESULTANT WIND DIRECTION  SW (220)
  HIGHEST WIND SPEED    25   HIGHEST WIND DIRECTION    NW (300)
  HIGHEST GUST SPEED    37   HIGHEST GUST DIRECTION     W (290)
  AVERAGE WIND SPEED    10.4


SKY COVER
  POSSIBLE SUNSHINE  MM
  AVERAGE SKY COVER 0.9


WEATHER CONDITIONS
 THE FOLLOWING WEATHER WAS RECORDED YESTERDAY.
  THUNDERSTORM
  RAIN
  LIGHT RAIN
  FOG


RELATIVE HUMIDITY (PERCENT)
 HIGHEST    93           900 AM
 LOWEST     72          1200 AM
 AVERAGE    83

..........................................................


THE WORCESTER MA CLIMATE NORMALS FOR TODAY
                         NORMAL    RECORD    YEAR
 MAXIMUM TEMPERATURE (F)   67        91      1903
 MINIMUM TEMPERATURE (F)   48        34      1944


SUNRISE AND SUNSET
MAY 20 2015...........SUNRISE   522 AM EDT   SUNSET   807 PM EDT
MAY 21 2015...........SUNRISE   521 AM EDT   SUNSET   808 PM EDT


-  INDICATES NEGATIVE NUMBERS.
R  INDICATES RECORD WAS SET OR TIED.
MM INDICATES DATA IS MISSING.
T  INDICATES TRACE AMOUNT.




$$
