272
CDUS41 KBOX 230555
CLIORH


CLIMATE REPORT
NATIONAL WEATHER SERVICE TAUNTON MA
144 AM EDT SAT APR 23 2016


...................................

...THE WORCESTER MA CLIMATE SUMMARY FOR APRIL 22 2016...

CLIMATE NORMAL PERIOD 1981 TO 2010
CLIMATE RECORD PERIOD 1892 TO 2016


WEATHER ITEM   OBSERVED TIME   RECORD YEAR NORMAL DEPARTURE LAST
                VALUE   (LST)  VALUE       VALUE  FROM      YEAR
                                                  NORMAL
..................................................................
TEMPERATURE (F)
 YESTERDAY
  MAXIMUM         79    100 PM  84    1973  58     21       64
  MINIMUM         58    800 AM  23    1989  39     19       40
                                      1981
                                      1947
  AVERAGE         69                        49     20       52

PRECIPITATION (IN)
  YESTERDAY        T             2.05 1937   0.13  -0.13     0.01
  MONTH TO DATE    2.31                      3.08  -0.77     2.87
  SINCE MAR 1      5.80                      7.29  -1.49     5.29
  SINCE JAN 1     13.19                     14.01  -0.82    13.60

SNOWFALL (IN)
  YESTERDAY        0.0           2.2  1940   0.1   -0.1      0.0
  MONTH TO DATE   10.0                       2.5    7.5      0.2
  SINCE MAR 1     15.5                      13.9    1.6     11.1
  SINCE JUL 1     47.2                      63.8  -16.6    119.7
  SNOW DEPTH      MM

DEGREE DAYS
 HEATING
  YESTERDAY        0                        17    -17       13
  MONTH TO DATE  462                       452     10      409
  SINCE MAR 1   1231                      1391   -160     1495
  SINCE JUL 1   5290                      6228   -938     6609

 COOLING
  YESTERDAY        4                         0      4        0
  MONTH TO DATE    4                         0      4        0
  SINCE MAR 1      4                         0      4        0
  SINCE JAN 1      4                         0      4        0
..................................................................


WIND (MPH)
  RESULTANT WIND SPEED   5   RESULTANT WIND DIRECTION   W (270)
  HIGHEST WIND SPEED    MM   HIGHEST WIND DIRECTION    MM
  HIGHEST GUST SPEED    MM   HIGHEST GUST DIRECTION    MM
  AVERAGE WIND SPEED    MM


SKY COVER
  POSSIBLE SUNSHINE  MM
  AVERAGE SKY COVER  MM


WEATHER CONDITIONS
 THE FOLLOWING WEATHER WAS RECORDED YESTERDAY.
  LIGHT RAIN


RELATIVE HUMIDITY (PERCENT)
 HIGHEST    MM
 LOWEST     MM
 AVERAGE    MM

..........................................................


THE WORCESTER MA CLIMATE NORMALS FOR TODAY
                         NORMAL    RECORD    YEAR
 MAXIMUM TEMPERATURE (F)   58        84      2007
                                             1902
 MINIMUM TEMPERATURE (F)   40        20      1933


SUNRISE AND SUNSET
APRIL 23 2016.........SUNRISE   554 AM EDT   SUNSET   738 PM EDT
APRIL 24 2016.........SUNRISE   552 AM EDT   SUNSET   740 PM EDT


-  INDICATES NEGATIVE NUMBERS.
R  INDICATES RECORD WAS SET OR TIED.
MM INDICATES DATA IS MISSING.
T  INDICATES TRACE AMOUNT.




$$
