000
CDUS41 KBOX 260554
CLIORH


CLIMATE REPORT
NATIONAL WEATHER SERVICE TAUNTON MA
154 AM EDT FRI SEP 26 2014


...................................

...THE WORCESTER MA CLIMATE SUMMARY FOR SEPTEMBER 25 2014...

CLIMATE NORMAL PERIOD 1981 TO 2010
CLIMATE RECORD PERIOD 1892 TO 2014


WEATHER ITEM   OBSERVED TIME   RECORD YEAR NORMAL DEPARTURE LAST
                VALUE   (LST)  VALUE       VALUE  FROM      YEAR
                                                  NORMAL
..................................................................
TEMPERATURE (F)
 YESTERDAY
  MAXIMUM         58    334 PM  85    1970  66     -8       66
                                      1926
  MINIMUM         49    707 AM  31    1944  49      0       46
                                      1928
  AVERAGE         54                        58     -4       56

PRECIPITATION (IN)
  YESTERDAY        0.00          3.06 1991   0.15  -0.15     0.00
  MONTH TO DATE    2.47                      3.17  -0.70     3.23
  SINCE SEP 1      2.47                      3.17  -0.70     3.23
  SINCE JAN 1     37.50                     34.53   2.97    36.25

SNOWFALL (IN)
  YESTERDAY        0.0           0.0  2002   0.0    0.0      0.0
                                      2001
                                      2000
  MONTH TO DATE    0.0                       0.0    0.0      0.0
  SINCE SEP 1      0.0                       0.0    0.0      0.0
  SINCE JUL 1      0.0                       0.0    0.0      0.0
  SNOW DEPTH       0

DEGREE DAYS
 HEATING
  YESTERDAY       11                         8      3        9
  MONTH TO DATE  139                       108     31      133
  SINCE SEP 1    139                       108     31      133
  SINCE JUL 1    159                       147     12      152

 COOLING
  YESTERDAY        0                         1     -1        0
  MONTH TO DATE   54                        41     13       40
  SINCE SEP 1     54                        41     13       40
  SINCE JAN 1    416                       467    -51      571
..................................................................


WIND (MPH)
  RESULTANT WIND SPEED   5   RESULTANT WIND DIRECTION  NE (40)
  HIGHEST WIND SPEED    10   HIGHEST WIND DIRECTION    NE (60)
  HIGHEST GUST SPEED    13   HIGHEST GUST DIRECTION    NE (60)
  AVERAGE WIND SPEED     5.6


SKY COVER
  POSSIBLE SUNSHINE  MM
  AVERAGE SKY COVER 0.5


WEATHER CONDITIONS
 THE FOLLOWING WEATHER WAS RECORDED YESTERDAY.
  FOG


RELATIVE HUMIDITY (PERCENT)
 HIGHEST   100           600 AM
 LOWEST     57           400 PM
 AVERAGE    79

..........................................................


THE WORCESTER MA CLIMATE NORMALS FOR TODAY
                         NORMAL    RECORD    YEAR
 MAXIMUM TEMPERATURE (F)   66        91      1930
 MINIMUM TEMPERATURE (F)   49        28      1925


SUNRISE AND SUNSET
SEPTEMBER 26 2014.....SUNRISE   639 AM EDT   SUNSET   638 PM EDT
SEPTEMBER 27 2014.....SUNRISE   640 AM EDT   SUNSET   636 PM EDT


-  INDICATES NEGATIVE NUMBERS.
R  INDICATES RECORD WAS SET OR TIED.
MM INDICATES DATA IS MISSING.
T  INDICATES TRACE AMOUNT.




$$
