974
CDUS41 KBOX 302131
CLIORH


CLIMATE REPORT
NATIONAL WEATHER SERVICE TAUNTON MA
427 PM EST SAT JAN 30 2016


...................................

...THE WORCESTER MA CLIMATE SUMMARY FOR JANUARY 30 2016...
VALID AS OF 0400 PM LOCAL TIME.

CLIMATE NORMAL PERIOD 1981 TO 2010
CLIMATE RECORD PERIOD 1892 TO 2016


WEATHER ITEM   OBSERVED TIME   RECORD YEAR NORMAL DEPARTURE LAST
                VALUE   (LST)  VALUE       VALUE  FROM      YEAR
                                                  NORMAL
..................................................................
TEMPERATURE (F)
 TODAY
  MAXIMUM         37    333 PM  56    2013  32      5       30
  MINIMUM         23    806 AM -11    1948  17      6       11
  AVERAGE         30                        24      6       21

PRECIPITATION (IN)
  TODAY            0.00          1.40 1894   0.12  -0.12     0.06
  MONTH TO DATE    2.12                      3.38  -1.26     5.03
  SINCE DEC 1      6.77                      7.20  -0.43     9.93
  SINCE JAN 1      2.12                      3.38  -1.26     5.03

SNOWFALL (IN)
  TODAY            0.0           8.5  1966   0.6   -0.6      0.6
  MONTH TO DATE    9.7                      16.5   -6.8     46.5
  SINCE DEC 1     11.1                      30.9  -19.8     48.0
  SINCE JUL 1     11.1                      33.7  -22.6     55.2
  SNOW DEPTH      MM

DEGREE DAYS
 HEATING
  TODAY           35                        41     -6       44
  MONTH TO DATE 1144                      1226    -82     1304
  SINCE DEC 1   1868                      2328   -460     2268
  SINCE JUL 1   3017                      3730   -713     3646

 COOLING
  TODAY            0                         0      0        0
  MONTH TO DATE    0                         0      0        0
  SINCE DEC 1      0                         0      0        0
  SINCE JAN 1      0                         0      0        0
..................................................................


WIND (MPH)
  HIGHEST WIND SPEED    23   HIGHEST WIND DIRECTION     W (290)
  HIGHEST GUST SPEED    29   HIGHEST GUST DIRECTION     W (270)
  AVERAGE WIND SPEED    14.0


SKY COVER
  POSSIBLE SUNSHINE  MM
  AVERAGE SKY COVER 0.2


WEATHER CONDITIONS
 THE FOLLOWING WEATHER WAS RECORDED TODAY.
  NO SIGNIFICANT WEATHER WAS OBSERVED.


RELATIVE HUMIDITY (PERCENT)
 HIGHEST    81           400 AM
 LOWEST     47           200 PM
 AVERAGE    64

..........................................................


THE WORCESTER MA CLIMATE NORMALS FOR TOMORROW
                         NORMAL    RECORD    YEAR
 MAXIMUM TEMPERATURE (F)   32        59      2013
 MINIMUM TEMPERATURE (F)   17       -10      1920


SUNRISE AND SUNSET
JANUARY 30 2016.......SUNRISE   703 AM EST   SUNSET   459 PM EST
JANUARY 31 2016.......SUNRISE   702 AM EST   SUNSET   500 PM EST


-  INDICATES NEGATIVE NUMBERS.
R  INDICATES RECORD WAS SET OR TIED.
MM INDICATES DATA IS MISSING.
T  INDICATES TRACE AMOUNT.




$$
