000
CDUS41 KBOX 170544
CLIORH


CLIMATE REPORT
NATIONAL WEATHER SERVICE TAUNTON MA
139 AM EDT FRI MAR 17 2017


...................................

...THE WORCESTER MA CLIMATE SUMMARY FOR MARCH 16 2017...

CLIMATE NORMAL PERIOD 1981 TO 2010
CLIMATE RECORD PERIOD 1892 TO 2017


WEATHER ITEM   OBSERVED TIME   RECORD YEAR NORMAL DEPARTURE LAST
                VALUE   (LST)  VALUE       VALUE  FROM      YEAR
                                                  NORMAL
..................................................................
TEMPERATURE (F)
 YESTERDAY
  MAXIMUM         30    218 PM  76    1990  43    -13       55
  MINIMUM         15   1229 AM   6    1992  26    -11       39
  AVERAGE         23                        35    -12       47

PRECIPITATION (IN)
  YESTERDAY        0.00          1.43 1974   0.13  -0.13     0.08
  MONTH TO DATE    1.83                      2.03  -0.20     2.08
  SINCE MAR 1      1.83                      2.03  -0.20     2.08
  SINCE JAN 1      8.18                      8.75  -0.57     9.47

SNOWFALL (IN)
  YESTERDAY        0.0          11.3  2007   0.4   -0.4      0.0
  MONTH TO DATE   16.1                       7.0    9.1       T
  SINCE MAR 1     16.1                       7.0    9.1       T
  SINCE JUL 1     73.9                      56.9   17.0     31.7
  SNOW DEPTH      MM

DEGREE DAYS
 HEATING
  YESTERDAY       42                        30     12       18
  MONTH TO DATE  608                       524     84      397
  SINCE MAR 1    608                       524     84      397
  SINCE JUL 1   4885                      5361   -476     4456

 COOLING
  YESTERDAY        0                         0      0        0
  MONTH TO DATE    0                         0      0        0
  SINCE MAR 1      0                         0      0        0
  SINCE JAN 1      0                         0      0        0
..................................................................


WIND (MPH)
  RESULTANT WIND SPEED  16   RESULTANT WIND DIRECTION   W (270)
  HIGHEST WIND SPEED    25   HIGHEST WIND DIRECTION     W (280)
  HIGHEST GUST SPEED    35   HIGHEST GUST DIRECTION     W (290)
  AVERAGE WIND SPEED    16.6


SKY COVER
  POSSIBLE SUNSHINE  MM
  AVERAGE SKY COVER 0.1


WEATHER CONDITIONS
 THE FOLLOWING WEATHER WAS RECORDED YESTERDAY.
  NO SIGNIFICANT WEATHER WAS OBSERVED.


RELATIVE HUMIDITY (PERCENT)
 HIGHEST    67           100 AM
 LOWEST     31           300 PM
 AVERAGE    49

..........................................................


THE WORCESTER MA CLIMATE NORMALS FOR TODAY
                         NORMAL    RECORD    YEAR
 MAXIMUM TEMPERATURE (F)   43        70      1927
 MINIMUM TEMPERATURE (F)   27         5      1967


SUNRISE AND SUNSET
MARCH 17 2017.........SUNRISE   656 AM EDT   SUNSET   657 PM EDT
MARCH 18 2017.........SUNRISE   654 AM EDT   SUNSET   658 PM EDT


-  INDICATES NEGATIVE NUMBERS.
R  INDICATES RECORD WAS SET OR TIED.
MM INDICATES DATA IS MISSING.
T  INDICATES TRACE AMOUNT.




$$
