000
CDUS41 KBOX 160613
CLIORH


CLIMATE REPORT
NATIONAL WEATHER SERVICE TAUNTON MA
213 AM EDT MON MAY 16 2016


...................................

...THE WORCESTER MA CLIMATE SUMMARY FOR MAY 15 2016...

CLIMATE NORMAL PERIOD 1981 TO 2010
CLIMATE RECORD PERIOD 1892 TO 2016


WEATHER ITEM   OBSERVED TIME   RECORD YEAR NORMAL DEPARTURE LAST
                VALUE   (LST)  VALUE       VALUE  FROM      YEAR
                                                  NORMAL
..................................................................
TEMPERATURE (F)
 YESTERDAY
  MAXIMUM         54   1241 PM  89    1900  66    -12       70
  MINIMUM         38   1159 PM  30    1939  47     -9       44
  AVERAGE         46                        56    -10       57

PRECIPITATION (IN)
  YESTERDAY        0.00          1.97 1938   0.12  -0.12     0.00
  MONTH TO DATE    1.57                      1.88  -0.31     0.04
  SINCE MAR 1      7.69                     10.20  -2.51     5.43
  SINCE JAN 1     15.08                     16.92  -1.84    13.74

SNOWFALL (IN)
  YESTERDAY        0.0           0.0  2001   0.0    0.0      0.0
                                      2000
  MONTH TO DATE    0.0                       0.0    0.0      0.0
  SINCE MAR 1     15.5                      14.2    1.3     11.1
  SINCE JUL 1     47.2                      64.1  -16.9    119.7
  SNOW DEPTH      MM

DEGREE DAYS
 HEATING
  YESTERDAY       19                         9     10        8
  MONTH TO DATE  208                       170     38       71
  SINCE MAR 1   1580                      1680   -100     1715
  SINCE JUL 1   5639                      6517   -878     6829

 COOLING
  YESTERDAY        0                         0      0        0
  MONTH TO DATE    1                         0      1       22
  SINCE MAR 1      5                         3      2       22
  SINCE JAN 1      5                         3      2       22
..................................................................


WIND (MPH)
  RESULTANT WIND SPEED  19   RESULTANT WIND DIRECTION   W (270)
  HIGHEST WIND SPEED    31   HIGHEST WIND DIRECTION     W (270)
  HIGHEST GUST SPEED    41   HIGHEST GUST DIRECTION     W (260)
  AVERAGE WIND SPEED    19.0


SKY COVER
  POSSIBLE SUNSHINE  MM
  AVERAGE SKY COVER 0.5


WEATHER CONDITIONS
 THE FOLLOWING WEATHER WAS RECORDED YESTERDAY.
  NO SIGNIFICANT WEATHER WAS OBSERVED.


RELATIVE HUMIDITY (PERCENT)
 HIGHEST    82           200 AM
 LOWEST     32          1200 PM
 AVERAGE    57

..........................................................


THE WORCESTER MA CLIMATE NORMALS FOR TODAY
                         NORMAL    RECORD    YEAR
 MAXIMUM TEMPERATURE (F)   66        89      1932
 MINIMUM TEMPERATURE (F)   47        30      1947
                                             1936


SUNRISE AND SUNSET
MAY 16 2016...........SUNRISE   525 AM EDT   SUNSET   803 PM EDT
MAY 17 2016...........SUNRISE   524 AM EDT   SUNSET   804 PM EDT


-  INDICATES NEGATIVE NUMBERS.
R  INDICATES RECORD WAS SET OR TIED.
MM INDICATES DATA IS MISSING.
T  INDICATES TRACE AMOUNT.




$$
