000
CDUS41 KBOX 030547
CLIORH


CLIMATE REPORT
NATIONAL WEATHER SERVICE TAUNTON MA
136 AM EDT THU JUL 3 2014


...................................

...THE WORCESTER MA CLIMATE SUMMARY FOR JULY 2 2014...

CLIMATE NORMAL PERIOD 1981 TO 2010
CLIMATE RECORD PERIOD 1892 TO 2014


WEATHER ITEM   OBSERVED TIME   RECORD YEAR NORMAL DEPARTURE LAST
                VALUE   (LST)  VALUE       VALUE  FROM      YEAR
                                                  NORMAL
..................................................................
TEMPERATURE (F)
 YESTERDAY
  MAXIMUM         88    101 PM  97    1901  78     10       79
  MINIMUM         68   1134 PM  46    2001  60      8       67
  AVERAGE         78                        69      9       73

PRECIPITATION (IN)
  YESTERDAY        0.16          1.79 1986   0.12   0.04      T
  MONTH TO DATE    0.16                      0.24  -0.08     0.33
  SINCE JUN 1      1.72                      4.43  -2.71    10.39
  SINCE JAN 1     22.91                     23.66  -0.75    27.20

SNOWFALL (IN)
  YESTERDAY        0.0           0.0  2002   0.0    0.0      0.0
                                      2001
                                      2000
  MONTH TO DATE    0.0                       0.0    0.0      0.0
  SINCE JUN 1      0.0                       0.0    0.0      0.0
  SINCE JUL 1      0.0                       0.0    0.0      0.0
  SNOW DEPTH      MM

DEGREE DAYS
 HEATING
  YESTERDAY        0                         1     -1        0
  MONTH TO DATE    0                         2     -2        0
  SINCE JUN 1     45                        85    -40       67
  SINCE JUL 1      0                         2     -2        0

 COOLING
  YESTERDAY       13                         5      8        8
  MONTH TO DATE   23                        10     13       16
  SINCE JUN 1    107                        94     13      119
  SINCE JAN 1    115                       116     -1      143
..................................................................


WIND (MPH)
  RESULTANT WIND SPEED  11   RESULTANT WIND DIRECTION  SW (220)
  HIGHEST WIND SPEED    22   HIGHEST WIND DIRECTION    SW (210)
  HIGHEST GUST SPEED    28   HIGHEST GUST DIRECTION     S (200)
  AVERAGE WIND SPEED    11.5


SKY COVER
  POSSIBLE SUNSHINE  MM
  AVERAGE SKY COVER 0.2


WEATHER CONDITIONS
 THE FOLLOWING WEATHER WAS RECORDED YESTERDAY.
  THUNDERSTORM
  RAIN
  LIGHT RAIN
  FOG


RELATIVE HUMIDITY (PERCENT)
 HIGHEST    90           500 AM
 LOWEST     59           100 PM
 AVERAGE    75

..........................................................


THE WORCESTER MA CLIMATE NORMALS FOR TODAY
                         NORMAL    RECORD    YEAR
 MAXIMUM TEMPERATURE (F)   78        96      1911
 MINIMUM TEMPERATURE (F)   60        45      1940


SUNRISE AND SUNSET
JULY  3 2014..........SUNRISE   516 AM EDT   SUNSET   827 PM EDT
JULY  4 2014..........SUNRISE   516 AM EDT   SUNSET   827 PM EDT


-  INDICATES NEGATIVE NUMBERS.
R  INDICATES RECORD WAS SET OR TIED.
MM INDICATES DATA IS MISSING.
T  INDICATES TRACE AMOUNT.




$$
