000
CDUS41 KBOX 202130
CLIORH


CLIMATE REPORT
NATIONAL WEATHER SERVICE TAUNTON MA
427 PM EST TUE JAN 20 2015


...................................

...THE WORCESTER MA CLIMATE SUMMARY FOR JANUARY 20 2015...
VALID AS OF 0400 PM LOCAL TIME.

CLIMATE NORMAL PERIOD 1981 TO 2010
CLIMATE RECORD PERIOD 1892 TO 2015


WEATHER ITEM   OBSERVED TIME   RECORD YEAR NORMAL DEPARTURE LAST
                VALUE   (LST)  VALUE       VALUE  FROM      YEAR
                                                  NORMAL
..................................................................
TEMPERATURE (F)
 TODAY
  MAXIMUM         32    219 PM  56    1951  31      1       36
  MINIMUM         24    831 AM  -8    1971  16      8       17
                                      1901
  AVERAGE         28                        24      4       27

PRECIPITATION (IN)
  TODAY            0.00          1.47 1978   0.11  -0.11     0.03
  MONTH TO DATE    2.68                      2.23   0.45     2.96
  SINCE DEC 1      7.58                      6.05   1.53     7.39
  SINCE JAN 1      2.68                      2.23   0.45     2.96

SNOWFALL (IN)
  TODAY            0.0          18.4  1961   0.6   -0.6      0.2
  MONTH TO DATE    5.2                      11.1   -5.9     17.1
  SINCE DEC 1      6.7                      25.5  -18.8     36.0
  SINCE JUL 1     13.9                      28.3  -14.4     36.5
  SNOW DEPTH      MM

DEGREE DAYS
 HEATING
  TODAY           37                        41     -4       38
  MONTH TO DATE  862                       816     46      775
  SINCE DEC 1   1826                      1918    -92     1922
  SINCE JUL 1   3204                      3320   -116     3334

 COOLING
  TODAY            0                         0      0        0
  MONTH TO DATE    0                         0      0        0
  SINCE DEC 1      0                         0      0        0
  SINCE JAN 1      0                         0      0        0
..................................................................


WIND (MPH)
  HIGHEST WIND SPEED    22   HIGHEST WIND DIRECTION     W (250)
  HIGHEST GUST SPEED    32   HIGHEST GUST DIRECTION     W (250)
  AVERAGE WIND SPEED    14.6


SKY COVER
  POSSIBLE SUNSHINE  MM
  AVERAGE SKY COVER 0.4


WEATHER CONDITIONS
 THE FOLLOWING WEATHER WAS RECORDED TODAY.
  NO SIGNIFICANT WEATHER WAS OBSERVED.


RELATIVE HUMIDITY (PERCENT)
 HIGHEST    68          1200 AM
 LOWEST     36           200 PM
 AVERAGE    52

..........................................................


THE WORCESTER MA CLIMATE NORMALS FOR TOMORROW
                         NORMAL    RECORD    YEAR
 MAXIMUM TEMPERATURE (F)   31        65      1906
 MINIMUM TEMPERATURE (F)   16        -6      1970


SUNRISE AND SUNSET
JANUARY 20 2015.......SUNRISE   711 AM EST   SUNSET   446 PM EST
JANUARY 21 2015.......SUNRISE   710 AM EST   SUNSET   447 PM EST


-  INDICATES NEGATIVE NUMBERS.
R  INDICATES RECORD WAS SET OR TIED.
MM INDICATES DATA IS MISSING.
T  INDICATES TRACE AMOUNT.




$$
