000
CDUS41 KBOX 150527
CLIORH


CLIMATE REPORT
NATIONAL WEATHER SERVICE TAUNTON MA
1226 AM EST MON JAN 15 2018


...................................

...THE WORCESTER MA CLIMATE SUMMARY FOR JANUARY 14 2018...

CLIMATE NORMAL PERIOD 1981 TO 2010
CLIMATE RECORD PERIOD 1892 TO 2018


WEATHER ITEM   OBSERVED TIME   RECORD YEAR NORMAL DEPARTURE LAST
                VALUE   (LST)  VALUE       VALUE  FROM      YEAR
                                                  NORMAL
..................................................................
TEMPERATURE (F)
 YESTERDAY
  MAXIMUM         20    355 PM  66    1932  31    -11       27
  MINIMUM          8   1159 PM -12    1988  16     -8       14
                                      1957
  AVERAGE         14                        24    -10       21

PRECIPITATION (IN)
  YESTERDAY        0.00          0.93 1992   0.12  -0.12     0.00
  MONTH TO DATE    2.07                      1.55   0.52     2.19
  SINCE DEC 1      4.92                      5.37  -0.45     5.99
  SINCE JAN 1      2.07                      1.55   0.52     2.19

SNOWFALL (IN)
  YESTERDAY        0.0           6.2  2008   0.6   -0.6      0.0
  MONTH TO DATE   17.2                       7.8    9.4      7.7
  SINCE DEC 1     30.6                      22.2    8.4     25.2
  SINCE JUL 1     30.6                      25.0    5.6     25.2
  SNOW DEPTH      MM

DEGREE DAYS
 HEATING
  YESTERDAY       51                        41     10       44
  MONTH TO DATE  631                       570     61      526
  SINCE DEC 1   1861                      1672    189     1616
  SINCE JUL 1   2997                      3074    -77     2803

 COOLING
  YESTERDAY        0                         0      0        0
  MONTH TO DATE    0                         0      0        0
  SINCE DEC 1      0                         0      0        0
  SINCE JAN 1      0                         0      0        0
..................................................................


WIND (MPH)
  RESULTANT WIND SPEED   9   RESULTANT WIND DIRECTION  NW (330)
  HIGHEST WIND SPEED    17   HIGHEST WIND DIRECTION    NW (320)
  HIGHEST GUST SPEED    24   HIGHEST GUST DIRECTION    NW (320)
  AVERAGE WIND SPEED     9.1


SKY COVER
  POSSIBLE SUNSHINE  MM
  AVERAGE SKY COVER 0.0


WEATHER CONDITIONS
 THE FOLLOWING WEATHER WAS RECORDED YESTERDAY.
  NO SIGNIFICANT WEATHER WAS OBSERVED.


RELATIVE HUMIDITY (PERCENT)
 HIGHEST    69           500 AM
 LOWEST     28           300 PM
 AVERAGE    49

..........................................................


THE WORCESTER MA CLIMATE NORMALS FOR TODAY
                         NORMAL    RECORD    YEAR
 MAXIMUM TEMPERATURE (F)   31        67      1932
 MINIMUM TEMPERATURE (F)   16       -19      1957


SUNRISE AND SUNSET
JANUARY 15 2018.......SUNRISE   714 AM EST   SUNSET   440 PM EST
JANUARY 16 2018.......SUNRISE   713 AM EST   SUNSET   442 PM EST


-  INDICATES NEGATIVE NUMBERS.
R  INDICATES RECORD WAS SET OR TIED.
MM INDICATES DATA IS MISSING.
T  INDICATES TRACE AMOUNT.




$$
