000
CDUS41 KBOX 260541
CLIORH


CLIMATE REPORT
NATIONAL WEATHER SERVICE TAUNTON MA
137 AM EDT SUN JUL 26 2015


...................................

...THE WORCESTER MA CLIMATE SUMMARY FOR JULY 25 2015...

CLIMATE NORMAL PERIOD 1981 TO 2010
CLIMATE RECORD PERIOD 1892 TO 2015


WEATHER ITEM   OBSERVED TIME   RECORD YEAR NORMAL DEPARTURE LAST
                VALUE   (LST)  VALUE       VALUE  FROM      YEAR
                                                  NORMAL
..................................................................
TEMPERATURE (F)
 YESTERDAY
  MAXIMUM         70    432 PM  93    1941  79     -9       77
  MINIMUM         57    406 AM  48    1953  62     -5       55
  AVERAGE         64                        71     -7       66

PRECIPITATION (IN)
  YESTERDAY        T             1.57 1977   0.14  -0.14     0.00
  MONTH TO DATE    2.53                      3.37  -0.84     4.84
  SINCE JUN 1      8.88                      7.56   1.32     6.40
  SINCE JAN 1     23.18                     26.79  -3.61    27.59

SNOWFALL (IN)
  YESTERDAY        0.0           0.0  2002   0.0    0.0      0.0
                                      2001
                                      2000
  MONTH TO DATE    0.0                       0.0    0.0      0.0
  SINCE JUN 1      0.0                       0.0    0.0      0.0
  SINCE JUL 1      0.0                       0.0    0.0      0.0
  SNOW DEPTH       0

DEGREE DAYS
 HEATING
  YESTERDAY        1                         0      1        0
  MONTH TO DATE    1                         9     -8        0
  SINCE JUN 1     95                        92      3       45
  SINCE JUL 1      1                         9     -8        0

 COOLING
  YESTERDAY        0                         6     -6        1
  MONTH TO DATE  166                       141     25      155
  SINCE JUN 1    250                       225     25      239
  SINCE JAN 1    316                       247     69      247
..................................................................


WIND (MPH)
  RESULTANT WIND SPEED   4   RESULTANT WIND DIRECTION   E (70)
  HIGHEST WIND SPEED    10   HIGHEST WIND DIRECTION    SE (130)
  HIGHEST GUST SPEED    13   HIGHEST GUST DIRECTION    NE (60)
  AVERAGE WIND SPEED     6.0


SKY COVER
  POSSIBLE SUNSHINE  MM
  AVERAGE SKY COVER 0.4


WEATHER CONDITIONS
 THE FOLLOWING WEATHER WAS RECORDED YESTERDAY.
  LIGHT RAIN


RELATIVE HUMIDITY (PERCENT)
 HIGHEST    93           400 AM
 LOWEST     66           300 PM
 AVERAGE    80

..........................................................


THE WORCESTER MA CLIMATE NORMALS FOR TODAY
                         NORMAL    RECORD    YEAR
 MAXIMUM TEMPERATURE (F)   79        94      1892
 MINIMUM TEMPERATURE (F)   62        51      1936


SUNRISE AND SUNSET
JULY 26 2015..........SUNRISE   534 AM EDT   SUNSET   813 PM EDT
JULY 27 2015..........SUNRISE   535 AM EDT   SUNSET   812 PM EDT


-  INDICATES NEGATIVE NUMBERS.
R  INDICATES RECORD WAS SET OR TIED.
MM INDICATES DATA IS MISSING.
T  INDICATES TRACE AMOUNT.




$$
