000
CDUS41 KBOX 141241
CLIORH


CLIMATE REPORT
NATIONAL WEATHER SERVICE TAUNTON MA
837 AM EDT FRI JUL 14 2017


...................................

...THE WORCESTER MA CLIMATE SUMMARY FOR JULY 13 2017...

CLIMATE NORMAL PERIOD 1981 TO 2010
CLIMATE RECORD PERIOD 1892 TO 2017


WEATHER ITEM   OBSERVED TIME   RECORD YEAR NORMAL DEPARTURE LAST
                VALUE   (LST)  VALUE       VALUE  FROM      YEAR
                                                  NORMAL
..................................................................
TEMPERATURE (F)
 YESTERDAY
  MAXIMUM         71   1207 AM  93    1894  79     -8       86
  MINIMUM         54   1159 PM  43    1933  62     -8       64
  AVERAGE         63                        70     -7       75

PRECIPITATION (IN)
  YESTERDAY        0.05          3.26 1996   0.14  -0.09     0.00
  MONTH TO DATE    1.03                      1.66  -0.63     0.57
  SINCE JUN 1      5.36                      5.85  -0.49     2.23
  SINCE JAN 1     26.44                     25.08   1.36    17.95

SNOWFALL (IN)
  YESTERDAY        0.0           0.0  2002   0.0    0.0      0.0
                                      2001
                                      2000
  MONTH TO DATE    0.0                       0.0    0.0      0.0
  SINCE JUN 1      0.0                       0.0    0.0      0.0
  SINCE JUL 1      0.0                       0.0    0.0      0.0
  SNOW DEPTH      MM

DEGREE DAYS
 HEATING
  YESTERDAY        2                         0      2        0
  MONTH TO DATE    3                         9     -6        9
  SINCE JUN 1     89                        92     -3       60
  SINCE JUL 1      3                         9     -6        9

 COOLING
  YESTERDAY        0                         6     -6       10
  MONTH TO DATE   74                        69      5       62
  SINCE JUN 1    180                       153     27      134
  SINCE JAN 1    214                       175     39      176
..................................................................


WIND (MPH)
  RESULTANT WIND SPEED   5   RESULTANT WIND DIRECTION  NE (60)
  HIGHEST WIND SPEED    14   HIGHEST WIND DIRECTION    NE (40)
  HIGHEST GUST SPEED    22   HIGHEST GUST DIRECTION    NE (30)
  AVERAGE WIND SPEED     6.9


SKY COVER
  POSSIBLE SUNSHINE  MM
  AVERAGE SKY COVER 0.9


WEATHER CONDITIONS
 THE FOLLOWING WEATHER WAS RECORDED YESTERDAY.
  LIGHT RAIN
  FOG
  FOG W/VISIBILITY <= 1/4 MILE


RELATIVE HUMIDITY (PERCENT)
 HIGHEST   100           500 AM
 LOWEST     87           200 PM
 AVERAGE    94

..........................................................


THE WORCESTER MA CLIMATE NORMALS FOR TODAY
                         NORMAL    RECORD    YEAR
 MAXIMUM TEMPERATURE (F)   79        95      1952
 MINIMUM TEMPERATURE (F)   62        48      1933


SUNRISE AND SUNSET
JULY 14 2017..........SUNRISE   524 AM EDT   SUNSET   823 PM EDT
JULY 15 2017..........SUNRISE   525 AM EDT   SUNSET   822 PM EDT


-  INDICATES NEGATIVE NUMBERS.
R  INDICATES RECORD WAS SET OR TIED.
MM INDICATES DATA IS MISSING.
T  INDICATES TRACE AMOUNT.




$$
