000
CDUS41 KBOX 140558
CLIORH


CLIMATE REPORT
NATIONAL WEATHER SERVICE TAUNTON MA
155 AM EDT TUE OCT 14 2014


...................................

...THE WORCESTER MA CLIMATE SUMMARY FOR OCTOBER 13 2014...

CLIMATE NORMAL PERIOD 1981 TO 2010
CLIMATE RECORD PERIOD 1892 TO 2014


WEATHER ITEM   OBSERVED TIME   RECORD YEAR NORMAL DEPARTURE LAST
                VALUE   (LST)  VALUE       VALUE  FROM      YEAR
                                                  NORMAL
..................................................................
TEMPERATURE (F)
 YESTERDAY
  MAXIMUM         58    325 PM  89    1930  59     -1       54
  MINIMUM         41    550 AM  27    1936  42     -1       42
  AVERAGE         50                        51     -1       48

PRECIPITATION (IN)
  YESTERDAY        0.00          7.54 1895   0.15  -0.15     0.00
  MONTH TO DATE    1.29                      2.04  -0.75     1.17
  SINCE SEP 1      4.01                      5.97  -1.96     4.40
  SINCE JAN 1     39.04                     37.33   1.71    37.42

SNOWFALL (IN)
  YESTERDAY        0.0           1.3  1934   0.0    0.0      0.0
  MONTH TO DATE    0.0                       0.0    0.0      0.0
  SINCE SEP 1      0.0                       0.0    0.0      0.0
  SINCE JUL 1      0.0                       0.0    0.0      0.0
  SNOW DEPTH      MM

DEGREE DAYS
 HEATING
  YESTERDAY       15                        14      1       17
  MONTH TO DATE  162                       158      4      101
  SINCE SEP 1    315                       312      3      271
  SINCE JUL 1    335                       351    -16      290

 COOLING
  YESTERDAY        0                         0      0        0
  MONTH TO DATE    0                         0      0        1
  SINCE SEP 1     61                        42     19       41
  SINCE JAN 1    423                       468    -45      572
..................................................................


WIND (MPH)
  RESULTANT WIND SPEED   8   RESULTANT WIND DIRECTION  SW (230)
  HIGHEST WIND SPEED    16   HIGHEST WIND DIRECTION    SW (220)
  HIGHEST GUST SPEED    21   HIGHEST GUST DIRECTION    SW (210)
  AVERAGE WIND SPEED     9.0


SKY COVER
  POSSIBLE SUNSHINE  MM
  AVERAGE SKY COVER 0.7


WEATHER CONDITIONS
 THE FOLLOWING WEATHER WAS RECORDED YESTERDAY.
  NO SIGNIFICANT WEATHER WAS OBSERVED.


RELATIVE HUMIDITY (PERCENT)
 HIGHEST    93          1100 PM
 LOWEST     65          1200 AM
 AVERAGE    79

..........................................................


THE WORCESTER MA CLIMATE NORMALS FOR TODAY
                         NORMAL    RECORD    YEAR
 MAXIMUM TEMPERATURE (F)   59        80      1930
 MINIMUM TEMPERATURE (F)   42        24      1937
                                             1925


SUNRISE AND SUNSET
OCTOBER 14 2014.......SUNRISE   659 AM EDT   SUNSET   607 PM EDT
OCTOBER 15 2014.......SUNRISE   700 AM EDT   SUNSET   606 PM EDT


-  INDICATES NEGATIVE NUMBERS.
R  INDICATES RECORD WAS SET OR TIED.
MM INDICATES DATA IS MISSING.
T  INDICATES TRACE AMOUNT.




$$
