162
CDUS41 KBOX 200540
CLIORH


CLIMATE REPORT
NATIONAL WEATHER SERVICE TAUNTON MA
137 AM EDT MON MAR 20 2017


...................................

...THE WORCESTER MA CLIMATE SUMMARY FOR MARCH 19 2017...

CLIMATE NORMAL PERIOD 1981 TO 2010
CLIMATE RECORD PERIOD 1892 TO 2017


WEATHER ITEM   OBSERVED TIME   RECORD YEAR NORMAL DEPARTURE LAST
                VALUE   (LST)  VALUE       VALUE  FROM      YEAR
                                                  NORMAL
..................................................................
TEMPERATURE (F)
 YESTERDAY
  MAXIMUM         37    511 PM  78    2012  44     -7       40
  MINIMUM         26    743 AM  -4    1967  27     -1       24
  AVERAGE         32                        36     -4       32

PRECIPITATION (IN)
  YESTERDAY        0.00          1.53 1899   0.14  -0.14     0.00
  MONTH TO DATE    1.83                      2.45  -0.62     2.21
  SINCE MAR 1      1.83                      2.45  -0.62     2.21
  SINCE JAN 1      8.18                      9.17  -0.99     9.60

SNOWFALL (IN)
  YESTERDAY        0.0           7.7  2013   0.4   -0.4      0.0
  MONTH TO DATE   16.1                       8.1    8.0       T
  SINCE MAR 1     16.1                       8.1    8.0       T
  SINCE JUL 1     73.9                      58.0   15.9     31.7
  SNOW DEPTH      MM

DEGREE DAYS
 HEATING
  YESTERDAY       33                        29      4       33
  MONTH TO DATE  713                       613    100      472
  SINCE MAR 1    713                       613    100      472
  SINCE JUL 1   4990                      5450   -460     4531

 COOLING
  YESTERDAY        0                         0      0        0
  MONTH TO DATE    0                         0      0        0
  SINCE MAR 1      0                         0      0        0
  SINCE JAN 1      0                         0      0        0
..................................................................


WIND (MPH)
  RESULTANT WIND SPEED  11   RESULTANT WIND DIRECTION   N (20)
  HIGHEST WIND SPEED    18   HIGHEST WIND DIRECTION     N (360)
  HIGHEST GUST SPEED    28   HIGHEST GUST DIRECTION    NE (40)
  AVERAGE WIND SPEED    11.5


SKY COVER
  POSSIBLE SUNSHINE  MM
  AVERAGE SKY COVER 0.6


WEATHER CONDITIONS
 THE FOLLOWING WEATHER WAS RECORDED YESTERDAY.
  NO SIGNIFICANT WEATHER WAS OBSERVED.


RELATIVE HUMIDITY (PERCENT)
 HIGHEST    81           800 AM
 LOWEST     40           500 PM
 AVERAGE    61

..........................................................


THE WORCESTER MA CLIMATE NORMALS FOR TODAY
                         NORMAL    RECORD    YEAR
 MAXIMUM TEMPERATURE (F)   44        77      1945
 MINIMUM TEMPERATURE (F)   28         2      1949


SUNRISE AND SUNSET
MARCH 20 2017.........SUNRISE   650 AM EDT   SUNSET   700 PM EDT
MARCH 21 2017.........SUNRISE   649 AM EDT   SUNSET   701 PM EDT


-  INDICATES NEGATIVE NUMBERS.
R  INDICATES RECORD WAS SET OR TIED.
MM INDICATES DATA IS MISSING.
T  INDICATES TRACE AMOUNT.




$$
