000
CDUS41 KBOX 150542
CLIORH


CLIMATE REPORT
NATIONAL WEATHER SERVICE TAUNTON MA
138 AM EDT WED OCT 15 2014


...................................

...THE WORCESTER MA CLIMATE SUMMARY FOR OCTOBER 14 2014...

CLIMATE NORMAL PERIOD 1981 TO 2010
CLIMATE RECORD PERIOD 1892 TO 2014


WEATHER ITEM   OBSERVED TIME   RECORD YEAR NORMAL DEPARTURE LAST
                VALUE   (LST)  VALUE       VALUE  FROM      YEAR
                                                  NORMAL
..................................................................
TEMPERATURE (F)
 YESTERDAY
  MAXIMUM         72    245 PM  80    1930  59     13       63
  MINIMUM         56    122 AM  24    1937  42     14       39
                                      1925
  AVERAGE         64                        51     13       51

PRECIPITATION (IN)
  YESTERDAY        T             2.18 1901   0.16  -0.16     0.00
  MONTH TO DATE    1.29                      2.20  -0.91     1.17
  SINCE SEP 1      4.01                      6.13  -2.12     4.40
  SINCE JAN 1     39.04                     37.49   1.55    37.42

SNOWFALL (IN)
  YESTERDAY        0.0           0.0  2009   0.0    0.0      0.0
                                      2008
                                      2007
  MONTH TO DATE    0.0                       0.0    0.0      0.0
  SINCE SEP 1      0.0                       0.0    0.0      0.0
  SINCE JUL 1      0.0                       0.0    0.0      0.0
  SNOW DEPTH      MM

DEGREE DAYS
 HEATING
  YESTERDAY        1                        15    -14       14
  MONTH TO DATE  163                       173    -10      115
  SINCE SEP 1    316                       327    -11      285
  SINCE JUL 1    336                       366    -30      304

 COOLING
  YESTERDAY        0                         0      0        0
  MONTH TO DATE    0                         0      0        1
  SINCE SEP 1     61                        42     19       41
  SINCE JAN 1    423                       468    -45      572
..................................................................


WIND (MPH)
  RESULTANT WIND SPEED  12   RESULTANT WIND DIRECTION  SW (210)
  HIGHEST WIND SPEED    20   HIGHEST WIND DIRECTION     S (190)
  HIGHEST GUST SPEED    27   HIGHEST GUST DIRECTION    SW (210)
  AVERAGE WIND SPEED    12.2


SKY COVER
  POSSIBLE SUNSHINE  MM
  AVERAGE SKY COVER 0.7


WEATHER CONDITIONS
 THE FOLLOWING WEATHER WAS RECORDED YESTERDAY.
  LIGHT RAIN
  FOG
  HAZE


RELATIVE HUMIDITY (PERCENT)
 HIGHEST   100           100 AM
 LOWEST     63           500 PM
 AVERAGE    82

..........................................................


THE WORCESTER MA CLIMATE NORMALS FOR TODAY
                         NORMAL    RECORD    YEAR
 MAXIMUM TEMPERATURE (F)   59        85      1956
 MINIMUM TEMPERATURE (F)   42        28      1928


SUNRISE AND SUNSET
OCTOBER 15 2014.......SUNRISE   700 AM EDT   SUNSET   606 PM EDT
OCTOBER 16 2014.......SUNRISE   701 AM EDT   SUNSET   604 PM EDT


-  INDICATES NEGATIVE NUMBERS.
R  INDICATES RECORD WAS SET OR TIED.
MM INDICATES DATA IS MISSING.
T  INDICATES TRACE AMOUNT.




$$
