000
CDUS41 KBOX 140622
CLIORH


CLIMATE REPORT
NATIONAL WEATHER SERVICE TAUNTON MA
111 AM EST WED FEB 14 2018


...................................

...THE WORCESTER MA CLIMATE SUMMARY FOR FEBRUARY 13 2018...

CLIMATE NORMAL PERIOD 1981 TO 2010
CLIMATE RECORD PERIOD 1892 TO 2018


WEATHER ITEM   OBSERVED TIME   RECORD YEAR NORMAL DEPARTURE LAST
                VALUE   (LST)  VALUE       VALUE  FROM      YEAR
                                                  NORMAL
..................................................................
TEMPERATURE (F)
 YESTERDAY
  MAXIMUM         30    201 PM  59    1900  34     -4       28
  MINIMUM         18    717 AM -12    1967  19     -1       20
  AVERAGE         24                        27     -3       24

PRECIPITATION (IN)
  YESTERDAY        0.00          3.16 1900   0.11  -0.11     0.01
  MONTH TO DATE    3.02                      1.47   1.55     2.04
  SINCE DEC 1      9.49                      8.78   0.71     9.75
  SINCE JAN 1      6.64                      4.96   1.68     5.95

SNOWFALL (IN)
  YESTERDAY        0.0          10.5  2014   0.6   -0.6       T
  MONTH TO DATE    4.0                       7.4   -3.4     25.4
  SINCE DEC 1     39.5                      38.9    0.6     57.8
  SINCE JUL 1     39.5                      41.7   -2.2     57.8
  SNOW DEPTH      MM

DEGREE DAYS
 HEATING
  YESTERDAY       41                        38      3       41
  MONTH TO DATE  493                       512    -19      531
  SINCE DEC 1   2985                      2883    102     2705
  SINCE JUL 1   4121                      4285   -164     3892

 COOLING
  YESTERDAY        0                         0      0        0
  MONTH TO DATE    0                         0      0        0
  SINCE DEC 1      0                         0      0        0
  SINCE JAN 1      0                         0      0        0
..................................................................


WIND (MPH)
  RESULTANT WIND SPEED   3   RESULTANT WIND DIRECTION   W (270)
  HIGHEST WIND SPEED    16   HIGHEST WIND DIRECTION    SW (220)
  HIGHEST GUST SPEED    23   HIGHEST GUST DIRECTION    SW (230)
  AVERAGE WIND SPEED     7.6


SKY COVER
  POSSIBLE SUNSHINE  MM
  AVERAGE SKY COVER 0.0


WEATHER CONDITIONS
 THE FOLLOWING WEATHER WAS RECORDED YESTERDAY.
  NO SIGNIFICANT WEATHER WAS OBSERVED.


RELATIVE HUMIDITY (PERCENT)
 HIGHEST    68           900 PM
 LOWEST     42           300 PM
 AVERAGE    55

..........................................................


THE WORCESTER MA CLIMATE NORMALS FOR TODAY
                         NORMAL    RECORD    YEAR
 MAXIMUM TEMPERATURE (F)   34        56      1908
 MINIMUM TEMPERATURE (F)   19       -16      2016


SUNRISE AND SUNSET
FEBRUARY 14 2018......SUNRISE   645 AM EST   SUNSET   519 PM EST
FEBRUARY 15 2018......SUNRISE   644 AM EST   SUNSET   520 PM EST


-  INDICATES NEGATIVE NUMBERS.
R  INDICATES RECORD WAS SET OR TIED.
MM INDICATES DATA IS MISSING.
T  INDICATES TRACE AMOUNT.




$$
