510
CDUS41 KBOX 142137
CLIORH


CLIMATE REPORT
NATIONAL WEATHER SERVICE TAUNTON MA
426 PM EST SAT JAN 14 2017


...................................

...THE WORCESTER MA CLIMATE SUMMARY FOR JANUARY 14 2017...
VALID AS OF 0400 PM LOCAL TIME.

CLIMATE NORMAL PERIOD 1981 TO 2010
CLIMATE RECORD PERIOD 1892 TO 2017


WEATHER ITEM   OBSERVED TIME   RECORD YEAR NORMAL DEPARTURE LAST
                VALUE   (LST)  VALUE       VALUE  FROM      YEAR
                                                  NORMAL
..................................................................
TEMPERATURE (F)
 TODAY
  MAXIMUM         27    259 PM  66    1932  31     -4       24
  MINIMUM         14    724 AM -12    1988  16     -2       14
                                      1957
  AVERAGE         21                        24     -3       19

PRECIPITATION (IN)
  TODAY            0.00          0.93 1992   0.12  -0.12      T
  MONTH TO DATE    2.19                      1.55   0.64     1.30
  SINCE DEC 1      5.99                      5.37   0.62     5.95
  SINCE JAN 1      2.19                      1.55   0.64     1.30

SNOWFALL (IN)
  TODAY            0.0           6.2  2008   0.6   -0.6       T
  MONTH TO DATE    7.7                       7.8   -0.1      3.2
  SINCE DEC 1     25.2                      22.2    3.0      4.6
  SINCE JUL 1     25.2                      25.0    0.2      4.6
  SNOW DEPTH      MM

DEGREE DAYS
 HEATING
  TODAY           44                        41      3       46
  MONTH TO DATE  526                       570    -44      523
  SINCE DEC 1   1616                      1672    -56     1247
  SINCE JUL 1   2803                      3074   -271     2396

 COOLING
  TODAY            0                         0      0        0
  MONTH TO DATE    0                         0      0        0
  SINCE DEC 1      0                         0      0        0
  SINCE JAN 1      0                         0      0        0
..................................................................


WIND (MPH)
  HIGHEST WIND SPEED    13   HIGHEST WIND DIRECTION    SW (230)
  HIGHEST GUST SPEED    18   HIGHEST GUST DIRECTION     N (360)
  AVERAGE WIND SPEED     7.2


SKY COVER
  POSSIBLE SUNSHINE  MM
  AVERAGE SKY COVER 0.2


WEATHER CONDITIONS
 THE FOLLOWING WEATHER WAS RECORDED TODAY.
  NO SIGNIFICANT WEATHER WAS OBSERVED.


RELATIVE HUMIDITY (PERCENT)
 HIGHEST    58           600 AM
 LOWEST     29           200 PM
 AVERAGE    44

..........................................................


THE WORCESTER MA CLIMATE NORMALS FOR TOMORROW
                         NORMAL    RECORD    YEAR
 MAXIMUM TEMPERATURE (F)   31        67      1932
 MINIMUM TEMPERATURE (F)   16       -19      1957


SUNRISE AND SUNSET
JANUARY 14 2017.......SUNRISE   714 AM EST   SUNSET   440 PM EST
JANUARY 15 2017.......SUNRISE   714 AM EST   SUNSET   441 PM EST


-  INDICATES NEGATIVE NUMBERS.
R  INDICATES RECORD WAS SET OR TIED.
MM INDICATES DATA IS MISSING.
T  INDICATES TRACE AMOUNT.




$$
