000
CDUS41 KBOX 132152
CLIORH


CLIMATE REPORT
NATIONAL WEATHER SERVICE TAUNTON MA
550 PM EDT THU APR 13 2017


...................................

...THE WORCESTER MA CLIMATE SUMMARY FOR APRIL 13 2017...
VALID TODAY AS OF 0500 PM LOCAL TIME.

CLIMATE NORMAL PERIOD 1981 TO 2010
CLIMATE RECORD PERIOD 1892 TO 2017


WEATHER ITEM   OBSERVED TIME   RECORD YEAR NORMAL DEPARTURE LAST
                VALUE   (LST)  VALUE       VALUE  FROM      YEAR
                                                  NORMAL
..................................................................
TEMPERATURE (F)
 TODAY
  MAXIMUM         55    255 PM  86    1945  54      1       53
  MINIMUM         38    506 AM  18    1926  36      2       30
  AVERAGE         47                        45      2       42

PRECIPITATION (IN)
  TODAY            0.00          2.18 2004   0.14  -0.14     0.00
  MONTH TO DATE    3.14                      1.89   1.25     2.31
  SINCE MAR 1      7.15                      6.10   1.05     5.80
  SINCE JAN 1     13.50                     12.82   0.68    13.19

SNOWFALL (IN)
  TODAY            0.0          10.5  1933   0.1   -0.1      0.0
  MONTH TO DATE    2.9                       1.7    1.2     10.0
  SINCE MAR 1     20.5                      13.1    7.4     15.5
  SINCE JUL 1     78.3                      63.0   15.3     47.2
  SNOW DEPTH      MM

DEGREE DAYS
 HEATING
  TODAY           18                        20     -2       23
  MONTH TO DATE  250                       289    -39      350
  SINCE MAR 1   1330                      1228    102     1119
  SINCE JUL 1   5607                      6065   -458     5178

 COOLING
  TODAY            0                         0      0        0
  MONTH TO DATE    3                         0      3        0
  SINCE MAR 1      3                         0      3        0
  SINCE JAN 1      3                         0      3        0
..................................................................


WIND (MPH)
  HIGHEST WIND SPEED    23   HIGHEST WIND DIRECTION    NW (300)
  HIGHEST GUST SPEED    30   HIGHEST GUST DIRECTION     W (290)
  AVERAGE WIND SPEED    12.0


SKY COVER
  POSSIBLE SUNSHINE  MM
  AVERAGE SKY COVER 0.1


WEATHER CONDITIONS
 THE FOLLOWING WEATHER WAS RECORDED TODAY.
  NO SIGNIFICANT WEATHER WAS OBSERVED.


RELATIVE HUMIDITY (PERCENT)
 HIGHEST    70           400 AM
 LOWEST     32           300 PM
 AVERAGE    51

..........................................................


THE WORCESTER MA CLIMATE NORMALS FOR TOMORROW
                         NORMAL    RECORD    YEAR
 MAXIMUM TEMPERATURE (F)   55        79      1938
 MINIMUM TEMPERATURE (F)   37        18      1940


SUNRISE AND SUNSET
APRIL 13 2017.........SUNRISE   610 AM EDT   SUNSET   727 PM EDT
APRIL 14 2017.........SUNRISE   608 AM EDT   SUNSET   728 PM EDT


-  INDICATES NEGATIVE NUMBERS.
R  INDICATES RECORD WAS SET OR TIED.
MM INDICATES DATA IS MISSING.
T  INDICATES TRACE AMOUNT.




$$
