000
CDUS41 KBOX 080558
CLIORH


CLIMATE REPORT
NATIONAL WEATHER SERVICE TAUNTON MA
157 AM EDT TUE JUL 8 2014


...................................

...THE WORCESTER MA CLIMATE SUMMARY FOR JULY 7 2014...

CLIMATE NORMAL PERIOD 1981 TO 2010
CLIMATE RECORD PERIOD 1892 TO 2014


WEATHER ITEM   OBSERVED TIME   RECORD YEAR NORMAL DEPARTURE LAST
                VALUE   (LST)  VALUE       VALUE  FROM      YEAR
                                                  NORMAL
..................................................................
TEMPERATURE (F)
 YESTERDAY
  MAXIMUM         83    344 PM  95    1908  79      4       88
  MINIMUM         64    429 AM  48    1938  61      3       71
  AVERAGE         74                        70      4       80

PRECIPITATION (IN)
  YESTERDAY        0.14          2.42 1984   0.13   0.01     0.02
  MONTH TO DATE    1.87                      0.86   1.01     0.35
  SINCE JUN 1      3.43                      5.05  -1.62    10.41
  SINCE JAN 1     24.62                     24.28   0.34    27.22

SNOWFALL (IN)
  YESTERDAY        0.0           0.0  2002   0.0    0.0      0.0
  MONTH TO DATE    0.0                       0.0    0.0      0.0
  SINCE JUN 1      0.0                       0.0    0.0      0.0
  SINCE JUL 1      0.0                       0.0    0.0      0.0
  SNOW DEPTH      MM

DEGREE DAYS
 HEATING
  YESTERDAY        0                         1     -1        0
  MONTH TO DATE    0                         7     -7        0
  SINCE JUN 1     45                        90    -45       67
  SINCE JUL 1      0                         7     -7        0

 COOLING
  YESTERDAY        9                         5      4       15
  MONTH TO DATE   49                        35     14       86
  SINCE JUN 1    133                       119     14      189
  SINCE JAN 1    141                       141      0      213
..................................................................


WIND (MPH)
  RESULTANT WIND SPEED  12   RESULTANT WIND DIRECTION  SW (220)
  HIGHEST WIND SPEED    24   HIGHEST WIND DIRECTION    SW (220)
  HIGHEST GUST SPEED    31   HIGHEST GUST DIRECTION    SW (210)
  AVERAGE WIND SPEED    12.3


SKY COVER
  POSSIBLE SUNSHINE  MM
  AVERAGE SKY COVER 0.4


WEATHER CONDITIONS
 THE FOLLOWING WEATHER WAS RECORDED YESTERDAY.
  THUNDERSTORM
  LIGHT RAIN
  FOG
  HAZE


RELATIVE HUMIDITY (PERCENT)
 HIGHEST    90          1100 PM
 LOWEST     51           100 PM
 AVERAGE    71

..........................................................


THE WORCESTER MA CLIMATE NORMALS FOR TODAY
                         NORMAL    RECORD    YEAR
 MAXIMUM TEMPERATURE (F)   79        97      1936
 MINIMUM TEMPERATURE (F)   61        50      1942


SUNRISE AND SUNSET
JULY  8 2014..........SUNRISE   519 AM EDT   SUNSET   826 PM EDT
JULY  9 2014..........SUNRISE   520 AM EDT   SUNSET   825 PM EDT


-  INDICATES NEGATIVE NUMBERS.
R  INDICATES RECORD WAS SET OR TIED.
MM INDICATES DATA IS MISSING.
T  INDICATES TRACE AMOUNT.




$$
