000
CDUS41 KBOX 190534
CLIORH


CLIMATE REPORT
NATIONAL WEATHER SERVICE TAUNTON MA
133 AM EDT WED JUL 19 2017


...................................

...THE WORCESTER MA CLIMATE SUMMARY FOR JULY 18 2017...

CLIMATE NORMAL PERIOD 1981 TO 2010
CLIMATE RECORD PERIOD 1892 TO 2017


WEATHER ITEM   OBSERVED TIME   RECORD YEAR NORMAL DEPARTURE LAST
                VALUE   (LST)  VALUE       VALUE  FROM      YEAR
                                                  NORMAL
..................................................................
TEMPERATURE (F)
 YESTERDAY
  MAXIMUM         83    327 PM  93    1982  79      4       88
                                      1900
  MINIMUM         66    233 AM  47    1946  62      4       65
  AVERAGE         75                        71      4       77

PRECIPITATION (IN)
  YESTERDAY        0.21          1.64 1938   0.14   0.07     0.03
  MONTH TO DATE    1.31                      2.37  -1.06     1.20
  SINCE JUN 1      5.64                      6.56  -0.92     2.86
  SINCE JAN 1     26.72                     25.79   0.93    18.58

SNOWFALL (IN)
  YESTERDAY        0.0           T    1926   0.0    0.0      0.0
  MONTH TO DATE    0.0                       0.0    0.0      0.0
  SINCE JUN 1      0.0                       0.0    0.0      0.0
  SINCE JUL 1      0.0                       0.0    0.0      0.0
  SNOW DEPTH      MM

DEGREE DAYS
 HEATING
  YESTERDAY        0                         0      0        0
  MONTH TO DATE   10                         9      1        9
  SINCE JUN 1     96                        92      4       60
  SINCE JUL 1     10                         9      1        9

 COOLING
  YESTERDAY       10                         6      4       12
  MONTH TO DATE  107                        99      8      118
  SINCE JUN 1    213                       183     30      190
  SINCE JAN 1    247                       205     42      232
..................................................................


WIND (MPH)
  RESULTANT WIND SPEED   8   RESULTANT WIND DIRECTION  SW (210)
  HIGHEST WIND SPEED    15   HIGHEST WIND DIRECTION    SW (210)
  HIGHEST GUST SPEED    18   HIGHEST GUST DIRECTION    SW (230)
  AVERAGE WIND SPEED     8.2


SKY COVER
  POSSIBLE SUNSHINE  MM
  AVERAGE SKY COVER 0.7


WEATHER CONDITIONS
 THE FOLLOWING WEATHER WAS RECORDED YESTERDAY.
  HEAVY RAIN
  LIGHT RAIN
  FOG


RELATIVE HUMIDITY (PERCENT)
 HIGHEST    93           200 AM
 LOWEST     58           400 PM
 AVERAGE    76

..........................................................


THE WORCESTER MA CLIMATE NORMALS FOR TODAY
                         NORMAL    RECORD    YEAR
 MAXIMUM TEMPERATURE (F)   79        95      1991
 MINIMUM TEMPERATURE (F)   62        52      1944


SUNRISE AND SUNSET
JULY 19 2017..........SUNRISE   528 AM EDT   SUNSET   819 PM EDT
JULY 20 2017..........SUNRISE   529 AM EDT   SUNSET   818 PM EDT


-  INDICATES NEGATIVE NUMBERS.
R  INDICATES RECORD WAS SET OR TIED.
MM INDICATES DATA IS MISSING.
T  INDICATES TRACE AMOUNT.




$$
