000
CDUS41 KBOX 130914
CLIORH


CLIMATE REPORT
NATIONAL WEATHER SERVICE TAUNTON MA
513 AM EDT MON OCT 13 2014


...................................

...THE WORCESTER MA CLIMATE SUMMARY FOR OCTOBER 12 2014...

CLIMATE NORMAL PERIOD 1981 TO 2010
CLIMATE RECORD PERIOD 1892 TO 2014


WEATHER ITEM   OBSERVED TIME   RECORD YEAR NORMAL DEPARTURE LAST
                VALUE   (LST)  VALUE       VALUE  FROM      YEAR
                                                  NORMAL
..................................................................
TEMPERATURE (F)
 YESTERDAY
  MAXIMUM         58    333 PM  87    1938  60     -2       55
  MINIMUM         40    402 AM  29    1929  43     -3       50
  AVERAGE         49                        51     -2       53

PRECIPITATION (IN)
  YESTERDAY        0.00          1.35 2006   0.15  -0.15      T
  MONTH TO DATE    1.29                      1.89  -0.60     1.17
  SINCE SEP 1      4.01                      5.82  -1.81     4.40
  SINCE JAN 1     39.04                     37.18   1.86    37.42

SNOWFALL (IN)
  YESTERDAY        0.0           T    1932   0.0    0.0      0.0
  MONTH TO DATE    0.0                       0.0    0.0      0.0
  SINCE SEP 1      0.0                       0.0    0.0      0.0
  SINCE JUL 1      0.0                       0.0    0.0      0.0
  SNOW DEPTH      MM

DEGREE DAYS
 HEATING
  YESTERDAY       16                        14      2       12
  MONTH TO DATE  147                       144      3       84
  SINCE SEP 1    300                       298      2      254
  SINCE JUL 1    320                       337    -17      273

 COOLING
  YESTERDAY        0                         0      0        0
  MONTH TO DATE    0                         0      0        1
  SINCE SEP 1     61                        42     19       41
  SINCE JAN 1    423                       468    -45      572
..................................................................


WIND (MPH)
  RESULTANT WIND SPEED   5   RESULTANT WIND DIRECTION  NW (310)
  HIGHEST WIND SPEED    13   HIGHEST WIND DIRECTION     N (340)
  HIGHEST GUST SPEED    17   HIGHEST GUST DIRECTION    NW (320)
  AVERAGE WIND SPEED     7.5


SKY COVER
  POSSIBLE SUNSHINE  MM
  AVERAGE SKY COVER 0.0


WEATHER CONDITIONS
 THE FOLLOWING WEATHER WAS RECORDED YESTERDAY.
  NO SIGNIFICANT WEATHER WAS OBSERVED.


RELATIVE HUMIDITY (PERCENT)
 HIGHEST    96           200 AM
 LOWEST     40           200 PM
 AVERAGE    68

..........................................................


THE WORCESTER MA CLIMATE NORMALS FOR TODAY
                         NORMAL    RECORD    YEAR
 MAXIMUM TEMPERATURE (F)   59        89      1930
 MINIMUM TEMPERATURE (F)   42        27      1936


SUNRISE AND SUNSET
OCTOBER 13 2014.......SUNRISE   658 AM EDT   SUNSET   609 PM EDT
OCTOBER 14 2014.......SUNRISE   659 AM EDT   SUNSET   607 PM EDT


-  INDICATES NEGATIVE NUMBERS.
R  INDICATES RECORD WAS SET OR TIED.
MM INDICATES DATA IS MISSING.
T  INDICATES TRACE AMOUNT.




$$
