000
CDUS41 KBOX 112133
CLIORH


CLIMATE REPORT
NATIONAL WEATHER SERVICE TAUNTON MA
533 PM EDT FRI APR 11 2014


...................................

...THE WORCESTER MA CLIMATE SUMMARY FOR APRIL 11 2014...
VALID AS OF 0500 PM LOCAL TIME.

CLIMATE NORMAL PERIOD 1981 TO 2010
CLIMATE RECORD PERIOD 1892 TO 2014


WEATHER ITEM   OBSERVED TIME   RECORD YEAR NORMAL DEPARTURE LAST
                VALUE   (LST)  VALUE       VALUE  FROM      YEAR
                                                  NORMAL
..................................................................
TEMPERATURE (F)
 TODAY
  MAXIMUM         65    226 PM  80    1945  53     12       54
  MINIMUM         44   1204 AM  19    1948  36      8       36
                                      1938
  AVERAGE         55                        44     11       45

PRECIPITATION (IN)
  TODAY            0.01          0.77 1958   0.15  -0.14     0.06
  MONTH TO DATE    0.78                      1.60  -0.82     0.68
  SINCE MAR 1      6.20                      5.81   0.39     4.36
  SINCE JAN 1     13.38                     12.53   0.85    11.24

SNOWFALL (IN)
  TODAY            0.0           7.8  1958   0.1   -0.1      0.0
  MONTH TO DATE    0.0                       1.5   -1.5      0.0
  SINCE MAR 1      3.7                      12.9   -9.2     30.9
  SINCE JUL 1     84.6                      62.8   21.8    108.9
  SNOW DEPTH      MM

DEGREE DAYS
 HEATING
  TODAY           10                        21    -11       20
  MONTH TO DATE  226                       249    -23      244
  SINCE MAR 1   1354                      1188    166     1208
  SINCE JUL 1   6408                      6025    383     5645

 COOLING
  TODAY            0                         0      0        0
  MONTH TO DATE    0                         0      0        0
  SINCE MAR 1      0                         0      0        0
  SINCE JAN 1      0                         0      0        0
..................................................................


WIND (MPH)
  HIGHEST WIND SPEED    20   HIGHEST WIND DIRECTION    SW (210)
  HIGHEST GUST SPEED    25   HIGHEST GUST DIRECTION    SW (210)
  AVERAGE WIND SPEED    12.9


SKY COVER
  POSSIBLE SUNSHINE  MM
  AVERAGE SKY COVER 0.6


WEATHER CONDITIONS
 THE FOLLOWING WEATHER WAS RECORDED TODAY.
  LIGHT RAIN


RELATIVE HUMIDITY (PERCENT)
 HIGHEST    65           500 AM
 LOWEST     39          1000 AM
 AVERAGE    52

..........................................................


THE WORCESTER MA CLIMATE NORMALS FOR TOMORROW
                         NORMAL    RECORD    YEAR
 MAXIMUM TEMPERATURE (F)   54        80      1945
 MINIMUM TEMPERATURE (F)   36        15      1976


SUNRISE AND SUNSET
APRIL 11 2014.........SUNRISE   613 AM EDT   SUNSET   724 PM EDT
APRIL 12 2014.........SUNRISE   612 AM EDT   SUNSET   726 PM EDT


-  INDICATES NEGATIVE NUMBERS.
R  INDICATES RECORD WAS SET OR TIED.
MM INDICATES DATA IS MISSING.
T  INDICATES TRACE AMOUNT.




$$
