000
CDUS41 KBOX 172131
CLIORH


CLIMATE REPORT
NATIONAL WEATHER SERVICE TAUNTON MA
528 PM EDT TUE MAY 17 2016


...................................

...THE WORCESTER MA CLIMATE SUMMARY FOR MAY 17 2016...
VALID AS OF 0500 PM LOCAL TIME.

CLIMATE NORMAL PERIOD 1981 TO 2010
CLIMATE RECORD PERIOD 1892 TO 2016


WEATHER ITEM   OBSERVED TIME   RECORD YEAR NORMAL DEPARTURE LAST
                VALUE   (LST)  VALUE       VALUE  FROM      YEAR
                                                  NORMAL
..................................................................
TEMPERATURE (F)
 TODAY
  MAXIMUM         64        MM  87    1906  66     -2       83
  MINIMUM         53        MM  28    1939  47      6       60
  AVERAGE         59                        57      2       72

PRECIPITATION (IN)
  TODAY            0.00          1.92 1916   0.14  -0.14     0.00
  MONTH TO DATE    1.57                      2.15  -0.58     0.04
  SINCE MAR 1      7.69                     10.47  -2.78     5.43
  SINCE JAN 1     15.08                     17.19  -2.11    13.74

SNOWFALL (IN)
  TODAY            0.0           0.0  2002   0.0    0.0      0.0
                                      2000
  MONTH TO DATE    0.0                       0.0    0.0      0.0
  SINCE MAR 1     15.5                      14.2    1.3     11.1
  SINCE JUL 1     47.2                      64.1  -16.9    119.7
  SNOW DEPTH      MM

DEGREE DAYS
 HEATING
  TODAY            6                         9     -3        0
  MONTH TO DATE  232                       188     44       74
  SINCE MAR 1   1604                      1698    -94     1718
  SINCE JUL 1   5663                      6535   -872     6832

 COOLING
  TODAY            0                         1     -1        7
  MONTH TO DATE    1                         2     -1       29
  SINCE MAR 1      5                         5      0       29
  SINCE JAN 1      5                         5      0       29
..................................................................


WIND (MPH)
  HIGHEST WIND SPEED    21   HIGHEST WIND DIRECTION     W (280)
  HIGHEST GUST SPEED    30   HIGHEST GUST DIRECTION    SW (240)
  AVERAGE WIND SPEED    14.1


SKY COVER
  POSSIBLE SUNSHINE  MM
  AVERAGE SKY COVER 0.2


WEATHER CONDITIONS
 THE FOLLOWING WEATHER WAS RECORDED TODAY.
  NO SIGNIFICANT WEATHER WAS OBSERVED.


RELATIVE HUMIDITY (PERCENT)
 HIGHEST    47           900 AM
 LOWEST     34           200 PM
 AVERAGE    41

..........................................................


THE WORCESTER MA CLIMATE NORMALS FOR TOMORROW
                         NORMAL    RECORD    YEAR
 MAXIMUM TEMPERATURE (F)   67        90      1906
 MINIMUM TEMPERATURE (F)   47        33      2002


SUNRISE AND SUNSET
MAY 17 2016...........SUNRISE   524 AM EDT   SUNSET   804 PM EDT
MAY 18 2016...........SUNRISE   523 AM EDT   SUNSET   805 PM EDT


-  INDICATES NEGATIVE NUMBERS.
R  INDICATES RECORD WAS SET OR TIED.
MM INDICATES DATA IS MISSING.
T  INDICATES TRACE AMOUNT.




$$
