000
CDUS41 KBOX 042139
CLIORH


CLIMATE REPORT
NATIONAL WEATHER SERVICE TAUNTON MA
429 PM EST WED JAN 4 2017


...................................

...THE WORCESTER MA CLIMATE SUMMARY FOR JANUARY 4 2017...
VALID AS OF 0400 PM LOCAL TIME.

CLIMATE NORMAL PERIOD 1981 TO 2010
CLIMATE RECORD PERIOD 1892 TO 2017


WEATHER ITEM   OBSERVED TIME   RECORD YEAR NORMAL DEPARTURE LAST
                VALUE   (LST)  VALUE       VALUE  FROM      YEAR
                                                  NORMAL
..................................................................
TEMPERATURE (F)
 TODAY
  MAXIMUM         41    359 PM  60    1950  32      9       30
  MINIMUM         33    828 AM  -8    1981  17     16        5
  AVERAGE         37                        25     12       18

PRECIPITATION (IN)
  TODAY            0.02          1.95 1982   0.11  -0.09      T
  MONTH TO DATE    0.98                      0.44   0.54      T
  SINCE DEC 1      4.78                      4.26   0.52     4.65
  SINCE JAN 1      0.98                      0.44   0.54      T

SNOWFALL (IN)
  TODAY            0.0           9.8  1994   0.5   -0.5       T
  MONTH TO DATE    0.9                       2.1   -1.2       T
  SINCE DEC 1     18.4                      16.5    1.9      1.4
  SINCE JUL 1     18.4                      19.3   -0.9      1.4
  SNOW DEPTH      MM

DEGREE DAYS
 HEATING
  TODAY           28                        40    -12       47
  MONTH TO DATE  129                       160    -31      149
  SINCE DEC 1   1219                      1262    -43      873
  SINCE JUL 1   2406                      2664   -258     2022

 COOLING
  TODAY            0                         0      0        0
  MONTH TO DATE    0                         0      0        0
  SINCE DEC 1      0                         0      0        0
  SINCE JAN 1      0                         0      0        0
..................................................................


WIND (MPH)
  HIGHEST WIND SPEED    18   HIGHEST WIND DIRECTION    SW (240)
  HIGHEST GUST SPEED    24   HIGHEST GUST DIRECTION    NE (30)
  AVERAGE WIND SPEED    10.4


SKY COVER
  POSSIBLE SUNSHINE  MM
  AVERAGE SKY COVER 1.0


WEATHER CONDITIONS
 THE FOLLOWING WEATHER WAS RECORDED TODAY.
  LIGHT RAIN
  FOG
  FOG W/VISIBILITY <= 1/4 MILE


RELATIVE HUMIDITY (PERCENT)
 HIGHEST   100           200 AM
 LOWEST     79           100 PM
 AVERAGE    90

..........................................................


THE WORCESTER MA CLIMATE NORMALS FOR TOMORROW
                         NORMAL    RECORD    YEAR
 MAXIMUM TEMPERATURE (F)   32        58      1950
                                             1892
 MINIMUM TEMPERATURE (F)   17       -12      1981


SUNRISE AND SUNSET
JANUARY  4 2017.......SUNRISE   716 AM EST   SUNSET   429 PM EST
JANUARY  5 2017.......SUNRISE   716 AM EST   SUNSET   430 PM EST


-  INDICATES NEGATIVE NUMBERS.
R  INDICATES RECORD WAS SET OR TIED.
MM INDICATES DATA IS MISSING.
T  INDICATES TRACE AMOUNT.




$$
