000
CDUS41 KBOX 270530
CLIORH


CLIMATE REPORT
NATIONAL WEATHER SERVICE TAUNTON MA
130 AM EDT WED APR 27 2016


...................................

...THE WORCESTER MA CLIMATE SUMMARY FOR APRIL 26 2016...

CLIMATE NORMAL PERIOD 1981 TO 2010
CLIMATE RECORD PERIOD 1892 TO 2016


WEATHER ITEM   OBSERVED TIME   RECORD YEAR NORMAL DEPARTURE LAST
                VALUE   (LST)  VALUE       VALUE  FROM      YEAR
                                                  NORMAL
..................................................................
TEMPERATURE (F)
 YESTERDAY
  MAXIMUM         50    106 AM  85    1915  60    -10       53
  MINIMUM         32   1124 PM  24    1919  41     -9       42
  AVERAGE         41                        50     -9       48

PRECIPITATION (IN)
  YESTERDAY        0.32          1.59 1945   0.13   0.19     0.00
  MONTH TO DATE    2.63                      3.59  -0.96     2.87
  SINCE MAR 1      6.12                      7.80  -1.68     5.29
  SINCE JAN 1     13.51                     14.52  -1.01    13.60

SNOWFALL (IN)
  YESTERDAY        0.0           0.4  1993   0.0    0.0      0.0
  MONTH TO DATE   10.0                       2.6    7.4      0.2
  SINCE MAR 1     15.5                      14.0    1.5     11.1
  SINCE JUL 1     47.2                      63.9  -16.7    119.7
  SNOW DEPTH      MM

DEGREE DAYS
 HEATING
  YESTERDAY       24                        15      9       17
  MONTH TO DATE  526                       514     12      501
  SINCE MAR 1   1295                      1453   -158     1587
  SINCE JUL 1   5354                      6290   -936     6701

 COOLING
  YESTERDAY        0                         0      0        0
  MONTH TO DATE    4                         0      4        0
  SINCE MAR 1      4                         0      4        0
  SINCE JAN 1      4                         0      4        0
..................................................................


WIND (MPH)
  RESULTANT WIND SPEED   7   RESULTANT WIND DIRECTION  NE (60)
  HIGHEST WIND SPEED    17   HIGHEST WIND DIRECTION     E (70)
  HIGHEST GUST SPEED    24   HIGHEST GUST DIRECTION     E (80)
  AVERAGE WIND SPEED     8.2


SKY COVER
  POSSIBLE SUNSHINE  MM
  AVERAGE SKY COVER 1.0


WEATHER CONDITIONS
 THE FOLLOWING WEATHER WAS RECORDED YESTERDAY.
  HEAVY RAIN
  RAIN
  LIGHT RAIN
  FOG


RELATIVE HUMIDITY (PERCENT)
 HIGHEST    96          1100 PM
 LOWEST     36           100 AM
 AVERAGE    66

..........................................................


THE WORCESTER MA CLIMATE NORMALS FOR TODAY
                         NORMAL    RECORD    YEAR
 MAXIMUM TEMPERATURE (F)   60        88      1962
 MINIMUM TEMPERATURE (F)   41        25      1928


SUNRISE AND SUNSET
APRIL 27 2016.........SUNRISE   548 AM EDT   SUNSET   743 PM EDT
APRIL 28 2016.........SUNRISE   546 AM EDT   SUNSET   744 PM EDT


-  INDICATES NEGATIVE NUMBERS.
R  INDICATES RECORD WAS SET OR TIED.
MM INDICATES DATA IS MISSING.
T  INDICATES TRACE AMOUNT.




$$
