000
CDUS41 KBOX 200546
CLIORH


CLIMATE REPORT
NATIONAL WEATHER SERVICE TAUNTON MA
1236 AM EST TUE JAN 20 2015


...................................

...THE WORCESTER MA CLIMATE SUMMARY FOR JANUARY 19 2015...

CLIMATE NORMAL PERIOD 1981 TO 2010
CLIMATE RECORD PERIOD 1892 TO 2015


WEATHER ITEM   OBSERVED TIME   RECORD YEAR NORMAL DEPARTURE LAST
                VALUE   (LST)  VALUE       VALUE  FROM      YEAR
                                                  NORMAL
..................................................................
TEMPERATURE (F)
 YESTERDAY
  MAXIMUM         36   1248 PM  58    1929  31      5       30
                                      1915
  MINIMUM         26   1159 PM -10    1938  16     10       23
  AVERAGE         31                        24      7       27

PRECIPITATION (IN)
  YESTERDAY        0.00          1.48 1996   0.11  -0.11     0.01
  MONTH TO DATE    2.68                      2.12   0.56     2.93
  SINCE DEC 1      7.58                      5.94   1.64     7.36
  SINCE JAN 1      2.68                      2.12   0.56     2.93

SNOWFALL (IN)
  YESTERDAY        0.0           8.8  1936   0.5   -0.5      0.3
  MONTH TO DATE    5.2                      10.5   -5.3     16.9
  SINCE DEC 1      6.7                      24.9  -18.2     35.8
  SINCE JUL 1     13.9                      27.7  -13.8     36.3
  SNOW DEPTH      MM

DEGREE DAYS
 HEATING
  YESTERDAY       34                        41     -7       38
  MONTH TO DATE  825                       775     50      737
  SINCE DEC 1   1789                      1877    -88     1884
  SINCE JUL 1   3167                      3279   -112     3296

 COOLING
  YESTERDAY        0                         0      0        0
  MONTH TO DATE    0                         0      0        0
  SINCE DEC 1      0                         0      0        0
  SINCE JAN 1      0                         0      0        0
..................................................................


WIND (MPH)
  RESULTANT WIND SPEED  15   RESULTANT WIND DIRECTION   W (270)
  HIGHEST WIND SPEED    29   HIGHEST WIND DIRECTION     W (280)
  HIGHEST GUST SPEED    35   HIGHEST GUST DIRECTION     W (270)
  AVERAGE WIND SPEED    15.6


SKY COVER
  POSSIBLE SUNSHINE  MM
  AVERAGE SKY COVER 0.5


WEATHER CONDITIONS
 THE FOLLOWING WEATHER WAS RECORDED YESTERDAY.
  NO SIGNIFICANT WEATHER WAS OBSERVED.


RELATIVE HUMIDITY (PERCENT)
 HIGHEST   100           100 AM
 LOWEST     68          1100 PM
 AVERAGE    84

..........................................................


THE WORCESTER MA CLIMATE NORMALS FOR TODAY
                         NORMAL    RECORD    YEAR
 MAXIMUM TEMPERATURE (F)   31        56      1951
 MINIMUM TEMPERATURE (F)   16        -8      1971
                                             1901


SUNRISE AND SUNSET
JANUARY 20 2015.......SUNRISE   711 AM EST   SUNSET   446 PM EST
JANUARY 21 2015.......SUNRISE   710 AM EST   SUNSET   447 PM EST


-  INDICATES NEGATIVE NUMBERS.
R  INDICATES RECORD WAS SET OR TIED.
MM INDICATES DATA IS MISSING.
T  INDICATES TRACE AMOUNT.




$$
