000
CDUS41 KBOX 010536
CLIORH


CLIMATE REPORT
NATIONAL WEATHER SERVICE TAUNTON MA
1236 AM EST THU DEC 1 2016


...................................

...THE WORCESTER MA CLIMATE SUMMARY FOR NOVEMBER 30 2016...

CLIMATE NORMAL PERIOD 1981 TO 2010
CLIMATE RECORD PERIOD 1892 TO 2016


WEATHER ITEM   OBSERVED TIME   RECORD YEAR NORMAL DEPARTURE LAST
                VALUE   (LST)  VALUE       VALUE  FROM      YEAR
                                                  NORMAL
..................................................................
TEMPERATURE (F)
 YESTERDAY
  MAXIMUM         55   1220 AM  65    1962  42     13       34
                                      1933
  MINIMUM         43    929 PM   6    1929  28     15       22
  AVERAGE         49                        35     14       28

PRECIPITATION (IN)
  YESTERDAY        1.07          1.52 1944   0.14   0.93     0.00
  MONTH TO DATE    3.89                      4.28  -0.39     1.76
  SINCE SEP 1     13.73                     12.89   0.84     8.97
  SINCE JAN 1     37.13                     44.25  -7.12    35.69

SNOWFALL (IN)
  YESTERDAY        0.0           4.5  1924   0.2   -0.2      0.0
  MONTH TO DATE    T                         2.6   -2.6      0.0
  SINCE SEP 1      T                         2.8   -2.8       T
  SINCE JUL 1      T                         2.8   -2.8       T
  SNOW DEPTH      MM

DEGREE DAYS
 HEATING
  YESTERDAY       16                        30    -14       37
  MONTH TO DATE  673                       740    -67      609
  SINCE SEP 1   1178                      1363   -185     1148
  SINCE JUL 1   1187                      1402   -215     1149

 COOLING
  YESTERDAY        0                         0      0        0
  MONTH TO DATE    0                         0      0        0
  SINCE SEP 1     75                        45     30      102
  SINCE JAN 1    663                       471    192      659
..................................................................


WIND (MPH)
  RESULTANT WIND SPEED   2   RESULTANT WIND DIRECTION  NE (50)
  HIGHEST WIND SPEED    17   HIGHEST WIND DIRECTION     W (270)
  HIGHEST GUST SPEED    25   HIGHEST GUST DIRECTION     W (260)
  AVERAGE WIND SPEED     8.5


SKY COVER
  POSSIBLE SUNSHINE  MM
  AVERAGE SKY COVER 0.7


WEATHER CONDITIONS
 THE FOLLOWING WEATHER WAS RECORDED YESTERDAY.
  HEAVY RAIN
  RAIN
  LIGHT RAIN
  FOG
  FOG W/VISIBILITY <= 1/4 MILE


RELATIVE HUMIDITY (PERCENT)
 HIGHEST   100           500 PM
 LOWEST     77          1200 PM
 AVERAGE    89

..........................................................


THE WORCESTER MA CLIMATE NORMALS FOR TODAY
                         NORMAL    RECORD    YEAR
 MAXIMUM TEMPERATURE (F)   42        65      2006
 MINIMUM TEMPERATURE (F)   28         5      1936


SUNRISE AND SUNSET
DECEMBER  1 2016......SUNRISE   657 AM EST   SUNSET   416 PM EST
DECEMBER  2 2016......SUNRISE   658 AM EST   SUNSET   416 PM EST


-  INDICATES NEGATIVE NUMBERS.
R  INDICATES RECORD WAS SET OR TIED.
MM INDICATES DATA IS MISSING.
T  INDICATES TRACE AMOUNT.




$$
