542
CDUS41 KBOX 202120
CLIORH


CLIMATE REPORT
NATIONAL WEATHER SERVICE TAUNTON MA
520 PM EDT MON MAR 20 2017


...................................

...THE WORCESTER MA CLIMATE SUMMARY FOR MARCH 20 2017...
VALID TODAY AS OF 0500 PM LOCAL TIME.

CLIMATE NORMAL PERIOD 1981 TO 2010
CLIMATE RECORD PERIOD 1892 TO 2017


WEATHER ITEM   OBSERVED TIME   RECORD YEAR NORMAL DEPARTURE LAST
                VALUE   (LST)  VALUE       VALUE  FROM      YEAR
                                                  NORMAL
..................................................................
TEMPERATURE (F)
 TODAY
  MAXIMUM         50    253 PM  77    1945  44      6       37
  MINIMUM         29    615 AM   2    1949  28      1       20
  AVERAGE         40                        36      4       29

PRECIPITATION (IN)
  TODAY            0.00          1.17 1954   0.14  -0.14     0.01
  MONTH TO DATE    1.83                      2.59  -0.76     2.22
  SINCE MAR 1      1.83                      2.59  -0.76     2.22
  SINCE JAN 1      8.18                      9.31  -1.13     9.61

SNOWFALL (IN)
  TODAY            0.0          10.5  1944   0.3   -0.3       T
  MONTH TO DATE   16.1                       8.4    7.7       T
  SINCE MAR 1     16.1                       8.4    7.7       T
  SINCE JUL 1     73.9                      58.3   15.6     31.7
  SNOW DEPTH      MM

DEGREE DAYS
 HEATING
  TODAY           25                        29     -4       36
  MONTH TO DATE  738                       642     96      508
  SINCE MAR 1    738                       642     96      508
  SINCE JUL 1   5015                      5479   -464     4567

 COOLING
  TODAY            0                         0      0        0
  MONTH TO DATE    0                         0      0        0
  SINCE MAR 1      0                         0      0        0
  SINCE JAN 1      0                         0      0        0
..................................................................


WIND (MPH)
  HIGHEST WIND SPEED    17   HIGHEST WIND DIRECTION    NE (30)
  HIGHEST GUST SPEED    25   HIGHEST GUST DIRECTION     N (350)
  AVERAGE WIND SPEED    10.3


SKY COVER
  POSSIBLE SUNSHINE  MM
  AVERAGE SKY COVER 0.0


WEATHER CONDITIONS
 THE FOLLOWING WEATHER WAS RECORDED TODAY.
  NO SIGNIFICANT WEATHER WAS OBSERVED.


RELATIVE HUMIDITY (PERCENT)
 HIGHEST    47           300 AM
 LOWEST     14           300 PM
 AVERAGE    31

..........................................................


THE WORCESTER MA CLIMATE NORMALS FOR TOMORROW
                         NORMAL    RECORD    YEAR
 MAXIMUM TEMPERATURE (F)   45        73      2012
 MINIMUM TEMPERATURE (F)   28         4      1986


SUNRISE AND SUNSET
MARCH 20 2017.........SUNRISE   650 AM EDT   SUNSET   700 PM EDT
MARCH 21 2017.........SUNRISE   649 AM EDT   SUNSET   701 PM EDT


-  INDICATES NEGATIVE NUMBERS.
R  INDICATES RECORD WAS SET OR TIED.
MM INDICATES DATA IS MISSING.
T  INDICATES TRACE AMOUNT.




$$
