000
CDUS41 KBOX 250603
CLIORH


CLIMATE REPORT
NATIONAL WEATHER SERVICE TAUNTON MA
152 AM EDT THU SEP 25 2014


...................................

...THE WORCESTER MA CLIMATE SUMMARY FOR SEPTEMBER 24 2014...

CLIMATE NORMAL PERIOD 1981 TO 2010
CLIMATE RECORD PERIOD 1892 TO 2014


WEATHER ITEM   OBSERVED TIME   RECORD YEAR NORMAL DEPARTURE LAST
                VALUE   (LST)  VALUE       VALUE  FROM      YEAR
                                                  NORMAL
..................................................................
TEMPERATURE (F)
 YESTERDAY
  MAXIMUM         64    352 PM  85    2010  67     -3       64
                                      1914
                                      1908
  MINIMUM         52   1242 AM  32    1944  50      2       38
                                      1935
  AVERAGE         58                        58      0       51

PRECIPITATION (IN)
  YESTERDAY        0.00          1.49 1975   0.14  -0.14     0.00
  MONTH TO DATE    2.47                      3.02  -0.55     3.23
  SINCE SEP 1      2.47                      3.02  -0.55     3.23
  SINCE JAN 1     37.50                     34.38   3.12    36.25

SNOWFALL (IN)
  YESTERDAY        0.0           0.0  2002   0.0    0.0      0.0
                                      2001
                                      2000
  MONTH TO DATE    0.0                       0.0    0.0      0.0
  SINCE SEP 1      0.0                       0.0    0.0      0.0
  SINCE JUL 1      0.0                       0.0    0.0      0.0
  SNOW DEPTH       0

DEGREE DAYS
 HEATING
  YESTERDAY        7                         7      0       14
  MONTH TO DATE  128                       100     28      124
  SINCE SEP 1    128                       100     28      124
  SINCE JUL 1    148                       139      9      143

 COOLING
  YESTERDAY        0                         1     -1        0
  MONTH TO DATE   54                        40     14       40
  SINCE SEP 1     54                        40     14       40
  SINCE JAN 1    416                       466    -50      571
..................................................................


WIND (MPH)
  RESULTANT WIND SPEED   5   RESULTANT WIND DIRECTION  NE (50)
  HIGHEST WIND SPEED    12   HIGHEST WIND DIRECTION    NE (60)
  HIGHEST GUST SPEED    15   HIGHEST GUST DIRECTION    NE (60)
  AVERAGE WIND SPEED     5.7


SKY COVER
  POSSIBLE SUNSHINE  MM
  AVERAGE SKY COVER 0.5


WEATHER CONDITIONS
 THE FOLLOWING WEATHER WAS RECORDED YESTERDAY.
  NO SIGNIFICANT WEATHER WAS OBSERVED.


RELATIVE HUMIDITY (PERCENT)
 HIGHEST    93          1100 PM
 LOWEST     56          1200 PM
 AVERAGE    75

..........................................................


THE WORCESTER MA CLIMATE NORMALS FOR TODAY
                         NORMAL    RECORD    YEAR
 MAXIMUM TEMPERATURE (F)   66        85      1970
                                             1926
 MINIMUM TEMPERATURE (F)   49        31      1944
                                             1928


SUNRISE AND SUNSET
SEPTEMBER 25 2014.....SUNRISE   638 AM EDT   SUNSET   640 PM EDT
SEPTEMBER 26 2014.....SUNRISE   639 AM EDT   SUNSET   638 PM EDT


-  INDICATES NEGATIVE NUMBERS.
R  INDICATES RECORD WAS SET OR TIED.
MM INDICATES DATA IS MISSING.
T  INDICATES TRACE AMOUNT.




$$
