000
CDUS41 KBOX 160612
CLIORH


CLIMATE REPORT
NATIONAL WEATHER SERVICE TAUNTON MA
211 AM EDT TUE MAY 16 2017


...................................

...THE WORCESTER MA CLIMATE SUMMARY FOR MAY 15 2017...

CLIMATE NORMAL PERIOD 1981 TO 2010
CLIMATE RECORD PERIOD 1892 TO 2017


WEATHER ITEM   OBSERVED TIME   RECORD YEAR NORMAL DEPARTURE LAST
                VALUE   (LST)  VALUE       VALUE  FROM      YEAR
                                                  NORMAL
..................................................................
TEMPERATURE (F)
 YESTERDAY
  MAXIMUM         59    553 PM  89    1900  66     -7       54
  MINIMUM         44    735 AM  30    1939  47     -3       38
  AVERAGE         52                        56     -4       46

PRECIPITATION (IN)
  YESTERDAY        0.28          1.97 1938   0.12   0.16     0.00
  MONTH TO DATE    3.13                      1.88   1.25     1.57
  SINCE MAR 1     11.89                     10.20   1.69     7.69
  SINCE JAN 1     18.24                     16.92   1.32    15.08

SNOWFALL (IN)
  YESTERDAY        0.0           0.0  2016   0.0    0.0      0.0
  MONTH TO DATE    0.0                       0.0    0.0      0.0
  SINCE MAR 1     20.5                      14.2    6.3     15.5
  SINCE JUL 1     78.3                      64.1   14.2     47.2
  SNOW DEPTH      MM

DEGREE DAYS
 HEATING
  YESTERDAY       13                         9      4       19
  MONTH TO DATE  246                       170     76      208
  SINCE MAR 1   1789                      1680    109     1580
  SINCE JUL 1   6066                      6517   -451     5639

 COOLING
  YESTERDAY        0                         0      0        0
  MONTH TO DATE    0                         0      0        1
  SINCE MAR 1     10                         3      7        5
  SINCE JAN 1     10                         3      7        5
..................................................................


WIND (MPH)
  RESULTANT WIND SPEED  15   RESULTANT WIND DIRECTION  NW (310)
  HIGHEST WIND SPEED    25   HIGHEST WIND DIRECTION    NW (320)
  HIGHEST GUST SPEED    38   HIGHEST GUST DIRECTION    NW (310)
  AVERAGE WIND SPEED    15.9


SKY COVER
  POSSIBLE SUNSHINE  MM
  AVERAGE SKY COVER 0.8


WEATHER CONDITIONS
 THE FOLLOWING WEATHER WAS RECORDED YESTERDAY.
  RAIN
  LIGHT RAIN
  FOG


RELATIVE HUMIDITY (PERCENT)
 HIGHEST    92           100 AM
 LOWEST     47           500 PM
 AVERAGE    70

..........................................................


THE WORCESTER MA CLIMATE NORMALS FOR TODAY
                         NORMAL    RECORD    YEAR
 MAXIMUM TEMPERATURE (F)   66        89      1932
 MINIMUM TEMPERATURE (F)   47        30      1947
                                             1936


SUNRISE AND SUNSET
MAY 16 2017...........SUNRISE   525 AM EDT   SUNSET   803 PM EDT
MAY 17 2017...........SUNRISE   524 AM EDT   SUNSET   804 PM EDT


-  INDICATES NEGATIVE NUMBERS.
R  INDICATES RECORD WAS SET OR TIED.
MM INDICATES DATA IS MISSING.
T  INDICATES TRACE AMOUNT.




$$
