000
CDUS41 KBOX 212121
CLIORH


CLIMATE REPORT
NATIONAL WEATHER SERVICE TAUNTON MA
419 PM EST WED JAN 21 2015


...................................

...THE WORCESTER MA CLIMATE SUMMARY FOR JANUARY 21 2015...
VALID AS OF 0400 PM LOCAL TIME.

CLIMATE NORMAL PERIOD 1981 TO 2010
CLIMATE RECORD PERIOD 1892 TO 2015


WEATHER ITEM   OBSERVED TIME   RECORD YEAR NORMAL DEPARTURE LAST
                VALUE   (LST)  VALUE       VALUE  FROM      YEAR
                                                  NORMAL
..................................................................
TEMPERATURE (F)
 TODAY
  MAXIMUM         32    207 PM  65    1906  31      1       17
  MINIMUM         15    725 AM  -6    1970  16     -1        6
  AVERAGE         24                        24      0       12

PRECIPITATION (IN)
  TODAY            0.00          2.34 1979   0.12  -0.12     0.09
  MONTH TO DATE    2.68                      2.35   0.33     3.05
  SINCE DEC 1      7.58                      6.17   1.41     7.48
  SINCE JAN 1      2.68                      2.35   0.33     3.05

SNOWFALL (IN)
  TODAY            0.0           8.7  1946   0.5   -0.5      1.8
  MONTH TO DATE    5.2                      11.6   -6.4     18.9
  SINCE DEC 1      6.7                      26.0  -19.3     37.8
  SINCE JUL 1     13.9                      28.8  -14.9     38.3
  SNOW DEPTH      MM

DEGREE DAYS
 HEATING
  TODAY           41                        41      0       53
  MONTH TO DATE  905                       857     48      828
  SINCE DEC 1   1869                      1959    -90     1975
  SINCE JUL 1   3247                      3361   -114     3387

 COOLING
  TODAY            0                         0      0        0
  MONTH TO DATE    0                         0      0        0
  SINCE DEC 1      0                         0      0        0
  SINCE JAN 1      0                         0      0        0
..................................................................


WIND (MPH)
  HIGHEST WIND SPEED    18   HIGHEST WIND DIRECTION    NW (310)
  HIGHEST GUST SPEED    24   HIGHEST GUST DIRECTION     W (290)
  AVERAGE WIND SPEED     6.2


SKY COVER
  POSSIBLE SUNSHINE  MM
  AVERAGE SKY COVER 0.1


WEATHER CONDITIONS
 THE FOLLOWING WEATHER WAS RECORDED TODAY.
  NO SIGNIFICANT WEATHER WAS OBSERVED.


RELATIVE HUMIDITY (PERCENT)
 HIGHEST    61           600 AM
 LOWEST     26           200 PM
 AVERAGE    44

..........................................................


THE WORCESTER MA CLIMATE NORMALS FOR TOMORROW
                         NORMAL    RECORD    YEAR
 MAXIMUM TEMPERATURE (F)   31        59      1959
 MINIMUM TEMPERATURE (F)   17       -10      1976


SUNRISE AND SUNSET
JANUARY 21 2015.......SUNRISE   710 AM EST   SUNSET   447 PM EST
JANUARY 22 2015.......SUNRISE   710 AM EST   SUNSET   449 PM EST


-  INDICATES NEGATIVE NUMBERS.
R  INDICATES RECORD WAS SET OR TIED.
MM INDICATES DATA IS MISSING.
T  INDICATES TRACE AMOUNT.




$$
