000
CDUS41 KBOX 190543
CLIORH


CLIMATE REPORT
NATIONAL WEATHER SERVICE TAUNTON MA
1238 AM EST FRI DEC 19 2014


...................................

...THE WORCESTER MA CLIMATE SUMMARY FOR DECEMBER 18 2014...

CLIMATE NORMAL PERIOD 1981 TO 2010
CLIMATE RECORD PERIOD 1892 TO 2014


WEATHER ITEM   OBSERVED TIME   RECORD YEAR NORMAL DEPARTURE LAST
                VALUE   (LST)  VALUE       VALUE  FROM      YEAR
                                                  NORMAL
..................................................................
TEMPERATURE (F)
 YESTERDAY
  MAXIMUM         37   1245 PM  57    1928  35      2       28
  MINIMUM         31   1159 PM -11    1919  22      9       15
  AVERAGE         34                        29      5       22

PRECIPITATION (IN)
  YESTERDAY        T             1.79 1954   0.12  -0.12      T
  MONTH TO DATE    4.03                      2.33   1.70     2.56
  SINCE DEC 1      4.03                      2.33   1.70     2.56
  SINCE JAN 1     52.71                     46.58   6.13    43.86

SNOWFALL (IN)
  YESTERDAY        T             4.4  1932   0.5   -0.5       T
  MONTH TO DATE    1.3                       7.4   -6.1     18.1
  SINCE DEC 1      1.3                       7.4   -6.1     18.1
  SINCE JUL 1      8.5                      10.2   -1.7     18.6
  SNOW DEPTH       0

DEGREE DAYS
 HEATING
  YESTERDAY       31                        36     -5       43
  MONTH TO DATE  552                       601    -49      702
  SINCE DEC 1    552                       601    -49      702
  SINCE JUL 1   1930                      2003    -73     2114

 COOLING
  YESTERDAY        0                         0      0        0
  MONTH TO DATE    0                         0      0        0
  SINCE DEC 1      0                         0      0        0
  SINCE JAN 1    426                       471    -45      572
..................................................................


WIND (MPH)
  RESULTANT WIND SPEED  15   RESULTANT WIND DIRECTION   W (280)
  HIGHEST WIND SPEED    26   HIGHEST WIND DIRECTION     W (290)
  HIGHEST GUST SPEED    38   HIGHEST GUST DIRECTION     W (280)
  AVERAGE WIND SPEED    15.4


SKY COVER
  POSSIBLE SUNSHINE  MM
  AVERAGE SKY COVER 0.9


WEATHER CONDITIONS
 THE FOLLOWING WEATHER WAS RECORDED YESTERDAY.
  LIGHT SNOW
  FOG


RELATIVE HUMIDITY (PERCENT)
 HIGHEST    92           600 AM
 LOWEST     70          1000 AM
 AVERAGE    81

..........................................................


THE WORCESTER MA CLIMATE NORMALS FOR TODAY
                         NORMAL    RECORD    YEAR
 MAXIMUM TEMPERATURE (F)   35        54      1895
 MINIMUM TEMPERATURE (F)   21        -4      1919


SUNRISE AND SUNSET
DECEMBER 19 2014......SUNRISE   712 AM EST   SUNSET   417 PM EST
DECEMBER 20 2014......SUNRISE   712 AM EST   SUNSET   418 PM EST


-  INDICATES NEGATIVE NUMBERS.
R  INDICATES RECORD WAS SET OR TIED.
MM INDICATES DATA IS MISSING.
T  INDICATES TRACE AMOUNT.




$$
