055
CDUS41 KBOX 272125
CLIORH


CLIMATE REPORT
NATIONAL WEATHER SERVICE TAUNTON MA
420 PM EST SUN NOV 27 2016


...................................

...THE WORCESTER MA CLIMATE SUMMARY FOR NOVEMBER 27 2016...
VALID AS OF 0400 PM LOCAL TIME.

CLIMATE NORMAL PERIOD 1981 TO 2010
CLIMATE RECORD PERIOD 1892 TO 2016


WEATHER ITEM   OBSERVED TIME   RECORD YEAR NORMAL DEPARTURE LAST
                VALUE   (LST)  VALUE       VALUE  FROM      YEAR
                                                  NORMAL
..................................................................
TEMPERATURE (F)
 TODAY
  MAXIMUM         41   1209 PM  66    1896  43     -2       61
  MINIMUM         32    752 AM   5    1932  29      3       47
  AVERAGE         37                        36      1       54

PRECIPITATION (IN)
  TODAY            0.00          2.57 2013   0.14  -0.14     0.00
  MONTH TO DATE    1.94                      3.85  -1.91     1.56
  SINCE SEP 1     11.78                     12.46  -0.68     8.77
  SINCE JAN 1     35.18                     43.82  -8.64    35.49

SNOWFALL (IN)
  TODAY            0.0          10.8  1940   0.1   -0.1      0.0
  MONTH TO DATE    T                         2.0   -2.0      0.0
  SINCE SEP 1      T                         2.2   -2.2       T
  SINCE JUL 1      T                         2.2   -2.2       T
  SNOW DEPTH       0

DEGREE DAYS
 HEATING
  TODAY           28                        29     -1       11
  MONTH TO DATE  606                       652    -46      520
  SINCE SEP 1   1111                      1274   -163     1059
  SINCE JUL 1   1120                      1313   -193     1060

 COOLING
  TODAY            0                         0      0        0
  MONTH TO DATE    0                         0      0        0
  SINCE SEP 1     75                        45     30      102
  SINCE JAN 1    663                       471    192      659
..................................................................


WIND (MPH)
  HIGHEST WIND SPEED    24   HIGHEST WIND DIRECTION    NW (310)
  HIGHEST GUST SPEED    33   HIGHEST GUST DIRECTION     W (290)
  AVERAGE WIND SPEED    14.6


SKY COVER
  POSSIBLE SUNSHINE  MM
  AVERAGE SKY COVER 0.4


WEATHER CONDITIONS
 THE FOLLOWING WEATHER WAS RECORDED TODAY.
  NO SIGNIFICANT WEATHER WAS OBSERVED.


RELATIVE HUMIDITY (PERCENT)
 HIGHEST    89          1200 AM
 LOWEST     59          1100 AM
 AVERAGE    74

..........................................................


THE WORCESTER MA CLIMATE NORMALS FOR TOMORROW
                         NORMAL    RECORD    YEAR
 MAXIMUM TEMPERATURE (F)   43        67      1990
 MINIMUM TEMPERATURE (F)   29         7      1936


SUNRISE AND SUNSET
NOVEMBER 27 2016......SUNRISE   653 AM EST   SUNSET   417 PM EST
NOVEMBER 28 2016......SUNRISE   654 AM EST   SUNSET   417 PM EST


-  INDICATES NEGATIVE NUMBERS.
R  INDICATES RECORD WAS SET OR TIED.
MM INDICATES DATA IS MISSING.
T  INDICATES TRACE AMOUNT.




$$
