000
CDUS41 KBOX 022125
CLIORH


CLIMATE REPORT
NATIONAL WEATHER SERVICE TAUNTON MA
418 PM EST TUE FEB 2 2016


...................................

...THE WORCESTER MA CLIMATE SUMMARY FOR FEBRUARY 2 2016...
VALID AS OF 0400 PM LOCAL TIME.

CLIMATE NORMAL PERIOD 1981 TO 2010
CLIMATE RECORD PERIOD 1892 TO 2016


WEATHER ITEM   OBSERVED TIME   RECORD YEAR NORMAL DEPARTURE LAST
                VALUE   (LST)  VALUE       VALUE  FROM      YEAR
                                                  NORMAL
..................................................................
TEMPERATURE (F)
 TODAY
  MAXIMUM         45    259 PM  55    1973  32     13       16
  MINIMUM         29    644 AM -10    1961  17     12        7
  AVERAGE         37                        25     12       12

PRECIPITATION (IN)
  TODAY            0.00          2.45 1973   0.12  -0.12     0.95
  MONTH TO DATE    0.00                      0.23  -0.23     0.95
  SINCE DEC 1      6.77                      7.54  -0.77    10.88
  SINCE JAN 1      2.12                      3.72  -1.60     5.98

SNOWFALL (IN)
  TODAY            0.0          17.4  2015   0.6   -0.6     17.4
  MONTH TO DATE    0.0                       1.2   -1.2     17.4
  SINCE DEC 1     11.1                      32.7  -21.6     65.4
  SINCE JUL 1     11.1                      35.5  -24.4     72.6
  SNOW DEPTH      MM

DEGREE DAYS
 HEATING
  TODAY           28                        40    -12       53
  MONTH TO DATE   46                        80    -34      101
  SINCE DEC 1   1936                      2451   -515     2423
  SINCE JUL 1   3085                      3853   -768     3801

 COOLING
  TODAY            0                         0      0        0
  MONTH TO DATE    0                         0      0        0
  SINCE DEC 1      0                         0      0        0
  SINCE JAN 1      0                         0      0        0
..................................................................


WIND (MPH)
  HIGHEST WIND SPEED    15   HIGHEST WIND DIRECTION    NW (300)
  HIGHEST GUST SPEED    24   HIGHEST GUST DIRECTION     W (290)
  AVERAGE WIND SPEED     8.7


SKY COVER
  POSSIBLE SUNSHINE  MM
  AVERAGE SKY COVER 0.0


WEATHER CONDITIONS
 THE FOLLOWING WEATHER WAS RECORDED TODAY.
  NO SIGNIFICANT WEATHER WAS OBSERVED.


RELATIVE HUMIDITY (PERCENT)
 HIGHEST    69           400 AM
 LOWEST     33           400 PM
 AVERAGE    51

..........................................................


THE WORCESTER MA CLIMATE NORMALS FOR TOMORROW
                         NORMAL    RECORD    YEAR
 MAXIMUM TEMPERATURE (F)   32        56      1991
 MINIMUM TEMPERATURE (F)   18        -7      1971
                                             1955
                                             1931


SUNRISE AND SUNSET
FEBRUARY  2 2016......SUNRISE   700 AM EST   SUNSET   502 PM EST
FEBRUARY  3 2016......SUNRISE   659 AM EST   SUNSET   504 PM EST


-  INDICATES NEGATIVE NUMBERS.
R  INDICATES RECORD WAS SET OR TIED.
MM INDICATES DATA IS MISSING.
T  INDICATES TRACE AMOUNT.




$$
