000
CDUS41 KBOX 162141
CLIORH


CLIMATE REPORT
NATIONAL WEATHER SERVICE TAUNTON MA
539 PM EDT SAT JUL 16 2016


...................................

...THE WORCESTER MA CLIMATE SUMMARY FOR JULY 16 2016...
VALID TODAY AS OF 0500 PM LOCAL TIME.

CLIMATE NORMAL PERIOD 1981 TO 2010
CLIMATE RECORD PERIOD 1892 TO 2016


WEATHER ITEM   OBSERVED TIME   RECORD YEAR NORMAL DEPARTURE LAST
                VALUE   (LST)  VALUE       VALUE  FROM      YEAR
                                                  NORMAL
..................................................................
TEMPERATURE (F)
 TODAY
  MAXIMUM         85    332 PM  92    1901  79      6       75
  MINIMUM         67    521 AM  46    1930  62      5       57
  AVERAGE         76                        71      5       66

PRECIPITATION (IN)
  TODAY            0.00          2.71 1979   0.14  -0.14     0.00
  MONTH TO DATE    1.17                      2.08  -0.91     2.07
  SINCE JUN 1      2.83                      6.27  -3.44     8.42
  SINCE JAN 1     18.55                     25.50  -6.95    22.72

SNOWFALL (IN)
  TODAY            0.0           0.0  2002   0.0    0.0      0.0
                                      2001
                                      2000
  MONTH TO DATE    0.0                       0.0    0.0      0.0
  SINCE JUN 1      0.0                       0.0    0.0      0.0
  SINCE JUL 1      0.0                       0.0    0.0      0.0
  SNOW DEPTH       0

DEGREE DAYS
 HEATING
  TODAY            0                         0      0        0
  MONTH TO DATE    9                         9      0        0
  SINCE JUN 1     60                        92    -32       94
  SINCE JUL 1      9                         9      0        0

 COOLING
  TODAY           11                         6      5        1
  MONTH TO DATE   95                        87      8      102
  SINCE JUN 1    167                       171     -4      186
  SINCE JAN 1    209                       193     16      252
..................................................................


WIND (MPH)
  HIGHEST WIND SPEED    18   HIGHEST WIND DIRECTION     W (250)
  HIGHEST GUST SPEED    23   HIGHEST GUST DIRECTION    SW (240)
  AVERAGE WIND SPEED    10.2


SKY COVER
  POSSIBLE SUNSHINE  MM
  AVERAGE SKY COVER 0.1


WEATHER CONDITIONS
 THE FOLLOWING WEATHER WAS RECORDED TODAY.
  NO SIGNIFICANT WEATHER WAS OBSERVED.


RELATIVE HUMIDITY (PERCENT)
 HIGHEST    81           300 AM
 LOWEST     40           300 PM
 AVERAGE    61

..........................................................


THE WORCESTER MA CLIMATE NORMALS FOR TOMORROW
                         NORMAL    RECORD    YEAR
 MAXIMUM TEMPERATURE (F)   79        93      1900
 MINIMUM TEMPERATURE (F)   62        41      1946


SUNRISE AND SUNSET
JULY 16 2016..........SUNRISE   526 AM EDT   SUNSET   821 PM EDT
JULY 17 2016..........SUNRISE   526 AM EDT   SUNSET   820 PM EDT


-  INDICATES NEGATIVE NUMBERS.
R  INDICATES RECORD WAS SET OR TIED.
MM INDICATES DATA IS MISSING.
T  INDICATES TRACE AMOUNT.




$$
