000
CDUS41 KBOX 070550
CLIORH


CLIMATE REPORT
NATIONAL WEATHER SERVICE TAUNTON MA
1250 AM EST TUE NOV 7 2017


...................................

...THE WORCESTER MA CLIMATE SUMMARY FOR NOVEMBER 6 2017...

CLIMATE NORMAL PERIOD 1981 TO 2010
CLIMATE RECORD PERIOD 1892 TO 2017


WEATHER ITEM   OBSERVED TIME   RECORD YEAR NORMAL DEPARTURE LAST
                VALUE   (LST)  VALUE       VALUE  FROM      YEAR
                                                  NORMAL
..................................................................
TEMPERATURE (F)
 YESTERDAY
  MAXIMUM         62   1243 PM  70    2015  51     11       47
                                      1978
                                      1948
  MINIMUM         45   1159 PM  20    1951  36      9       37
  AVERAGE         54                        44     10       42

PRECIPITATION (IN)
  YESTERDAY        0.21          1.63 1907   0.14   0.07     0.03
  MONTH TO DATE    0.22                      0.85  -0.63     0.11
  SINCE SEP 1     11.56                      9.46   2.10     9.95
  SINCE JAN 1     40.85                     40.82   0.03    33.35

SNOWFALL (IN)
  YESTERDAY        0.0           3.0  1933   0.0    0.0      0.0
  MONTH TO DATE    0.0                       0.2   -0.2      0.0
  SINCE SEP 1      0.0                       0.4   -0.4       T
  SINCE JUL 1      0.0                       0.4   -0.4       T
  SNOW DEPTH      MM

DEGREE DAYS
 HEATING
  YESTERDAY       11                        22    -11       23
  MONTH TO DATE   62                       125    -63      111
  SINCE SEP 1    383                       747   -364      616
  SINCE JUL 1    431                       786   -355      625

 COOLING
  YESTERDAY        0                         0      0        0
  MONTH TO DATE    0                         0      0        0
  SINCE SEP 1    102                        45     57       75
  SINCE JAN 1    533                       471     62      663
..................................................................


WIND (MPH)
  RESULTANT WIND SPEED  10   RESULTANT WIND DIRECTION  SW (230)
  HIGHEST WIND SPEED    24   HIGHEST WIND DIRECTION    NW (310)
  HIGHEST GUST SPEED    29   HIGHEST GUST DIRECTION    NW (310)
  AVERAGE WIND SPEED    12.7


SKY COVER
  POSSIBLE SUNSHINE  MM
  AVERAGE SKY COVER 0.9


WEATHER CONDITIONS
 THE FOLLOWING WEATHER WAS RECORDED YESTERDAY.
  HEAVY RAIN
  RAIN
  LIGHT RAIN
  FOG
  FOG W/VISIBILITY <= 1/4 MILE


RELATIVE HUMIDITY (PERCENT)
 HIGHEST    93          1200 AM
 LOWEST     84          1200 PM
 AVERAGE    89

..........................................................


THE WORCESTER MA CLIMATE NORMALS FOR TODAY
                         NORMAL    RECORD    YEAR
 MAXIMUM TEMPERATURE (F)   51        75      1938
                                             1924
 MINIMUM TEMPERATURE (F)   36        21      1962


SUNRISE AND SUNSET
NOVEMBER  7 2017......SUNRISE   628 AM EST   SUNSET   433 PM EST
NOVEMBER  8 2017......SUNRISE   630 AM EST   SUNSET   432 PM EST


-  INDICATES NEGATIVE NUMBERS.
R  INDICATES RECORD WAS SET OR TIED.
MM INDICATES DATA IS MISSING.
T  INDICATES TRACE AMOUNT.




$$
