000
CDUS41 KBOX 190535
CLIORH


CLIMATE REPORT
NATIONAL WEATHER SERVICE TAUNTON MA
135 AM EDT TUE MAY 19 2015


...................................

...THE WORCESTER MA CLIMATE SUMMARY FOR MAY 18 2015...

CLIMATE NORMAL PERIOD 1981 TO 2010
CLIMATE RECORD PERIOD 1892 TO 2015


WEATHER ITEM   OBSERVED TIME   RECORD YEAR NORMAL DEPARTURE LAST
                VALUE   (LST)  VALUE       VALUE  FROM      YEAR
                                                  NORMAL
..................................................................
TEMPERATURE (F)
 YESTERDAY
  MAXIMUM         70    436 PM  90    1906  67      3       66
  MINIMUM         48    558 AM  33    2002  47      1       46
  AVERAGE         59                        57      2       56

PRECIPITATION (IN)
  YESTERDAY        0.00          1.60 1945   0.13  -0.13     0.00
  MONTH TO DATE    0.04                      2.28  -2.24     2.82
  SINCE MAR 1      5.43                     10.60  -5.17    12.68
  SINCE JAN 1     13.74                     17.32  -3.58    19.86

SNOWFALL (IN)
  YESTERDAY        0.0           0.7  2002   0.0    0.0      0.0
  MONTH TO DATE    0.0                       0.0    0.0      0.0
  SINCE MAR 1     11.1                      14.2   -3.1      4.3
  SINCE JUL 1    119.7                      64.1   55.6     85.2
  SNOW DEPTH      MM

DEGREE DAYS
 HEATING
  YESTERDAY        6                         9     -3        9
  MONTH TO DATE   80                       197   -117      152
  SINCE MAR 1   1724                      1707     17     1863
  SINCE JUL 1   6838                      6544    294     6917

 COOLING
  YESTERDAY        0                         1     -1        0
  MONTH TO DATE   29                         3     26        6
  SINCE MAR 1     29                         6     23        6
  SINCE JAN 1     29                         6     23        6
..................................................................


WIND (MPH)
  RESULTANT WIND SPEED   6   RESULTANT WIND DIRECTION   E (90)
  HIGHEST WIND SPEED    14   HIGHEST WIND DIRECTION     S (200)
  HIGHEST GUST SPEED    18   HIGHEST GUST DIRECTION     S (200)
  AVERAGE WIND SPEED     8.6


SKY COVER
  POSSIBLE SUNSHINE  MM
  AVERAGE SKY COVER 0.7


WEATHER CONDITIONS
 THE FOLLOWING WEATHER WAS RECORDED YESTERDAY.
  FOG
  FOG W/VISIBILITY <= 1/4 MILE
  HAZE


RELATIVE HUMIDITY (PERCENT)
 HIGHEST   100           300 AM
 LOWEST     51           300 PM
 AVERAGE    76

..........................................................


THE WORCESTER MA CLIMATE NORMALS FOR TODAY
                         NORMAL    RECORD    YEAR
 MAXIMUM TEMPERATURE (F)   67        92      1962
 MINIMUM TEMPERATURE (F)   48        27      1944


SUNRISE AND SUNSET
MAY 19 2015...........SUNRISE   523 AM EDT   SUNSET   806 PM EDT
MAY 20 2015...........SUNRISE   522 AM EDT   SUNSET   807 PM EDT


-  INDICATES NEGATIVE NUMBERS.
R  INDICATES RECORD WAS SET OR TIED.
MM INDICATES DATA IS MISSING.
T  INDICATES TRACE AMOUNT.




$$
