000
CDUS41 KBOX 070530
CLIORH


CLIMATE REPORT
NATIONAL WEATHER SERVICE TAUNTON MA
130 AM EDT MON APR 7 2014


...................................

...THE WORCESTER MA CLIMATE SUMMARY FOR APRIL 6 2014...

CLIMATE NORMAL PERIOD 1981 TO 2010
CLIMATE RECORD PERIOD 1892 TO 2014


WEATHER ITEM   OBSERVED TIME   RECORD YEAR NORMAL DEPARTURE LAST
                VALUE   (LST)  VALUE       VALUE  FROM      YEAR
                                                  NORMAL
..................................................................
TEMPERATURE (F)
 YESTERDAY
  MAXIMUM         54    401 PM  79    1928  51      3       43
  MINIMUM         29    545 AM  15    1995  34     -5       28
                                      1982
  AVERAGE         42                        42      0       36

PRECIPITATION (IN)
  YESTERDAY        0.00          2.18 1958   0.14  -0.14     0.00
  MONTH TO DATE    0.31                      0.86  -0.55     0.30
  SINCE MAR 1      5.73                      5.07   0.66     3.98
  SINCE JAN 1     12.91                     11.79   1.12    10.86

SNOWFALL (IN)
  YESTERDAY        0.0          14.2  1982   0.1   -0.1      0.0
  MONTH TO DATE    0.0                       0.9   -0.9      0.0
  SINCE MAR 1      3.7                      12.3   -8.6     30.9
  SINCE JUL 1     84.6                      62.2   22.4    108.9
  SNOW DEPTH      MM

DEGREE DAYS
 HEATING
  YESTERDAY       23                        23      0       29
  MONTH TO DATE  140                       142     -2      164
  SINCE MAR 1   1268                      1081    187     1128
  SINCE JUL 1   6322                      5918    404     5565

 COOLING
  YESTERDAY        0                         0      0        0
  MONTH TO DATE    0                         0      0        0
  SINCE MAR 1      0                         0      0        0
  SINCE JAN 1      0                         0      0        0
..................................................................


WIND (MPH)
  RESULTANT WIND SPEED   9   RESULTANT WIND DIRECTION   W (290)
  HIGHEST WIND SPEED    17   HIGHEST WIND DIRECTION     W (290)
  HIGHEST GUST SPEED    23   HIGHEST GUST DIRECTION     W (290)
  AVERAGE WIND SPEED     9.4


SKY COVER
  POSSIBLE SUNSHINE  MM
  AVERAGE SKY COVER 0.0


WEATHER CONDITIONS
 THE FOLLOWING WEATHER WAS RECORDED YESTERDAY.
  NO SIGNIFICANT WEATHER WAS OBSERVED.


RELATIVE HUMIDITY (PERCENT)
 HIGHEST    63           100 AM
 LOWEST     22           200 PM
 AVERAGE    43

..........................................................


THE WORCESTER MA CLIMATE NORMALS FOR TODAY
                         NORMAL    RECORD    YEAR
 MAXIMUM TEMPERATURE (F)   52        86      2010
 MINIMUM TEMPERATURE (F)   34        11      1982


SUNRISE AND SUNSET
APRIL  7 2014.........SUNRISE   620 AM EDT   SUNSET   720 PM EDT
APRIL  8 2014.........SUNRISE   618 AM EDT   SUNSET   721 PM EDT


-  INDICATES NEGATIVE NUMBERS.
R  INDICATES RECORD WAS SET OR TIED.
MM INDICATES DATA IS MISSING.
T  INDICATES TRACE AMOUNT.




$$
