000
CDUS41 KBOX 250711
CLIORH


CLIMATE REPORT
NATIONAL WEATHER SERVICE TAUNTON MA
210 AM EST SUN JAN 25 2015


...................................

...THE WORCESTER MA CLIMATE SUMMARY FOR JANUARY 24 2015...

CLIMATE NORMAL PERIOD 1981 TO 2010
CLIMATE RECORD PERIOD 1892 TO 2015


WEATHER ITEM   OBSERVED TIME   RECORD YEAR NORMAL DEPARTURE LAST
                VALUE   (LST)  VALUE       VALUE  FROM      YEAR
                                                  NORMAL
..................................................................
TEMPERATURE (F)
 YESTERDAY
  MAXIMUM         31    645 PM  59    1999  31      0       12
  MINIMUM         28   1159 PM -14    1948  17     11        1
  AVERAGE         30                        24      6        7

PRECIPITATION (IN)
  YESTERDAY        0.61          1.22 1896   0.12   0.49     0.00
  MONTH TO DATE    3.29                      2.70   0.59     3.05
  SINCE DEC 1      8.19                      6.52   1.67     7.48
  SINCE JAN 1      3.29                      2.70   0.59     3.05

SNOWFALL (IN)
  YESTERDAY        6.2           7.3  1935   0.5    5.7      0.0
  MONTH TO DATE   11.4                      13.2   -1.8     18.9
  SINCE DEC 1     12.9                      27.6  -14.7     37.8
  SINCE JUL 1     20.1                      30.4  -10.3     38.3
  SNOW DEPTH      MM

DEGREE DAYS
 HEATING
  YESTERDAY       35                        41     -6       58
  MONTH TO DATE 1019                       980     39     1002
  SINCE DEC 1   1983                      2082    -99     2149
  SINCE JUL 1   3361                      3484   -123     3561

 COOLING
  YESTERDAY        0                         0      0        0
  MONTH TO DATE    0                         0      0        0
  SINCE DEC 1      0                         0      0        0
  SINCE JAN 1      0                         0      0        0
..................................................................


WIND (MPH)
  RESULTANT WIND SPEED   5   RESULTANT WIND DIRECTION  NW (310)
  HIGHEST WIND SPEED    26   HIGHEST WIND DIRECTION     W (290)
  HIGHEST GUST SPEED    34   HIGHEST GUST DIRECTION     W (290)
  AVERAGE WIND SPEED    11.5


SKY COVER
  POSSIBLE SUNSHINE  MM
  AVERAGE SKY COVER 0.8


WEATHER CONDITIONS
 THE FOLLOWING WEATHER WAS RECORDED YESTERDAY.
  LT FREEZING RAIN
  HEAVY SNOW
  SNOW
  LIGHT SNOW
  FOG
  FOG W/VISIBILITY <= 1/4 MILE


RELATIVE HUMIDITY (PERCENT)
 HIGHEST   100           600 AM
 LOWEST     69          1200 AM
 AVERAGE    85

..........................................................


THE WORCESTER MA CLIMATE NORMALS FOR TODAY
                         NORMAL    RECORD    YEAR
 MAXIMUM TEMPERATURE (F)   31        56      1938
 MINIMUM TEMPERATURE (F)   17       -11      1935


SUNRISE AND SUNSET
JANUARY 25 2015.......SUNRISE   708 AM EST   SUNSET   452 PM EST
JANUARY 26 2015.......SUNRISE   707 AM EST   SUNSET   454 PM EST


-  INDICATES NEGATIVE NUMBERS.
R  INDICATES RECORD WAS SET OR TIED.
MM INDICATES DATA IS MISSING.
T  INDICATES TRACE AMOUNT.




$$
