000
CDUS41 KBOX 082141
CLIORH


CLIMATE REPORT
NATIONAL WEATHER SERVICE TAUNTON MA
438 PM EST MON JAN 8 2018


...................................

...THE WORCESTER MA CLIMATE SUMMARY FOR JANUARY 8 2018...
VALID AS OF 0400 PM LOCAL TIME.

CLIMATE NORMAL PERIOD 1981 TO 2010
CLIMATE RECORD PERIOD 1892 TO 2018


WEATHER ITEM   OBSERVED TIME   RECORD YEAR NORMAL DEPARTURE LAST
                VALUE   (LST)  VALUE       VALUE  FROM      YEAR
                                                  NORMAL
..................................................................
TEMPERATURE (F)
 TODAY
  MAXIMUM         30    309 PM  62    2008  31     -1       17
  MINIMUM         13   1240 AM -11    1968  17     -4        6
  AVERAGE         22                        24     -2       12

PRECIPITATION (IN)
  TODAY            T             1.36 1979   0.10  -0.10     0.03
  MONTH TO DATE    1.03                      0.88   0.15     1.46
  SINCE DEC 1      3.88                      4.70  -0.82     5.26
  SINCE JAN 1      1.03                      0.88   0.15     1.46

SNOWFALL (IN)
  TODAY            0.0          13.0  1996   0.6   -0.6      0.4
  MONTH TO DATE   16.8                       4.3   12.5      7.7
  SINCE DEC 1     30.2                      18.7   11.5     25.2
  SINCE JUL 1     30.2                      21.5    8.7     25.2
  SNOW DEPTH      MM

DEGREE DAYS
 HEATING
  TODAY           43                        41      2       53
  MONTH TO DATE  439                       324    115      320
  SINCE DEC 1   1669                      1426    243     1410
  SINCE JUL 1   2805                      2828    -23     2597

 COOLING
  TODAY            0                         0      0        0
  MONTH TO DATE    0                         0      0        0
  SINCE DEC 1      0                         0      0        0
  SINCE JAN 1      0                         0      0        0
..................................................................


WIND (MPH)
  HIGHEST WIND SPEED    24   HIGHEST WIND DIRECTION    SW (220)
  HIGHEST GUST SPEED    32   HIGHEST GUST DIRECTION    SW (230)
  AVERAGE WIND SPEED    17.2


SKY COVER
  POSSIBLE SUNSHINE  MM
  AVERAGE SKY COVER 0.6


WEATHER CONDITIONS
 THE FOLLOWING WEATHER WAS RECORDED TODAY.
  LIGHT SNOW


RELATIVE HUMIDITY (PERCENT)
 HIGHEST    53           400 PM
 LOWEST     32           200 PM
 AVERAGE    43

..........................................................


THE WORCESTER MA CLIMATE NORMALS FOR TOMORROW
                         NORMAL    RECORD    YEAR
 MAXIMUM TEMPERATURE (F)   31        62      1937
 MINIMUM TEMPERATURE (F)   17       -13      1968


SUNRISE AND SUNSET
JANUARY  8 2018.......SUNRISE   716 AM EST   SUNSET   433 PM EST
JANUARY  9 2018.......SUNRISE   716 AM EST   SUNSET   434 PM EST


-  INDICATES NEGATIVE NUMBERS.
R  INDICATES RECORD WAS SET OR TIED.
MM INDICATES DATA IS MISSING.
T  INDICATES TRACE AMOUNT.




$$
