000
CDUS41 KBOX 100544
CLIORH


CLIMATE REPORT
NATIONAL WEATHER SERVICE TAUNTON MA
141 AM EDT WED SEP 10 2014


...................................

...THE WORCESTER MA CLIMATE SUMMARY FOR SEPTEMBER 9 2014...

CLIMATE NORMAL PERIOD 1981 TO 2010
CLIMATE RECORD PERIOD 1892 TO 2014


WEATHER ITEM   OBSERVED TIME   RECORD YEAR NORMAL DEPARTURE LAST
                VALUE   (LST)  VALUE       VALUE  FROM      YEAR
                                                  NORMAL
..................................................................
TEMPERATURE (F)
 YESTERDAY
  MAXIMUM         67    129 PM  90    1915  72     -5       65
  MINIMUM         53    430 AM  38    1938  55     -2       45
  AVERAGE         60                        64     -4       55

PRECIPITATION (IN)
  YESTERDAY        0.00          1.97 1934   0.12  -0.12     0.00
  MONTH TO DATE    1.07                      1.02   0.05     1.78
  SINCE SEP 1      1.07                      1.02   0.05     1.78
  SINCE JAN 1     36.10                     32.38   3.72    34.80

SNOWFALL (IN)
  YESTERDAY        0.0           T    1994   0.0    0.0      0.0
  MONTH TO DATE    0.0                       0.0    0.0      0.0
  SINCE SEP 1      0.0                       0.0    0.0      0.0
  SINCE JUL 1      0.0                       0.0    0.0      0.0
  SNOW DEPTH      MM

DEGREE DAYS
 HEATING
  YESTERDAY        5                         3      2       10
  MONTH TO DATE    7                        22    -15       30
  SINCE SEP 1      7                        22    -15       30
  SINCE JUL 1     27                        61    -34       49

 COOLING
  YESTERDAY        0                         2     -2        0
  MONTH TO DATE   52                        22     30       17
  SINCE SEP 1     52                        22     30       17
  SINCE JAN 1    414                       448    -34      548
..................................................................


WIND (MPH)
  RESULTANT WIND SPEED   6   RESULTANT WIND DIRECTION  NE (60)
  HIGHEST WIND SPEED    13   HIGHEST WIND DIRECTION     E (90)
  HIGHEST GUST SPEED    19   HIGHEST GUST DIRECTION    NE (50)
  AVERAGE WIND SPEED     7.0


SKY COVER
  POSSIBLE SUNSHINE  MM
  AVERAGE SKY COVER 0.5


WEATHER CONDITIONS
 THE FOLLOWING WEATHER WAS RECORDED YESTERDAY.
  NO SIGNIFICANT WEATHER WAS OBSERVED.


RELATIVE HUMIDITY (PERCENT)
 HIGHEST    89           300 AM
 LOWEST     48           400 PM
 AVERAGE    69

..........................................................


THE WORCESTER MA CLIMATE NORMALS FOR TODAY
                         NORMAL    RECORD    YEAR
 MAXIMUM TEMPERATURE (F)   72        91      1931
 MINIMUM TEMPERATURE (F)   55        35      1938


SUNRISE AND SUNSET
SEPTEMBER 10 2014.....SUNRISE   622 AM EDT   SUNSET   706 PM EDT
SEPTEMBER 11 2014.....SUNRISE   623 AM EDT   SUNSET   704 PM EDT


-  INDICATES NEGATIVE NUMBERS.
R  INDICATES RECORD WAS SET OR TIED.
MM INDICATES DATA IS MISSING.
T  INDICATES TRACE AMOUNT.




$$
