000
CDUS41 KBOX 082141
CLIORH


CLIMATE REPORT
NATIONAL WEATHER SERVICE TAUNTON MA
533 PM EDT THU JUN 8 2017


...................................

...THE WORCESTER MA CLIMATE SUMMARY FOR JUNE 8 2017...
VALID AS OF 0500 PM LOCAL TIME.

CLIMATE NORMAL PERIOD 1981 TO 2010
CLIMATE RECORD PERIOD 1892 TO 2017


WEATHER ITEM   OBSERVED TIME   RECORD YEAR NORMAL DEPARTURE LAST
                VALUE   (LST)  VALUE       VALUE  FROM      YEAR
                                                  NORMAL
..................................................................
TEMPERATURE (F)
 TODAY
  MAXIMUM         75    114 PM  91    1984  72      3       66
                                      1933
  MINIMUM         52   1231 AM  38    1934  54     -2       51
                                      1932
  AVERAGE         64                        63      1       59

PRECIPITATION (IN)
  TODAY            0.00          1.12 1948   0.15  -0.15      T
  MONTH TO DATE    1.65                      1.24   0.41     0.94
  SINCE JUN 1      1.65                      1.24   0.41     0.94
  SINCE JAN 1     22.73                     20.47   2.26    16.66

SNOWFALL (IN)
  TODAY            0.0           0.0  2002   0.0    0.0      0.0
                                      2001
                                      2000
  MONTH TO DATE    0.0                       0.0    0.0      0.0
  SINCE JUN 1      0.0                       0.0    0.0      0.0
  SINCE JUL 1     78.3                      64.1   14.2     47.2
  SNOW DEPTH      MM

DEGREE DAYS
 HEATING
  TODAY            1                         4     -3        6
  MONTH TO DATE   67                        37     30       15
  SINCE JUN 1     67                        37     30       15
  SINCE JUL 1   6252                      6671   -419     5726

 COOLING
  TODAY            0                         2     -2        0
  MONTH TO DATE    0                        13    -13       13
  SINCE JUN 1      0                        13    -13       13
  SINCE JAN 1     34                        35     -1       55
..................................................................


WIND (MPH)
  HIGHEST WIND SPEED    16   HIGHEST WIND DIRECTION     S (160)
  HIGHEST GUST SPEED    20   HIGHEST GUST DIRECTION    SE (130)
  AVERAGE WIND SPEED     7.8


SKY COVER
  POSSIBLE SUNSHINE  MM
  AVERAGE SKY COVER 0.0


WEATHER CONDITIONS
 THE FOLLOWING WEATHER WAS RECORDED TODAY.
  NO SIGNIFICANT WEATHER WAS OBSERVED.


RELATIVE HUMIDITY (PERCENT)
 HIGHEST    77           100 AM
 LOWEST     26           300 PM
 AVERAGE    52

..........................................................


THE WORCESTER MA CLIMATE NORMALS FOR TOMORROW
                         NORMAL    RECORD    YEAR
 MAXIMUM TEMPERATURE (F)   73        92      2008
 MINIMUM TEMPERATURE (F)   54        38      1980


SUNRISE AND SUNSET
JUNE  8 2017..........SUNRISE   511 AM EDT   SUNSET   822 PM EDT
JUNE  9 2017..........SUNRISE   511 AM EDT   SUNSET   823 PM EDT


-  INDICATES NEGATIVE NUMBERS.
R  INDICATES RECORD WAS SET OR TIED.
MM INDICATES DATA IS MISSING.
T  INDICATES TRACE AMOUNT.




$$
