000
CDUS41 KBOX 160547
CLIORH


CLIMATE REPORT
NATIONAL WEATHER SERVICE TAUNTON MA
144 AM EDT MON OCT 16 2017


...................................

...THE WORCESTER MA CLIMATE SUMMARY FOR OCTOBER 15 2017...

CLIMATE NORMAL PERIOD 1981 TO 2010
CLIMATE RECORD PERIOD 1892 TO 2017


WEATHER ITEM   OBSERVED TIME   RECORD YEAR NORMAL DEPARTURE LAST
                VALUE   (LST)  VALUE       VALUE  FROM      YEAR
                                                  NORMAL
..................................................................
TEMPERATURE (F)
 YESTERDAY
  MAXIMUM         70    250 PM  85    1956  59     11       57
  MINIMUM         55    306 AM  28    1928  42     13       38
  AVERAGE         63                        50     13       48

PRECIPITATION (IN)
  YESTERDAY        0.01          3.49 1955   0.16  -0.15     0.00
  MONTH TO DATE    0.69                      2.36  -1.67     1.12
  SINCE SEP 1      3.20                      6.29  -3.09     4.39
  SINCE JAN 1     32.49                     37.65  -5.16    27.79

SNOWFALL (IN)
  YESTERDAY        0.0           0.9  1961   0.0    0.0      0.0
  MONTH TO DATE    0.0                       0.0    0.0      0.0
  SINCE SEP 1      0.0                       0.0    0.0      0.0
  SINCE JUL 1      0.0                       0.0    0.0      0.0
  SNOW DEPTH      MM

DEGREE DAYS
 HEATING
  YESTERDAY        2                        15    -13       17
  MONTH TO DATE   77                       188   -111      169
  SINCE SEP 1    173                       342   -169      262
  SINCE JUL 1    221                       381   -160      271

 COOLING
  YESTERDAY        0                         0      0        0
  MONTH TO DATE   16                         0     16        0
  SINCE SEP 1    100                        42     58       75
  SINCE JAN 1    531                       468     63      663
..................................................................


WIND (MPH)
  RESULTANT WIND SPEED  14   RESULTANT WIND DIRECTION  SW (220)
  HIGHEST WIND SPEED    29   HIGHEST WIND DIRECTION    SW (220)
  HIGHEST GUST SPEED    36   HIGHEST GUST DIRECTION    SW (210)
  AVERAGE WIND SPEED    15.1


SKY COVER
  POSSIBLE SUNSHINE  MM
  AVERAGE SKY COVER 0.9


WEATHER CONDITIONS
 THE FOLLOWING WEATHER WAS RECORDED YESTERDAY.
  RAIN
  FOG
  FOG W/VISIBILITY <= 1/4 MILE


RELATIVE HUMIDITY (PERCENT)
 HIGHEST   100           200 AM
 LOWEST     70           300 PM
 AVERAGE    85

..........................................................


THE WORCESTER MA CLIMATE NORMALS FOR TODAY
                         NORMAL    RECORD    YEAR
 MAXIMUM TEMPERATURE (F)   58        86      1947
 MINIMUM TEMPERATURE (F)   42        25      1939


SUNRISE AND SUNSET
OCTOBER 16 2017.......SUNRISE   702 AM EDT   SUNSET   604 PM EDT
OCTOBER 17 2017.......SUNRISE   703 AM EDT   SUNSET   602 PM EDT


-  INDICATES NEGATIVE NUMBERS.
R  INDICATES RECORD WAS SET OR TIED.
MM INDICATES DATA IS MISSING.
T  INDICATES TRACE AMOUNT.




$$
