000
CDUS41 KBOX 211100
CLIORH


CLIMATE REPORT
NATIONAL WEATHER SERVICE TAUNTON MA
649 AM EDT SAT MAR 21 2015


...................................

...THE WORCESTER MA CLIMATE SUMMARY FOR MARCH 20 2015...

CLIMATE NORMAL PERIOD 1981 TO 2010
CLIMATE RECORD PERIOD 1892 TO 2015


WEATHER ITEM   OBSERVED TIME   RECORD YEAR NORMAL DEPARTURE LAST
                VALUE   (LST)  VALUE       VALUE  FROM      YEAR
                                                  NORMAL
..................................................................
TEMPERATURE (F)
 YESTERDAY
  MAXIMUM         29    150 PM  77    1945  44    -15       45
  MINIMUM         17    444 AM   2    1949  28    -11       30
  AVERAGE         23                        36    -13       38

PRECIPITATION (IN)
  YESTERDAY        0.05          1.17 1954   0.14  -0.09     0.28
  MONTH TO DATE    1.62                      2.59  -0.97     1.30
  SINCE MAR 1      1.62                      2.59  -0.97     1.30
  SINCE JAN 1      9.93                      9.31   0.62     8.48

SNOWFALL (IN)
  YESTERDAY        0.7          10.5  1944   0.3    0.4      0.0
  MONTH TO DATE    7.7                       8.4   -0.7      3.4
  SINCE MAR 1      7.7                       8.4   -0.7      3.4
  SINCE JUL 1    116.3                      58.3   58.0     84.3
  SNOW DEPTH      MM

DEGREE DAYS
 HEATING
  YESTERDAY       42                        29     13       27
  MONTH TO DATE  725                       642     83      758
  SINCE MAR 1    725                       642     83      758
  SINCE JUL 1   5839                      5479    360     5812

 COOLING
  YESTERDAY        0                         0      0        0
  MONTH TO DATE    0                         0      0        0
  SINCE MAR 1      0                         0      0        0
  SINCE JAN 1      0                         0      0        0
..................................................................


WIND (MPH)
  RESULTANT WIND SPEED   1   RESULTANT WIND DIRECTION  SE (120)
  HIGHEST WIND SPEED    10   HIGHEST WIND DIRECTION     W (250)
  HIGHEST GUST SPEED    13   HIGHEST GUST DIRECTION     W (250)
  AVERAGE WIND SPEED     3.5


SKY COVER
  POSSIBLE SUNSHINE  MM
  AVERAGE SKY COVER 0.5


WEATHER CONDITIONS
 THE FOLLOWING WEATHER WAS RECORDED YESTERDAY.
  LIGHT SNOW
  FOG


RELATIVE HUMIDITY (PERCENT)
 HIGHEST    88           400 PM
 LOWEST     29          1200 PM
 AVERAGE    59

..........................................................


THE WORCESTER MA CLIMATE NORMALS FOR TODAY
                         NORMAL    RECORD    YEAR
 MAXIMUM TEMPERATURE (F)   45        73      2012
 MINIMUM TEMPERATURE (F)   28         4      1986


SUNRISE AND SUNSET
MARCH 21 2015.........SUNRISE   650 AM EDT   SUNSET   701 PM EDT
MARCH 22 2015.........SUNRISE   648 AM EDT   SUNSET   702 PM EDT


-  INDICATES NEGATIVE NUMBERS.
R  INDICATES RECORD WAS SET OR TIED.
MM INDICATES DATA IS MISSING.
T  INDICATES TRACE AMOUNT.




$$
