448
CDUS41 KBOX 112124
CLIORH


CLIMATE REPORT
NATIONAL WEATHER SERVICE TAUNTON MA
420 PM EST SAT NOV 11 2017


...................................

...THE WORCESTER MA CLIMATE SUMMARY FOR NOVEMBER 11 2017...
VALID AS OF 0400 PM LOCAL TIME.

CLIMATE NORMAL PERIOD 1981 TO 2010
CLIMATE RECORD PERIOD 1892 TO 2017


WEATHER ITEM   OBSERVED TIME   RECORD YEAR NORMAL DEPARTURE LAST
                VALUE   (LST)  VALUE       VALUE  FROM      YEAR
                                                  NORMAL
..................................................................
TEMPERATURE (F)
 TODAY
  MAXIMUM         33    308 PM  66    1935  49    -16       56
  MINIMUM         17    713 AM  14    1956  35    -18       34
  AVERAGE         25                        42    -17       45

PRECIPITATION (IN)
  TODAY            0.00          2.57 1991   0.14  -0.14     0.00
  MONTH TO DATE    0.26                      1.54  -1.28     0.11
  SINCE SEP 1     11.60                     10.15   1.45     9.95
  SINCE JAN 1     40.89                     41.51  -0.62    33.35

SNOWFALL (IN)
  TODAY            0.0           5.7  1991   0.1   -0.1      0.0
  MONTH TO DATE    T                         0.5   -0.5      0.0
  SINCE SEP 1      T                         0.7   -0.7       T
  SINCE JUL 1      T                         0.7   -0.7       T
  SNOW DEPTH      MM

DEGREE DAYS
 HEATING
  TODAY           40                        23     17       20
  MONTH TO DATE  236                       237     -1      213
  SINCE SEP 1    557                       859   -302      718
  SINCE JUL 1    605                       898   -293      727

 COOLING
  TODAY            0                         0      0        0
  MONTH TO DATE    0                         0      0        0
  SINCE SEP 1    102                        45     57       75
  SINCE JAN 1    533                       471     62      663
..................................................................


WIND (MPH)
  HIGHEST WIND SPEED    21   HIGHEST WIND DIRECTION     W (290)
  HIGHEST GUST SPEED    27   HIGHEST GUST DIRECTION     W (280)
  AVERAGE WIND SPEED    11.8


SKY COVER
  POSSIBLE SUNSHINE  MM
  AVERAGE SKY COVER 0.0


WEATHER CONDITIONS
 THE FOLLOWING WEATHER WAS RECORDED TODAY.
  NO SIGNIFICANT WEATHER WAS OBSERVED.


RELATIVE HUMIDITY (PERCENT)
 HIGHEST    54           600 AM
 LOWEST     25           300 PM
 AVERAGE    40

..........................................................


THE WORCESTER MA CLIMATE NORMALS FOR TOMORROW
                         NORMAL    RECORD    YEAR
 MAXIMUM TEMPERATURE (F)   49        73      1909
 MINIMUM TEMPERATURE (F)   34        17      1926


SUNRISE AND SUNSET
NOVEMBER 11 2017......SUNRISE   633 AM EST   SUNSET   429 PM EST
NOVEMBER 12 2017......SUNRISE   635 AM EST   SUNSET   428 PM EST


-  INDICATES NEGATIVE NUMBERS.
R  INDICATES RECORD WAS SET OR TIED.
MM INDICATES DATA IS MISSING.
T  INDICATES TRACE AMOUNT.




$$
