000
CDUS41 KBOX 102145
CLIORH


CLIMATE REPORT
NATIONAL WEATHER SERVICE TAUNTON MA
541 PM EDT MON APR 10 2017


...................................

...THE WORCESTER MA CLIMATE SUMMARY FOR APRIL 10 2017...
VALID AS OF 0500 PM LOCAL TIME.

CLIMATE NORMAL PERIOD 1981 TO 2010
CLIMATE RECORD PERIOD 1892 TO 2017


WEATHER ITEM   OBSERVED TIME   RECORD YEAR NORMAL DEPARTURE LAST
                VALUE   (LST)  VALUE       VALUE  FROM      YEAR
                                                  NORMAL
..................................................................
TEMPERATURE (F)
 TODAY
  MAXIMUM         75    211 PM  84    1922  53     22       44
  MINIMUM         46    534 AM  19    1985  35     11       26
  AVERAGE         61                        44     17       35

PRECIPITATION (IN)
  TODAY            0.00          2.14 1983   0.15  -0.15     0.00
  MONTH TO DATE    3.08                      1.45   1.63     2.03
  SINCE MAR 1      7.09                      5.66   1.43     5.52
  SINCE JAN 1     13.44                     12.38   1.06    12.91

SNOWFALL (IN)
  TODAY            0.0          14.0  1996   0.1   -0.1      0.0
  MONTH TO DATE    2.9                       1.4    1.5     10.0
  SINCE MAR 1     20.5                      12.8    7.7     15.5
  SINCE JUL 1     78.3                      62.7   15.6     47.2
  SNOW DEPTH      MM

DEGREE DAYS
 HEATING
  TODAY            4                        21    -17       30
  MONTH TO DATE  224                       228     -4      286
  SINCE MAR 1   1304                      1167    137     1055
  SINCE JUL 1   5581                      6004   -423     5114

 COOLING
  TODAY            0                         0      0        0
  MONTH TO DATE    0                         0      0        0
  SINCE MAR 1      0                         0      0        0
  SINCE JAN 1      0                         0      0        0
..................................................................


WIND (MPH)
  HIGHEST WIND SPEED    24   HIGHEST WIND DIRECTION    SW (220)
  HIGHEST GUST SPEED    32   HIGHEST GUST DIRECTION     S (190)
  AVERAGE WIND SPEED    16.4


SKY COVER
  POSSIBLE SUNSHINE  MM
  AVERAGE SKY COVER 0.0


WEATHER CONDITIONS
 THE FOLLOWING WEATHER WAS RECORDED TODAY.
  NO SIGNIFICANT WEATHER WAS OBSERVED.


RELATIVE HUMIDITY (PERCENT)
 HIGHEST    49           600 AM
 LOWEST     16           200 PM
 AVERAGE    33

..........................................................


THE WORCESTER MA CLIMATE NORMALS FOR TOMORROW
                         NORMAL    RECORD    YEAR
 MAXIMUM TEMPERATURE (F)   53        80      1945
 MINIMUM TEMPERATURE (F)   36        19      1948
                                             1938


SUNRISE AND SUNSET
APRIL 10 2017.........SUNRISE   614 AM EDT   SUNSET   724 PM EDT
APRIL 11 2017.........SUNRISE   613 AM EDT   SUNSET   725 PM EDT


-  INDICATES NEGATIVE NUMBERS.
R  INDICATES RECORD WAS SET OR TIED.
MM INDICATES DATA IS MISSING.
T  INDICATES TRACE AMOUNT.




$$
