105
CDUS41 KBOX 190546
CLIORH


CLIMATE REPORT
NATIONAL WEATHER SERVICE TAUNTON MA
140 AM EDT SUN MAR 19 2017


...................................

...THE WORCESTER MA CLIMATE SUMMARY FOR MARCH 18 2017...

CLIMATE NORMAL PERIOD 1981 TO 2010
CLIMATE RECORD PERIOD 1892 TO 2017


WEATHER ITEM   OBSERVED TIME   RECORD YEAR NORMAL DEPARTURE LAST
                VALUE   (LST)  VALUE       VALUE  FROM      YEAR
                                                  NORMAL
..................................................................
TEMPERATURE (F)
 YESTERDAY
  MAXIMUM         36    241 PM  74    2012  43     -7       47
  MINIMUM         21    646 AM   0    1967  27     -6       31
  AVERAGE         29                        35     -6       39

PRECIPITATION (IN)
  YESTERDAY        0.00          4.98 1936   0.14  -0.14      T
  MONTH TO DATE    1.83                      2.31  -0.48     2.21
  SINCE MAR 1      1.83                      2.31  -0.48     2.21
  SINCE JAN 1      8.18                      9.03  -0.85     9.60

SNOWFALL (IN)
  YESTERDAY        0.0           7.1  1977   0.3   -0.3      0.0
  MONTH TO DATE   16.1                       7.7    8.4       T
  SINCE MAR 1     16.1                       7.7    8.4       T
  SINCE JUL 1     73.9                      57.6   16.3     31.7
  SNOW DEPTH      MM

DEGREE DAYS
 HEATING
  YESTERDAY       36                        30      6       26
  MONTH TO DATE  680                       584     96      439
  SINCE MAR 1    680                       584     96      439
  SINCE JUL 1   4957                      5421   -464     4498

 COOLING
  YESTERDAY        0                         0      0        0
  MONTH TO DATE    0                         0      0        0
  SINCE MAR 1      0                         0      0        0
  SINCE JAN 1      0                         0      0        0
..................................................................


WIND (MPH)
  RESULTANT WIND SPEED   7   RESULTANT WIND DIRECTION  NE (60)
  HIGHEST WIND SPEED    14   HIGHEST WIND DIRECTION     E (70)
  HIGHEST GUST SPEED    20   HIGHEST GUST DIRECTION     E (70)
  AVERAGE WIND SPEED     8.2


SKY COVER
  POSSIBLE SUNSHINE  MM
  AVERAGE SKY COVER 0.3


WEATHER CONDITIONS
 THE FOLLOWING WEATHER WAS RECORDED YESTERDAY.
  NO SIGNIFICANT WEATHER WAS OBSERVED.


RELATIVE HUMIDITY (PERCENT)
 HIGHEST    75          1100 PM
 LOWEST     34          1200 AM
 AVERAGE    55

..........................................................


THE WORCESTER MA CLIMATE NORMALS FOR TODAY
                         NORMAL    RECORD    YEAR
 MAXIMUM TEMPERATURE (F)   44        78      2012
 MINIMUM TEMPERATURE (F)   27        -4      1967


SUNRISE AND SUNSET
MARCH 19 2017.........SUNRISE   652 AM EDT   SUNSET   659 PM EDT
MARCH 20 2017.........SUNRISE   650 AM EDT   SUNSET   700 PM EDT


-  INDICATES NEGATIVE NUMBERS.
R  INDICATES RECORD WAS SET OR TIED.
MM INDICATES DATA IS MISSING.
T  INDICATES TRACE AMOUNT.




$$
