649
CDUS41 KBOX 130536
CLIORH


CLIMATE REPORT
NATIONAL WEATHER SERVICE TAUNTON MA
136 AM EDT WED SEP 13 2017


...................................

...THE WORCESTER MA CLIMATE SUMMARY FOR SEPTEMBER 12 2017...

CLIMATE NORMAL PERIOD 1981 TO 2010
CLIMATE RECORD PERIOD 1892 TO 2017


WEATHER ITEM   OBSERVED TIME   RECORD YEAR NORMAL DEPARTURE LAST
                VALUE   (LST)  VALUE       VALUE  FROM      YEAR
                                                  NORMAL
..................................................................
TEMPERATURE (F)
 YESTERDAY
  MAXIMUM         79    242 PM  86    1961  71      8       73
                                      1930
  MINIMUM         57    539 AM  34    1933  54      3       51
  AVERAGE         68                        63      5       62

PRECIPITATION (IN)
  YESTERDAY        0.00          4.65 1960   0.12  -0.12     0.00
  MONTH TO DATE    2.31                      1.38   0.93     0.47
  SINCE SEP 1      2.31                      1.38   0.93     0.47
  SINCE JAN 1     31.60                     32.74  -1.14    23.87

SNOWFALL (IN)
  YESTERDAY        0.0           T    1933   0.0    0.0      0.0
  MONTH TO DATE    0.0                       0.0    0.0      0.0
  SINCE SEP 1      0.0                       0.0    0.0      0.0
  SINCE JUL 1      0.0                       0.0    0.0      0.0
  SNOW DEPTH      MM

DEGREE DAYS
 HEATING
  YESTERDAY        0                         4     -4        3
  MONTH TO DATE   56                        33     23        8
  SINCE SEP 1     56                        33     23        8
  SINCE JUL 1    104                        72     32       17

 COOLING
  YESTERDAY        3                         2      1        0
  MONTH TO DATE   10                        28    -18       47
  SINCE SEP 1     10                        28    -18       47
  SINCE JAN 1    441                       454    -13      635
..................................................................


WIND (MPH)
  RESULTANT WIND SPEED   8   RESULTANT WIND DIRECTION   W (280)
  HIGHEST WIND SPEED    16   HIGHEST WIND DIRECTION     W (280)
  HIGHEST GUST SPEED    19   HIGHEST GUST DIRECTION     W (280)
  AVERAGE WIND SPEED     8.6


SKY COVER
  POSSIBLE SUNSHINE  MM
  AVERAGE SKY COVER 0.0


WEATHER CONDITIONS
 THE FOLLOWING WEATHER WAS RECORDED YESTERDAY.
  NO SIGNIFICANT WEATHER WAS OBSERVED.


RELATIVE HUMIDITY (PERCENT)
 HIGHEST    69          1200 AM
 LOWEST     32           300 PM
 AVERAGE    51

..........................................................


THE WORCESTER MA CLIMATE NORMALS FOR TODAY
                         NORMAL    RECORD    YEAR
 MAXIMUM TEMPERATURE (F)   71        89      1957
                                             1947
 MINIMUM TEMPERATURE (F)   54        33      1943


SUNRISE AND SUNSET
SEPTEMBER 13 2017.....SUNRISE   626 AM EDT   SUNSET   700 PM EDT
SEPTEMBER 14 2017.....SUNRISE   627 AM EDT   SUNSET   658 PM EDT


-  INDICATES NEGATIVE NUMBERS.
R  INDICATES RECORD WAS SET OR TIED.
MM INDICATES DATA IS MISSING.
T  INDICATES TRACE AMOUNT.




$$
