000
CDUS41 KBOX 122144
CLIORH


CLIMATE REPORT
NATIONAL WEATHER SERVICE TAUNTON MA
533 PM EDT TUE JUL 12 2016


...................................

...THE WORCESTER MA CLIMATE SUMMARY FOR JULY 12 2016...
VALID AS OF 0500 PM LOCAL TIME.

CLIMATE NORMAL PERIOD 1981 TO 2010
CLIMATE RECORD PERIOD 1892 TO 2016


WEATHER ITEM   OBSERVED TIME   RECORD YEAR NORMAL DEPARTURE LAST
                VALUE   (LST)  VALUE       VALUE  FROM      YEAR
                                                  NORMAL
..................................................................
TEMPERATURE (F)
 TODAY
  MAXIMUM         81    344 PM  96    1908  79      2       85
  MINIMUM         60    326 AM  41    1945  62     -2       67
  AVERAGE         71                        70      1       76

PRECIPITATION (IN)
  TODAY            0.00          2.84 1938   0.14  -0.14     0.00
  MONTH TO DATE    0.57                      1.52  -0.95     2.06
  SINCE JUN 1      2.23                      5.71  -3.48     8.41
  SINCE JAN 1     17.95                     24.94  -6.99    22.71

SNOWFALL (IN)
  TODAY            0.0           0.0  2002   0.0    0.0      0.0
                                      2001
                                      2000
  MONTH TO DATE    0.0                       0.0    0.0      0.0
  SINCE JUN 1      0.0                       0.0    0.0      0.0
  SINCE JUL 1      0.0                       0.0    0.0      0.0
  SNOW DEPTH       0

DEGREE DAYS
 HEATING
  TODAY            0                         0      0        0
  MONTH TO DATE    9                         9      0        0
  SINCE JUN 1     60                        92    -32       94
  SINCE JUL 1      9                         9      0        0

 COOLING
  TODAY            6                         6      0       11
  MONTH TO DATE   52                        63    -11       76
  SINCE JUN 1    124                       147    -23      160
  SINCE JAN 1    166                       169     -3      226
..................................................................


WIND (MPH)
  HIGHEST WIND SPEED    15   HIGHEST WIND DIRECTION     W (250)
  HIGHEST GUST SPEED    19   HIGHEST GUST DIRECTION    SW (210)
  AVERAGE WIND SPEED     8.6


SKY COVER
  POSSIBLE SUNSHINE  MM
  AVERAGE SKY COVER 0.0


WEATHER CONDITIONS
 THE FOLLOWING WEATHER WAS RECORDED TODAY.
  NO SIGNIFICANT WEATHER WAS OBSERVED.


RELATIVE HUMIDITY (PERCENT)
 HIGHEST    84           300 AM
 LOWEST     33           300 PM
 AVERAGE    59

..........................................................


THE WORCESTER MA CLIMATE NORMALS FOR TOMORROW
                         NORMAL    RECORD    YEAR
 MAXIMUM TEMPERATURE (F)   79        93      1894
 MINIMUM TEMPERATURE (F)   62        43      1933


SUNRISE AND SUNSET
JULY 12 2016..........SUNRISE   522 AM EDT   SUNSET   824 PM EDT
JULY 13 2016..........SUNRISE   523 AM EDT   SUNSET   823 PM EDT


-  INDICATES NEGATIVE NUMBERS.
R  INDICATES RECORD WAS SET OR TIED.
MM INDICATES DATA IS MISSING.
T  INDICATES TRACE AMOUNT.




$$
