000
CDUS41 KBOX 230538
CLIORH


CLIMATE REPORT
NATIONAL WEATHER SERVICE TAUNTON MA
137 AM EDT SUN AUG 23 2015


...................................

...THE WORCESTER MA CLIMATE SUMMARY FOR AUGUST 22 2015...

CLIMATE NORMAL PERIOD 1981 TO 2010
CLIMATE RECORD PERIOD 1892 TO 2015


WEATHER ITEM   OBSERVED TIME   RECORD YEAR NORMAL DEPARTURE LAST
                VALUE   (LST)  VALUE       VALUE  FROM      YEAR
                                                  NORMAL
..................................................................
TEMPERATURE (F)
 YESTERDAY
  MAXIMUM         77    228 PM  93    1916  77      0       68
  MINIMUM         64   1159 PM  42    1894  60      4       58
  AVERAGE         71                        68      3       63

PRECIPITATION (IN)
  YESTERDAY        0.00          2.76 1935   0.11  -0.11      T
  MONTH TO DATE    3.17                      2.73   0.44     2.27
  SINCE JUN 1     12.38                     11.15   1.23    10.11
  SINCE JAN 1     26.68                     30.38  -3.70    31.30

SNOWFALL (IN)
  YESTERDAY        0.0           0.0  2002   0.0    0.0      0.0
                                      2001
                                      2000
  MONTH TO DATE    0.0                       0.0    0.0      0.0
  SINCE JUN 1      0.0                       0.0    0.0      0.0
  SINCE JUL 1      0.0                       0.0    0.0      0.0
  SNOW DEPTH      MM

DEGREE DAYS
 HEATING
  YESTERDAY        0                         1     -1        2
  MONTH TO DATE    0                        13    -13       14
  SINCE JUN 1     95                       110    -15       59
  SINCE JUL 1      1                        27    -26       14

 COOLING
  YESTERDAY        6                         4      2        0
  MONTH TO DATE  145                       112     33       60
  SINCE JUN 1    452                       371     81      318
  SINCE JAN 1    518                       393    125      326
..................................................................


WIND (MPH)
  RESULTANT WIND SPEED   5   RESULTANT WIND DIRECTION   N (20)
  HIGHEST WIND SPEED    12   HIGHEST WIND DIRECTION     E (70)
  HIGHEST GUST SPEED    17   HIGHEST GUST DIRECTION    NW (310)
  AVERAGE WIND SPEED     7.4


SKY COVER
  POSSIBLE SUNSHINE  MM
  AVERAGE SKY COVER 0.5


WEATHER CONDITIONS
 THE FOLLOWING WEATHER WAS RECORDED YESTERDAY.
  NO SIGNIFICANT WEATHER WAS OBSERVED.


RELATIVE HUMIDITY (PERCENT)
 HIGHEST    87           900 PM
 LOWEST     63           400 AM
 AVERAGE    75

..........................................................


THE WORCESTER MA CLIMATE NORMALS FOR TODAY
                         NORMAL    RECORD    YEAR
 MAXIMUM TEMPERATURE (F)   77        94      1916
 MINIMUM TEMPERATURE (F)   60        44      1925


SUNRISE AND SUNSET
AUGUST 23 2015........SUNRISE   603 AM EDT   SUNSET   737 PM EDT
AUGUST 24 2015........SUNRISE   604 AM EDT   SUNSET   735 PM EDT


-  INDICATES NEGATIVE NUMBERS.
R  INDICATES RECORD WAS SET OR TIED.
MM INDICATES DATA IS MISSING.
T  INDICATES TRACE AMOUNT.




$$
