000
CDUS41 KBOX 100527
CLIORH


CLIMATE REPORT
NATIONAL WEATHER SERVICE TAUNTON MA
1227 AM EST WED JAN 10 2018


...................................

...THE WORCESTER MA CLIMATE SUMMARY FOR JANUARY 9 2018...

CLIMATE NORMAL PERIOD 1981 TO 2010
CLIMATE RECORD PERIOD 1892 TO 2018


WEATHER ITEM   OBSERVED TIME   RECORD YEAR NORMAL DEPARTURE LAST
                VALUE   (LST)  VALUE       VALUE  FROM      YEAR
                                                  NORMAL
..................................................................
TEMPERATURE (F)
 YESTERDAY
  MAXIMUM         37    148 PM  62    1937  31      6       15
  MINIMUM         24   1159 PM -13    1968  17      7        2
  AVERAGE         31                        24      7        9

PRECIPITATION (IN)
  YESTERDAY        0.00          2.49 1978   0.10  -0.10      T
  MONTH TO DATE    1.05                      0.98   0.07     1.46
  SINCE DEC 1      3.90                      4.80  -0.90     5.26
  SINCE JAN 1      1.05                      0.98   0.07     1.46

SNOWFALL (IN)
  YESTERDAY        0.0           6.1  1920   0.6   -0.6       T
  MONTH TO DATE   17.2                       4.9   12.3      7.7
  SINCE DEC 1     30.6                      19.3   11.3     25.2
  SINCE JUL 1     30.6                      22.1    8.5     25.2
  SNOW DEPTH      MM

DEGREE DAYS
 HEATING
  YESTERDAY       34                        41     -7       56
  MONTH TO DATE  473                       365    108      376
  SINCE DEC 1   1703                      1467    236     1466
  SINCE JUL 1   2839                      2869    -30     2653

 COOLING
  YESTERDAY        0                         0      0        0
  MONTH TO DATE    0                         0      0        0
  SINCE DEC 1      0                         0      0        0
  SINCE JAN 1      0                         0      0        0
..................................................................


WIND (MPH)
  RESULTANT WIND SPEED  10   RESULTANT WIND DIRECTION   W (260)
  HIGHEST WIND SPEED    26   HIGHEST WIND DIRECTION    NW (300)
  HIGHEST GUST SPEED    35   HIGHEST GUST DIRECTION     W (260)
  AVERAGE WIND SPEED    12.6


SKY COVER
  POSSIBLE SUNSHINE  MM
  AVERAGE SKY COVER 0.5


WEATHER CONDITIONS
 THE FOLLOWING WEATHER WAS RECORDED YESTERDAY.
  HAZE


RELATIVE HUMIDITY (PERCENT)
 HIGHEST    88           200 AM
 LOWEST     49           600 PM
 AVERAGE    69

..........................................................


THE WORCESTER MA CLIMATE NORMALS FOR TODAY
                         NORMAL    RECORD    YEAR
 MAXIMUM TEMPERATURE (F)   31        56      2016
 MINIMUM TEMPERATURE (F)   17        -8      2004


SUNRISE AND SUNSET
JANUARY 10 2018.......SUNRISE   716 AM EST   SUNSET   435 PM EST
JANUARY 11 2018.......SUNRISE   715 AM EST   SUNSET   436 PM EST


-  INDICATES NEGATIVE NUMBERS.
R  INDICATES RECORD WAS SET OR TIED.
MM INDICATES DATA IS MISSING.
T  INDICATES TRACE AMOUNT.




$$
