000
CDUS41 KBOX 100556
CLIORH


CLIMATE REPORT
NATIONAL WEATHER SERVICE TAUNTON MA
1256 AM EST WED DEC 10 2014


...................................

...THE WORCESTER MA CLIMATE SUMMARY FOR DECEMBER 9 2014...

CLIMATE NORMAL PERIOD 1981 TO 2010
CLIMATE RECORD PERIOD 1892 TO 2014


WEATHER ITEM   OBSERVED TIME   RECORD YEAR NORMAL DEPARTURE LAST
                VALUE   (LST)  VALUE       VALUE  FROM      YEAR
                                                  NORMAL
..................................................................
TEMPERATURE (F)
 YESTERDAY
  MAXIMUM         37   1159 PM  66    1966  38     -1       33
  MINIMUM         21   1246 AM -13    1902  25     -4       21
  AVERAGE         29                        32     -3       27

PRECIPITATION (IN)
  YESTERDAY        1.52          1.68 1973   0.13   1.39     0.25
  MONTH TO DATE    3.26                      1.20   2.06     0.92
  SINCE DEC 1      3.26                      1.20   2.06     0.92
  SINCE JAN 1     51.94                     45.45   6.49    42.22

SNOWFALL (IN)
  YESTERDAY        T            12.8  2005   0.5   -0.5      0.3
  MONTH TO DATE    0.3                       3.3   -3.0      1.1
  SINCE DEC 1      0.3                       3.3   -3.0      1.1
  SINCE JUL 1      7.5                       6.1    1.4      1.6
  SNOW DEPTH      MM

DEGREE DAYS
 HEATING
  YESTERDAY       36                        33      3       38
  MONTH TO DATE  267                       286    -19      280
  SINCE DEC 1    267                       286    -19      280
  SINCE JUL 1   1645                      1688    -43     1692

 COOLING
  YESTERDAY        0                         0      0        0
  MONTH TO DATE    0                         0      0        0
  SINCE DEC 1      0                         0      0        0
  SINCE JAN 1    426                       471    -45      572
..................................................................


WIND (MPH)
  RESULTANT WIND SPEED  15   RESULTANT WIND DIRECTION  NE (30)
  HIGHEST WIND SPEED    28   HIGHEST WIND DIRECTION     N (10)
  HIGHEST GUST SPEED    43   HIGHEST GUST DIRECTION    NE (40)
  AVERAGE WIND SPEED    16.2


SKY COVER
  POSSIBLE SUNSHINE  MM
  AVERAGE SKY COVER 1.0


WEATHER CONDITIONS
 THE FOLLOWING WEATHER WAS RECORDED YESTERDAY.
  HEAVY RAIN
  RAIN
  LIGHT RAIN
  FREEZING RAIN
  LT FREEZING RAIN
  LIGHT SNOW
  SLEET
  FOG
  FOG W/VISIBILITY <= 1/4 MILE


RELATIVE HUMIDITY (PERCENT)
 HIGHEST   100           100 AM
 LOWEST     92          1200 AM
 AVERAGE    96

..........................................................


THE WORCESTER MA CLIMATE NORMALS FOR TODAY
                         NORMAL    RECORD    YEAR
 MAXIMUM TEMPERATURE (F)   38        63      1946
 MINIMUM TEMPERATURE (F)   25        -4      1902


SUNRISE AND SUNSET
DECEMBER 10 2014......SUNRISE   705 AM EST   SUNSET   415 PM EST
DECEMBER 11 2014......SUNRISE   706 AM EST   SUNSET   415 PM EST


-  INDICATES NEGATIVE NUMBERS.
R  INDICATES RECORD WAS SET OR TIED.
MM INDICATES DATA IS MISSING.
T  INDICATES TRACE AMOUNT.




$$
