000
CDUS41 KBOX 110545
CLIORH


CLIMATE REPORT
NATIONAL WEATHER SERVICE TAUNTON MA
142 AM EDT SUN JUN 11 2017


...................................

...THE WORCESTER MA CLIMATE SUMMARY FOR JUNE 10 2017...

CLIMATE NORMAL PERIOD 1981 TO 2010
CLIMATE RECORD PERIOD 1892 TO 2017


WEATHER ITEM   OBSERVED TIME   RECORD YEAR NORMAL DEPARTURE LAST
                VALUE   (LST)  VALUE       VALUE  FROM      YEAR
                                                  NORMAL
..................................................................
TEMPERATURE (F)
 YESTERDAY
  MAXIMUM         80    400 PM  94    2008  73      7       69
  MINIMUM         61    322 AM  40    1975  55      6       49
  AVERAGE         71                        64      7       59

PRECIPITATION (IN)
  YESTERDAY        0.00          2.00 1931   0.15  -0.15     0.00
  MONTH TO DATE    1.68                      1.55   0.13     0.94
  SINCE JUN 1      1.68                      1.55   0.13     0.94
  SINCE JAN 1     22.76                     20.78   1.98    16.66

SNOWFALL (IN)
  YESTERDAY        0.0           T    1940   0.0    0.0      0.0
  MONTH TO DATE    0.0                       0.0    0.0      0.0
  SINCE JUN 1      0.0                       0.0    0.0      0.0
  SINCE JUL 1     78.3                      64.1   14.2     47.2
  SNOW DEPTH       0

DEGREE DAYS
 HEATING
  YESTERDAY        0                         4     -4        6
  MONTH TO DATE   70                        45     25       30
  SINCE JUN 1     70                        45     25       30
  SINCE JUL 1   6255                      6679   -424     5741

 COOLING
  YESTERDAY        6                         2      4        0
  MONTH TO DATE    6                        17    -11       13
  SINCE JUN 1      6                        17    -11       13
  SINCE JAN 1     40                        39      1       55
..................................................................


WIND (MPH)
  RESULTANT WIND SPEED  11   RESULTANT WIND DIRECTION  SW (240)
  HIGHEST WIND SPEED    21   HIGHEST WIND DIRECTION    SW (240)
  HIGHEST GUST SPEED    26   HIGHEST GUST DIRECTION    SW (240)
  AVERAGE WIND SPEED    12.2


SKY COVER
  POSSIBLE SUNSHINE  MM
  AVERAGE SKY COVER 0.2


WEATHER CONDITIONS
 THE FOLLOWING WEATHER WAS RECORDED YESTERDAY.
  NO SIGNIFICANT WEATHER WAS OBSERVED.


RELATIVE HUMIDITY (PERCENT)
 HIGHEST    67          1100 PM
 LOWEST     35          1200 PM
 AVERAGE    51

..........................................................


THE WORCESTER MA CLIMATE NORMALS FOR TODAY
                         NORMAL    RECORD    YEAR
 MAXIMUM TEMPERATURE (F)   73        91      1984
 MINIMUM TEMPERATURE (F)   55        37      1980


SUNRISE AND SUNSET
JUNE 11 2017..........SUNRISE   511 AM EDT   SUNSET   824 PM EDT
JUNE 12 2017..........SUNRISE   510 AM EDT   SUNSET   825 PM EDT


-  INDICATES NEGATIVE NUMBERS.
R  INDICATES RECORD WAS SET OR TIED.
MM INDICATES DATA IS MISSING.
T  INDICATES TRACE AMOUNT.




$$
