000
CDUS41 KBOX 252137
CLIORH


CLIMATE REPORT
NATIONAL WEATHER SERVICE TAUNTON MA
537 PM EDT TUE AUG 25 2015


...................................

...THE WORCESTER MA CLIMATE SUMMARY FOR AUGUST 25 2015...
VALID AS OF 0500 PM LOCAL TIME.

CLIMATE NORMAL PERIOD 1981 TO 2010
CLIMATE RECORD PERIOD 1892 TO 2015


WEATHER ITEM   OBSERVED TIME   RECORD YEAR NORMAL DEPARTURE LAST
                VALUE   (LST)  VALUE       VALUE  FROM      YEAR
                                                  NORMAL
..................................................................
TEMPERATURE (F)
 TODAY
  MAXIMUM         80    331 PM  92    1947  76      4       84
  MINIMUM         66    607 AM  40    1940  59      7       64
  AVERAGE         73                        68      5       74

PRECIPITATION (IN)
  TODAY            0.00          1.37 1945   0.11  -0.11     0.00
  MONTH TO DATE    3.21                      3.07   0.14     2.27
  SINCE JUN 1     12.42                     11.49   0.93    10.11
  SINCE JAN 1     26.72                     30.72  -4.00    31.30

SNOWFALL (IN)
  TODAY            0.0           0.0  2002   0.0    0.0      0.0
                                      2001
                                      2000
  MONTH TO DATE    0.0                       0.0    0.0      0.0
  SINCE JUN 1      0.0                       0.0    0.0      0.0
  SINCE JUL 1      0.0                       0.0    0.0      0.0
  SNOW DEPTH      MM

DEGREE DAYS
 HEATING
  TODAY            0                         1     -1        0
  MONTH TO DATE    0                        16    -16       17
  SINCE JUN 1     95                       113    -18       62
  SINCE JUL 1      1                        30    -29       17

 COOLING
  TODAY            8                         4      4        9
  MONTH TO DATE  161                       124     37       70
  SINCE JUN 1    468                       383     85      328
  SINCE JAN 1    534                       405    129      336
..................................................................


WIND (MPH)
  HIGHEST WIND SPEED    17   HIGHEST WIND DIRECTION     S (180)
  HIGHEST GUST SPEED    23   HIGHEST GUST DIRECTION     S (180)
  AVERAGE WIND SPEED     8.5


SKY COVER
  POSSIBLE SUNSHINE  MM
  AVERAGE SKY COVER 0.7


WEATHER CONDITIONS
 THE FOLLOWING WEATHER WAS RECORDED TODAY.
  FOG
  FOG W/VISIBILITY <= 1/4 MILE


RELATIVE HUMIDITY (PERCENT)
 HIGHEST    93           100 AM
 LOWEST     62           100 PM
 AVERAGE    78

..........................................................


THE WORCESTER MA CLIMATE NORMALS FOR TOMORROW
                         NORMAL    RECORD    YEAR
 MAXIMUM TEMPERATURE (F)   76        98      1948
 MINIMUM TEMPERATURE (F)   59        40      1942


SUNRISE AND SUNSET
AUGUST 25 2015........SUNRISE   605 AM EDT   SUNSET   733 PM EDT
AUGUST 26 2015........SUNRISE   606 AM EDT   SUNSET   732 PM EDT


-  INDICATES NEGATIVE NUMBERS.
R  INDICATES RECORD WAS SET OR TIED.
MM INDICATES DATA IS MISSING.
T  INDICATES TRACE AMOUNT.




$$
