000
CDUS41 KBOX 240557
CLIORH


CLIMATE REPORT
NATIONAL WEATHER SERVICE TAUNTON MA
146 AM EDT WED SEP 24 2014


...................................

...THE WORCESTER MA CLIMATE SUMMARY FOR SEPTEMBER 23 2014...

CLIMATE NORMAL PERIOD 1981 TO 2010
CLIMATE RECORD PERIOD 1892 TO 2014


WEATHER ITEM   OBSERVED TIME   RECORD YEAR NORMAL DEPARTURE LAST
                VALUE   (LST)  VALUE       VALUE  FROM      YEAR
                                                  NORMAL
..................................................................
TEMPERATURE (F)
 YESTERDAY
  MAXIMUM         65    338 PM  90    1941  67     -2       60
  MINIMUM         40    535 AM  32    1904  50    -10       42
  AVERAGE         53                        59     -6       51

PRECIPITATION (IN)
  YESTERDAY        0.00          2.98 1907   0.15  -0.15     0.00
  MONTH TO DATE    2.47                      2.88  -0.41     3.23
  SINCE SEP 1      2.47                      2.88  -0.41     3.23
  SINCE JAN 1     37.50                     34.24   3.26    36.25

SNOWFALL (IN)
  YESTERDAY        0.0           0.0  2002   0.0    0.0      0.0
                                      2001
                                      2000
  MONTH TO DATE    0.0                       0.0    0.0      0.0
  SINCE SEP 1      0.0                       0.0    0.0      0.0
  SINCE JUL 1      0.0                       0.0    0.0      0.0
  SNOW DEPTH       0

DEGREE DAYS
 HEATING
  YESTERDAY       12                         7      5       14
  MONTH TO DATE  121                        93     28      110
  SINCE SEP 1    121                        93     28      110
  SINCE JUL 1    141                       132      9      129

 COOLING
  YESTERDAY        0                         1     -1        0
  MONTH TO DATE   54                        39     15       40
  SINCE SEP 1     54                        39     15       40
  SINCE JAN 1    416                       465    -49      571
..................................................................


WIND (MPH)
  RESULTANT WIND SPEED   6   RESULTANT WIND DIRECTION   W (280)
  HIGHEST WIND SPEED    15   HIGHEST WIND DIRECTION     W (250)
  HIGHEST GUST SPEED    19   HIGHEST GUST DIRECTION    SW (240)
  AVERAGE WIND SPEED     6.6


SKY COVER
  POSSIBLE SUNSHINE  MM
  AVERAGE SKY COVER 0.0


WEATHER CONDITIONS
 THE FOLLOWING WEATHER WAS RECORDED YESTERDAY.
  NO SIGNIFICANT WEATHER WAS OBSERVED.


RELATIVE HUMIDITY (PERCENT)
 HIGHEST    83           700 AM
 LOWEST     48           100 PM
 AVERAGE    66

..........................................................


THE WORCESTER MA CLIMATE NORMALS FOR TODAY
                         NORMAL    RECORD    YEAR
 MAXIMUM TEMPERATURE (F)   67        85      2010
                                             1914
                                             1908
 MINIMUM TEMPERATURE (F)   50        32      1944
                                             1935


SUNRISE AND SUNSET
SEPTEMBER 24 2014.....SUNRISE   637 AM EDT   SUNSET   641 PM EDT
SEPTEMBER 25 2014.....SUNRISE   638 AM EDT   SUNSET   640 PM EDT


-  INDICATES NEGATIVE NUMBERS.
R  INDICATES RECORD WAS SET OR TIED.
MM INDICATES DATA IS MISSING.
T  INDICATES TRACE AMOUNT.




$$
