000
CDUS41 KBOX 100548
CLIORH


CLIMATE REPORT
NATIONAL WEATHER SERVICE TAUNTON MA
138 AM EDT WED MAY 10 2017


...................................

...THE WORCESTER MA CLIMATE SUMMARY FOR MAY 9 2017...

CLIMATE NORMAL PERIOD 1981 TO 2010
CLIMATE RECORD PERIOD 1892 TO 2017


WEATHER ITEM   OBSERVED TIME   RECORD YEAR NORMAL DEPARTURE LAST
                VALUE   (LST)  VALUE       VALUE  FROM      YEAR
                                                  NORMAL
..................................................................
TEMPERATURE (F)
 YESTERDAY
  MAXIMUM         51   1221 PM  89    1979  64    -13       61
  MINIMUM         34    325 AM  31    1934  45    -11       42
  AVERAGE         43                        54    -11       52

PRECIPITATION (IN)
  YESTERDAY        T             1.31 1977   0.13  -0.13     0.00
  MONTH TO DATE    1.31                      1.13   0.18     1.44
  SINCE MAR 1     10.07                      9.45   0.62     7.56
  SINCE JAN 1     16.42                     16.17   0.25    14.95

SNOWFALL (IN)
  YESTERDAY        0.0          11.4  1977   0.0    0.0      0.0
  MONTH TO DATE    0.0                       0.0    0.0      0.0
  SINCE MAR 1     20.5                      14.2    6.3     15.5
  SINCE JUL 1     78.3                      64.1   14.2     47.2
  SNOW DEPTH      MM

DEGREE DAYS
 HEATING
  YESTERDAY       22                        11     11       13
  MONTH TO DATE  145                       110     35      166
  SINCE MAR 1   1688                      1620     68     1538
  SINCE JUL 1   5965                      6457   -492     5597

 COOLING
  YESTERDAY        0                         0      0        0
  MONTH TO DATE    0                         0      0        0
  SINCE MAR 1     10                         3      7        4
  SINCE JAN 1     10                         3      7        4
..................................................................


WIND (MPH)
  RESULTANT WIND SPEED   5   RESULTANT WIND DIRECTION   W (270)
  HIGHEST WIND SPEED    14   HIGHEST WIND DIRECTION    NW (300)
  HIGHEST GUST SPEED    17   HIGHEST GUST DIRECTION    NW (300)
  AVERAGE WIND SPEED     7.0


SKY COVER
  POSSIBLE SUNSHINE  MM
  AVERAGE SKY COVER 0.8


WEATHER CONDITIONS
 THE FOLLOWING WEATHER WAS RECORDED YESTERDAY.
  NO SIGNIFICANT WEATHER WAS OBSERVED.


RELATIVE HUMIDITY (PERCENT)
 HIGHEST    75           100 AM
 LOWEST     39           400 PM
 AVERAGE    57

..........................................................


THE WORCESTER MA CLIMATE NORMALS FOR TODAY
                         NORMAL    RECORD    YEAR
 MAXIMUM TEMPERATURE (F)   64        90      1979
 MINIMUM TEMPERATURE (F)   45        30      1966
                                             1958
                                             1900


SUNRISE AND SUNSET
MAY 10 2017...........SUNRISE   531 AM EDT   SUNSET   757 PM EDT
MAY 11 2017...........SUNRISE   530 AM EDT   SUNSET   758 PM EDT


-  INDICATES NEGATIVE NUMBERS.
R  INDICATES RECORD WAS SET OR TIED.
MM INDICATES DATA IS MISSING.
T  INDICATES TRACE AMOUNT.




$$
