828
CDUS41 KBOX 120611
CLIORH


CLIMATE REPORT
NATIONAL WEATHER SERVICE TAUNTON MA
111 AM EST THU JAN 12 2017


...................................

...THE WORCESTER MA CLIMATE SUMMARY FOR JANUARY 11 2017...

CLIMATE NORMAL PERIOD 1981 TO 2010
CLIMATE RECORD PERIOD 1892 TO 2017


WEATHER ITEM   OBSERVED TIME   RECORD YEAR NORMAL DEPARTURE LAST
                VALUE   (LST)  VALUE       VALUE  FROM      YEAR
                                                  NORMAL
..................................................................
TEMPERATURE (F)
 YESTERDAY
  MAXIMUM         48    151 PM  58    1924  31     17       43
  MINIMUM         37   1115 PM  -9    1968  17     20       19
  AVERAGE         43                        24     19       31

PRECIPITATION (IN)
  YESTERDAY        0.22          1.61 1983   0.11   0.11      T
  MONTH TO DATE    1.74                      1.20   0.54     1.12
  SINCE DEC 1      5.54                      5.02   0.52     5.77
  SINCE JAN 1      1.74                      1.20   0.54     1.12

SNOWFALL (IN)
  YESTERDAY        0.0           8.0  1922   0.5   -0.5      0.0
  MONTH TO DATE    7.7                       6.0    1.7      0.3
  SINCE DEC 1     25.2                      20.4    4.8      1.7
  SINCE JUL 1     25.2                      23.2    2.0      1.7
  SNOW DEPTH      MM

DEGREE DAYS
 HEATING
  YESTERDAY       22                        41    -19       34
  MONTH TO DATE  438                       447     -9      391
  SINCE DEC 1   1528                      1549    -21     1115
  SINCE JUL 1   2715                      2951   -236     2264

 COOLING
  YESTERDAY        0                         0      0        0
  MONTH TO DATE    0                         0      0        0
  SINCE DEC 1      0                         0      0        0
  SINCE JAN 1      0                         0      0        0
..................................................................


WIND (MPH)
  RESULTANT WIND SPEED  14   RESULTANT WIND DIRECTION  SW (220)
  HIGHEST WIND SPEED    37   HIGHEST WIND DIRECTION    SW (220)
  HIGHEST GUST SPEED    46   HIGHEST GUST DIRECTION    SW (210)
  AVERAGE WIND SPEED    15.2


SKY COVER
  POSSIBLE SUNSHINE  MM
  AVERAGE SKY COVER 0.4


WEATHER CONDITIONS
 THE FOLLOWING WEATHER WAS RECORDED YESTERDAY.
  RAIN
  LIGHT RAIN
  FOG


RELATIVE HUMIDITY (PERCENT)
 HIGHEST    92          1200 AM
 LOWEST     50           100 PM
 AVERAGE    71

..........................................................


THE WORCESTER MA CLIMATE NORMALS FOR TODAY
                         NORMAL    RECORD    YEAR
 MAXIMUM TEMPERATURE (F)   31        55      1980
                                             1913
 MINIMUM TEMPERATURE (F)   17        -8      1982
                                             1981


SUNRISE AND SUNSET
JANUARY 12 2017.......SUNRISE   715 AM EST   SUNSET   437 PM EST
JANUARY 13 2017.......SUNRISE   714 AM EST   SUNSET   438 PM EST


-  INDICATES NEGATIVE NUMBERS.
R  INDICATES RECORD WAS SET OR TIED.
MM INDICATES DATA IS MISSING.
T  INDICATES TRACE AMOUNT.




$$
