000
CDUS41 KBOX 152130
CLIORH


CLIMATE REPORT
NATIONAL WEATHER SERVICE TAUNTON MA
530 PM EDT WED OCT 15 2014


...................................

...THE WORCESTER MA CLIMATE SUMMARY FOR OCTOBER 15 2014...
VALID AS OF 0500 PM LOCAL TIME.

CLIMATE NORMAL PERIOD 1981 TO 2010
CLIMATE RECORD PERIOD 1892 TO 2014


WEATHER ITEM   OBSERVED TIME   RECORD YEAR NORMAL DEPARTURE LAST
                VALUE   (LST)  VALUE       VALUE  FROM      YEAR
                                                  NORMAL
..................................................................
TEMPERATURE (F)
 TODAY
  MAXIMUM         74    115 PM  85    1956  59     15       65
  MINIMUM         62    119 AM  28    1928  42     20       51
  AVERAGE         68                        50     18       58

PRECIPITATION (IN)
  TODAY            T             3.49 1955   0.16  -0.16     0.00
  MONTH TO DATE    1.29                      2.36  -1.07     1.17
  SINCE SEP 1      4.01                      6.29  -2.28     4.40
  SINCE JAN 1     39.04                     37.65   1.39    37.42

SNOWFALL (IN)
  TODAY            0.0           0.9  1961   0.0    0.0      0.0
  MONTH TO DATE    0.0                       0.0    0.0      0.0
  SINCE SEP 1      0.0                       0.0    0.0      0.0
  SINCE JUL 1      0.0                       0.0    0.0      0.0
  SNOW DEPTH       0

DEGREE DAYS
 HEATING
  TODAY            0                        15    -15        7
  MONTH TO DATE  163                       188    -25      122
  SINCE SEP 1    316                       342    -26      292
  SINCE JUL 1    336                       381    -45      311

 COOLING
  TODAY            3                         0      3        0
  MONTH TO DATE    3                         0      3        1
  SINCE SEP 1     64                        42     22       41
  SINCE JAN 1    426                       468    -42      572
..................................................................


WIND (MPH)
  HIGHEST WIND SPEED    20   HIGHEST WIND DIRECTION     S (180)
  HIGHEST GUST SPEED    25   HIGHEST GUST DIRECTION     S (190)
  AVERAGE WIND SPEED    11.2


SKY COVER
  POSSIBLE SUNSHINE  MM
  AVERAGE SKY COVER 1.0


WEATHER CONDITIONS
 THE FOLLOWING WEATHER WAS RECORDED TODAY.
  LIGHT RAIN


RELATIVE HUMIDITY (PERCENT)
 HIGHEST   100           300 AM
 LOWEST     68           100 PM
 AVERAGE    84

..........................................................


THE WORCESTER MA CLIMATE NORMALS FOR TOMORROW
                         NORMAL    RECORD    YEAR
 MAXIMUM TEMPERATURE (F)   58        86      1947
 MINIMUM TEMPERATURE (F)   42        25      1939


SUNRISE AND SUNSET
OCTOBER 15 2014.......SUNRISE   700 AM EDT   SUNSET   606 PM EDT
OCTOBER 16 2014.......SUNRISE   701 AM EDT   SUNSET   604 PM EDT


-  INDICATES NEGATIVE NUMBERS.
R  INDICATES RECORD WAS SET OR TIED.
MM INDICATES DATA IS MISSING.
T  INDICATES TRACE AMOUNT.




$$
