000
CDUS41 KBOX 281444
CLIORH


CLIMATE REPORT
NATIONAL WEATHER SERVICE TAUNTON MA
1042 AM EDT SUN JUN 28 2015


...................................

...THE WORCESTER MA CLIMATE SUMMARY FOR JUNE 27 2015...

CLIMATE NORMAL PERIOD 1981 TO 2010
CLIMATE RECORD PERIOD 1892 TO 2015


WEATHER ITEM   OBSERVED TIME   RECORD YEAR NORMAL DEPARTURE LAST
                VALUE   (LST)  VALUE       VALUE  FROM      YEAR
                                                  NORMAL
..................................................................
TEMPERATURE (F)
 YESTERDAY
  MAXIMUM         70    126 PM  93    1901  77     -7       76
  MINIMUM         55   1159 PM  46    1940  59     -4       58
  AVERAGE         63                        68     -5       67

PRECIPITATION (IN)
  YESTERDAY        0.30          2.40 1938   0.12   0.18     0.00
  MONTH TO DATE    5.48                      3.82   1.66     1.56
  SINCE JUN 1      5.48                      3.82   1.66     1.56
  SINCE JAN 1     19.78                     23.05  -3.27    22.75

SNOWFALL (IN)
  YESTERDAY        0.0           T    1990   0.0    0.0      0.0
  MONTH TO DATE    0.0                       0.0    0.0      0.0
  SINCE JUN 1      0.0                       0.0    0.0      0.0
  SINCE JUL 1    119.7                      64.1   55.6     85.2
  SNOW DEPTH      MM

DEGREE DAYS
 HEATING
  YESTERDAY        2                         1      1        0
  MONTH TO DATE   79                        79      0       45
  SINCE JUN 1     79                        79      0       45
  SINCE JUL 1   6971                      6713    258     7073

 COOLING
  YESTERDAY        0                         4     -4        2
  MONTH TO DATE   81                        71     10       64
  SINCE JUN 1     81                        71     10       64
  SINCE JAN 1    147                        93     54       72
..................................................................


WIND (MPH)
  RESULTANT WIND SPEED   4   RESULTANT WIND DIRECTION   S (170)
  HIGHEST WIND SPEED    14   HIGHEST WIND DIRECTION     E (90)
  HIGHEST GUST SPEED    20   HIGHEST GUST DIRECTION     E (100)
  AVERAGE WIND SPEED     7.6


SKY COVER
  POSSIBLE SUNSHINE  MM
  AVERAGE SKY COVER 0.3


WEATHER CONDITIONS
 THE FOLLOWING WEATHER WAS RECORDED YESTERDAY.
  RAIN
  LIGHT RAIN
  FOG


RELATIVE HUMIDITY (PERCENT)
 HIGHEST    86          1100 PM
 LOWEST     47          1200 PM
 AVERAGE    67

..........................................................


THE WORCESTER MA CLIMATE NORMALS FOR TODAY
                         NORMAL    RECORD    YEAR
 MAXIMUM TEMPERATURE (F)   77        96      1901
 MINIMUM TEMPERATURE (F)   59        45      1995


SUNRISE AND SUNSET
JUNE 28 2015..........SUNRISE   513 AM EDT   SUNSET   828 PM EDT
JUNE 29 2015..........SUNRISE   514 AM EDT   SUNSET   828 PM EDT


-  INDICATES NEGATIVE NUMBERS.
R  INDICATES RECORD WAS SET OR TIED.
MM INDICATES DATA IS MISSING.
T  INDICATES TRACE AMOUNT.




$$
