000
CDUS41 KBOX 180546
CLIORH


CLIMATE REPORT
NATIONAL WEATHER SERVICE TAUNTON MA
142 AM EDT MON APR 18 2016


...................................

...THE WORCESTER MA CLIMATE SUMMARY FOR APRIL 17 2016...

CLIMATE NORMAL PERIOD 1981 TO 2010
CLIMATE RECORD PERIOD 1892 TO 2016


WEATHER ITEM   OBSERVED TIME   RECORD YEAR NORMAL DEPARTURE LAST
                VALUE   (LST)  VALUE       VALUE  FROM      YEAR
                                                  NORMAL
..................................................................
TEMPERATURE (F)
 YESTERDAY
  MAXIMUM         67    530 PM  90    2002  56     11       60
  MINIMUM         39    532 AM  21    1928  38      1       47
  AVERAGE         53                        47      6       54

PRECIPITATION (IN)
  YESTERDAY        0.00          2.15 1954   0.13  -0.13     0.16
  MONTH TO DATE    2.31                      2.44  -0.13     1.30
  SINCE MAR 1      5.80                      6.65  -0.85     3.72
  SINCE JAN 1     13.19                     13.37  -0.18    12.03

SNOWFALL (IN)
  YESTERDAY        0.0           3.5  1935   0.1   -0.1      0.0
  MONTH TO DATE   10.0                       2.1    7.9      0.2
  SINCE MAR 1     15.5                      13.5    2.0     11.1
  SINCE JUL 1     47.2                      63.4  -16.2    119.7
  SNOW DEPTH       0

DEGREE DAYS
 HEATING
  YESTERDAY       12                        18     -6       11
  MONTH TO DATE  415                       365     50      342
  SINCE MAR 1   1184                      1304   -120     1428
  SINCE JUL 1   5243                      6141   -898     6542

 COOLING
  YESTERDAY        0                         0      0        0
  MONTH TO DATE    0                         0      0        0
  SINCE MAR 1      0                         0      0        0
  SINCE JAN 1      0                         0      0        0
..................................................................


WIND (MPH)
  RESULTANT WIND SPEED   2   RESULTANT WIND DIRECTION  NE (60)
  HIGHEST WIND SPEED    13   HIGHEST WIND DIRECTION     W (250)
  HIGHEST GUST SPEED    15   HIGHEST GUST DIRECTION    NE (30)
  AVERAGE WIND SPEED     6.4


SKY COVER
  POSSIBLE SUNSHINE  MM
  AVERAGE SKY COVER 0.0


WEATHER CONDITIONS
 THE FOLLOWING WEATHER WAS RECORDED YESTERDAY.
  NO SIGNIFICANT WEATHER WAS OBSERVED.


RELATIVE HUMIDITY (PERCENT)
 HIGHEST    54           500 AM
 LOWEST     20           100 PM
 AVERAGE    37

..........................................................


THE WORCESTER MA CLIMATE NORMALS FOR TODAY
                         NORMAL    RECORD    YEAR
 MAXIMUM TEMPERATURE (F)   56        88      1976
 MINIMUM TEMPERATURE (F)   38        21      1948


SUNRISE AND SUNSET
APRIL 18 2016.........SUNRISE   601 AM EDT   SUNSET   733 PM EDT
APRIL 19 2016.........SUNRISE   600 AM EDT   SUNSET   734 PM EDT


-  INDICATES NEGATIVE NUMBERS.
R  INDICATES RECORD WAS SET OR TIED.
MM INDICATES DATA IS MISSING.
T  INDICATES TRACE AMOUNT.




$$
