000
CDUS41 KBOX 052122
CLIORH


CLIMATE REPORT
NATIONAL WEATHER SERVICE TAUNTON MA
419 PM EST SUN NOV 5 2017


...................................

...THE WORCESTER MA CLIMATE SUMMARY FOR NOVEMBER 5 2017...
VALID AS OF 0400 PM LOCAL TIME.

CLIMATE NORMAL PERIOD 1981 TO 2010
CLIMATE RECORD PERIOD 1892 TO 2017


WEATHER ITEM   OBSERVED TIME   RECORD YEAR NORMAL DEPARTURE LAST
                VALUE   (LST)  VALUE       VALUE  FROM      YEAR
                                                  NORMAL
..................................................................
TEMPERATURE (F)
 TODAY
  MAXIMUM         53    359 PM  73    1994  52      1       50
  MINIMUM         41    507 AM  19    1933  36      5       30
  AVERAGE         47                        44      3       40

PRECIPITATION (IN)
  TODAY            T             2.38 1985   0.13  -0.13     0.00
  MONTH TO DATE    T                         0.71  -0.71     0.08
  SINCE SEP 1     11.34                      9.32   2.02     9.92
  SINCE JAN 1     40.63                     40.68  -0.05    33.32

SNOWFALL (IN)
  TODAY           MM             1.0  1893   0.1   MM        0.0
  MONTH TO DATE    0.0                       0.2   -0.2      0.0
  SINCE SEP 1      0.0                       0.4   -0.4       T
  SINCE JUL 1      0.0                       0.4   -0.4       T
  SNOW DEPTH      MM

DEGREE DAYS
 HEATING
  TODAY           18                        21     -3       25
  MONTH TO DATE   54                       103    -49       88
  SINCE SEP 1    375                       725   -350      593
  SINCE JUL 1    423                       764   -341      602

 COOLING
  TODAY            0                         0      0        0
  MONTH TO DATE    0                         0      0        0
  SINCE SEP 1    102                        45     57       75
  SINCE JAN 1    533                       471     62      663
..................................................................


WIND (MPH)
  HIGHEST WIND SPEED    12   HIGHEST WIND DIRECTION     E (80)
  HIGHEST GUST SPEED    15   HIGHEST GUST DIRECTION     E (100)
  AVERAGE WIND SPEED     6.4


SKY COVER
  POSSIBLE SUNSHINE  MM
  AVERAGE SKY COVER 0.8


WEATHER CONDITIONS
 THE FOLLOWING WEATHER WAS RECORDED TODAY.
  NO SIGNIFICANT WEATHER WAS OBSERVED.


RELATIVE HUMIDITY (PERCENT)
 HIGHEST    82           700 AM
 LOWEST     70          1200 AM
 AVERAGE    76

..........................................................


THE WORCESTER MA CLIMATE NORMALS FOR TOMORROW
                         NORMAL    RECORD    YEAR
 MAXIMUM TEMPERATURE (F)   51        70      2015
                                             1978
                                             1948
 MINIMUM TEMPERATURE (F)   36        20      1951


SUNRISE AND SUNSET
NOVEMBER  5 2017......SUNRISE   626 AM EST   SUNSET   436 PM EST
NOVEMBER  6 2017......SUNRISE   627 AM EST   SUNSET   435 PM EST


-  INDICATES NEGATIVE NUMBERS.
R  INDICATES RECORD WAS SET OR TIED.
MM INDICATES DATA IS MISSING.
T  INDICATES TRACE AMOUNT.




$$
