000
CDUS41 KBOX 172152
CLIORH


CLIMATE REPORT
NATIONAL WEATHER SERVICE TAUNTON MA
552 PM EDT SAT SEP 17 2016


...................................

...THE WORCESTER MA CLIMATE SUMMARY FOR SEPTEMBER 17 2016...
VALID AS OF 0500 PM LOCAL TIME.

CLIMATE NORMAL PERIOD 1981 TO 2010
CLIMATE RECORD PERIOD 1892 TO 2016


WEATHER ITEM   OBSERVED TIME   RECORD YEAR NORMAL DEPARTURE LAST
                VALUE   (LST)  VALUE       VALUE  FROM      YEAR
                                                  NORMAL
..................................................................
TEMPERATURE (F)
 TODAY
  MAXIMUM         73    343 PM  89    1942  69      4       82
  MINIMUM         50    507 AM  35    1935  53     -3       60
  AVERAGE         62                        61      1       71

PRECIPITATION (IN)
  TODAY            0.00          1.69 1933   0.13  -0.13     0.00
  MONTH TO DATE    0.49                      2.03  -1.54     1.63
  SINCE SEP 1      0.49                      2.03  -1.54     1.63
  SINCE JAN 1     23.89                     33.39  -9.50    28.35

SNOWFALL (IN)
  TODAY            0.0           0.0  2002   0.0    0.0      0.0
                                      2001
                                      2000
  MONTH TO DATE    0.0                       0.0    0.0      0.0
  SINCE SEP 1      0.0                       0.0    0.0      0.0
  SINCE JUL 1      0.0                       0.0    0.0      0.0
  SNOW DEPTH       0

DEGREE DAYS
 HEATING
  TODAY            3                         5     -2        0
  MONTH TO DATE   21                        56    -35       13
  SINCE SEP 1     21                        56    -35       13
  SINCE JUL 1     30                        95    -65       14

 COOLING
  TODAY            0                         1     -1        6
  MONTH TO DATE   53                        33     20       89
  SINCE SEP 1     53                        33     20       89
  SINCE JAN 1    641                       459    182      646
..................................................................


WIND (MPH)
  HIGHEST WIND SPEED    17   HIGHEST WIND DIRECTION    SW (220)
  HIGHEST GUST SPEED    24   HIGHEST GUST DIRECTION     S (160)
  AVERAGE WIND SPEED    10.4


SKY COVER
  POSSIBLE SUNSHINE  MM
  AVERAGE SKY COVER 0.0


WEATHER CONDITIONS
 THE FOLLOWING WEATHER WAS RECORDED TODAY.
  NO SIGNIFICANT WEATHER WAS OBSERVED.


RELATIVE HUMIDITY (PERCENT)
 HIGHEST    89           600 AM
 LOWEST     44          1200 PM
 AVERAGE    67

..........................................................


THE WORCESTER MA CLIMATE NORMALS FOR TOMORROW
                         NORMAL    RECORD    YEAR
 MAXIMUM TEMPERATURE (F)   69        88      1906
 MINIMUM TEMPERATURE (F)   52        34      1990


SUNRISE AND SUNSET
SEPTEMBER 17 2016.....SUNRISE   630 AM EDT   SUNSET   653 PM EDT
SEPTEMBER 18 2016.....SUNRISE   631 AM EDT   SUNSET   651 PM EDT


-  INDICATES NEGATIVE NUMBERS.
R  INDICATES RECORD WAS SET OR TIED.
MM INDICATES DATA IS MISSING.
T  INDICATES TRACE AMOUNT.




$$
