000
CDUS41 KBOX 190538
CLIORH


CLIMATE REPORT
NATIONAL WEATHER SERVICE TAUNTON MA
1238 AM EST WED NOV 19 2014


...................................

...THE WORCESTER MA CLIMATE SUMMARY FOR NOVEMBER 18 2014...

CLIMATE NORMAL PERIOD 1981 TO 2010
CLIMATE RECORD PERIOD 1892 TO 2014


WEATHER ITEM   OBSERVED TIME   RECORD YEAR NORMAL DEPARTURE LAST
                VALUE   (LST)  VALUE       VALUE  FROM      YEAR
                                                  NORMAL
..................................................................
TEMPERATURE (F)
 YESTERDAY
  MAXIMUM         40   1232 AM  68    1963  47     -7       60
                                      1953
  MINIMUM         20   1159 PM  11    1924  32    -12       43
  AVERAGE         30                        40    -10       52

PRECIPITATION (IN)
  YESTERDAY        0.00          1.64 1929   0.15  -0.15     0.33
  MONTH TO DATE    2.15                      2.55  -0.40     0.74
  SINCE SEP 1     11.24                     11.16   0.08     5.40
  SINCE JAN 1     46.27                     42.52   3.75    38.42

SNOWFALL (IN)
  YESTERDAY        0.0           7.6  1980   0.1   -0.1      0.0
  MONTH TO DATE    0.8                       0.9   -0.1      0.5
  SINCE SEP 1      0.8                       1.1   -0.3      0.5
  SINCE JUL 1      0.8                       1.1   -0.3      0.5
  SNOW DEPTH      MM

DEGREE DAYS
 HEATING
  YESTERDAY       35                        25     10       13
  MONTH TO DATE  440                       407     33      406
  SINCE SEP 1    986                      1029    -43      985
  SINCE JUL 1   1006                      1068    -62     1004

 COOLING
  YESTERDAY        0                         0      0        0
  MONTH TO DATE    0                         0      0        0
  SINCE SEP 1     64                        45     19       41
  SINCE JAN 1    426                       471    -45      572
..................................................................


WIND (MPH)
  RESULTANT WIND SPEED  14   RESULTANT WIND DIRECTION   W (270)
  HIGHEST WIND SPEED    26   HIGHEST WIND DIRECTION    NW (300)
  HIGHEST GUST SPEED    37   HIGHEST GUST DIRECTION    SW (240)
  AVERAGE WIND SPEED    14.3


SKY COVER
  POSSIBLE SUNSHINE  MM
  AVERAGE SKY COVER 0.4


WEATHER CONDITIONS
 THE FOLLOWING WEATHER WAS RECORDED YESTERDAY.
  NO SIGNIFICANT WEATHER WAS OBSERVED.


RELATIVE HUMIDITY (PERCENT)
 HIGHEST    93          1200 AM
 LOWEST     35           200 PM
 AVERAGE    64

..........................................................


THE WORCESTER MA CLIMATE NORMALS FOR TODAY
                         NORMAL    RECORD    YEAR
 MAXIMUM TEMPERATURE (F)   46        74      1941
 MINIMUM TEMPERATURE (F)   32         9      1924


SUNRISE AND SUNSET
NOVEMBER 19 2014......SUNRISE   643 AM EST   SUNSET   422 PM EST
NOVEMBER 20 2014......SUNRISE   644 AM EST   SUNSET   422 PM EST


-  INDICATES NEGATIVE NUMBERS.
R  INDICATES RECORD WAS SET OR TIED.
MM INDICATES DATA IS MISSING.
T  INDICATES TRACE AMOUNT.




$$
