000
CDUS41 KBOX 182139
CLIORH


CLIMATE REPORT
NATIONAL WEATHER SERVICE TAUNTON MA
537 PM EDT SAT JUL 18 2015


...................................

...THE WORCESTER MA CLIMATE SUMMARY FOR JULY 18 2015...
VALID TODAY AS OF 0500 PM LOCAL TIME.

CLIMATE NORMAL PERIOD 1981 TO 2010
CLIMATE RECORD PERIOD 1892 TO 2015


WEATHER ITEM   OBSERVED TIME   RECORD YEAR NORMAL DEPARTURE LAST
                VALUE   (LST)  VALUE       VALUE  FROM      YEAR
                                                  NORMAL
..................................................................
TEMPERATURE (F)
 TODAY
  MAXIMUM         74    334 PM  93    1982  79     -5       76
                                      1900
  MINIMUM         64    616 AM  47    1946  62      2       58
  AVERAGE         69                        71     -2       67

PRECIPITATION (IN)
  TODAY            0.11          1.64 1938   0.14  -0.03     0.00
  MONTH TO DATE    2.18                      2.37  -0.19     4.74
  SINCE JUN 1      8.53                      6.56   1.97     6.30
  SINCE JAN 1     22.83                     25.79  -2.96    27.49

SNOWFALL (IN)
  TODAY            0.0           T    1926   0.0    0.0      0.0
  MONTH TO DATE    0.0                       0.0    0.0      0.0
  SINCE JUN 1      0.0                       0.0    0.0      0.0
  SINCE JUL 1      0.0                       0.0    0.0      0.0
  SNOW DEPTH       0

DEGREE DAYS
 HEATING
  TODAY            0                         0      0        0
  MONTH TO DATE    0                         9     -9        0
  SINCE JUN 1     94                        92      2       45
  SINCE JUL 1      0                         9     -9        0

 COOLING
  TODAY            4                         6     -2        2
  MONTH TO DATE  108                        99      9      120
  SINCE JUN 1    192                       183      9      204
  SINCE JAN 1    258                       205     53      212
..................................................................


WIND (MPH)
  HIGHEST WIND SPEED    17   HIGHEST WIND DIRECTION    SW (220)
  HIGHEST GUST SPEED    23   HIGHEST GUST DIRECTION    SW (210)
  AVERAGE WIND SPEED    11.4


SKY COVER
  POSSIBLE SUNSHINE  MM
  AVERAGE SKY COVER 1.0


WEATHER CONDITIONS
 THE FOLLOWING WEATHER WAS RECORDED TODAY.
  THUNDERSTORM
  LIGHT RAIN
  FOG


RELATIVE HUMIDITY (PERCENT)
 HIGHEST    87           400 AM
 LOWEST     73          1100 AM
 AVERAGE    80

..........................................................


THE WORCESTER MA CLIMATE NORMALS FOR TOMORROW
                         NORMAL    RECORD    YEAR
 MAXIMUM TEMPERATURE (F)   79        95      1991
 MINIMUM TEMPERATURE (F)   62        52      1944


SUNRISE AND SUNSET
JULY 18 2015..........SUNRISE   527 AM EDT   SUNSET   820 PM EDT
JULY 19 2015..........SUNRISE   527 AM EDT   SUNSET   820 PM EDT


-  INDICATES NEGATIVE NUMBERS.
R  INDICATES RECORD WAS SET OR TIED.
MM INDICATES DATA IS MISSING.
T  INDICATES TRACE AMOUNT.




$$
