000
CDUS41 KBOX 272124
CLIORH


CLIMATE REPORT
NATIONAL WEATHER SERVICE TAUNTON MA
524 PM EDT THU AUG 27 2015


...................................

...THE WORCESTER MA CLIMATE SUMMARY FOR AUGUST 27 2015...
VALID AS OF 0500 PM LOCAL TIME.

CLIMATE NORMAL PERIOD 1981 TO 2010
CLIMATE RECORD PERIOD 1892 TO 2015


WEATHER ITEM   OBSERVED TIME   RECORD YEAR NORMAL DEPARTURE LAST
                VALUE   (LST)  VALUE       VALUE  FROM      YEAR
                                                  NORMAL
..................................................................
TEMPERATURE (F)
 TODAY
  MAXIMUM         73    359 PM  94    1948  76     -3       84
  MINIMUM         59    554 AM  41    1944  59      0       64
                                      1940
  AVERAGE         66                        67     -1       74

PRECIPITATION (IN)
  TODAY            0.00          1.80 1931   0.11  -0.11     1.32
  MONTH TO DATE    3.21                      3.29  -0.08     3.59
  SINCE JUN 1     12.42                     11.71   0.71    11.43
  SINCE JAN 1     26.72                     30.94  -4.22    32.62

SNOWFALL (IN)
  TODAY            0.0           0.0  2002   0.0    0.0      0.0
                                      2001
                                      2000
  MONTH TO DATE    0.0                       0.0    0.0      0.0
  SINCE JUN 1      0.0                       0.0    0.0      0.0
  SINCE JUL 1      0.0                       0.0    0.0      0.0
  SNOW DEPTH      MM

DEGREE DAYS
 HEATING
  TODAY            0                         1     -1        0
  MONTH TO DATE    0                        18    -18       17
  SINCE JUN 1     95                       115    -20       62
  SINCE JUL 1      1                        32    -31       17

 COOLING
  TODAY            1                         4     -3        9
  MONTH TO DATE  166                       132     34       88
  SINCE JUN 1    473                       391     82      346
  SINCE JAN 1    539                       413    126      354
..................................................................


WIND (MPH)
  HIGHEST WIND SPEED    17   HIGHEST WIND DIRECTION     W (290)
  HIGHEST GUST SPEED    23   HIGHEST GUST DIRECTION     W (270)
  AVERAGE WIND SPEED    12.5


SKY COVER
  POSSIBLE SUNSHINE  MM
  AVERAGE SKY COVER 0.2


WEATHER CONDITIONS
 THE FOLLOWING WEATHER WAS RECORDED TODAY.
  NO SIGNIFICANT WEATHER WAS OBSERVED.


RELATIVE HUMIDITY (PERCENT)
 HIGHEST    78          1200 AM
 LOWEST     53          1100 AM
 AVERAGE    66

..........................................................


THE WORCESTER MA CLIMATE NORMALS FOR TOMORROW
                         NORMAL    RECORD    YEAR
 MAXIMUM TEMPERATURE (F)   75        94      1948
 MINIMUM TEMPERATURE (F)   59        43      1957
                                             1941
                                             1940


SUNRISE AND SUNSET
AUGUST 27 2015........SUNRISE   607 AM EDT   SUNSET   730 PM EDT
AUGUST 28 2015........SUNRISE   608 AM EDT   SUNSET   728 PM EDT


-  INDICATES NEGATIVE NUMBERS.
R  INDICATES RECORD WAS SET OR TIED.
MM INDICATES DATA IS MISSING.
T  INDICATES TRACE AMOUNT.




$$
