000
CDUS41 KBOX 142133
CLIORH


CLIMATE REPORT
NATIONAL WEATHER SERVICE TAUNTON MA
532 PM EDT FRI JUL 14 2017


...................................

...THE WORCESTER MA CLIMATE SUMMARY FOR JULY 14 2017...
VALID TODAY AS OF 0500 PM LOCAL TIME.

CLIMATE NORMAL PERIOD 1981 TO 2010
CLIMATE RECORD PERIOD 1892 TO 2017


WEATHER ITEM   OBSERVED TIME   RECORD YEAR NORMAL DEPARTURE LAST
                VALUE   (LST)  VALUE       VALUE  FROM      YEAR
                                                  NORMAL
..................................................................
TEMPERATURE (F)
 TODAY
  MAXIMUM         62    359 PM  95    1952  79    -17       80
  MINIMUM         54   1209 AM  48    1933  62     -8       66
  AVERAGE         58                        70    -12       73

PRECIPITATION (IN)
  TODAY            0.01          1.84 1960   0.14  -0.13     0.60
  MONTH TO DATE    1.04                      1.80  -0.76     1.17
  SINCE JUN 1      5.37                      5.99  -0.62     2.83
  SINCE JAN 1     26.45                     25.22   1.23    18.55

SNOWFALL (IN)
  TODAY            0.0           0.0  2002   0.0    0.0      0.0
                                      2001
                                      2000
  MONTH TO DATE    0.0                       0.0    0.0      0.0
  SINCE JUN 1      0.0                       0.0    0.0      0.0
  SINCE JUL 1      0.0                       0.0    0.0      0.0
  SNOW DEPTH      MM

DEGREE DAYS
 HEATING
  TODAY            7                         0      7        0
  MONTH TO DATE   10                         9      1        9
  SINCE JUN 1     96                        92      4       60
  SINCE JUL 1     10                         9      1        9

 COOLING
  TODAY            0                         6     -6        8
  MONTH TO DATE   74                        75     -1       70
  SINCE JUN 1    180                       159     21      142
  SINCE JAN 1    214                       181     33      184
..................................................................


WIND (MPH)
  HIGHEST WIND SPEED     8   HIGHEST WIND DIRECTION    SE (140)
  HIGHEST GUST SPEED    12   HIGHEST GUST DIRECTION     E (70)
  AVERAGE WIND SPEED     5.1


SKY COVER
  POSSIBLE SUNSHINE  MM
  AVERAGE SKY COVER 1.0


WEATHER CONDITIONS
 THE FOLLOWING WEATHER WAS RECORDED TODAY.
  LIGHT RAIN
  FOG


RELATIVE HUMIDITY (PERCENT)
 HIGHEST   100          1200 AM
 LOWEST     84           100 PM
 AVERAGE    92

..........................................................


THE WORCESTER MA CLIMATE NORMALS FOR TOMORROW
                         NORMAL    RECORD    YEAR
 MAXIMUM TEMPERATURE (F)   79        90      1892
 MINIMUM TEMPERATURE (F)   62        45      1941


SUNRISE AND SUNSET
JULY 14 2017..........SUNRISE   524 AM EDT   SUNSET   823 PM EDT
JULY 15 2017..........SUNRISE   525 AM EDT   SUNSET   822 PM EDT


-  INDICATES NEGATIVE NUMBERS.
R  INDICATES RECORD WAS SET OR TIED.
MM INDICATES DATA IS MISSING.
T  INDICATES TRACE AMOUNT.




$$
