000
CDUS41 KBOX 041213
CLIORH


CLIMATE REPORT
NATIONAL WEATHER SERVICE TAUNTON MA
812 AM EDT FRI APR 4 2014


...................................

...THE WORCESTER MA CLIMATE SUMMARY FOR APRIL 3 2014...

CLIMATE NORMAL PERIOD 1981 TO 2010
CLIMATE RECORD PERIOD 1892 TO 2014


WEATHER ITEM   OBSERVED TIME   RECORD YEAR NORMAL DEPARTURE LAST
                VALUE   (LST)  VALUE       VALUE  FROM      YEAR
                                                  NORMAL
..................................................................
TEMPERATURE (F)
 YESTERDAY
  MAXIMUM         53    359 PM  76    2010  50      3       39
  MINIMUM         32    559 AM  13    1954  33     -1       25
  AVERAGE         43                        41      2       32

PRECIPITATION (IN)
  YESTERDAY        0.00          1.98 1975   0.14  -0.14     0.00
  MONTH TO DATE    0.00                      0.43  -0.43     0.30
  SINCE MAR 1      5.42                      4.64   0.78     3.98
  SINCE JAN 1     12.60                     11.36   1.24    10.86

SNOWFALL (IN)
  YESTERDAY        0.0           6.2  1915   0.2   -0.2      0.0
  MONTH TO DATE    0.0                       0.5   -0.5      0.0
  SINCE MAR 1      3.7                      11.9   -8.2     30.9
  SINCE JUL 1     84.6                      61.8   22.8    108.9
  SNOW DEPTH      MM

DEGREE DAYS
 HEATING
  YESTERDAY       22                        24     -2       33
  MONTH TO DATE   66                        73     -7       88
  SINCE MAR 1   1194                      1012    182     1052
  SINCE JUL 1   6248                      5849    399     5489

 COOLING
  YESTERDAY        0                         0      0        0
  MONTH TO DATE    0                         0      0        0
  SINCE MAR 1      0                         0      0        0
  SINCE JAN 1      0                         0      0        0
..................................................................


WIND (MPH)
  RESULTANT WIND SPEED   7   RESULTANT WIND DIRECTION  NW (300)
  HIGHEST WIND SPEED    17   HIGHEST WIND DIRECTION    NW (300)
  HIGHEST GUST SPEED    22   HIGHEST GUST DIRECTION     W (290)
  AVERAGE WIND SPEED     9.0


SKY COVER
  POSSIBLE SUNSHINE  MM
  AVERAGE SKY COVER 0.0


WEATHER CONDITIONS
 THE FOLLOWING WEATHER WAS RECORDED YESTERDAY.
  NO SIGNIFICANT WEATHER WAS OBSERVED.


RELATIVE HUMIDITY (PERCENT)
 HIGHEST    66           600 AM
 LOWEST     28           300 PM
 AVERAGE    47

..........................................................


THE WORCESTER MA CLIMATE NORMALS FOR TODAY
                         NORMAL    RECORD    YEAR
 MAXIMUM TEMPERATURE (F)   50        75      1950
                                             1928
 MINIMUM TEMPERATURE (F)   33        13      1954


SUNRISE AND SUNSET
APRIL  4 2014.........SUNRISE   625 AM EDT   SUNSET   717 PM EDT
APRIL  5 2014.........SUNRISE   623 AM EDT   SUNSET   718 PM EDT


-  INDICATES NEGATIVE NUMBERS.
R  INDICATES RECORD WAS SET OR TIED.
MM INDICATES DATA IS MISSING.
T  INDICATES TRACE AMOUNT.




$$
