000
CDUS41 KBOX 190543
CLIORH


CLIMATE REPORT
NATIONAL WEATHER SERVICE TAUNTON MA
1239 AM EST SAT NOV 19 2016


...................................

...THE WORCESTER MA CLIMATE SUMMARY FOR NOVEMBER 18 2016...

CLIMATE NORMAL PERIOD 1981 TO 2010
CLIMATE RECORD PERIOD 1892 TO 2016


WEATHER ITEM   OBSERVED TIME   RECORD YEAR NORMAL DEPARTURE LAST
                VALUE   (LST)  VALUE       VALUE  FROM      YEAR
                                                  NORMAL
..................................................................
TEMPERATURE (F)
 YESTERDAY
  MAXIMUM         62    319 PM  68    1963  47     15       46
                                      1953
  MINIMUM         38    706 AM  11    1924  32      6       29
  AVERAGE         50                        40     10       38

PRECIPITATION (IN)
  YESTERDAY        0.00          1.64 1929   0.15  -0.15     0.00
  MONTH TO DATE    1.37                      2.55  -1.18     0.35
  SINCE SEP 1     11.21                     11.16   0.05     7.56
  SINCE JAN 1     34.61                     42.52  -7.91    34.28

SNOWFALL (IN)
  YESTERDAY        0.0           7.6  1980   0.1   -0.1      0.0
  MONTH TO DATE    0.0                       0.9   -0.9      0.0
  SINCE SEP 1      T                         1.1   -1.1       T
  SINCE JUL 1      T                         1.1   -1.1       T
  SNOW DEPTH      MM

DEGREE DAYS
 HEATING
  YESTERDAY       15                        25    -10       27
  MONTH TO DATE  346                       407    -61      305
  SINCE SEP 1    851                      1029   -178      844
  SINCE JUL 1    860                      1068   -208      845

 COOLING
  YESTERDAY        0                         0      0        0
  MONTH TO DATE    0                         0      0        0
  SINCE SEP 1     75                        45     30      102
  SINCE JAN 1    663                       471    192      659
..................................................................


WIND (MPH)
  RESULTANT WIND SPEED   5   RESULTANT WIND DIRECTION   N (340)
  HIGHEST WIND SPEED    16   HIGHEST WIND DIRECTION    NW (310)
  HIGHEST GUST SPEED    20   HIGHEST GUST DIRECTION    NW (310)
  AVERAGE WIND SPEED     7.3


SKY COVER
  POSSIBLE SUNSHINE  MM
  AVERAGE SKY COVER 0.0


WEATHER CONDITIONS
 THE FOLLOWING WEATHER WAS RECORDED YESTERDAY.
  NO SIGNIFICANT WEATHER WAS OBSERVED.


RELATIVE HUMIDITY (PERCENT)
 HIGHEST    85           200 AM
 LOWEST     36           300 PM
 AVERAGE    61

..........................................................


THE WORCESTER MA CLIMATE NORMALS FOR TODAY
                         NORMAL    RECORD    YEAR
 MAXIMUM TEMPERATURE (F)   46        74      1941
 MINIMUM TEMPERATURE (F)   32         9      1924


SUNRISE AND SUNSET
NOVEMBER 19 2016......SUNRISE   643 AM EST   SUNSET   422 PM EST
NOVEMBER 20 2016......SUNRISE   645 AM EST   SUNSET   421 PM EST


-  INDICATES NEGATIVE NUMBERS.
R  INDICATES RECORD WAS SET OR TIED.
MM INDICATES DATA IS MISSING.
T  INDICATES TRACE AMOUNT.




$$
