000
CDUS41 KBOX 080559
CLIORH


CLIMATE REPORT
NATIONAL WEATHER SERVICE TAUNTON MA
150 AM EDT TUE APR 8 2014


...................................

...THE WORCESTER MA CLIMATE SUMMARY FOR APRIL 7 2014...

CLIMATE NORMAL PERIOD 1981 TO 2010
CLIMATE RECORD PERIOD 1892 TO 2014


WEATHER ITEM   OBSERVED TIME   RECORD YEAR NORMAL DEPARTURE LAST
                VALUE   (LST)  VALUE       VALUE  FROM      YEAR
                                                  NORMAL
..................................................................
TEMPERATURE (F)
 YESTERDAY
  MAXIMUM         56   1211 PM  86    2010  52      4       52
  MINIMUM         38    512 AM  11    1982  34      4       28
  AVERAGE         47                        43      4       40

PRECIPITATION (IN)
  YESTERDAY        0.07          1.82 1924   0.15  -0.08      T
  MONTH TO DATE    0.38                      1.01  -0.63     0.30
  SINCE MAR 1      5.80                      5.22   0.58     3.98
  SINCE JAN 1     12.98                     11.94   1.04    10.86

SNOWFALL (IN)
  YESTERDAY        0.0           6.1  1971   0.2   -0.2      0.0
  MONTH TO DATE    0.0                       1.1   -1.1      0.0
  SINCE MAR 1      3.7                      12.5   -8.8     30.9
  SINCE JUL 1     84.6                      62.4   22.2    108.9
  SNOW DEPTH      MM

DEGREE DAYS
 HEATING
  YESTERDAY       18                        22     -4       25
  MONTH TO DATE  158                       164     -6      189
  SINCE MAR 1   1286                      1103    183     1153
  SINCE JUL 1   6340                      5940    400     5590

 COOLING
  YESTERDAY        0                         0      0        0
  MONTH TO DATE    0                         0      0        0
  SINCE MAR 1      0                         0      0        0
  SINCE JAN 1      0                         0      0        0
..................................................................


WIND (MPH)
  RESULTANT WIND SPEED   5   RESULTANT WIND DIRECTION   S (170)
  HIGHEST WIND SPEED    18   HIGHEST WIND DIRECTION     S (160)
  HIGHEST GUST SPEED    22   HIGHEST GUST DIRECTION     S (200)
  AVERAGE WIND SPEED     8.4


SKY COVER
  POSSIBLE SUNSHINE  MM
  AVERAGE SKY COVER 0.4


WEATHER CONDITIONS
 THE FOLLOWING WEATHER WAS RECORDED YESTERDAY.
  RAIN
  LIGHT RAIN
  FOG
  FOG W/VISIBILITY <= 1/4 MILE


RELATIVE HUMIDITY (PERCENT)
 HIGHEST   100          1100 PM
 LOWEST     24           200 PM
 AVERAGE    62

..........................................................


THE WORCESTER MA CLIMATE NORMALS FOR TODAY
                         NORMAL    RECORD    YEAR
 MAXIMUM TEMPERATURE (F)   52        85      1929
 MINIMUM TEMPERATURE (F)   34        17      1972


SUNRISE AND SUNSET
APRIL  8 2014.........SUNRISE   618 AM EDT   SUNSET   721 PM EDT
APRIL  9 2014.........SUNRISE   617 AM EDT   SUNSET   722 PM EDT


-  INDICATES NEGATIVE NUMBERS.
R  INDICATES RECORD WAS SET OR TIED.
MM INDICATES DATA IS MISSING.
T  INDICATES TRACE AMOUNT.




$$
