000
CDUS41 KBOX 102132
CLIORH


CLIMATE REPORT
NATIONAL WEATHER SERVICE TAUNTON MA
422 PM EST WED JAN 10 2018


...................................

...THE WORCESTER MA CLIMATE SUMMARY FOR JANUARY 10 2018...
VALID AS OF 0400 PM LOCAL TIME.

CLIMATE NORMAL PERIOD 1981 TO 2010
CLIMATE RECORD PERIOD 1892 TO 2018


WEATHER ITEM   OBSERVED TIME   RECORD YEAR NORMAL DEPARTURE LAST
                VALUE   (LST)  VALUE       VALUE  FROM      YEAR
                                                  NORMAL
..................................................................
TEMPERATURE (F)
 TODAY
  MAXIMUM         33    326 PM  56    2016  31      2       40
  MINIMUM         16    728 AM  -8    2004  17     -1       10
  AVERAGE         25                        24      1       25

PRECIPITATION (IN)
  TODAY            0.00          2.89 1935   0.11  -0.11     0.06
  MONTH TO DATE    1.05                      1.09  -0.04     1.52
  SINCE DEC 1      3.90                      4.91  -1.01     5.32
  SINCE JAN 1      1.05                      1.09  -0.04     1.52

SNOWFALL (IN)
  TODAY            0.0           7.4  1977   0.6   -0.6      0.0
  MONTH TO DATE   17.2                       5.5   11.7      7.7
  SINCE DEC 1     30.6                      19.9   10.7     25.2
  SINCE JUL 1     30.6                      22.7    7.9     25.2
  SNOW DEPTH      MM

DEGREE DAYS
 HEATING
  TODAY           40                        41     -1       40
  MONTH TO DATE  513                       406    107      416
  SINCE DEC 1   1743                      1508    235     1506
  SINCE JUL 1   2879                      2910    -31     2693

 COOLING
  TODAY            0                         0      0        0
  MONTH TO DATE    0                         0      0        0
  SINCE DEC 1      0                         0      0        0
  SINCE JAN 1      0                         0      0        0
..................................................................


WIND (MPH)
  HIGHEST WIND SPEED    15   HIGHEST WIND DIRECTION    NW (300)
  HIGHEST GUST SPEED    18   HIGHEST GUST DIRECTION     W (290)
  AVERAGE WIND SPEED     6.4


SKY COVER
  POSSIBLE SUNSHINE  MM
  AVERAGE SKY COVER 0.0


WEATHER CONDITIONS
 THE FOLLOWING WEATHER WAS RECORDED TODAY.
  NO SIGNIFICANT WEATHER WAS OBSERVED.


RELATIVE HUMIDITY (PERCENT)
 HIGHEST    80           700 AM
 LOWEST     41           300 PM
 AVERAGE    61

..........................................................


THE WORCESTER MA CLIMATE NORMALS FOR TOMORROW
                         NORMAL    RECORD    YEAR
 MAXIMUM TEMPERATURE (F)   31        58      1924
 MINIMUM TEMPERATURE (F)   17        -9      1968


SUNRISE AND SUNSET
JANUARY 10 2018.......SUNRISE   716 AM EST   SUNSET   435 PM EST
JANUARY 11 2018.......SUNRISE   715 AM EST   SUNSET   436 PM EST


-  INDICATES NEGATIVE NUMBERS.
R  INDICATES RECORD WAS SET OR TIED.
MM INDICATES DATA IS MISSING.
T  INDICATES TRACE AMOUNT.




$$
