000
CDUS41 KBOX 240551
CLIORH


CLIMATE REPORT
NATIONAL WEATHER SERVICE TAUNTON MA
150 AM EDT SUN MAY 24 2015


...................................

...THE WORCESTER MA CLIMATE SUMMARY FOR MAY 23 2015...

CLIMATE NORMAL PERIOD 1981 TO 2010
CLIMATE RECORD PERIOD 1892 TO 2015


WEATHER ITEM   OBSERVED TIME   RECORD YEAR NORMAL DEPARTURE LAST
                VALUE   (LST)  VALUE       VALUE  FROM      YEAR
                                                  NORMAL
..................................................................
TEMPERATURE (F)
 YESTERDAY
  MAXIMUM         62    331 PM  89    1964  68     -6       57
  MINIMUM         37    436 AM  32    1929  49    -12       49
  AVERAGE         50                        58     -8       53

PRECIPITATION (IN)
  YESTERDAY        0.00          1.28 1983   0.15  -0.15     0.05
  MONTH TO DATE    0.14                      2.99  -2.85     3.22
  SINCE MAR 1      5.53                     11.31  -5.78    13.08
  SINCE JAN 1     13.84                     18.03  -4.19    20.26

SNOWFALL (IN)
  YESTERDAY        0.0           T    1994   0.0    0.0      0.0
  MONTH TO DATE    0.0                       0.0    0.0      0.0
  SINCE MAR 1     11.1                      14.2   -3.1      4.3
  SINCE JUL 1    119.7                      64.1   55.6     85.2
  SNOW DEPTH      MM

DEGREE DAYS
 HEATING
  YESTERDAY       15                         7      8       12
  MONTH TO DATE  128                       236   -108      189
  SINCE MAR 1   1772                      1746     26     1900
  SINCE JUL 1   6886                      6583    303     6954

 COOLING
  YESTERDAY        0                         1     -1        0
  MONTH TO DATE   29                         8     21        6
  SINCE MAR 1     29                        11     18        6
  SINCE JAN 1     29                        11     18        6
..................................................................


WIND (MPH)
  RESULTANT WIND SPEED   9   RESULTANT WIND DIRECTION   W (290)
  HIGHEST WIND SPEED    23   HIGHEST WIND DIRECTION    NW (310)
  HIGHEST GUST SPEED    29   HIGHEST GUST DIRECTION     W (290)
  AVERAGE WIND SPEED    10.4


SKY COVER
  POSSIBLE SUNSHINE  MM
  AVERAGE SKY COVER 0.0


WEATHER CONDITIONS
 THE FOLLOWING WEATHER WAS RECORDED YESTERDAY.
  NO SIGNIFICANT WEATHER WAS OBSERVED.


RELATIVE HUMIDITY (PERCENT)
 HIGHEST    64           400 AM
 LOWEST     20           300 PM
 AVERAGE    42

..........................................................


THE WORCESTER MA CLIMATE NORMALS FOR TODAY
                         NORMAL    RECORD    YEAR
 MAXIMUM TEMPERATURE (F)   68        88      1964
                                             1936
 MINIMUM TEMPERATURE (F)   49        33      1956
                                             1935
                                             1932


SUNRISE AND SUNSET
MAY 24 2015...........SUNRISE   519 AM EDT   SUNSET   810 PM EDT
MAY 25 2015...........SUNRISE   518 AM EDT   SUNSET   811 PM EDT


-  INDICATES NEGATIVE NUMBERS.
R  INDICATES RECORD WAS SET OR TIED.
MM INDICATES DATA IS MISSING.
T  INDICATES TRACE AMOUNT.




$$
