000
CDUS41 KBOX 070536
CLIORH


CLIMATE REPORT
NATIONAL WEATHER SERVICE TAUNTON MA
135 AM EDT SUN SEP 7 2014


...................................

...THE WORCESTER MA CLIMATE SUMMARY FOR SEPTEMBER 6 2014...

CLIMATE NORMAL PERIOD 1981 TO 2010
CLIMATE RECORD PERIOD 1892 TO 2014


WEATHER ITEM   OBSERVED TIME   RECORD YEAR NORMAL DEPARTURE LAST
                VALUE   (LST)  VALUE       VALUE  FROM      YEAR
                                                  NORMAL
..................................................................
TEMPERATURE (F)
 YESTERDAY
  MAXIMUM         86    150 PM  90    1901  73     13       64
  MINIMUM         64   1159 PM  38    1938  56      8       49
  AVERAGE         75                        65     10       57

PRECIPITATION (IN)
  YESTERDAY        0.11          4.79 2008   0.11   0.00     0.00
  MONTH TO DATE    1.05                      0.68   0.37     1.78
  SINCE SEP 1      1.05                      0.68   0.37     1.78
  SINCE JAN 1     36.08                     32.04   4.04    34.80

SNOWFALL (IN)
  YESTERDAY        0.0           0.0  2002   0.0    0.0      0.0
                                      2001
                                      2000
  MONTH TO DATE    0.0                       0.0    0.0      0.0
  SINCE SEP 1      0.0                       0.0    0.0      0.0
  SINCE JUL 1      0.0                       0.0    0.0      0.0
  SNOW DEPTH      MM

DEGREE DAYS
 HEATING
  YESTERDAY        0                         3     -3        8
  MONTH TO DATE    0                        13    -13       13
  SINCE SEP 1      0                        13    -13       13
  SINCE JUL 1     20                        52    -32       32

 COOLING
  YESTERDAY       10                         2      8        0
  MONTH TO DATE   50                        16     34       17
  SINCE SEP 1     50                        16     34       17
  SINCE JAN 1    412                       442    -30      548
..................................................................


WIND (MPH)
  RESULTANT WIND SPEED  12   RESULTANT WIND DIRECTION  SW (230)
  HIGHEST WIND SPEED    22   HIGHEST WIND DIRECTION    SW (240)
  HIGHEST GUST SPEED    29   HIGHEST GUST DIRECTION    SW (220)
  AVERAGE WIND SPEED    12.9


SKY COVER
  POSSIBLE SUNSHINE  MM
  AVERAGE SKY COVER 0.5


WEATHER CONDITIONS
 THE FOLLOWING WEATHER WAS RECORDED YESTERDAY.
  THUNDERSTORM
  LIGHT RAIN
  FOG


RELATIVE HUMIDITY (PERCENT)
 HIGHEST    93          1200 AM
 LOWEST     61           200 PM
 AVERAGE    77

..........................................................


THE WORCESTER MA CLIMATE NORMALS FOR TODAY
                         NORMAL    RECORD    YEAR
 MAXIMUM TEMPERATURE (F)   73        90      1945
                                             1901
 MINIMUM TEMPERATURE (F)   56        41      1942


SUNRISE AND SUNSET
SEPTEMBER  7 2014.....SUNRISE   619 AM EDT   SUNSET   711 PM EDT
SEPTEMBER  8 2014.....SUNRISE   620 AM EDT   SUNSET   709 PM EDT


-  INDICATES NEGATIVE NUMBERS.
R  INDICATES RECORD WAS SET OR TIED.
MM INDICATES DATA IS MISSING.
T  INDICATES TRACE AMOUNT.




$$
