000
CDUS41 KBOX 030540
CLIORH


CLIMATE REPORT
NATIONAL WEATHER SERVICE TAUNTON MA
1236 AM EST TUE JAN 3 2017


...................................

...THE WORCESTER MA CLIMATE SUMMARY FOR JANUARY 2 2017...

CLIMATE NORMAL PERIOD 1981 TO 2010
CLIMATE RECORD PERIOD 1892 TO 2017


WEATHER ITEM   OBSERVED TIME   RECORD YEAR NORMAL DEPARTURE LAST
                VALUE   (LST)  VALUE       VALUE  FROM      YEAR
                                                  NORMAL
..................................................................
TEMPERATURE (F)
 YESTERDAY
  MAXIMUM         34    435 PM  60    1892  32      2       34
  MINIMUM         22    154 AM  -7    1899  18      4       26
  AVERAGE         28                        25      3       30

PRECIPITATION (IN)
  YESTERDAY        T             1.40 1893   0.11  -0.11     0.00
  MONTH TO DATE    0.09                      0.22  -0.13      T
  SINCE DEC 1      3.89                      4.04  -0.15     4.65
  SINCE JAN 1      0.09                      0.22  -0.13      T

SNOWFALL (IN)
  YESTERDAY        0.0          12.5  1987   0.6   -0.6      0.0
  MONTH TO DATE    0.9                       1.1   -0.2       T
  SINCE DEC 1     18.4                      15.5    2.9      1.4
  SINCE JUL 1     18.4                      18.3    0.1      1.4
  SNOW DEPTH      MM

DEGREE DAYS
 HEATING
  YESTERDAY       37                        40     -3       35
  MONTH TO DATE   71                        80     -9       69
  SINCE DEC 1   1161                      1182    -21      793
  SINCE JUL 1   2348                      2584   -236     1942

 COOLING
  YESTERDAY        0                         0      0        0
  MONTH TO DATE    0                         0      0        0
  SINCE DEC 1      0                         0      0        0
  SINCE JAN 1      0                         0      0        0
..................................................................


WIND (MPH)
  RESULTANT WIND SPEED   1   RESULTANT WIND DIRECTION   E (100)
  HIGHEST WIND SPEED     8   HIGHEST WIND DIRECTION     E (70)
  HIGHEST GUST SPEED    13   HIGHEST GUST DIRECTION     E (80)
  AVERAGE WIND SPEED     4.4


SKY COVER
  POSSIBLE SUNSHINE  MM
  AVERAGE SKY COVER 0.5


WEATHER CONDITIONS
 THE FOLLOWING WEATHER WAS RECORDED YESTERDAY.
  LIGHT RAIN


RELATIVE HUMIDITY (PERCENT)
 HIGHEST    84           200 AM
 LOWEST     51          1200 PM
 AVERAGE    68

..........................................................


THE WORCESTER MA CLIMATE NORMALS FOR TODAY
                         NORMAL    RECORD    YEAR
 MAXIMUM TEMPERATURE (F)   32        62      1892
 MINIMUM TEMPERATURE (F)   18        -3      2014
                                             1904


SUNRISE AND SUNSET
JANUARY  3 2017.......SUNRISE   716 AM EST   SUNSET   428 PM EST
JANUARY  4 2017.......SUNRISE   716 AM EST   SUNSET   429 PM EST


-  INDICATES NEGATIVE NUMBERS.
R  INDICATES RECORD WAS SET OR TIED.
MM INDICATES DATA IS MISSING.
T  INDICATES TRACE AMOUNT.




$$
