000
CDUS41 KBOX 190558
CLIORH


CLIMATE REPORT
NATIONAL WEATHER SERVICE TAUNTON MA
1251 AM EST THU FEB 19 2015


...................................

...THE WORCESTER MA CLIMATE SUMMARY FOR FEBRUARY 18 2015...

CLIMATE NORMAL PERIOD 1981 TO 2010
CLIMATE RECORD PERIOD 1892 TO 2015


WEATHER ITEM   OBSERVED TIME   RECORD YEAR NORMAL DEPARTURE LAST
                VALUE   (LST)  VALUE       VALUE  FROM      YEAR
                                                  NORMAL
..................................................................
TEMPERATURE (F)
 YESTERDAY
  MAXIMUM         27    117 PM  63    1981  35     -8       26
  MINIMUM         10    549 AM -12    1958  20    -10       11
  AVERAGE         19                        28     -9       19

PRECIPITATION (IN)
  YESTERDAY        0.02          1.10 1998   0.11  -0.09     0.26
  MONTH TO DATE    2.52                      2.04   0.48     3.57
  SINCE DEC 1     12.45                      9.35   3.10    11.10
  SINCE JAN 1      7.55                      5.53   2.02     6.67

SNOWFALL (IN)
  YESTERDAY        0.7          11.0  1893   0.6    0.1      5.7
  MONTH TO DATE   48.6                      10.4   38.2     38.2
  SINCE DEC 1     96.6                      41.9   54.7     77.1
  SINCE JUL 1    103.8                      44.7   59.1     77.6
  SNOW DEPTH      MM

DEGREE DAYS
 HEATING
  YESTERDAY       46                        37      9       46
  MONTH TO DATE  719                       701     18      771
  SINCE DEC 1   3041                      3072    -31     3248
  SINCE JUL 1   4419                      4474    -55     4660

 COOLING
  YESTERDAY        0                         0      0        0
  MONTH TO DATE    0                         0      0        0
  SINCE DEC 1      0                         0      0        0
  SINCE JAN 1      0                         0      0        0
..................................................................


WIND (MPH)
  RESULTANT WIND SPEED   0   RESULTANT WIND DIRECTION  NW (320)
  HIGHEST WIND SPEED    12   HIGHEST WIND DIRECTION     W (250)
  HIGHEST GUST SPEED    15   HIGHEST GUST DIRECTION    SW (240)
  AVERAGE WIND SPEED     5.5


SKY COVER
  POSSIBLE SUNSHINE  MM
  AVERAGE SKY COVER 0.4


WEATHER CONDITIONS
 THE FOLLOWING WEATHER WAS RECORDED YESTERDAY.
  LIGHT SNOW
  FOG


RELATIVE HUMIDITY (PERCENT)
 HIGHEST    96           900 PM
 LOWEST     39          1000 AM
 AVERAGE    68

..........................................................


THE WORCESTER MA CLIMATE NORMALS FOR TODAY
                         NORMAL    RECORD    YEAR
 MAXIMUM TEMPERATURE (F)   36        62      1981
                                             1961
 MINIMUM TEMPERATURE (F)   20        -3      1936


SUNRISE AND SUNSET
FEBRUARY 19 2015......SUNRISE   638 AM EST   SUNSET   525 PM EST
FEBRUARY 20 2015......SUNRISE   637 AM EST   SUNSET   526 PM EST


-  INDICATES NEGATIVE NUMBERS.
R  INDICATES RECORD WAS SET OR TIED.
MM INDICATES DATA IS MISSING.
T  INDICATES TRACE AMOUNT.




$$
