000
CDUS41 KBOX 230553
CLIORH


CLIMATE REPORT
NATIONAL WEATHER SERVICE TAUNTON MA
1252 AM EST FRI JAN 23 2015


...................................

...THE WORCESTER MA CLIMATE SUMMARY FOR JANUARY 22 2015...

CLIMATE NORMAL PERIOD 1981 TO 2010
CLIMATE RECORD PERIOD 1892 TO 2015


WEATHER ITEM   OBSERVED TIME   RECORD YEAR NORMAL DEPARTURE LAST
                VALUE   (LST)  VALUE       VALUE  FROM      YEAR
                                                  NORMAL
..................................................................
TEMPERATURE (F)
 YESTERDAY
  MAXIMUM         33    325 PM  59    1959  31      2       12
  MINIMUM         23   1159 PM -10    1976  17      6        1
  AVERAGE         28                        24      4        7

PRECIPITATION (IN)
  YESTERDAY        0.00          1.64 1958   0.12  -0.12      T
  MONTH TO DATE    2.68                      2.47   0.21     3.05
  SINCE DEC 1      7.58                      6.29   1.29     7.48
  SINCE JAN 1      2.68                      2.47   0.21     3.05

SNOWFALL (IN)
  YESTERDAY        0.0           9.8  1987   0.6   -0.6       T
  MONTH TO DATE    5.2                      12.2   -7.0     18.9
  SINCE DEC 1      6.7                      26.6  -19.9     37.8
  SINCE JUL 1     13.9                      29.4  -15.5     38.3
  SNOW DEPTH      MM

DEGREE DAYS
 HEATING
  YESTERDAY       37                        41     -4       58
  MONTH TO DATE  942                       898     44      886
  SINCE DEC 1   1906                      2000    -94     2033
  SINCE JUL 1   3284                      3402   -118     3445

 COOLING
  YESTERDAY        0                         0      0        0
  MONTH TO DATE    0                         0      0        0
  SINCE DEC 1      0                         0      0        0
  SINCE JAN 1      0                         0      0        0
..................................................................


WIND (MPH)
  RESULTANT WIND SPEED   4   RESULTANT WIND DIRECTION  NW (330)
  HIGHEST WIND SPEED    20   HIGHEST WIND DIRECTION     W (280)
  HIGHEST GUST SPEED    25   HIGHEST GUST DIRECTION    NW (300)
  AVERAGE WIND SPEED     7.9


SKY COVER
  POSSIBLE SUNSHINE  MM
  AVERAGE SKY COVER 0.9


WEATHER CONDITIONS
 THE FOLLOWING WEATHER WAS RECORDED YESTERDAY.
  NO SIGNIFICANT WEATHER WAS OBSERVED.


RELATIVE HUMIDITY (PERCENT)
 HIGHEST    81           400 AM
 LOWEST     56           300 PM
 AVERAGE    69

..........................................................


THE WORCESTER MA CLIMATE NORMALS FOR TODAY
                         NORMAL    RECORD    YEAR
 MAXIMUM TEMPERATURE (F)   31        60      1906
 MINIMUM TEMPERATURE (F)   17       -13      1976


SUNRISE AND SUNSET
JANUARY 23 2015.......SUNRISE   709 AM EST   SUNSET   450 PM EST
JANUARY 24 2015.......SUNRISE   708 AM EST   SUNSET   451 PM EST


-  INDICATES NEGATIVE NUMBERS.
R  INDICATES RECORD WAS SET OR TIED.
MM INDICATES DATA IS MISSING.
T  INDICATES TRACE AMOUNT.




$$
