000
CDUS41 KBOX 122145
CLIORH


CLIMATE REPORT
NATIONAL WEATHER SERVICE TAUNTON MA
541 PM EDT FRI MAY 12 2017


...................................

...THE WORCESTER MA CLIMATE SUMMARY FOR MAY 12 2017...
VALID AS OF 0500 PM LOCAL TIME.

CLIMATE NORMAL PERIOD 1981 TO 2010
CLIMATE RECORD PERIOD 1892 TO 2017


WEATHER ITEM   OBSERVED TIME   RECORD YEAR NORMAL DEPARTURE LAST
                VALUE   (LST)  VALUE       VALUE  FROM      YEAR
                                                  NORMAL
..................................................................
TEMPERATURE (F)
 TODAY
  MAXIMUM         55    343 PM  88    1959  65    -10       76
                                      1936
  MINIMUM         43    121 AM  29    1907  46     -3       55
  AVERAGE         49                        55     -6       66

PRECIPITATION (IN)
  TODAY            0.00          1.53 1974   0.13  -0.13     0.00
  MONTH TO DATE    1.31                      1.51  -0.20     1.44
  SINCE MAR 1     10.07                      9.83   0.24     7.56
  SINCE JAN 1     16.42                     16.55  -0.13    14.95

SNOWFALL (IN)
  TODAY            0.0           0.0  2001   0.0    0.0      0.0
                                      2000
  MONTH TO DATE    0.0                       0.0    0.0      0.0
  SINCE MAR 1     20.5                      14.2    6.3     15.5
  SINCE JUL 1     78.3                      64.1   14.2     47.2
  SNOW DEPTH       0

DEGREE DAYS
 HEATING
  TODAY           16                        10      6        0
  MONTH TO DATE  194                       141     53      181
  SINCE MAR 1   1737                      1651     86     1553
  SINCE JUL 1   6014                      6488   -474     5612

 COOLING
  TODAY            0                         0      0        1
  MONTH TO DATE    0                         0      0        1
  SINCE MAR 1     10                         3      7        5
  SINCE JAN 1     10                         3      7        5
..................................................................


WIND (MPH)
  HIGHEST WIND SPEED    10   HIGHEST WIND DIRECTION     N (10)
  HIGHEST GUST SPEED    15   HIGHEST GUST DIRECTION     N (10)
  AVERAGE WIND SPEED     4.9


SKY COVER
  POSSIBLE SUNSHINE  MM
  AVERAGE SKY COVER 0.9


WEATHER CONDITIONS
 THE FOLLOWING WEATHER WAS RECORDED TODAY.
  HAZE


RELATIVE HUMIDITY (PERCENT)
 HIGHEST    89           100 AM
 LOWEST     64           200 PM
 AVERAGE    77

..........................................................


THE WORCESTER MA CLIMATE NORMALS FOR TOMORROW
                         NORMAL    RECORD    YEAR
 MAXIMUM TEMPERATURE (F)   65        85      1947
 MINIMUM TEMPERATURE (F)   46        31      1928


SUNRISE AND SUNSET
MAY 12 2017...........SUNRISE   529 AM EDT   SUNSET   759 PM EDT
MAY 13 2017...........SUNRISE   528 AM EDT   SUNSET   800 PM EDT


-  INDICATES NEGATIVE NUMBERS.
R  INDICATES RECORD WAS SET OR TIED.
MM INDICATES DATA IS MISSING.
T  INDICATES TRACE AMOUNT.




$$
