000
CDUS41 KBOX 132138
CLIORH


CLIMATE REPORT
NATIONAL WEATHER SERVICE TAUNTON MA
528 PM EDT FRI MAY 13 2016


...................................

...THE WORCESTER MA CLIMATE SUMMARY FOR MAY 13 2016...
VALID TODAY AS OF 0500 PM LOCAL TIME.

CLIMATE NORMAL PERIOD 1981 TO 2010
CLIMATE RECORD PERIOD 1892 TO 2016


WEATHER ITEM   OBSERVED TIME   RECORD YEAR NORMAL DEPARTURE LAST
                VALUE   (LST)  VALUE       VALUE  FROM      YEAR
                                                  NORMAL
..................................................................
TEMPERATURE (F)
 TODAY
  MAXIMUM         70   1247 PM  85    1947  65      5       62
  MINIMUM         50    307 AM  31    1928  46      4       45
  AVERAGE         60                        56      4       54

PRECIPITATION (IN)
  TODAY            T             1.70 1971   0.12  -0.12     0.00
  MONTH TO DATE    1.44                      1.63  -0.19     0.04
  SINCE MAR 1      7.56                      9.95  -2.39     5.43
  SINCE JAN 1     14.95                     16.67  -1.72    13.74

SNOWFALL (IN)
  TODAY            0.0           0.0  2001   0.0    0.0      0.0
                                      2000
  MONTH TO DATE    0.0                       0.0    0.0      0.0
  SINCE MAR 1     15.5                      14.2    1.3     11.1
  SINCE JUL 1     47.2                      64.1  -16.9    119.7
  SNOW DEPTH      MM

DEGREE DAYS
 HEATING
  TODAY            5                        10     -5       11
  MONTH TO DATE  186                       151     35       55
  SINCE MAR 1   1558                      1661   -103     1699
  SINCE JUL 1   5617                      6498   -881     6813

 COOLING
  TODAY            0                         0      0        0
  MONTH TO DATE    1                         0      1       22
  SINCE MAR 1      5                         3      2       22
  SINCE JAN 1      5                         3      2       22
..................................................................


WIND (MPH)
  HIGHEST WIND SPEED    20   HIGHEST WIND DIRECTION     S (180)
  HIGHEST GUST SPEED    25   HIGHEST GUST DIRECTION     S (190)
  AVERAGE WIND SPEED    11.2


SKY COVER
  POSSIBLE SUNSHINE  MM
  AVERAGE SKY COVER 0.6


WEATHER CONDITIONS
 THE FOLLOWING WEATHER WAS RECORDED TODAY.
  NO SIGNIFICANT WEATHER WAS OBSERVED.


RELATIVE HUMIDITY (PERCENT)
 HIGHEST    78           800 AM
 LOWEST     59          1200 AM
 AVERAGE    69

..........................................................


THE WORCESTER MA CLIMATE NORMALS FOR TOMORROW
                         NORMAL    RECORD    YEAR
 MAXIMUM TEMPERATURE (F)   66        87      1961
                                             1907
 MINIMUM TEMPERATURE (F)   46        33      1939


SUNRISE AND SUNSET
MAY 13 2016...........SUNRISE   528 AM EDT   SUNSET   800 PM EDT
MAY 14 2016...........SUNRISE   527 AM EDT   SUNSET   801 PM EDT


-  INDICATES NEGATIVE NUMBERS.
R  INDICATES RECORD WAS SET OR TIED.
MM INDICATES DATA IS MISSING.
T  INDICATES TRACE AMOUNT.




$$
