000
CDUS41 KBOX 052132
CLIORH


CLIMATE REPORT
NATIONAL WEATHER SERVICE TAUNTON MA
529 PM EDT TUE SEP 5 2017


...................................

...THE WORCESTER MA CLIMATE SUMMARY FOR SEPTEMBER 5 2017...
VALID TODAY AS OF 0500 PM LOCAL TIME.

CLIMATE NORMAL PERIOD 1981 TO 2010
CLIMATE RECORD PERIOD 1892 TO 2017


WEATHER ITEM   OBSERVED TIME   RECORD YEAR NORMAL DEPARTURE LAST
                VALUE   (LST)  VALUE       VALUE  FROM      YEAR
                                                  NORMAL
..................................................................
TEMPERATURE (F)
 TODAY
  MAXIMUM         81    312 PM  88    1953  73      8       74
                                      1901
  MINIMUM         62    449 AM  39    1930  57      5       55
  AVERAGE         72                        65      7       65

PRECIPITATION (IN)
  TODAY            0.00          1.42 1935   0.11  -0.11     0.03
  MONTH TO DATE    0.67                      0.57   0.10     0.03
  SINCE SEP 1      0.67                      0.57   0.10     0.03
  SINCE JAN 1     29.96                     31.93  -1.97    23.43

SNOWFALL (IN)
  TODAY            0.0           0.0  2002   0.0    0.0      0.0
                                      2001
                                      2000
  MONTH TO DATE    0.0                       0.0    0.0      0.0
  SINCE SEP 1      0.0                       0.0    0.0      0.0
  SINCE JUL 1      0.0                       0.0    0.0      0.0
  SNOW DEPTH      MM

DEGREE DAYS
 HEATING
  TODAY            0                         2     -2        0
  MONTH TO DATE   32                        10     22        2
  SINCE SEP 1     32                        10     22        2
  SINCE JUL 1     80                        49     31       11

 COOLING
  TODAY            7                         2      5        0
  MONTH TO DATE    7                        14     -7        8
  SINCE SEP 1      7                        14     -7        8
  SINCE JAN 1    438                       440     -2      596
..................................................................


WIND (MPH)
  HIGHEST WIND SPEED    22   HIGHEST WIND DIRECTION    SW (220)
  HIGHEST GUST SPEED    28   HIGHEST GUST DIRECTION    SW (220)
  AVERAGE WIND SPEED    16.0


SKY COVER
  POSSIBLE SUNSHINE  MM
  AVERAGE SKY COVER 0.3


WEATHER CONDITIONS
 THE FOLLOWING WEATHER WAS RECORDED TODAY.
  NO SIGNIFICANT WEATHER WAS OBSERVED.


RELATIVE HUMIDITY (PERCENT)
 HIGHEST    93           500 AM
 LOWEST     54           300 PM
 AVERAGE    74

..........................................................


THE WORCESTER MA CLIMATE NORMALS FOR TOMORROW
                         NORMAL    RECORD    YEAR
 MAXIMUM TEMPERATURE (F)   73        90      1901
 MINIMUM TEMPERATURE (F)   56        38      1938


SUNRISE AND SUNSET
SEPTEMBER  5 2017.....SUNRISE   617 AM EDT   SUNSET   714 PM EDT
SEPTEMBER  6 2017.....SUNRISE   618 AM EDT   SUNSET   712 PM EDT


-  INDICATES NEGATIVE NUMBERS.
R  INDICATES RECORD WAS SET OR TIED.
MM INDICATES DATA IS MISSING.
T  INDICATES TRACE AMOUNT.




$$
