000
CDUS41 KBOX 070535
CLIORH


CLIMATE REPORT
NATIONAL WEATHER SERVICE TAUNTON MA
135 AM EDT FRI APR 7 2017


...................................

...THE WORCESTER MA CLIMATE SUMMARY FOR APRIL 6 2017...

CLIMATE NORMAL PERIOD 1981 TO 2010
CLIMATE RECORD PERIOD 1892 TO 2017


WEATHER ITEM   OBSERVED TIME   RECORD YEAR NORMAL DEPARTURE LAST
                VALUE   (LST)  VALUE       VALUE  FROM      YEAR
                                                  NORMAL
..................................................................
TEMPERATURE (F)
 YESTERDAY
  MAXIMUM         41   1159 PM  79    1928  51    -10       38
  MINIMUM         34   1007 AM  15    1995  34      0       18
                                      1982
  AVERAGE         38                        42     -4       28

PRECIPITATION (IN)
  YESTERDAY        1.17          2.18 1958   0.14   1.03     0.00
  MONTH TO DATE    3.05                      0.86   2.19     1.11
  SINCE MAR 1      7.06                      5.07   1.99     4.60
  SINCE JAN 1     13.41                     11.79   1.62    11.99

SNOWFALL (IN)
  YESTERDAY        0.0          14.2  1982   0.1   -0.1      0.0
  MONTH TO DATE    2.9                       0.9    2.0     10.0
  SINCE MAR 1     20.5                      12.3    8.2     15.5
  SINCE JUL 1     78.3                      62.2   16.1     47.2
  SNOW DEPTH      MM

DEGREE DAYS
 HEATING
  YESTERDAY       27                        23      4       37
  MONTH TO DATE  153                       142     11      180
  SINCE MAR 1   1233                      1081    152      949
  SINCE JUL 1   5510                      5918   -408     5008

 COOLING
  YESTERDAY        0                         0      0        0
  MONTH TO DATE    0                         0      0        0
  SINCE MAR 1      0                         0      0        0
  SINCE JAN 1      0                         0      0        0
..................................................................


WIND (MPH)
  RESULTANT WIND SPEED  11   RESULTANT WIND DIRECTION   E (70)
  HIGHEST WIND SPEED    21   HIGHEST WIND DIRECTION     N (20)
  HIGHEST GUST SPEED    28   HIGHEST GUST DIRECTION    NE (30)
  AVERAGE WIND SPEED    11.4


SKY COVER
  POSSIBLE SUNSHINE  MM
  AVERAGE SKY COVER 1.0


WEATHER CONDITIONS
 THE FOLLOWING WEATHER WAS RECORDED YESTERDAY.
  THUNDERSTORM
  HEAVY RAIN
  RAIN
  LIGHT RAIN
  FOG
  FOG W/VISIBILITY <= 1/4 MILE


RELATIVE HUMIDITY (PERCENT)
 HIGHEST   100          1000 AM
 LOWEST     89          1200 AM
 AVERAGE    95

..........................................................


THE WORCESTER MA CLIMATE NORMALS FOR TODAY
                         NORMAL    RECORD    YEAR
 MAXIMUM TEMPERATURE (F)   52        86      2010
 MINIMUM TEMPERATURE (F)   34        11      1982


SUNRISE AND SUNSET
APRIL  7 2017.........SUNRISE   619 AM EDT   SUNSET   720 PM EDT
APRIL  8 2017.........SUNRISE   618 AM EDT   SUNSET   721 PM EDT


-  INDICATES NEGATIVE NUMBERS.
R  INDICATES RECORD WAS SET OR TIED.
MM INDICATES DATA IS MISSING.
T  INDICATES TRACE AMOUNT.




$$
