000
CDUS41 KBOX 011235
CLIORH


CLIMATE REPORT
NATIONAL WEATHER SERVICE TAUNTON MA
835 AM EDT MON JUN 1 2015


...................................

...THE WORCESTER MA CLIMATE SUMMARY FOR MAY 31 2015...

CLIMATE NORMAL PERIOD 1981 TO 2010
CLIMATE RECORD PERIOD 1892 TO 2015


WEATHER ITEM   OBSERVED TIME   RECORD YEAR NORMAL DEPARTURE LAST
                VALUE   (LST)  VALUE       VALUE  FROM      YEAR
                                                  NORMAL
..................................................................
TEMPERATURE (F)
 YESTERDAY
  MAXIMUM         74   1247 PM  92    1944  70      4       64
  MINIMUM         46   1159 PM  32    1938  51     -5       46
  AVERAGE         60                        61     -1       55

PRECIPITATION (IN)
  YESTERDAY        0.45          2.28 1972   0.15   0.30      T
  MONTH TO DATE    0.60                      4.19  -3.59     4.15
  SINCE MAR 1      5.99                     12.51  -6.52    14.01
  SINCE JAN 1     14.30                     19.23  -4.93    21.19

SNOWFALL (IN)
  YESTERDAY       MM             T    1942   0.0   MM        0.0
  MONTH TO DATE    0.0                       T      0.0      0.0
  SINCE MAR 1     11.1                      14.2   -3.1      4.3
  SINCE JUL 1    119.7                      64.1   55.6     85.2
  SNOW DEPTH       0

DEGREE DAYS
 HEATING
  YESTERDAY        5                         6     -1       10
  MONTH TO DATE  134                       287   -153      263
  SINCE MAR 1   1778                      1797    -19     1974
  SINCE JUL 1   6892                      6634    258     7028

 COOLING
  YESTERDAY        0                         1     -1        0
  MONTH TO DATE   66                        19     47        8
  SINCE MAR 1     66                        22     44        8
  SINCE JAN 1     66                        22     44        8
..................................................................


WIND (MPH)
  RESULTANT WIND SPEED   5   RESULTANT WIND DIRECTION  SW (240)
  HIGHEST WIND SPEED    20   HIGHEST WIND DIRECTION     E (80)
  HIGHEST GUST SPEED    27   HIGHEST GUST DIRECTION    NE (30)
  AVERAGE WIND SPEED    12.4


SKY COVER
  POSSIBLE SUNSHINE  MM
  AVERAGE SKY COVER 0.8


WEATHER CONDITIONS
 THE FOLLOWING WEATHER WAS RECORDED YESTERDAY.
  THUNDERSTORM
  HEAVY RAIN
  RAIN
  LIGHT RAIN
  FOG
  FOG W/VISIBILITY <= 1/4 MILE


RELATIVE HUMIDITY (PERCENT)
 HIGHEST    93           400 AM
 LOWEST     79           100 PM
 AVERAGE    86

..........................................................


THE WORCESTER MA CLIMATE NORMALS FOR TODAY
                         NORMAL    RECORD    YEAR
 MAXIMUM TEMPERATURE (F)   70        92      1937
 MINIMUM TEMPERATURE (F)   52        35      1945


SUNRISE AND SUNSET
JUNE  1 2015..........SUNRISE   514 AM EDT   SUNSET   817 PM EDT
JUNE  2 2015..........SUNRISE   513 AM EDT   SUNSET   818 PM EDT


-  INDICATES NEGATIVE NUMBERS.
R  INDICATES RECORD WAS SET OR TIED.
MM INDICATES DATA IS MISSING.
T  INDICATES TRACE AMOUNT.




$$
