000
CDUS41 KBOX 262132
CLIORH


CLIMATE REPORT
NATIONAL WEATHER SERVICE TAUNTON MA
528 PM EDT THU MAY 26 2016


...................................

...THE WORCESTER MA CLIMATE SUMMARY FOR MAY 26 2016...
VALID AS OF 0500 PM LOCAL TIME.

CLIMATE NORMAL PERIOD 1981 TO 2010
CLIMATE RECORD PERIOD 1892 TO 2016


WEATHER ITEM   OBSERVED TIME   RECORD YEAR NORMAL DEPARTURE LAST
                VALUE   (LST)  VALUE       VALUE  FROM      YEAR
                                                  NORMAL
..................................................................
TEMPERATURE (F)
 TODAY
  MAXIMUM         86    315 PM  94    2010  69     17       83
  MINIMUM         62    441 AM  35    1992  50     12       62
                                      1972
                                      1925
  AVERAGE         74                        59     15       73

PRECIPITATION (IN)
  TODAY            0.00          1.73 2003   0.15  -0.15     0.00
  MONTH TO DATE    1.96                      3.45  -1.49     0.14
  SINCE MAR 1      8.08                     11.77  -3.69     5.53
  SINCE JAN 1     15.47                     18.49  -3.02    13.84

SNOWFALL (IN)
  TODAY            0.0           T    1927   0.0    0.0      0.0
  MONTH TO DATE    0.0                       0.0    0.0      0.0
  SINCE MAR 1     15.5                      14.2    1.3     11.1
  SINCE JUL 1     47.2                      64.1  -16.9    119.7
  SNOW DEPTH       0

DEGREE DAYS
 HEATING
  TODAY            0                         7     -7        0
  MONTH TO DATE  276                       257     19      129
  SINCE MAR 1   1648                      1767   -119     1773
  SINCE JUL 1   5707                      6604   -897     6887

 COOLING
  TODAY            9                         1      8        8
  MONTH TO DATE   12                        11      1       41
  SINCE MAR 1     16                        14      2       41
  SINCE JAN 1     16                        14      2       41
..................................................................


WIND (MPH)
  HIGHEST WIND SPEED    15   HIGHEST WIND DIRECTION     W (250)
  HIGHEST GUST SPEED    19   HIGHEST GUST DIRECTION     W (280)
  AVERAGE WIND SPEED     9.1


SKY COVER
  POSSIBLE SUNSHINE  MM
  AVERAGE SKY COVER 0.0


WEATHER CONDITIONS
 THE FOLLOWING WEATHER WAS RECORDED TODAY.
  NO SIGNIFICANT WEATHER WAS OBSERVED.


RELATIVE HUMIDITY (PERCENT)
 HIGHEST    67           500 AM
 LOWEST     31           300 PM
 AVERAGE    49

..........................................................


THE WORCESTER MA CLIMATE NORMALS FOR TOMORROW
                         NORMAL    RECORD    YEAR
 MAXIMUM TEMPERATURE (F)   69        91      1914
 MINIMUM TEMPERATURE (F)   50        36      1969


SUNRISE AND SUNSET
MAY 26 2016...........SUNRISE   517 AM EDT   SUNSET   813 PM EDT
MAY 27 2016...........SUNRISE   516 AM EDT   SUNSET   814 PM EDT


-  INDICATES NEGATIVE NUMBERS.
R  INDICATES RECORD WAS SET OR TIED.
MM INDICATES DATA IS MISSING.
T  INDICATES TRACE AMOUNT.




$$
