000
CDUS41 KBOX 300524
CLIORH


CLIMATE REPORT
NATIONAL WEATHER SERVICE TAUNTON MA
124 AM EDT SAT SEP 30 2017


...................................

...THE WORCESTER MA CLIMATE SUMMARY FOR SEPTEMBER 29 2017...

CLIMATE NORMAL PERIOD 1981 TO 2010
CLIMATE RECORD PERIOD 1892 TO 2017


WEATHER ITEM   OBSERVED TIME   RECORD YEAR NORMAL DEPARTURE LAST
                VALUE   (LST)  VALUE       VALUE  FROM      YEAR
                                                  NORMAL
..................................................................
TEMPERATURE (F)
 YESTERDAY
  MAXIMUM         62    330 PM  84    1952  65     -3       58
                                      1929
  MINIMUM         43    602 AM  28    1947  48     -5       48
  AVERAGE         53                        56     -3       53

PRECIPITATION (IN)
  YESTERDAY        0.00          2.19 1963   0.15  -0.15     0.00
  MONTH TO DATE    2.49                      3.77  -1.28     3.01
  SINCE SEP 1      2.49                      3.77  -1.28     3.01
  SINCE JAN 1     31.78                     35.13  -3.35    26.41

SNOWFALL (IN)
  YESTERDAY        0.0           0.0  2002   0.0    0.0      0.0
                                      2001
                                      2000
  MONTH TO DATE    0.0                       0.0    0.0      0.0
  SINCE SEP 1      0.0                       0.0    0.0      0.0
  SINCE JUL 1      0.0                       0.0    0.0      0.0
  SNOW DEPTH      MM

DEGREE DAYS
 HEATING
  YESTERDAY       12                         9      3       12
  MONTH TO DATE   78                       143    -65       80
  SINCE SEP 1     78                       143    -65       80
  SINCE JUL 1    126                       182    -56       89

 COOLING
  YESTERDAY        0                         0      0        0
  MONTH TO DATE   84                        41     43       75
  SINCE SEP 1     84                        41     43       75
  SINCE JAN 1    515                       467     48      663
..................................................................


WIND (MPH)
  RESULTANT WIND SPEED   6   RESULTANT WIND DIRECTION  NW (320)
  HIGHEST WIND SPEED    14   HIGHEST WIND DIRECTION    NW (300)
  HIGHEST GUST SPEED    19   HIGHEST GUST DIRECTION    NW (330)
  AVERAGE WIND SPEED     6.3


SKY COVER
  POSSIBLE SUNSHINE  MM
  AVERAGE SKY COVER 0.1


WEATHER CONDITIONS
 THE FOLLOWING WEATHER WAS RECORDED YESTERDAY.
  NO SIGNIFICANT WEATHER WAS OBSERVED.


RELATIVE HUMIDITY (PERCENT)
 HIGHEST    82           600 AM
 LOWEST     42           100 PM
 AVERAGE    62

..........................................................


THE WORCESTER MA CLIMATE NORMALS FOR TODAY
                         NORMAL    RECORD    YEAR
 MAXIMUM TEMPERATURE (F)   64        83      1986
 MINIMUM TEMPERATURE (F)   47        28      1941


SUNRISE AND SUNSET
SEPTEMBER 30 2017.....SUNRISE   644 AM EDT   SUNSET   630 PM EDT
OCTOBER  1 2017.......SUNRISE   645 AM EDT   SUNSET   629 PM EDT


-  INDICATES NEGATIVE NUMBERS.
R  INDICATES RECORD WAS SET OR TIED.
MM INDICATES DATA IS MISSING.
T  INDICATES TRACE AMOUNT.




$$
