000
CDUS41 KBOX 080550
CLIORH


CLIMATE REPORT
NATIONAL WEATHER SERVICE TAUNTON MA
1239 AM EST THU FEB 8 2018


...................................

...THE WORCESTER MA CLIMATE SUMMARY FOR FEBRUARY 7 2018...

CLIMATE NORMAL PERIOD 1981 TO 2010
CLIMATE RECORD PERIOD 1892 TO 2018


WEATHER ITEM   OBSERVED TIME   RECORD YEAR NORMAL DEPARTURE LAST
                VALUE   (LST)  VALUE       VALUE  FROM      YEAR
                                                  NORMAL
..................................................................
TEMPERATURE (F)
 YESTERDAY
  MAXIMUM         35    710 PM  55    1925  33      2       30
  MINIMUM         17    321 AM -11    1934  18     -1       23
  AVERAGE         26                        26      0       27

PRECIPITATION (IN)
  YESTERDAY        0.76          2.05 1951   0.11   0.65     0.35
  MONTH TO DATE    1.72                      0.79   0.93     0.40
  SINCE DEC 1      8.19                      8.10   0.09     8.11
  SINCE JAN 1      5.34                      4.28   1.06     4.31

SNOWFALL (IN)
  YESTERDAY        2.5          15.6  1983   0.5    2.0      1.8
  MONTH TO DATE    4.0                       4.0    0.0      2.7
  SINCE DEC 1     39.5                      35.5    4.0     35.1
  SINCE JUL 1     39.5                      38.3    1.2     35.1
  SNOW DEPTH      MM

DEGREE DAYS
 HEATING
  YESTERDAY       39                        39      0       38
  MONTH TO DATE  286                       279      7      271
  SINCE DEC 1   2778                      2650    128     2445
  SINCE JUL 1   3914                      4052   -138     3632

 COOLING
  YESTERDAY        0                         0      0        0
  MONTH TO DATE    0                         0      0        0
  SINCE DEC 1      0                         0      0        0
  SINCE JAN 1      0                         0      0        0
..................................................................


WIND (MPH)
  RESULTANT WIND SPEED   3   RESULTANT WIND DIRECTION  NE (40)
  HIGHEST WIND SPEED    24   HIGHEST WIND DIRECTION    NW (300)
  HIGHEST GUST SPEED    34   HIGHEST GUST DIRECTION    NW (300)
  AVERAGE WIND SPEED     8.1


SKY COVER
  POSSIBLE SUNSHINE  MM
  AVERAGE SKY COVER 0.6


WEATHER CONDITIONS
 THE FOLLOWING WEATHER WAS RECORDED YESTERDAY.
  RAIN
  LIGHT RAIN
  FREEZING RAIN
  LT FREEZING RAIN
  HEAVY SNOW
  SNOW
  LIGHT SNOW
  FOG
  FOG W/VISIBILITY <= 1/4 MILE


RELATIVE HUMIDITY (PERCENT)
 HIGHEST    96           700 PM
 LOWEST     62           300 AM
 AVERAGE    79

..........................................................


THE WORCESTER MA CLIMATE NORMALS FOR TODAY
                         NORMAL    RECORD    YEAR
 MAXIMUM TEMPERATURE (F)   33        65      1925
 MINIMUM TEMPERATURE (F)   18       -10      1963


SUNRISE AND SUNSET
FEBRUARY  8 2018......SUNRISE   653 AM EST   SUNSET   511 PM EST
FEBRUARY  9 2018......SUNRISE   652 AM EST   SUNSET   512 PM EST


-  INDICATES NEGATIVE NUMBERS.
R  INDICATES RECORD WAS SET OR TIED.
MM INDICATES DATA IS MISSING.
T  INDICATES TRACE AMOUNT.




$$
