000
CDUS41 KBOX 052131
CLIORH


CLIMATE REPORT
NATIONAL WEATHER SERVICE TAUNTON MA
531 PM EDT MON JUN 5 2017


...................................

...THE WORCESTER MA CLIMATE SUMMARY FOR JUNE 5 2017...
VALID AS OF 0500 PM LOCAL TIME.

CLIMATE NORMAL PERIOD 1981 TO 2010
CLIMATE RECORD PERIOD 1892 TO 2017


WEATHER ITEM   OBSERVED TIME   RECORD YEAR NORMAL DEPARTURE LAST
                VALUE   (LST)  VALUE       VALUE  FROM      YEAR
                                                  NORMAL
..................................................................
TEMPERATURE (F)
 TODAY
  MAXIMUM         53    247 PM  92    1930  71    -18       64
                                      1925
                                      1923
  MINIMUM         52    359 PM  39    1929  53     -1       59
  AVERAGE         53                        62     -9       62

PRECIPITATION (IN)
  TODAY            0.11          2.65 1982   0.15  -0.04     0.93
  MONTH TO DATE    0.18                      0.78  -0.60     0.94
  SINCE JUN 1      0.18                      0.78  -0.60     0.94
  SINCE JAN 1     21.26                     20.01   1.25    16.66

SNOWFALL (IN)
  TODAY            0.0           0.0  2002   0.0    0.0      0.0
                                      2001
                                      2000
  MONTH TO DATE    0.0                       0.0    0.0      0.0
  SINCE JUN 1      0.0                       0.0    0.0      0.0
  SINCE JUL 1     78.3                      64.1   14.2     47.2
  SNOW DEPTH       0

DEGREE DAYS
 HEATING
  TODAY           12                         5      7        3
  MONTH TO DATE   39                        25     14        9
  SINCE JUN 1     39                        25     14        9
  SINCE JUL 1   6224                      6659   -435     5720

 COOLING
  TODAY            0                         2     -2        0
  MONTH TO DATE    0                         7     -7        6
  SINCE JUN 1      0                         7     -7        6
  SINCE JAN 1     34                        29      5       48
..................................................................


WIND (MPH)
  HIGHEST WIND SPEED    16   HIGHEST WIND DIRECTION     E (70)
  HIGHEST GUST SPEED    22   HIGHEST GUST DIRECTION    NE (50)
  AVERAGE WIND SPEED     9.0


SKY COVER
  POSSIBLE SUNSHINE  MM
  AVERAGE SKY COVER 0.9


WEATHER CONDITIONS
 THE FOLLOWING WEATHER WAS RECORDED TODAY.
  RAIN
  LIGHT RAIN
  FOG
  FOG W/VISIBILITY <= 1/4 MILE


RELATIVE HUMIDITY (PERCENT)
 HIGHEST   100           600 AM
 LOWEST     93           200 AM
 AVERAGE    97

..........................................................


THE WORCESTER MA CLIMATE NORMALS FOR TOMORROW
                         NORMAL    RECORD    YEAR
 MAXIMUM TEMPERATURE (F)   72        94      1925
 MINIMUM TEMPERATURE (F)   53        41      1945


SUNRISE AND SUNSET
JUNE  5 2017..........SUNRISE   512 AM EDT   SUNSET   820 PM EDT
JUNE  6 2017..........SUNRISE   512 AM EDT   SUNSET   821 PM EDT


-  INDICATES NEGATIVE NUMBERS.
R  INDICATES RECORD WAS SET OR TIED.
MM INDICATES DATA IS MISSING.
T  INDICATES TRACE AMOUNT.




$$
