000
CDUS41 KBOX 102140
CLIORH


CLIMATE REPORT
NATIONAL WEATHER SERVICE TAUNTON MA
529 PM EDT TUE MAY 10 2016


...................................

...THE WORCESTER MA CLIMATE SUMMARY FOR MAY 10 2016...
VALID AS OF 0500 PM LOCAL TIME.

CLIMATE NORMAL PERIOD 1981 TO 2010
CLIMATE RECORD PERIOD 1892 TO 2016


WEATHER ITEM   OBSERVED TIME   RECORD YEAR NORMAL DEPARTURE LAST
                VALUE   (LST)  VALUE       VALUE  FROM      YEAR
                                                  NORMAL
..................................................................
TEMPERATURE (F)
 TODAY
  MAXIMUM         67    322 PM  90    1979  64      3       85
  MINIMUM         38    451 AM  30    1966  45     -7       63
                                      1958
                                      1900
  AVERAGE         53                        55     -2       74

PRECIPITATION (IN)
  TODAY            0.00          1.72 1990   0.13  -0.13     0.00
  MONTH TO DATE    1.44                      1.26   0.18     0.02
  SINCE MAR 1      7.56                      9.58  -2.02     5.41
  SINCE JAN 1     14.95                     16.30  -1.35    13.72

SNOWFALL (IN)
  TODAY            0.0           1.3  1977   0.0    0.0      0.0
  MONTH TO DATE    0.0                       0.0    0.0      0.0
  SINCE MAR 1     15.5                      14.2    1.3     11.1
  SINCE JUL 1     47.2                      64.1  -16.9    119.7
  SNOW DEPTH      MM

DEGREE DAYS
 HEATING
  TODAY           12                        11      1        0
  MONTH TO DATE  178                       121     57       44
  SINCE MAR 1   1550                      1631    -81     1688
  SINCE JUL 1   5609                      6468   -859     6802

 COOLING
  TODAY            0                         0      0        9
  MONTH TO DATE    0                         0      0       16
  SINCE MAR 1      4                         3      1       16
  SINCE JAN 1      4                         3      1       16
..................................................................


WIND (MPH)
  HIGHEST WIND SPEED    17   HIGHEST WIND DIRECTION     W (270)
  HIGHEST GUST SPEED    28   HIGHEST GUST DIRECTION     W (280)
  AVERAGE WIND SPEED     8.9


SKY COVER
  POSSIBLE SUNSHINE  MM
  AVERAGE SKY COVER 0.0


WEATHER CONDITIONS
 THE FOLLOWING WEATHER WAS RECORDED TODAY.
  NO SIGNIFICANT WEATHER WAS OBSERVED.


RELATIVE HUMIDITY (PERCENT)
 HIGHEST    54           300 AM
 LOWEST     24           300 PM
 AVERAGE    39

..........................................................


THE WORCESTER MA CLIMATE NORMALS FOR TOMORROW
                         NORMAL    RECORD    YEAR
 MAXIMUM TEMPERATURE (F)   65        87      1936
 MINIMUM TEMPERATURE (F)   45        29      1900


SUNRISE AND SUNSET
MAY 10 2016...........SUNRISE   531 AM EDT   SUNSET   757 PM EDT
MAY 11 2016...........SUNRISE   530 AM EDT   SUNSET   758 PM EDT


-  INDICATES NEGATIVE NUMBERS.
R  INDICATES RECORD WAS SET OR TIED.
MM INDICATES DATA IS MISSING.
T  INDICATES TRACE AMOUNT.




$$
