000
CDUS41 KBOX 120544
CLIORH


CLIMATE REPORT
NATIONAL WEATHER SERVICE TAUNTON MA
139 AM EDT FRI SEP 12 2014


...................................

...THE WORCESTER MA CLIMATE SUMMARY FOR SEPTEMBER 11 2014...

CLIMATE NORMAL PERIOD 1981 TO 2010
CLIMATE RECORD PERIOD 1892 TO 2014


WEATHER ITEM   OBSERVED TIME   RECORD YEAR NORMAL DEPARTURE LAST
                VALUE   (LST)  VALUE       VALUE  FROM      YEAR
                                                  NORMAL
..................................................................
TEMPERATURE (F)
 YESTERDAY
  MAXIMUM         72    525 PM  91    1983  71      1       90
                                      1931
  MINIMUM         57   1159 PM  39    1917  55      2       68
  AVERAGE         65                        63      2       79

PRECIPITATION (IN)
  YESTERDAY        T             5.05 1954   0.12  -0.12      T
  MONTH TO DATE    1.07                      1.26  -0.19     1.86
  SINCE SEP 1      1.07                      1.26  -0.19     1.86
  SINCE JAN 1     36.10                     32.62   3.48    34.88

SNOWFALL (IN)
  YESTERDAY        0.0           0.0  2002   0.0    0.0      0.0
                                      2001
                                      2000
  MONTH TO DATE    0.0                       0.0    0.0      0.0
  SINCE SEP 1      0.0                       0.0    0.0      0.0
  SINCE JUL 1      0.0                       0.0    0.0      0.0
  SNOW DEPTH      MM

DEGREE DAYS
 HEATING
  YESTERDAY        0                         4     -4        0
  MONTH TO DATE   10                        29    -19       31
  SINCE SEP 1     10                        29    -19       31
  SINCE JUL 1     30                        68    -38       50

 COOLING
  YESTERDAY        0                         2     -2       14
  MONTH TO DATE   52                        26     26       31
  SINCE SEP 1     52                        26     26       31
  SINCE JAN 1    414                       452    -38      562
..................................................................


WIND (MPH)
  RESULTANT WIND SPEED  10   RESULTANT WIND DIRECTION  SW (230)
  HIGHEST WIND SPEED    22   HIGHEST WIND DIRECTION    SW (220)
  HIGHEST GUST SPEED    29   HIGHEST GUST DIRECTION    SW (210)
  AVERAGE WIND SPEED    12.5


SKY COVER
  POSSIBLE SUNSHINE  MM
  AVERAGE SKY COVER 0.8


WEATHER CONDITIONS
 THE FOLLOWING WEATHER WAS RECORDED YESTERDAY.
  LIGHT RAIN
  FOG


RELATIVE HUMIDITY (PERCENT)
 HIGHEST   100          1200 AM
 LOWEST     73          1100 AM
 AVERAGE    87

..........................................................


THE WORCESTER MA CLIMATE NORMALS FOR TODAY
                         NORMAL    RECORD    YEAR
 MAXIMUM TEMPERATURE (F)   71        86      1961
                                             1930
 MINIMUM TEMPERATURE (F)   54        34      1933


SUNRISE AND SUNSET
SEPTEMBER 12 2014.....SUNRISE   624 AM EDT   SUNSET   702 PM EDT
SEPTEMBER 13 2014.....SUNRISE   625 AM EDT   SUNSET   701 PM EDT


-  INDICATES NEGATIVE NUMBERS.
R  INDICATES RECORD WAS SET OR TIED.
MM INDICATES DATA IS MISSING.
T  INDICATES TRACE AMOUNT.




$$
