000
CDUS41 KBOX 100550
CLIORH


CLIMATE REPORT
NATIONAL WEATHER SERVICE TAUNTON MA
1248 AM EST FRI MAR 10 2017


...................................

...THE WORCESTER MA CLIMATE SUMMARY FOR MARCH 9 2017...

CLIMATE NORMAL PERIOD 1981 TO 2010
CLIMATE RECORD PERIOD 1892 TO 2017


WEATHER ITEM   OBSERVED TIME   RECORD YEAR NORMAL DEPARTURE LAST
                VALUE   (LST)  VALUE       VALUE  FROM      YEAR
                                                  NORMAL
..................................................................
TEMPERATURE (F)
 YESTERDAY
  MAXIMUM         45    256 PM  74    2016  40      5       74
                                      2000
  MINIMUM         33   1159 PM  -6    1943  24      9       38
  AVERAGE         39                        32      7       56

PRECIPITATION (IN)
  YESTERDAY        0.00          3.73 1998   0.12  -0.12     0.00
  MONTH TO DATE    0.20                      1.14  -0.94     0.60
  SINCE MAR 1      0.20                      1.14  -0.94     0.60
  SINCE JAN 1      6.55                      7.86  -1.31     7.99

SNOWFALL (IN)
  YESTERDAY        0.0           5.2  1939   0.4   -0.4      0.0
  MONTH TO DATE    T                         4.2   -4.2       T
  SINCE MAR 1      T                         4.2   -4.2       T
  SINCE JUL 1     57.8                      54.1    3.7     31.7
  SNOW DEPTH      MM

DEGREE DAYS
 HEATING
  YESTERDAY       26                        33     -7        9
  MONTH TO DATE  289                       305    -16      271
  SINCE MAR 1    289                       305    -16      271
  SINCE JUL 1   4566                      5142   -576     4330

 COOLING
  YESTERDAY        0                         0      0        0
  MONTH TO DATE    0                         0      0        0
  SINCE MAR 1      0                         0      0        0
  SINCE JAN 1      0                         0      0        0
..................................................................


WIND (MPH)
  RESULTANT WIND SPEED  16   RESULTANT WIND DIRECTION   W (270)
  HIGHEST WIND SPEED    37   HIGHEST WIND DIRECTION     W (280)
  HIGHEST GUST SPEED    50   HIGHEST GUST DIRECTION     W (290)
  AVERAGE WIND SPEED    16.7


SKY COVER
  POSSIBLE SUNSHINE  MM
  AVERAGE SKY COVER 0.1


WEATHER CONDITIONS
 THE FOLLOWING WEATHER WAS RECORDED YESTERDAY.
  NO SIGNIFICANT WEATHER WAS OBSERVED.


RELATIVE HUMIDITY (PERCENT)
 HIGHEST    54           200 AM
 LOWEST     22           400 PM
 AVERAGE    38

..........................................................


THE WORCESTER MA CLIMATE NORMALS FOR TODAY
                         NORMAL    RECORD    YEAR
 MAXIMUM TEMPERATURE (F)   41        65      2006
                                             1977
 MINIMUM TEMPERATURE (F)   25        -1      1929


SUNRISE AND SUNSET
MARCH 10 2017.........SUNRISE   608 AM EST   SUNSET   548 PM EST
MARCH 11 2017.........SUNRISE   606 AM EST   SUNSET   550 PM EST


-  INDICATES NEGATIVE NUMBERS.
R  INDICATES RECORD WAS SET OR TIED.
MM INDICATES DATA IS MISSING.
T  INDICATES TRACE AMOUNT.




$$
