000
CDUS41 KBOX 170547
CLIORH


CLIMATE REPORT
NATIONAL WEATHER SERVICE TAUNTON MA
1239 AM EST TUE FEB 17 2015


...................................

...THE WORCESTER MA CLIMATE SUMMARY FOR FEBRUARY 16 2015...

CLIMATE NORMAL PERIOD 1981 TO 2010
CLIMATE RECORD PERIOD 1892 TO 2015


WEATHER ITEM   OBSERVED TIME   RECORD YEAR NORMAL DEPARTURE LAST
                VALUE   (LST)  VALUE       VALUE  FROM      YEAR
                                                  NORMAL
..................................................................
TEMPERATURE (F)
 YESTERDAY
  MAXIMUM         13    333 PM  62    1954  35    -22       26
  MINIMUM         -9    419 AM -24    1943  20    -29       16
  AVERAGE          2                        27    -25       21

PRECIPITATION (IN)
  YESTERDAY        0.00          1.25 1964   0.12  -0.12      T
  MONTH TO DATE    2.50                      1.81   0.69     3.31
  SINCE DEC 1     12.43                      9.12   3.31    10.84
  SINCE JAN 1      7.53                      5.30   2.23     6.41

SNOWFALL (IN)
  YESTERDAY        0.0          12.9  1958   0.6   -0.6       T
  MONTH TO DATE   47.8                       9.2   38.6     32.5
  SINCE DEC 1     95.8                      40.7   55.1     71.4
  SINCE JUL 1    103.0                      43.5   59.5     71.9
  SNOW DEPTH      MM

DEGREE DAYS
 HEATING
  YESTERDAY       63                        38     25       44
  MONTH TO DATE  622                       626     -4      677
  SINCE DEC 1   2944                      2997    -53     3154
  SINCE JUL 1   4322                      4399    -77     4566

 COOLING
  YESTERDAY        0                         0      0        0
  MONTH TO DATE    0                         0      0        0
  SINCE DEC 1      0                         0      0        0
  SINCE JAN 1      0                         0      0        0
..................................................................


WIND (MPH)
  RESULTANT WIND SPEED  19   RESULTANT WIND DIRECTION   W (290)
  HIGHEST WIND SPEED    37   HIGHEST WIND DIRECTION     W (290)
  HIGHEST GUST SPEED    50   HIGHEST GUST DIRECTION     W (290)
  AVERAGE WIND SPEED    18.6


SKY COVER
  POSSIBLE SUNSHINE  MM
  AVERAGE SKY COVER 0.0


WEATHER CONDITIONS
 THE FOLLOWING WEATHER WAS RECORDED YESTERDAY.
  HAZE


RELATIVE HUMIDITY (PERCENT)
 HIGHEST    57          1200 AM
 LOWEST     34           100 PM
 AVERAGE    46

..........................................................


THE WORCESTER MA CLIMATE NORMALS FOR TODAY
                         NORMAL    RECORD    YEAR
 MAXIMUM TEMPERATURE (F)   35        56      1981
 MINIMUM TEMPERATURE (F)   20       -14      1896


SUNRISE AND SUNSET
FEBRUARY 17 2015......SUNRISE   641 AM EST   SUNSET   522 PM EST
FEBRUARY 18 2015......SUNRISE   640 AM EST   SUNSET   523 PM EST


-  INDICATES NEGATIVE NUMBERS.
R  INDICATES RECORD WAS SET OR TIED.
MM INDICATES DATA IS MISSING.
T  INDICATES TRACE AMOUNT.




$$
