000
CDUS41 KBOX 020544
CLIORH


CLIMATE REPORT
NATIONAL WEATHER SERVICE TAUNTON MA
1238 AM EST TUE FEB 2 2016


...................................

...THE WORCESTER MA CLIMATE SUMMARY FOR FEBRUARY 1 2016...

CLIMATE NORMAL PERIOD 1981 TO 2010
CLIMATE RECORD PERIOD 1892 TO 2016


WEATHER ITEM   OBSERVED TIME   RECORD YEAR NORMAL DEPARTURE LAST
                VALUE   (LST)  VALUE       VALUE  FROM      YEAR
                                                  NORMAL
..................................................................
TEMPERATURE (F)
 YESTERDAY
  MAXIMUM         58   1139 AM  61    1989  32     26       28
  MINIMUM         36   1159 PM -11    1935  17     19        5
  AVERAGE         47                        25     22       17

PRECIPITATION (IN)
  YESTERDAY        0.00          1.69 2008   0.11  -0.11     0.00
  MONTH TO DATE    0.00                      0.11  -0.11     0.00
  SINCE DEC 1      6.77                      7.42  -0.65     9.93
  SINCE JAN 1      2.12                      3.60  -1.48     5.03

SNOWFALL (IN)
  YESTERDAY        0.0           7.6  2011   0.6   -0.6      0.0
  MONTH TO DATE    0.0                       0.6   -0.6      0.0
  SINCE DEC 1     11.1                      32.1  -21.0     48.0
  SINCE JUL 1     11.1                      34.9  -23.8     55.2
  SNOW DEPTH      MM

DEGREE DAYS
 HEATING
  YESTERDAY       18                        40    -22       48
  MONTH TO DATE   18                        40    -22       48
  SINCE DEC 1   1908                      2411   -503     2370
  SINCE JUL 1   3057                      3813   -756     3748

 COOLING
  YESTERDAY        0                         0      0        0
  MONTH TO DATE    0                         0      0        0
  SINCE DEC 1      0                         0      0        0
  SINCE JAN 1      0                         0      0        0
..................................................................


WIND (MPH)
  RESULTANT WIND SPEED  14   RESULTANT WIND DIRECTION   W (260)
  HIGHEST WIND SPEED    29   HIGHEST WIND DIRECTION     W (290)
  HIGHEST GUST SPEED    37   HIGHEST GUST DIRECTION     W (290)
  AVERAGE WIND SPEED    15.9


SKY COVER
  POSSIBLE SUNSHINE  MM
  AVERAGE SKY COVER 0.0


WEATHER CONDITIONS
 THE FOLLOWING WEATHER WAS RECORDED YESTERDAY.
  NO SIGNIFICANT WEATHER WAS OBSERVED.


RELATIVE HUMIDITY (PERCENT)
 HIGHEST    85           300 AM
 LOWEST     42           300 PM
 AVERAGE    64

..........................................................


THE WORCESTER MA CLIMATE NORMALS FOR TODAY
                         NORMAL    RECORD    YEAR
 MAXIMUM TEMPERATURE (F)   32        55      1973
 MINIMUM TEMPERATURE (F)   17       -10      1961


SUNRISE AND SUNSET
FEBRUARY  2 2016......SUNRISE   700 AM EST   SUNSET   502 PM EST
FEBRUARY  3 2016......SUNRISE   659 AM EST   SUNSET   504 PM EST


-  INDICATES NEGATIVE NUMBERS.
R  INDICATES RECORD WAS SET OR TIED.
MM INDICATES DATA IS MISSING.
T  INDICATES TRACE AMOUNT.




$$
