000
CDUS41 KBOX 250550
CLIORH


CLIMATE REPORT
NATIONAL WEATHER SERVICE TAUNTON MA
149 AM EDT MON MAY 25 2015


...................................

...THE WORCESTER MA CLIMATE SUMMARY FOR MAY 24 2015...

CLIMATE NORMAL PERIOD 1981 TO 2010
CLIMATE RECORD PERIOD 1892 TO 2015


WEATHER ITEM   OBSERVED TIME   RECORD YEAR NORMAL DEPARTURE LAST
                VALUE   (LST)  VALUE       VALUE  FROM      YEAR
                                                  NORMAL
..................................................................
TEMPERATURE (F)
 YESTERDAY
  MAXIMUM         79    247 PM  88    1964  68     11       63
                                      1936
  MINIMUM         48    217 AM  33    1956  49     -1       48
                                      1935
                                      1932
  AVERAGE         64                        59      5       56

PRECIPITATION (IN)
  YESTERDAY        0.00          1.78 1951   0.16  -0.16     0.06
  MONTH TO DATE    0.14                      3.15  -3.01     3.28
  SINCE MAR 1      5.53                     11.47  -5.94    13.14
  SINCE JAN 1     13.84                     18.19  -4.35    20.32

SNOWFALL (IN)
  YESTERDAY        0.0           0.0  2014   0.0    0.0      0.0
  MONTH TO DATE    0.0                       0.0    0.0      0.0
  SINCE MAR 1     11.1                      14.2   -3.1      4.3
  SINCE JUL 1    119.7                      64.1   55.6     85.2
  SNOW DEPTH      MM

DEGREE DAYS
 HEATING
  YESTERDAY        1                         7     -6        9
  MONTH TO DATE  129                       243   -114      198
  SINCE MAR 1   1773                      1753     20     1909
  SINCE JUL 1   6887                      6590    297     6963

 COOLING
  YESTERDAY        0                         1     -1        0
  MONTH TO DATE   29                         9     20        6
  SINCE MAR 1     29                        12     17        6
  SINCE JAN 1     29                        12     17        6
..................................................................


WIND (MPH)
  RESULTANT WIND SPEED  14   RESULTANT WIND DIRECTION   W (250)
  HIGHEST WIND SPEED    22   HIGHEST WIND DIRECTION     W (250)
  HIGHEST GUST SPEED    28   HIGHEST GUST DIRECTION     W (250)
  AVERAGE WIND SPEED    13.9


SKY COVER
  POSSIBLE SUNSHINE  MM
  AVERAGE SKY COVER 0.0


WEATHER CONDITIONS
 THE FOLLOWING WEATHER WAS RECORDED YESTERDAY.
  HAZE


RELATIVE HUMIDITY (PERCENT)
 HIGHEST    56           100 AM
 LOWEST     21           300 PM
 AVERAGE    39

..........................................................


THE WORCESTER MA CLIMATE NORMALS FOR TODAY
                         NORMAL    RECORD    YEAR
 MAXIMUM TEMPERATURE (F)   68        88      2007
                                             1932
                                             1904
 MINIMUM TEMPERATURE (F)   50        33      1967
                                             1956
                                             1945


SUNRISE AND SUNSET
MAY 25 2015...........SUNRISE   518 AM EDT   SUNSET   811 PM EDT
MAY 26 2015...........SUNRISE   517 AM EDT   SUNSET   812 PM EDT


-  INDICATES NEGATIVE NUMBERS.
R  INDICATES RECORD WAS SET OR TIED.
MM INDICATES DATA IS MISSING.
T  INDICATES TRACE AMOUNT.




$$
