000
CDUS41 KBOX 150623
CLIORH


CLIMATE REPORT
NATIONAL WEATHER SERVICE TAUNTON MA
221 AM EDT SAT APR 15 2017


...................................

...THE WORCESTER MA CLIMATE SUMMARY FOR APRIL 14 2017...

CLIMATE NORMAL PERIOD 1981 TO 2010
CLIMATE RECORD PERIOD 1892 TO 2017


WEATHER ITEM   OBSERVED TIME   RECORD YEAR NORMAL DEPARTURE LAST
                VALUE   (LST)  VALUE       VALUE  FROM      YEAR
                                                  NORMAL
..................................................................
TEMPERATURE (F)
 YESTERDAY
  MAXIMUM         59    502 PM  79    1938  55      4       54
  MINIMUM         40    334 AM  18    1940  37      3       35
  AVERAGE         50                        46      4       45

PRECIPITATION (IN)
  YESTERDAY        0.00          2.17 1895   0.15  -0.15     0.00
  MONTH TO DATE    3.14                      2.04   1.10     2.31
  SINCE MAR 1      7.15                      6.25   0.90     5.80
  SINCE JAN 1     13.50                     12.97   0.53    13.19

SNOWFALL (IN)
  YESTERDAY        0.0           3.8  1953   0.1   -0.1      0.0
  MONTH TO DATE    2.9                       1.8    1.1     10.0
  SINCE MAR 1     20.5                      13.2    7.3     15.5
  SINCE JUL 1     78.3                      63.1   15.2     47.2
  SNOW DEPTH      MM

DEGREE DAYS
 HEATING
  YESTERDAY       15                        20     -5       20
  MONTH TO DATE  265                       309    -44      370
  SINCE MAR 1   1345                      1248     97     1139
  SINCE JUL 1   5622                      6085   -463     5198

 COOLING
  YESTERDAY        0                         0      0        0
  MONTH TO DATE    3                         0      3        0
  SINCE MAR 1      3                         0      3        0
  SINCE JAN 1      3                         0      3        0
..................................................................


WIND (MPH)
  RESULTANT WIND SPEED   5   RESULTANT WIND DIRECTION   N (340)
  HIGHEST WIND SPEED    17   HIGHEST WIND DIRECTION     N (360)
  HIGHEST GUST SPEED    22   HIGHEST GUST DIRECTION     N (350)
  AVERAGE WIND SPEED     6.7


SKY COVER
  POSSIBLE SUNSHINE  MM
  AVERAGE SKY COVER 0.0


WEATHER CONDITIONS
 THE FOLLOWING WEATHER WAS RECORDED YESTERDAY.
  NO SIGNIFICANT WEATHER WAS OBSERVED.


RELATIVE HUMIDITY (PERCENT)
 HIGHEST    49          1100 PM
 LOWEST     13           300 PM
 AVERAGE    31

..........................................................


THE WORCESTER MA CLIMATE NORMALS FOR TODAY
                         NORMAL    RECORD    YEAR
 MAXIMUM TEMPERATURE (F)   55        85      1941
 MINIMUM TEMPERATURE (F)   37        19      1940


SUNRISE AND SUNSET
APRIL 15 2017.........SUNRISE   606 AM EDT   SUNSET   729 PM EDT
APRIL 16 2017.........SUNRISE   605 AM EDT   SUNSET   730 PM EDT


-  INDICATES NEGATIVE NUMBERS.
R  INDICATES RECORD WAS SET OR TIED.
MM INDICATES DATA IS MISSING.
T  INDICATES TRACE AMOUNT.




$$
