000
CDUS41 KBOX 170539
CLIORH


CLIMATE REPORT
NATIONAL WEATHER SERVICE TAUNTON MA
136 AM EDT SUN APR 17 2016


...................................

...THE WORCESTER MA CLIMATE SUMMARY FOR APRIL 16 2016...

CLIMATE NORMAL PERIOD 1981 TO 2010
CLIMATE RECORD PERIOD 1892 TO 2016


WEATHER ITEM   OBSERVED TIME   RECORD YEAR NORMAL DEPARTURE LAST
                VALUE   (LST)  VALUE       VALUE  FROM      YEAR
                                                  NORMAL
..................................................................
TEMPERATURE (F)
 YESTERDAY
  MAXIMUM         57    436 PM  88    2012  55      2       65
  MINIMUM         38    554 AM  22    1943  37      1       40
  AVERAGE         48                        46      2       53

PRECIPITATION (IN)
  YESTERDAY        0.00          3.23 1996   0.13  -0.13     0.00
  MONTH TO DATE    2.31                      2.31   0.00     1.14
  SINCE MAR 1      5.80                      6.52  -0.72     3.56
  SINCE JAN 1     13.19                     13.24  -0.05    11.87

SNOWFALL (IN)
  YESTERDAY        0.0           2.4  1992   0.1   -0.1      0.0
  MONTH TO DATE   10.0                       2.0    8.0      0.2
  SINCE MAR 1     15.5                      13.4    2.1     11.1
  SINCE JUL 1     47.2                      63.3  -16.1    119.7
  SNOW DEPTH       0

DEGREE DAYS
 HEATING
  YESTERDAY       17                        19     -2       12
  MONTH TO DATE  403                       347     56      331
  SINCE MAR 1   1172                      1286   -114     1417
  SINCE JUL 1   5231                      6123   -892     6531

 COOLING
  YESTERDAY        0                         0      0        0
  MONTH TO DATE    0                         0      0        0
  SINCE MAR 1      0                         0      0        0
  SINCE JAN 1      0                         0      0        0
..................................................................


WIND (MPH)
  RESULTANT WIND SPEED   8   RESULTANT WIND DIRECTION  NE (40)
  HIGHEST WIND SPEED    21   HIGHEST WIND DIRECTION     N (360)
  HIGHEST GUST SPEED    32   HIGHEST GUST DIRECTION    NE (40)
  AVERAGE WIND SPEED     9.3


SKY COVER
  POSSIBLE SUNSHINE  MM
  AVERAGE SKY COVER 0.0


WEATHER CONDITIONS
 THE FOLLOWING WEATHER WAS RECORDED YESTERDAY.
  NO SIGNIFICANT WEATHER WAS OBSERVED.


RELATIVE HUMIDITY (PERCENT)
 HIGHEST    40          1000 PM
 LOWEST     18           200 PM
 AVERAGE    29

..........................................................


THE WORCESTER MA CLIMATE NORMALS FOR TODAY
                         NORMAL    RECORD    YEAR
 MAXIMUM TEMPERATURE (F)   56        90      2002
 MINIMUM TEMPERATURE (F)   38        21      1928


SUNRISE AND SUNSET
APRIL 17 2016.........SUNRISE   603 AM EDT   SUNSET   732 PM EDT
APRIL 18 2016.........SUNRISE   601 AM EDT   SUNSET   733 PM EDT


-  INDICATES NEGATIVE NUMBERS.
R  INDICATES RECORD WAS SET OR TIED.
MM INDICATES DATA IS MISSING.
T  INDICATES TRACE AMOUNT.




$$
