000
CDUS41 KBOX 192135
CLIORH


CLIMATE REPORT
NATIONAL WEATHER SERVICE TAUNTON MA
429 PM EST THU FEB 19 2015


...................................

...THE WORCESTER MA CLIMATE SUMMARY FOR FEBRUARY 19 2015...
VALID AS OF 0400 PM LOCAL TIME.

CLIMATE NORMAL PERIOD 1981 TO 2010
CLIMATE RECORD PERIOD 1892 TO 2015


WEATHER ITEM   OBSERVED TIME   RECORD YEAR NORMAL DEPARTURE LAST
                VALUE   (LST)  VALUE       VALUE  FROM      YEAR
                                                  NORMAL
..................................................................
TEMPERATURE (F)
 TODAY
  MAXIMUM         22   1235 AM  62    1981  36    -14       31
                                      1961
  MINIMUM         14    543 AM  -3    1936  20     -6       14
  AVERAGE         18                        28    -10       23

PRECIPITATION (IN)
  TODAY            T             1.59 1960   0.11  -0.11     0.26
  MONTH TO DATE    2.88                      2.15   0.73     3.83
  SINCE DEC 1     12.81                      9.46   3.35    11.36
  SINCE JAN 1      7.91                      5.64   2.27     6.93

SNOWFALL (IN)
  TODAY            T            14.1  1972   0.5   -0.5      3.0
  MONTH TO DATE   48.6                      10.9   37.7     41.2
  SINCE DEC 1     96.6                      42.4   54.2     80.1
  SINCE JUL 1    103.8                      45.2   58.6     80.6
  SNOW DEPTH      MM

DEGREE DAYS
 HEATING
  TODAY           47                        37     10       42
  MONTH TO DATE  766                       738     28      813
  SINCE DEC 1   3088                      3109    -21     3290
  SINCE JUL 1   4466                      4511    -45     4702

 COOLING
  TODAY            0                         0      0        0
  MONTH TO DATE    0                         0      0        0
  SINCE DEC 1      0                         0      0        0
  SINCE JAN 1      0                         0      0        0
..................................................................


WIND (MPH)
  HIGHEST WIND SPEED    25   HIGHEST WIND DIRECTION     W (290)
  HIGHEST GUST SPEED    36   HIGHEST GUST DIRECTION    NW (300)
  AVERAGE WIND SPEED    11.0


SKY COVER
  POSSIBLE SUNSHINE  MM
  AVERAGE SKY COVER 0.7


WEATHER CONDITIONS
 THE FOLLOWING WEATHER WAS RECORDED TODAY.
  SNOW
  LIGHT SNOW


RELATIVE HUMIDITY (PERCENT)
 HIGHEST    92          1200 AM
 LOWEST     61           200 PM
 AVERAGE    77

..........................................................


THE WORCESTER MA CLIMATE NORMALS FOR TOMORROW
                         NORMAL    RECORD    YEAR
 MAXIMUM TEMPERATURE (F)   36        65      1930
 MINIMUM TEMPERATURE (F)   20        -8      1966


SUNRISE AND SUNSET
FEBRUARY 19 2015......SUNRISE   638 AM EST   SUNSET   525 PM EST
FEBRUARY 20 2015......SUNRISE   637 AM EST   SUNSET   526 PM EST


-  INDICATES NEGATIVE NUMBERS.
R  INDICATES RECORD WAS SET OR TIED.
MM INDICATES DATA IS MISSING.
T  INDICATES TRACE AMOUNT.




$$
