000
CDUS41 KBOX 232129
CLIORH


CLIMATE REPORT
NATIONAL WEATHER SERVICE TAUNTON MA
529 PM EDT SUN AUG 23 2015


...................................

...THE WORCESTER MA CLIMATE SUMMARY FOR AUGUST 23 2015...
VALID TODAY AS OF 0500 PM LOCAL TIME.

CLIMATE NORMAL PERIOD 1981 TO 2010
CLIMATE RECORD PERIOD 1892 TO 2015


WEATHER ITEM   OBSERVED TIME   RECORD YEAR NORMAL DEPARTURE LAST
                VALUE   (LST)  VALUE       VALUE  FROM      YEAR
                                                  NORMAL
..................................................................
TEMPERATURE (F)
 TODAY
  MAXIMUM         69    359 PM  94    1916  77     -8       69
  MINIMUM         63    812 AM  44    1925  60      3       55
  AVERAGE         66                        68     -2       62

PRECIPITATION (IN)
  TODAY            0.04          1.33 1970   0.12  -0.08     0.00
  MONTH TO DATE    3.21                      2.85   0.36     2.27
  SINCE JUN 1     12.42                     11.27   1.15    10.11
  SINCE JAN 1     26.72                     30.50  -3.78    31.30

SNOWFALL (IN)
  TODAY            0.0           T    1940   0.0    0.0      0.0
  MONTH TO DATE    0.0                       0.0    0.0      0.0
  SINCE JUN 1      0.0                       0.0    0.0      0.0
  SINCE JUL 1      0.0                       0.0    0.0      0.0
  SNOW DEPTH      MM

DEGREE DAYS
 HEATING
  TODAY            0                         1     -1        3
  MONTH TO DATE    0                        14    -14       17
  SINCE JUN 1     95                       111    -16       62
  SINCE JUL 1      1                        28    -27       17

 COOLING
  TODAY            1                         4     -3        0
  MONTH TO DATE  146                       116     30       60
  SINCE JUN 1    453                       375     78      318
  SINCE JAN 1    519                       397    122      326
..................................................................


WIND (MPH)
  HIGHEST WIND SPEED    10   HIGHEST WIND DIRECTION     N (20)
  HIGHEST GUST SPEED    14   HIGHEST GUST DIRECTION     N (20)
  AVERAGE WIND SPEED     7.4


SKY COVER
  POSSIBLE SUNSHINE  MM
  AVERAGE SKY COVER 0.9


WEATHER CONDITIONS
 THE FOLLOWING WEATHER WAS RECORDED TODAY.
  LIGHT RAIN
  FOG
  FOG W/VISIBILITY <= 1/4 MILE


RELATIVE HUMIDITY (PERCENT)
 HIGHEST   100           300 AM
 LOWEST     84          1200 PM
 AVERAGE    92

..........................................................


THE WORCESTER MA CLIMATE NORMALS FOR TOMORROW
                         NORMAL    RECORD    YEAR
 MAXIMUM TEMPERATURE (F)   76        92      1947
 MINIMUM TEMPERATURE (F)   60        44      1971
                                             1941


SUNRISE AND SUNSET
AUGUST 23 2015........SUNRISE   603 AM EDT   SUNSET   737 PM EDT
AUGUST 24 2015........SUNRISE   604 AM EDT   SUNSET   735 PM EDT


-  INDICATES NEGATIVE NUMBERS.
R  INDICATES RECORD WAS SET OR TIED.
MM INDICATES DATA IS MISSING.
T  INDICATES TRACE AMOUNT.




$$
