000
CDUS41 KBOX 040553
CLIORH


CLIMATE REPORT
NATIONAL WEATHER SERVICE TAUNTON MA
1249 AM EST WED JAN 4 2017


...................................

...THE WORCESTER MA CLIMATE SUMMARY FOR JANUARY 3 2017...

CLIMATE NORMAL PERIOD 1981 TO 2010
CLIMATE RECORD PERIOD 1892 TO 2017


WEATHER ITEM   OBSERVED TIME   RECORD YEAR NORMAL DEPARTURE LAST
                VALUE   (LST)  VALUE       VALUE  FROM      YEAR
                                                  NORMAL
..................................................................
TEMPERATURE (F)
 YESTERDAY
  MAXIMUM         38   1038 PM  62    1892  32      6       38
  MINIMUM         32    607 AM  -3    2014  18     14       25
                                      1904
  AVERAGE         35                        25     10       32

PRECIPITATION (IN)
  YESTERDAY        0.87          1.85 1936   0.11   0.76     0.00
  MONTH TO DATE    0.96                      0.33   0.63      T
  SINCE DEC 1      4.76                      4.15   0.61     4.65
  SINCE JAN 1      0.96                      0.33   0.63      T

SNOWFALL (IN)
  YESTERDAY       MM            11.0  1996   0.5   MM        0.0
  MONTH TO DATE    0.9                       1.6   -0.7       T
  SINCE DEC 1     18.4                      16.0    2.4      1.4
  SINCE JUL 1     18.4                      18.8   -0.4      1.4
  SNOW DEPTH       0

DEGREE DAYS
 HEATING
  YESTERDAY       30                        40    -10       33
  MONTH TO DATE  101                       120    -19      102
  SINCE DEC 1   1191                      1222    -31      826
  SINCE JUL 1   2378                      2624   -246     1975

 COOLING
  YESTERDAY        0                         0      0        0
  MONTH TO DATE    0                         0      0        0
  SINCE DEC 1      0                         0      0        0
  SINCE JAN 1      0                         0      0        0
..................................................................


WIND (MPH)
  RESULTANT WIND SPEED  11   RESULTANT WIND DIRECTION  NE (50)
  HIGHEST WIND SPEED    20   HIGHEST WIND DIRECTION    NE (30)
  HIGHEST GUST SPEED    27   HIGHEST GUST DIRECTION    NE (30)
  AVERAGE WIND SPEED    11.4


SKY COVER
  POSSIBLE SUNSHINE  MM
  AVERAGE SKY COVER 1.0


WEATHER CONDITIONS
 THE FOLLOWING WEATHER WAS RECORDED YESTERDAY.
  HEAVY RAIN
  RAIN
  LIGHT RAIN
  FOG
  FOG W/VISIBILITY <= 1/4 MILE


RELATIVE HUMIDITY (PERCENT)
 HIGHEST   100           900 AM
 LOWEST     82          1200 AM
 AVERAGE    91

..........................................................


THE WORCESTER MA CLIMATE NORMALS FOR TODAY
                         NORMAL    RECORD    YEAR
 MAXIMUM TEMPERATURE (F)   32        60      1950
 MINIMUM TEMPERATURE (F)   17        -8      1981


SUNRISE AND SUNSET
JANUARY  4 2017.......SUNRISE   716 AM EST   SUNSET   429 PM EST
JANUARY  5 2017.......SUNRISE   716 AM EST   SUNSET   430 PM EST


-  INDICATES NEGATIVE NUMBERS.
R  INDICATES RECORD WAS SET OR TIED.
MM INDICATES DATA IS MISSING.
T  INDICATES TRACE AMOUNT.




$$
