000
CDUS41 KBOX 252131
CLIORH


CLIMATE REPORT
NATIONAL WEATHER SERVICE TAUNTON MA
529 PM EDT THU JUN 25 2015


...................................

...THE WORCESTER MA CLIMATE SUMMARY FOR JUNE 25 2015...
VALID TODAY AS OF 0500 PM LOCAL TIME.

CLIMATE NORMAL PERIOD 1981 TO 2010
CLIMATE RECORD PERIOD 1892 TO 2015


WEATHER ITEM   OBSERVED TIME   RECORD YEAR NORMAL DEPARTURE LAST
                VALUE   (LST)  VALUE       VALUE  FROM      YEAR
                                                  NORMAL
..................................................................
TEMPERATURE (F)
 TODAY
  MAXIMUM         77    345 PM  92    1943  77      0       83
                                      1907
  MINIMUM         60    456 AM  44    1931  59      1       61
  AVERAGE         69                        68      1       72

PRECIPITATION (IN)
  TODAY            0.00          1.14 2011   0.13  -0.13     0.00
  MONTH TO DATE    5.18                      3.57   1.61     1.02
  SINCE JUN 1      5.18                      3.57   1.61     1.02
  SINCE JAN 1     19.48                     22.80  -3.32    22.21

SNOWFALL (IN)
  TODAY            0.0           0.1  1992   0.0    0.0      0.0
  MONTH TO DATE    0.0                       0.0    0.0      0.0
  SINCE JUN 1      0.0                       0.0    0.0      0.0
  SINCE JUL 1    119.7                      64.1   55.6     85.2
  SNOW DEPTH       0

DEGREE DAYS
 HEATING
  TODAY            0                         1     -1        0
  MONTH TO DATE   77                        77      0       45
  SINCE JUN 1     77                        77      0       45
  SINCE JUL 1   6969                      6711    258     7073

 COOLING
  TODAY            4                         4      0        7
  MONTH TO DATE   79                        63     16       56
  SINCE JUN 1     79                        63     16       56
  SINCE JAN 1    145                        85     60       64
..................................................................


WIND (MPH)
  HIGHEST WIND SPEED    18   HIGHEST WIND DIRECTION     W (280)
  HIGHEST GUST SPEED    24   HIGHEST GUST DIRECTION     W (250)
  AVERAGE WIND SPEED     9.8


SKY COVER
  POSSIBLE SUNSHINE  MM
  AVERAGE SKY COVER 0.1


WEATHER CONDITIONS
 THE FOLLOWING WEATHER WAS RECORDED TODAY.
  NO SIGNIFICANT WEATHER WAS OBSERVED.


RELATIVE HUMIDITY (PERCENT)
 HIGHEST    72           100 AM
 LOWEST     40           200 PM
 AVERAGE    56

..........................................................


THE WORCESTER MA CLIMATE NORMALS FOR TOMORROW
                         NORMAL    RECORD    YEAR
 MAXIMUM TEMPERATURE (F)   77        98      1952
 MINIMUM TEMPERATURE (F)   59        45      1986


SUNRISE AND SUNSET
JUNE 25 2015..........SUNRISE   512 AM EDT   SUNSET   828 PM EDT
JUNE 26 2015..........SUNRISE   512 AM EDT   SUNSET   828 PM EDT


-  INDICATES NEGATIVE NUMBERS.
R  INDICATES RECORD WAS SET OR TIED.
MM INDICATES DATA IS MISSING.
T  INDICATES TRACE AMOUNT.




$$
