000
CDUS41 KBOX 112124
CLIORH


CLIMATE REPORT
NATIONAL WEATHER SERVICE TAUNTON MA
418 PM EST TUE NOV 11 2014


...................................

...THE WORCESTER MA CLIMATE SUMMARY FOR NOVEMBER 11 2014...
VALID AS OF 0400 PM LOCAL TIME.

CLIMATE NORMAL PERIOD 1981 TO 2010
CLIMATE RECORD PERIOD 1892 TO 2014


WEATHER ITEM   OBSERVED TIME   RECORD YEAR NORMAL DEPARTURE LAST
                VALUE   (LST)  VALUE       VALUE  FROM      YEAR
                                                  NORMAL
..................................................................
TEMPERATURE (F)
 TODAY
  MAXIMUM         59    259 PM  66    1935  49     10       47
  MINIMUM         40    227 AM  14    1956  35      5       35
  AVERAGE         50                        42      8       41

PRECIPITATION (IN)
  TODAY            0.00          2.57 1991   0.14  -0.14     0.00
  MONTH TO DATE    0.74                      1.54  -0.80     0.30
  SINCE SEP 1      9.83                     10.15  -0.32     4.96
  SINCE JAN 1     44.86                     41.51   3.35    37.98

SNOWFALL (IN)
  TODAY            0.0           5.7  1991   0.1   -0.1      0.0
  MONTH TO DATE    0.0                       0.5   -0.5       T
  SINCE SEP 1      0.0                       0.7   -0.7       T
  SINCE JUL 1      0.0                       0.7   -0.7       T
  SNOW DEPTH      MM

DEGREE DAYS
 HEATING
  TODAY           15                        23     -8       24
  MONTH TO DATE  235                       237     -2      242
  SINCE SEP 1    781                       859    -78      821
  SINCE JUL 1    801                       898    -97      840

 COOLING
  TODAY            0                         0      0        0
  MONTH TO DATE    0                         0      0        0
  SINCE SEP 1     64                        45     19       41
  SINCE JAN 1    426                       471    -45      572
..................................................................


WIND (MPH)
  HIGHEST WIND SPEED    18   HIGHEST WIND DIRECTION     S (190)
  HIGHEST GUST SPEED    23   HIGHEST GUST DIRECTION    SW (210)
  AVERAGE WIND SPEED     8.5


SKY COVER
  POSSIBLE SUNSHINE  MM
  AVERAGE SKY COVER 0.3


WEATHER CONDITIONS
 THE FOLLOWING WEATHER WAS RECORDED TODAY.
  NO SIGNIFICANT WEATHER WAS OBSERVED.


RELATIVE HUMIDITY (PERCENT)
 HIGHEST    96           700 AM
 LOWEST     62           100 PM
 AVERAGE    79

..........................................................


THE WORCESTER MA CLIMATE NORMALS FOR TOMORROW
                         NORMAL    RECORD    YEAR
 MAXIMUM TEMPERATURE (F)   49        73      1909
 MINIMUM TEMPERATURE (F)   34        17      1926


SUNRISE AND SUNSET
NOVEMBER 11 2014......SUNRISE   633 AM EST   SUNSET   430 PM EST
NOVEMBER 12 2014......SUNRISE   634 AM EST   SUNSET   429 PM EST


-  INDICATES NEGATIVE NUMBERS.
R  INDICATES RECORD WAS SET OR TIED.
MM INDICATES DATA IS MISSING.
T  INDICATES TRACE AMOUNT.




$$
