371
CDUS41 KBOX 210557
CLIORH


CLIMATE REPORT
NATIONAL WEATHER SERVICE TAUNTON MA
157 AM EDT WED SEP 21 2016


...................................

...THE WORCESTER MA CLIMATE SUMMARY FOR SEPTEMBER 20 2016...

CLIMATE NORMAL PERIOD 1981 TO 2010
CLIMATE RECORD PERIOD 1892 TO 2016


WEATHER ITEM   OBSERVED TIME   RECORD YEAR NORMAL DEPARTURE LAST
                VALUE   (LST)  VALUE       VALUE  FROM      YEAR
                                                  NORMAL
..................................................................
TEMPERATURE (F)
 YESTERDAY
  MAXIMUM         78    316 PM  89    1983  68     10       70
  MINIMUM         61    550 AM  29    1941  51     10       51
  AVERAGE         70                        60     10       61

PRECIPITATION (IN)
  YESTERDAY        0.00          1.94 1899   0.14  -0.14      T
  MONTH TO DATE    2.42                      2.45  -0.03     1.63
  SINCE SEP 1      2.42                      2.45  -0.03     1.63
  SINCE JAN 1     25.82                     33.81  -7.99    28.35

SNOWFALL (IN)
  YESTERDAY        0.0           0.0  2002   0.0    0.0      0.0
                                      2001
                                      2000
  MONTH TO DATE    0.0                       0.0    0.0      0.0
  SINCE SEP 1      0.0                       0.0    0.0      0.0
  SINCE JUL 1      0.0                       0.0    0.0      0.0
  SNOW DEPTH      MM

DEGREE DAYS
 HEATING
  YESTERDAY        0                         6     -6        4
  MONTH TO DATE   21                        73    -52       17
  SINCE SEP 1     21                        73    -52       17
  SINCE JUL 1     30                       112    -82       18

 COOLING
  YESTERDAY        5                         1      4        0
  MONTH TO DATE   64                        36     28       97
  SINCE SEP 1     64                        36     28       97
  SINCE JAN 1    652                       462    190      654
..................................................................


WIND (MPH)
  RESULTANT WIND SPEED   5   RESULTANT WIND DIRECTION   W (250)
  HIGHEST WIND SPEED    13   HIGHEST WIND DIRECTION     W (260)
  HIGHEST GUST SPEED    16   HIGHEST GUST DIRECTION     W (260)
  AVERAGE WIND SPEED     5.8


SKY COVER
  POSSIBLE SUNSHINE  MM
  AVERAGE SKY COVER 0.5


WEATHER CONDITIONS
 THE FOLLOWING WEATHER WAS RECORDED YESTERDAY.
  FOG
  FOG W/VISIBILITY <= 1/4 MILE


RELATIVE HUMIDITY (PERCENT)
 HIGHEST   100           500 AM
 LOWEST     60           100 PM
 AVERAGE    80

..........................................................


THE WORCESTER MA CLIMATE NORMALS FOR TODAY
                         NORMAL    RECORD    YEAR
 MAXIMUM TEMPERATURE (F)   68        85      1965
                                             1940
                                             1895
 MINIMUM TEMPERATURE (F)   51        32      1929


SUNRISE AND SUNSET
SEPTEMBER 21 2016.....SUNRISE   634 AM EDT   SUNSET   646 PM EDT
SEPTEMBER 22 2016.....SUNRISE   635 AM EDT   SUNSET   644 PM EDT


-  INDICATES NEGATIVE NUMBERS.
R  INDICATES RECORD WAS SET OR TIED.
MM INDICATES DATA IS MISSING.
T  INDICATES TRACE AMOUNT.




$$
