481
CDUS41 KBOX 252136
CLIORH


CLIMATE REPORT
NATIONAL WEATHER SERVICE TAUNTON MA
426 PM EST FRI NOV 25 2016


...................................

...THE WORCESTER MA CLIMATE SUMMARY FOR NOVEMBER 25 2016...
VALID AS OF 0400 PM LOCAL TIME.

CLIMATE NORMAL PERIOD 1981 TO 2010
CLIMATE RECORD PERIOD 1892 TO 2016


WEATHER ITEM   OBSERVED TIME   RECORD YEAR NORMAL DEPARTURE LAST
                VALUE   (LST)  VALUE       VALUE  FROM      YEAR
                                                  NORMAL
..................................................................
TEMPERATURE (F)
 TODAY
  MAXIMUM         40    259 PM  67    1979  44     -4       43
  MINIMUM         34    326 AM   9    1936  30      4       27
  AVERAGE         37                        37      0       35

PRECIPITATION (IN)
  TODAY            0.10          2.13 1983   0.15  -0.05     0.00
  MONTH TO DATE    1.94                      3.58  -1.64     1.56
  SINCE SEP 1     11.78                     12.19  -0.41     8.77
  SINCE JAN 1     35.18                     43.55  -8.37    35.49

SNOWFALL (IN)
  TODAY           MM            14.8  1971   0.1   MM        0.0
  MONTH TO DATE    T                         1.7   -1.7      0.0
  SINCE SEP 1      T                         1.9   -1.9       T
  SINCE JUL 1      T                         1.9   -1.9       T
  SNOW DEPTH      MM

DEGREE DAYS
 HEATING
  TODAY           28                        28      0       30
  MONTH TO DATE  554                       595    -41      489
  SINCE SEP 1   1059                      1217   -158     1028
  SINCE JUL 1   1068                      1256   -188     1029

 COOLING
  TODAY            0                         0      0        0
  MONTH TO DATE    0                         0      0        0
  SINCE SEP 1     75                        45     30      102
  SINCE JAN 1    663                       471    192      659
..................................................................


WIND (MPH)
  HIGHEST WIND SPEED     9   HIGHEST WIND DIRECTION     W (250)
  HIGHEST GUST SPEED    10   HIGHEST GUST DIRECTION    SW (240)
  AVERAGE WIND SPEED     3.8


SKY COVER
  POSSIBLE SUNSHINE  MM
  AVERAGE SKY COVER 1.0


WEATHER CONDITIONS
 THE FOLLOWING WEATHER WAS RECORDED TODAY.
  LIGHT RAIN
  FOG
  FOG W/VISIBILITY <= 1/4 MILE


RELATIVE HUMIDITY (PERCENT)
 HIGHEST   100          1200 AM
 LOWEST     92           300 AM
 AVERAGE    96

..........................................................


THE WORCESTER MA CLIMATE NORMALS FOR TOMORROW
                         NORMAL    RECORD    YEAR
 MAXIMUM TEMPERATURE (F)   44        64      1895
 MINIMUM TEMPERATURE (F)   30         3      1938


SUNRISE AND SUNSET
NOVEMBER 25 2016......SUNRISE   651 AM EST   SUNSET   418 PM EST
NOVEMBER 26 2016......SUNRISE   652 AM EST   SUNSET   418 PM EST


-  INDICATES NEGATIVE NUMBERS.
R  INDICATES RECORD WAS SET OR TIED.
MM INDICATES DATA IS MISSING.
T  INDICATES TRACE AMOUNT.




$$
