000
CDUS41 KBOX 072136
CLIORH


CLIMATE REPORT
NATIONAL WEATHER SERVICE TAUNTON MA
426 PM EST TUE MAR 7 2017


...................................

...THE WORCESTER MA CLIMATE SUMMARY FOR MARCH 7 2017...
VALID AS OF 0400 PM LOCAL TIME.

CLIMATE NORMAL PERIOD 1981 TO 2010
CLIMATE RECORD PERIOD 1892 TO 2017


WEATHER ITEM   OBSERVED TIME   RECORD YEAR NORMAL DEPARTURE LAST
                VALUE   (LST)  VALUE       VALUE  FROM      YEAR
                                                  NORMAL
..................................................................
TEMPERATURE (F)
 TODAY
  MAXIMUM         42    227 PM  65    1974  40      2       48
  MINIMUM         29    229 AM   0    2007  24      5       24
  AVERAGE         36                        32      4       36

PRECIPITATION (IN)
  TODAY            T             1.45 1932   0.13  -0.13     0.00
  MONTH TO DATE    0.05                      0.89  -0.84     0.60
  SINCE MAR 1      0.05                      0.89  -0.84     0.60
  SINCE JAN 1      6.40                      7.61  -1.21     7.99

SNOWFALL (IN)
  TODAY            0.0          12.3  1967   0.5   -0.5      0.0
  MONTH TO DATE    T                         3.3   -3.3       T
  SINCE MAR 1      T                         3.3   -3.3       T
  SINCE JUL 1     57.8                      53.2    4.6     31.7
  SNOW DEPTH      MM

DEGREE DAYS
 HEATING
  TODAY           29                        33     -4       29
  MONTH TO DATE  247                       239      8      243
  SINCE MAR 1    247                       239      8      243
  SINCE JUL 1   4524                      5076   -552     4302

 COOLING
  TODAY            0                         0      0        0
  MONTH TO DATE    0                         0      0        0
  SINCE MAR 1      0                         0      0        0
  SINCE JAN 1      0                         0      0        0
..................................................................


WIND (MPH)
  HIGHEST WIND SPEED    18   HIGHEST WIND DIRECTION     S (170)
  HIGHEST GUST SPEED    24   HIGHEST GUST DIRECTION     S (180)
  AVERAGE WIND SPEED     9.9


SKY COVER
  POSSIBLE SUNSHINE  MM
  AVERAGE SKY COVER 1.0


WEATHER CONDITIONS
 THE FOLLOWING WEATHER WAS RECORDED TODAY.
  LIGHT RAIN
  FOG


RELATIVE HUMIDITY (PERCENT)
 HIGHEST    93           400 PM
 LOWEST     43          1200 AM
 AVERAGE    68

..........................................................


THE WORCESTER MA CLIMATE NORMALS FOR TOMORROW
                         NORMAL    RECORD    YEAR
 MAXIMUM TEMPERATURE (F)   40        64      2012
                                             1987
 MINIMUM TEMPERATURE (F)   24        -4      1986


SUNRISE AND SUNSET
MARCH  7 2017.........SUNRISE   613 AM EST   SUNSET   545 PM EST
MARCH  8 2017.........SUNRISE   611 AM EST   SUNSET   546 PM EST


-  INDICATES NEGATIVE NUMBERS.
R  INDICATES RECORD WAS SET OR TIED.
MM INDICATES DATA IS MISSING.
T  INDICATES TRACE AMOUNT.




$$
