130
CDUS41 KBOX 121930
CLIORH


CLIMATE REPORT
NATIONAL WEATHER SERVICE TAUNTON MA
230 PM EST SUN FEB 12 2017


...................................

...THE WORCESTER MA CLIMATE SUMMARY FOR FEBRUARY 11 2017...

CLIMATE NORMAL PERIOD 1981 TO 2010
CLIMATE RECORD PERIOD 1892 TO 2017


WEATHER ITEM   OBSERVED TIME   RECORD YEAR NORMAL DEPARTURE LAST
                VALUE   (LST)  VALUE       VALUE  FROM      YEAR
                                                  NORMAL
..................................................................
TEMPERATURE (F)
 YESTERDAY
  MAXIMUM         23   1023 PM  59    1981  34    -11       23
  MINIMUM         13    906 AM -10    1962  19     -6        4
                                      1899
  AVERAGE         18                        26     -8       14

PRECIPITATION (IN)
  YESTERDAY        0.14          0.85 1981   0.11   0.03      T
  MONTH TO DATE    1.30                      1.24   0.06     2.03
  SINCE DEC 1      9.01                      8.55   0.46     8.80
  SINCE JAN 1      5.21                      4.73   0.48     4.15

SNOWFALL (IN)
  YESTERDAY        2.4          11.5  1933   0.6    1.8       T
  MONTH TO DATE    5.6                       6.3   -0.7     19.1
  SINCE DEC 1     38.0                      37.8    0.2     30.2
  SINCE JUL 1     38.0                      40.6   -2.6     30.2
  SNOW DEPTH      MM

DEGREE DAYS
 HEATING
  YESTERDAY       47                        39      8       51
  MONTH TO DATE  446                       435     11      374
  SINCE DEC 1   2620                      2806   -186     2264
  SINCE JUL 1   3807                      4208   -401     3413

 COOLING
  YESTERDAY        0                         0      0        0
  MONTH TO DATE    0                         0      0        0
  SINCE DEC 1      0                         0      0        0
  SINCE JAN 1      0                         0      0        0
..................................................................


WIND (MPH)
  RESULTANT WIND SPEED   5   RESULTANT WIND DIRECTION  NE (40)
  HIGHEST WIND SPEED    12   HIGHEST WIND DIRECTION     N (360)
  HIGHEST GUST SPEED    16   HIGHEST GUST DIRECTION     N (20)
  AVERAGE WIND SPEED     5.9


SKY COVER
  POSSIBLE SUNSHINE  MM
  AVERAGE SKY COVER 0.9


WEATHER CONDITIONS
 THE FOLLOWING WEATHER WAS RECORDED YESTERDAY.
  LIGHT SNOW
  FOG
  FOG W/VISIBILITY <= 1/4 MILE


RELATIVE HUMIDITY (PERCENT)
 HIGHEST    92          1200 PM
 LOWEST     81          1000 PM
 AVERAGE    87

..........................................................


THE WORCESTER MA CLIMATE NORMALS FOR TODAY
                         NORMAL    RECORD    YEAR
 MAXIMUM TEMPERATURE (F)   34        56      1999
 MINIMUM TEMPERATURE (F)   19       -13      1914


SUNRISE AND SUNSET
FEBRUARY 12 2017......SUNRISE   647 AM EST   SUNSET   516 PM EST
FEBRUARY 13 2017......SUNRISE   646 AM EST   SUNSET   518 PM EST


-  INDICATES NEGATIVE NUMBERS.
R  INDICATES RECORD WAS SET OR TIED.
MM INDICATES DATA IS MISSING.
T  INDICATES TRACE AMOUNT.




$$
