225
CDUS41 KBOX 180548
CLIORH


CLIMATE REPORT
NATIONAL WEATHER SERVICE TAUNTON MA
1238 AM EST THU JAN 18 2018


...................................

...THE WORCESTER MA CLIMATE SUMMARY FOR JANUARY 17 2018...

CLIMATE NORMAL PERIOD 1981 TO 2010
CLIMATE RECORD PERIOD 1892 TO 2018


WEATHER ITEM   OBSERVED TIME   RECORD YEAR NORMAL DEPARTURE LAST
                VALUE   (LST)  VALUE       VALUE  FROM      YEAR
                                                  NORMAL
..................................................................
TEMPERATURE (F)
 YESTERDAY
  MAXIMUM         30    507 PM  55    1973  31     -1       38
  MINIMUM         23   1159 PM  -9    1982  16      7       31
  AVERAGE         27                        24      3       35

PRECIPITATION (IN)
  YESTERDAY        0.30          1.11 1994   0.11   0.19     0.40
  MONTH TO DATE    2.37                      1.89   0.48     2.59
  SINCE DEC 1      5.22                      5.71  -0.49     6.39
  SINCE JAN 1      2.37                      1.89   0.48     2.59

SNOWFALL (IN)
  YESTERDAY        3.8           6.2  1920   0.6    3.2      0.7
  MONTH TO DATE   21.0                       9.5   11.5      8.4
  SINCE DEC 1     34.4                      23.9   10.5     25.9
  SINCE JUL 1     34.4                      26.7    7.7     25.9
  SNOW DEPTH      MM

DEGREE DAYS
 HEATING
  YESTERDAY       38                        41     -3       30
  MONTH TO DATE  764                       693     71      632
  SINCE DEC 1   1994                      1795    199     1722
  SINCE JUL 1   3130                      3197    -67     2909

 COOLING
  YESTERDAY        0                         0      0        0
  MONTH TO DATE    0                         0      0        0
  SINCE DEC 1      0                         0      0        0
  SINCE JAN 1      0                         0      0        0
..................................................................


WIND (MPH)
  RESULTANT WIND SPEED   3   RESULTANT WIND DIRECTION   N (0)
  HIGHEST WIND SPEED    15   HIGHEST WIND DIRECTION     W (280)
  HIGHEST GUST SPEED    21   HIGHEST GUST DIRECTION    NW (310)
  AVERAGE WIND SPEED     5.8


SKY COVER
  POSSIBLE SUNSHINE  MM
  AVERAGE SKY COVER 1.0


WEATHER CONDITIONS
 THE FOLLOWING WEATHER WAS RECORDED YESTERDAY.
  SNOW
  LIGHT SNOW
  FOG


RELATIVE HUMIDITY (PERCENT)
 HIGHEST    92           400 AM
 LOWEST     81          1100 PM
 AVERAGE    87

..........................................................


THE WORCESTER MA CLIMATE NORMALS FOR TODAY
                         NORMAL    RECORD    YEAR
 MAXIMUM TEMPERATURE (F)   31        59      1973
 MINIMUM TEMPERATURE (F)   16       -12      1982


SUNRISE AND SUNSET
JANUARY 18 2018.......SUNRISE   712 AM EST   SUNSET   444 PM EST
JANUARY 19 2018.......SUNRISE   712 AM EST   SUNSET   445 PM EST


-  INDICATES NEGATIVE NUMBERS.
R  INDICATES RECORD WAS SET OR TIED.
MM INDICATES DATA IS MISSING.
T  INDICATES TRACE AMOUNT.




$$
