000
CDUS41 KBOX 040545
CLIORH


CLIMATE REPORT
NATIONAL WEATHER SERVICE TAUNTON MA
142 AM EDT SAT NOV 4 2017


...................................

...THE WORCESTER MA CLIMATE SUMMARY FOR NOVEMBER 3 2017...

CLIMATE NORMAL PERIOD 1981 TO 2010
CLIMATE RECORD PERIOD 1892 TO 2017


WEATHER ITEM   OBSERVED TIME   RECORD YEAR NORMAL DEPARTURE LAST
                VALUE   (LST)  VALUE       VALUE  FROM      YEAR
                                                  NORMAL
..................................................................
TEMPERATURE (F)
 YESTERDAY
  MAXIMUM         71    131 PM  73    2003  52     19       62
                                      1982
  MINIMUM         46   1159 PM  21    1930  37      9       47
  AVERAGE         59                        44     15       55

PRECIPITATION (IN)
  YESTERDAY        T             2.52 1951   0.15  -0.15     0.08
  MONTH TO DATE    T                         0.44  -0.44     0.08
  SINCE SEP 1     11.34                      9.05   2.29     9.92
  SINCE JAN 1     40.63                     40.41   0.22    33.32

SNOWFALL (IN)
  YESTERDAY        0.0           0.8  1951   0.0    0.0      0.0
  MONTH TO DATE    0.0                       0.1   -0.1      0.0
  SINCE SEP 1      0.0                       0.3   -0.3       T
  SINCE JUL 1      0.0                       0.3   -0.3       T
  SNOW DEPTH      MM

DEGREE DAYS
 HEATING
  YESTERDAY        6                        21    -15       10
  MONTH TO DATE   36                        61    -25       42
  SINCE SEP 1    357                       683   -326      547
  SINCE JUL 1    405                       722   -317      556

 COOLING
  YESTERDAY        0                         0      0        0
  MONTH TO DATE    0                         0      0        0
  SINCE SEP 1    102                        45     57       75
  SINCE JAN 1    533                       471     62      663
..................................................................


WIND (MPH)
  RESULTANT WIND SPEED  11   RESULTANT WIND DIRECTION  SW (240)
  HIGHEST WIND SPEED    25   HIGHEST WIND DIRECTION    NW (310)
  HIGHEST GUST SPEED    33   HIGHEST GUST DIRECTION    SW (220)
  AVERAGE WIND SPEED    14.9


SKY COVER
  POSSIBLE SUNSHINE  MM
  AVERAGE SKY COVER 0.5


WEATHER CONDITIONS
 THE FOLLOWING WEATHER WAS RECORDED YESTERDAY.
  NO SIGNIFICANT WEATHER WAS OBSERVED.


RELATIVE HUMIDITY (PERCENT)
 HIGHEST    93           600 AM
 LOWEST     54          1000 PM
 AVERAGE    74

..........................................................


THE WORCESTER MA CLIMATE NORMALS FOR TODAY
                         NORMAL    RECORD    YEAR
 MAXIMUM TEMPERATURE (F)   52        74      1987
 MINIMUM TEMPERATURE (F)   36        18      1932


SUNRISE AND SUNSET
NOVEMBER  4 2017......SUNRISE   725 AM EDT   SUNSET   537 PM EDT
NOVEMBER  5 2017......SUNRISE   626 AM EST   SUNSET   436 PM EST


-  INDICATES NEGATIVE NUMBERS.
R  INDICATES RECORD WAS SET OR TIED.
MM INDICATES DATA IS MISSING.
T  INDICATES TRACE AMOUNT.




$$
