000
CDUS41 KBOX 102249
CLIORH


CLIMATE REPORT
NATIONAL WEATHER SERVICE TAUNTON MA
645 PM EDT MON JUL 10 2017


...................................

...THE WORCESTER MA CLIMATE SUMMARY FOR JULY 10 2017...
VALID AS OF 0600 PM LOCAL TIME.

CLIMATE NORMAL PERIOD 1981 TO 2010
CLIMATE RECORD PERIOD 1892 TO 2017


WEATHER ITEM   OBSERVED TIME   RECORD YEAR NORMAL DEPARTURE LAST
                VALUE   (LST)  VALUE       VALUE  FROM      YEAR
                                                  NORMAL
..................................................................
TEMPERATURE (F)
 TODAY
  MAXIMUM         81        MM  95    1936  79      2       67
                                      1911
  MINIMUM         60        MM  46    1942  61     -1       56
  AVERAGE         71                        70      1       62

PRECIPITATION (IN)
  TODAY            0.00          1.19 1952   0.14  -0.14     0.05
  MONTH TO DATE    0.65                      1.25  -0.60     0.57
  SINCE JUN 1      4.98                      5.44  -0.46     2.23
  SINCE JAN 1     26.06                     24.67   1.39    17.95

SNOWFALL (IN)
  TODAY            0.0           0.0  2002   0.0    0.0      0.0
                                      2001
                                      2000
  MONTH TO DATE    0.0                       0.0    0.0      0.0
  SINCE JUN 1      0.0                       0.0    0.0      0.0
  SINCE JUL 1      0.0                       0.0    0.0      0.0
  SNOW DEPTH      MM

DEGREE DAYS
 HEATING
  TODAY            0                         0      0        3
  MONTH TO DATE    1                         9     -8        9
  SINCE JUN 1     87                        92     -5       60
  SINCE JUL 1      1                         9     -8        9

 COOLING
  TODAY            6                         6      0        0
  MONTH TO DATE   56                        51      5       45
  SINCE JUN 1    162                       135     27      117
  SINCE JAN 1    196                       157     39      159
..................................................................


WIND (MPH)
  HIGHEST WIND SPEED    15   HIGHEST WIND DIRECTION    SW (220)
  HIGHEST GUST SPEED    23   HIGHEST GUST DIRECTION    SW (230)
  AVERAGE WIND SPEED    11.0


SKY COVER
  POSSIBLE SUNSHINE  MM
  AVERAGE SKY COVER 0.1


WEATHER CONDITIONS
 THE FOLLOWING WEATHER WAS RECORDED TODAY.
  NO SIGNIFICANT WEATHER WAS OBSERVED.


RELATIVE HUMIDITY (PERCENT)
 HIGHEST    78           400 AM
 LOWEST     35          1200 PM
 AVERAGE    57

..........................................................


THE WORCESTER MA CLIMATE NORMALS FOR TOMORROW
                         NORMAL    RECORD    YEAR
 MAXIMUM TEMPERATURE (F)   79        97      1911
 MINIMUM TEMPERATURE (F)   61        48      1986


SUNRISE AND SUNSET
JULY 10 2017..........SUNRISE   521 AM EDT   SUNSET   825 PM EDT
JULY 11 2017..........SUNRISE   521 AM EDT   SUNSET   824 PM EDT


-  INDICATES NEGATIVE NUMBERS.
R  INDICATES RECORD WAS SET OR TIED.
MM INDICATES DATA IS MISSING.
T  INDICATES TRACE AMOUNT.




$$
