000
CDUS41 KBOX 140544
CLIORH


CLIMATE REPORT
NATIONAL WEATHER SERVICE TAUNTON MA
140 AM EDT SUN SEP 14 2014


...................................

...THE WORCESTER MA CLIMATE SUMMARY FOR SEPTEMBER 13 2014...

CLIMATE NORMAL PERIOD 1981 TO 2010
CLIMATE RECORD PERIOD 1892 TO 2014


WEATHER ITEM   OBSERVED TIME   RECORD YEAR NORMAL DEPARTURE LAST
                VALUE   (LST)  VALUE       VALUE  FROM      YEAR
                                                  NORMAL
..................................................................
TEMPERATURE (F)
 YESTERDAY
  MAXIMUM         59    227 PM  89    1957  71    -12       74
                                      1947
  MINIMUM         47    441 AM  33    1943  54     -7       56
  AVERAGE         53                        62     -9       65

PRECIPITATION (IN)
  YESTERDAY        0.23          2.57 1974   0.13   0.10     0.06
  MONTH TO DATE    1.30                      1.51  -0.21     2.73
  SINCE SEP 1      1.30                      1.51  -0.21     2.73
  SINCE JAN 1     36.33                     32.87   3.46    35.75

SNOWFALL (IN)
  YESTERDAY       MM             0.0  2002   0.0   MM        0.0
                                      2001
                                      2000
  MONTH TO DATE    0.0                       0.0    0.0      0.0
  SINCE SEP 1      0.0                       0.0    0.0      0.0
  SINCE JUL 1      0.0                       0.0    0.0      0.0
  SNOW DEPTH      MM

DEGREE DAYS
 HEATING
  YESTERDAY       12                         4      8        0
  MONTH TO DATE   28                        37     -9       31
  SINCE SEP 1     28                        37     -9       31
  SINCE JUL 1     48                        76    -28       50

 COOLING
  YESTERDAY        0                         1     -1        0
  MONTH TO DATE   52                        29     23       40
  SINCE SEP 1     52                        29     23       40
  SINCE JAN 1    414                       455    -41      571
..................................................................


WIND (MPH)
  RESULTANT WIND SPEED   5   RESULTANT WIND DIRECTION  NE (30)
  HIGHEST WIND SPEED    15   HIGHEST WIND DIRECTION    NW (300)
  HIGHEST GUST SPEED    20   HIGHEST GUST DIRECTION     W (290)
  AVERAGE WIND SPEED     7.1


SKY COVER
  POSSIBLE SUNSHINE  MM
  AVERAGE SKY COVER 0.9


WEATHER CONDITIONS
 THE FOLLOWING WEATHER WAS RECORDED YESTERDAY.
  RAIN
  FOG


RELATIVE HUMIDITY (PERCENT)
 HIGHEST   100           600 PM
 LOWEST     75          1200 PM
 AVERAGE    88

..........................................................


THE WORCESTER MA CLIMATE NORMALS FOR TODAY
                         NORMAL    RECORD    YEAR
 MAXIMUM TEMPERATURE (F)   70        90      1915
 MINIMUM TEMPERATURE (F)   54        34      1943


SUNRISE AND SUNSET
SEPTEMBER 14 2014.....SUNRISE   626 AM EDT   SUNSET   659 PM EDT
SEPTEMBER 15 2014.....SUNRISE   627 AM EDT   SUNSET   657 PM EDT


-  INDICATES NEGATIVE NUMBERS.
R  INDICATES RECORD WAS SET OR TIED.
MM INDICATES DATA IS MISSING.
T  INDICATES TRACE AMOUNT.




$$
