000
CDUS41 KBOX 122141
CLIORH


CLIMATE REPORT
NATIONAL WEATHER SERVICE TAUNTON MA
539 PM EDT THU MAY 12 2016


...................................

...THE WORCESTER MA CLIMATE SUMMARY FOR MAY 12 2016...
VALID TODAY AS OF 0500 PM LOCAL TIME.

CLIMATE NORMAL PERIOD 1981 TO 2010
CLIMATE RECORD PERIOD 1892 TO 2016


WEATHER ITEM   OBSERVED TIME   RECORD YEAR NORMAL DEPARTURE LAST
                VALUE   (LST)  VALUE       VALUE  FROM      YEAR
                                                  NORMAL
..................................................................
TEMPERATURE (F)
 TODAY
  MAXIMUM         76    345 PM  88    1959  65     11       82
                                      1936
  MINIMUM         55    445 AM  29    1907  46      9       52
  AVERAGE         66                        55     11       67

PRECIPITATION (IN)
  TODAY            0.00          1.53 1974   0.13  -0.13     0.02
  MONTH TO DATE    1.44                      1.51  -0.07     0.04
  SINCE MAR 1      7.56                      9.83  -2.27     5.43
  SINCE JAN 1     14.95                     16.55  -1.60    13.74

SNOWFALL (IN)
  TODAY            0.0           0.0  2001   0.0    0.0      0.0
                                      2000
  MONTH TO DATE    0.0                       0.0    0.0      0.0
  SINCE MAR 1     15.5                      14.2    1.3     11.1
  SINCE JUL 1     47.2                      64.1  -16.9    119.7
  SNOW DEPTH       0

DEGREE DAYS
 HEATING
  TODAY            0                        10    -10        0
  MONTH TO DATE  181                       141     40       44
  SINCE MAR 1   1553                      1651    -98     1688
  SINCE JUL 1   5612                      6488   -876     6802

 COOLING
  TODAY            1                         0      1        2
  MONTH TO DATE    1                         0      1       22
  SINCE MAR 1      5                         3      2       22
  SINCE JAN 1      5                         3      2       22
..................................................................


WIND (MPH)
  HIGHEST WIND SPEED    13   HIGHEST WIND DIRECTION    SW (220)
  HIGHEST GUST SPEED    16   HIGHEST GUST DIRECTION    SW (220)
  AVERAGE WIND SPEED     7.2


SKY COVER
  POSSIBLE SUNSHINE  MM
  AVERAGE SKY COVER 0.0


WEATHER CONDITIONS
 THE FOLLOWING WEATHER WAS RECORDED TODAY.
  NO SIGNIFICANT WEATHER WAS OBSERVED.


RELATIVE HUMIDITY (PERCENT)
 HIGHEST    32           300 AM
 LOWEST     18           400 PM
 AVERAGE    25

..........................................................


THE WORCESTER MA CLIMATE NORMALS FOR TOMORROW
                         NORMAL    RECORD    YEAR
 MAXIMUM TEMPERATURE (F)   65        85      1947
 MINIMUM TEMPERATURE (F)   46        31      1928


SUNRISE AND SUNSET
MAY 12 2016...........SUNRISE   529 AM EDT   SUNSET   759 PM EDT
MAY 13 2016...........SUNRISE   528 AM EDT   SUNSET   800 PM EDT


-  INDICATES NEGATIVE NUMBERS.
R  INDICATES RECORD WAS SET OR TIED.
MM INDICATES DATA IS MISSING.
T  INDICATES TRACE AMOUNT.




$$
