000
CDUS41 KBOX 122217
CLIORH


CLIMATE REPORT
NATIONAL WEATHER SERVICE TAUNTON MA
606 PM EDT TUE AUG 12 2014


...................................

...THE WORCESTER MA CLIMATE SUMMARY FOR AUGUST 12 2014...
VALID AS OF 0600 PM LOCAL TIME.

CLIMATE NORMAL PERIOD 1981 TO 2010
CLIMATE RECORD PERIOD 1892 TO 2014


WEATHER ITEM   OBSERVED TIME   RECORD YEAR NORMAL DEPARTURE LAST
                VALUE   (LST)  VALUE       VALUE  FROM      YEAR
                                                  NORMAL
..................................................................
TEMPERATURE (F)
 TODAY
  MAXIMUM         77    126 PM  99    1944  78     -1       77
  MINIMUM         61    433 AM  49    1954  61      0       58
                                      1930
  AVERAGE         69                        70     -1       68

PRECIPITATION (IN)
  TODAY            0.00          2.22 1931   0.12  -0.12     0.00
  MONTH TO DATE    0.39                      1.58  -1.19     2.84
  SINCE JUN 1      8.23                     10.00  -1.77    15.87
  SINCE JAN 1     29.42                     29.23   0.19    32.68

SNOWFALL (IN)
  TODAY            0.0           0.0  2002   0.0    0.0      0.0
                                      2001
                                      2000
  MONTH TO DATE    0.0                       0.0    0.0      0.0
  SINCE JUN 1      0.0                       0.0    0.0      0.0
  SINCE JUL 1      0.0                       0.0    0.0      0.0
  SNOW DEPTH       0

DEGREE DAYS
 HEATING
  TODAY            0                         1     -1        0
  MONTH TO DATE    0                         3     -3        3
  SINCE JUN 1     45                       100    -55       77
  SINCE JUL 1      0                        17    -17       10

 COOLING
  TODAY            4                         5     -1        3
  MONTH TO DATE   55                        66    -11       32
  SINCE JUN 1    313                       325    -12      433
  SINCE JAN 1    321                       347    -26      457
..................................................................


WIND (MPH)
  HIGHEST WIND SPEED    21   HIGHEST WIND DIRECTION     S (160)
  HIGHEST GUST SPEED    25   HIGHEST GUST DIRECTION    SE (140)
  AVERAGE WIND SPEED    10.9


SKY COVER
  POSSIBLE SUNSHINE  MM
  AVERAGE SKY COVER 0.1


WEATHER CONDITIONS
 THE FOLLOWING WEATHER WAS RECORDED TODAY.
  NO SIGNIFICANT WEATHER WAS OBSERVED.


RELATIVE HUMIDITY (PERCENT)
 HIGHEST   100           400 AM
 LOWEST     43           200 PM
 AVERAGE    72

..........................................................


THE WORCESTER MA CLIMATE NORMALS FOR TOMORROW
                         NORMAL    RECORD    YEAR
 MAXIMUM TEMPERATURE (F)   78        98      1944
 MINIMUM TEMPERATURE (F)   61        40      1941


SUNRISE AND SUNSET
AUGUST 12 2014........SUNRISE   552 AM EDT   SUNSET   753 PM EDT
AUGUST 13 2014........SUNRISE   553 AM EDT   SUNSET   751 PM EDT


-  INDICATES NEGATIVE NUMBERS.
R  INDICATES RECORD WAS SET OR TIED.
MM INDICATES DATA IS MISSING.
T  INDICATES TRACE AMOUNT.




$$
