000
CDUS41 KBOX 171024
CLIORH


CLIMATE REPORT
NATIONAL WEATHER SERVICE TAUNTON MA
524 AM EST SAT JAN 17 2015


...................................

...THE WORCESTER MA CLIMATE SUMMARY FOR JANUARY 16 2015...

CLIMATE NORMAL PERIOD 1981 TO 2010
CLIMATE RECORD PERIOD 1892 TO 2015


WEATHER ITEM   OBSERVED TIME   RECORD YEAR NORMAL DEPARTURE LAST
                VALUE   (LST)  VALUE       VALUE  FROM      YEAR
                                                  NORMAL
..................................................................
TEMPERATURE (F)
 YESTERDAY
  MAXIMUM         32    106 PM  60    1932  31      1       37
  MINIMUM          9   1159 PM -12    2004  16     -7       32
                                      1994
  AVERAGE         21                        24     -3       35

PRECIPITATION (IN)
  YESTERDAY        T             1.66 1936   0.12  -0.12     0.00
  MONTH TO DATE    1.38                      1.78  -0.40     2.61
  SINCE DEC 1      6.28                      5.60   0.68     7.04
  SINCE JAN 1      1.38                      1.78  -0.40     2.61

SNOWFALL (IN)
  YESTERDAY        T             7.2  1961   0.6   -0.6      0.0
  MONTH TO DATE    5.2                       8.9   -3.7     10.8
  SINCE DEC 1      6.7                      23.3  -16.6     29.7
  SINCE JUL 1     13.9                      26.1  -12.2     30.2
  SNOW DEPTH      MM

DEGREE DAYS
 HEATING
  YESTERDAY       44                        41      3       30
  MONTH TO DATE  706                       652     54      634
  SINCE DEC 1   1670                      1754    -84     1781
  SINCE JUL 1   3048                      3156   -108     3193

 COOLING
  YESTERDAY        0                         0      0        0
  MONTH TO DATE    0                         0      0        0
  SINCE DEC 1      0                         0      0        0
  SINCE JAN 1      0                         0      0        0
..................................................................


WIND (MPH)
  RESULTANT WIND SPEED  17   RESULTANT WIND DIRECTION   W (280)
  HIGHEST WIND SPEED    36   HIGHEST WIND DIRECTION     W (290)
  HIGHEST GUST SPEED    47   HIGHEST GUST DIRECTION     W (280)
  AVERAGE WIND SPEED    17.8


SKY COVER
  POSSIBLE SUNSHINE  MM
  AVERAGE SKY COVER 0.2


WEATHER CONDITIONS
 THE FOLLOWING WEATHER WAS RECORDED YESTERDAY.
  LIGHT SNOW
  HAZE


RELATIVE HUMIDITY (PERCENT)
 HIGHEST    73           300 AM
 LOWEST     39           600 PM
 AVERAGE    56

..........................................................


THE WORCESTER MA CLIMATE NORMALS FOR TODAY
                         NORMAL    RECORD    YEAR
 MAXIMUM TEMPERATURE (F)   31        55      1973
 MINIMUM TEMPERATURE (F)   16        -9      1982


SUNRISE AND SUNSET
JANUARY 17 2015.......SUNRISE   713 AM EST   SUNSET   442 PM EST
JANUARY 18 2015.......SUNRISE   712 AM EST   SUNSET   444 PM EST


-  INDICATES NEGATIVE NUMBERS.
R  INDICATES RECORD WAS SET OR TIED.
MM INDICATES DATA IS MISSING.
T  INDICATES TRACE AMOUNT.




$$
