000
CDUS41 KBOX 090550
CLIORH


CLIMATE REPORT
NATIONAL WEATHER SERVICE TAUNTON MA
1246 AM EST THU MAR 9 2017


...................................

...THE WORCESTER MA CLIMATE SUMMARY FOR MARCH 8 2017...

CLIMATE NORMAL PERIOD 1981 TO 2010
CLIMATE RECORD PERIOD 1892 TO 2017


WEATHER ITEM   OBSERVED TIME   RECORD YEAR NORMAL DEPARTURE LAST
                VALUE   (LST)  VALUE       VALUE  FROM      YEAR
                                                  NORMAL
..................................................................
TEMPERATURE (F)
 YESTERDAY
  MAXIMUM         53    320 PM  64    2012  40     13       57
                                      1987
  MINIMUM         42   1144 PM  -4    1986  24     18       34
  AVERAGE         48                        32     16       46

PRECIPITATION (IN)
  YESTERDAY        0.12          1.77 1931   0.13  -0.01     0.00
  MONTH TO DATE    0.20                      1.02  -0.82     0.60
  SINCE MAR 1      0.20                      1.02  -0.82     0.60
  SINCE JAN 1      6.55                      7.74  -1.19     7.99

SNOWFALL (IN)
  YESTERDAY        0.0          14.9  2013   0.5   -0.5      0.0
  MONTH TO DATE    T                         3.8   -3.8       T
  SINCE MAR 1      T                         3.8   -3.8       T
  SINCE JUL 1     57.8                      53.7    4.1     31.7
  SNOW DEPTH      MM

DEGREE DAYS
 HEATING
  YESTERDAY       17                        33    -16       19
  MONTH TO DATE  263                       272     -9      262
  SINCE MAR 1    263                       272     -9      262
  SINCE JUL 1   4540                      5109   -569     4321

 COOLING
  YESTERDAY        0                         0      0        0
  MONTH TO DATE    0                         0      0        0
  SINCE MAR 1      0                         0      0        0
  SINCE JAN 1      0                         0      0        0
..................................................................


WIND (MPH)
  RESULTANT WIND SPEED  13   RESULTANT WIND DIRECTION  SW (240)
  HIGHEST WIND SPEED    29   HIGHEST WIND DIRECTION     W (260)
  HIGHEST GUST SPEED    38   HIGHEST GUST DIRECTION     W (260)
  AVERAGE WIND SPEED    14.8


SKY COVER
  POSSIBLE SUNSHINE  MM
  AVERAGE SKY COVER 0.6


WEATHER CONDITIONS
 THE FOLLOWING WEATHER WAS RECORDED YESTERDAY.
  LIGHT RAIN
  FOG


RELATIVE HUMIDITY (PERCENT)
 HIGHEST    93           400 AM
 LOWEST     22           300 PM
 AVERAGE    58

..........................................................


THE WORCESTER MA CLIMATE NORMALS FOR TODAY
                         NORMAL    RECORD    YEAR
 MAXIMUM TEMPERATURE (F)   40        74      2016
                                             2000
 MINIMUM TEMPERATURE (F)   24        -6      1943


SUNRISE AND SUNSET
MARCH  9 2017.........SUNRISE   609 AM EST   SUNSET   547 PM EST
MARCH 10 2017.........SUNRISE   608 AM EST   SUNSET   548 PM EST


-  INDICATES NEGATIVE NUMBERS.
R  INDICATES RECORD WAS SET OR TIED.
MM INDICATES DATA IS MISSING.
T  INDICATES TRACE AMOUNT.




$$
