000
CDUS41 KBOX 170611
CLIORH


CLIMATE REPORT
NATIONAL WEATHER SERVICE TAUNTON MA
208 AM EDT SUN MAY 17 2015


...................................

...THE WORCESTER MA CLIMATE SUMMARY FOR MAY 16 2015...

CLIMATE NORMAL PERIOD 1981 TO 2010
CLIMATE RECORD PERIOD 1892 TO 2015


WEATHER ITEM   OBSERVED TIME   RECORD YEAR NORMAL DEPARTURE LAST
                VALUE   (LST)  VALUE       VALUE  FROM      YEAR
                                                  NORMAL
..................................................................
TEMPERATURE (F)
 YESTERDAY
  MAXIMUM         69    319 PM  89    1932  66      3       65
  MINIMUM         54    641 AM  30    1947  47      7       60
                                      1936
  AVERAGE         62                        56      6       63

PRECIPITATION (IN)
  YESTERDAY        T             2.79 2007   0.13  -0.13     0.51
  MONTH TO DATE    0.04                      2.01  -1.97     1.84
  SINCE MAR 1      5.43                     10.33  -4.90    11.70
  SINCE JAN 1     13.74                     17.05  -3.31    18.88

SNOWFALL (IN)
  YESTERDAY        0.0           T    1984   0.0    0.0      0.0
  MONTH TO DATE    0.0                       0.0    0.0      0.0
  SINCE MAR 1     11.1                      14.2   -3.1      4.3
  SINCE JUL 1    119.7                      64.1   55.6     85.2
  SNOW DEPTH       0

DEGREE DAYS
 HEATING
  YESTERDAY        3                         9     -6        2
  MONTH TO DATE   74                       179   -105      137
  SINCE MAR 1   1718                      1689     29     1848
  SINCE JUL 1   6832                      6526    306     6902

 COOLING
  YESTERDAY        0                         1     -1        0
  MONTH TO DATE   22                         1     21        6
  SINCE MAR 1     22                         4     18        6
  SINCE JAN 1     22                         4     18        6
..................................................................


WIND (MPH)
  RESULTANT WIND SPEED   8   RESULTANT WIND DIRECTION  SW (210)
  HIGHEST WIND SPEED    15   HIGHEST WIND DIRECTION    SW (230)
  HIGHEST GUST SPEED    19   HIGHEST GUST DIRECTION     S (200)
  AVERAGE WIND SPEED     8.0


SKY COVER
  POSSIBLE SUNSHINE  MM
  AVERAGE SKY COVER 0.8


WEATHER CONDITIONS
 THE FOLLOWING WEATHER WAS RECORDED YESTERDAY.
  LIGHT RAIN
  FOG


RELATIVE HUMIDITY (PERCENT)
 HIGHEST    90          1000 PM
 LOWEST     43          1200 AM
 AVERAGE    67

..........................................................


THE WORCESTER MA CLIMATE NORMALS FOR TODAY
                         NORMAL    RECORD    YEAR
 MAXIMUM TEMPERATURE (F)   66        87      1906
 MINIMUM TEMPERATURE (F)   47        28      1939


SUNRISE AND SUNSET
MAY 17 2015...........SUNRISE   525 AM EDT   SUNSET   804 PM EDT
MAY 18 2015...........SUNRISE   524 AM EDT   SUNSET   805 PM EDT


-  INDICATES NEGATIVE NUMBERS.
R  INDICATES RECORD WAS SET OR TIED.
MM INDICATES DATA IS MISSING.
T  INDICATES TRACE AMOUNT.




$$
