000
CDUS41 KBOX 022124
CLIORH


CLIMATE REPORT
NATIONAL WEATHER SERVICE TAUNTON MA
424 PM EST SAT DEC 2 2017


...................................

...THE WORCESTER MA CLIMATE SUMMARY FOR DECEMBER 2 2017...
VALID AS OF 0400 PM LOCAL TIME.

CLIMATE NORMAL PERIOD 1981 TO 2010
CLIMATE RECORD PERIOD 1892 TO 2017


WEATHER ITEM   OBSERVED TIME   RECORD YEAR NORMAL DEPARTURE LAST
                VALUE   (LST)  VALUE       VALUE  FROM      YEAR
                                                  NORMAL
..................................................................
TEMPERATURE (F)
 TODAY
  MAXIMUM         39    213 PM  64    1932  41     -2       44
  MINIMUM         30    742 AM   4    1989  28      2       33
  AVERAGE         35                        34      1       39

PRECIPITATION (IN)
  TODAY            0.00          2.21 1974   0.13  -0.13     0.00
  MONTH TO DATE    0.08                      0.26  -0.18     0.41
  SINCE DEC 1      0.08                      0.26  -0.18     0.41
  SINCE JAN 1     42.50                     44.51  -2.01    37.54

SNOWFALL (IN)
  TODAY            0.0           4.0  1949   0.3   -0.3      0.0
  MONTH TO DATE    0.0                       0.6   -0.6      0.0
  SINCE DEC 1      0.0                       0.6   -0.6      0.0
  SINCE JUL 1      T                         3.4   -3.4       T
  SNOW DEPTH      MM

DEGREE DAYS
 HEATING
  TODAY           30                        31     -1       26
  MONTH TO DATE   56                        61     -5       48
  SINCE DEC 1     56                        61     -5       48
  SINCE JUL 1   1192                      1463   -271     1235

 COOLING
  TODAY            0                         0      0        0
  MONTH TO DATE    0                         0      0        0
  SINCE DEC 1      0                         0      0        0
  SINCE JAN 1    533                       471     62      663
..................................................................


WIND (MPH)
  HIGHEST WIND SPEED     8   HIGHEST WIND DIRECTION     W (280)
  HIGHEST GUST SPEED    10   HIGHEST GUST DIRECTION     N (340)
  AVERAGE WIND SPEED     3.9


SKY COVER
  POSSIBLE SUNSHINE  MM
  AVERAGE SKY COVER 0.1


WEATHER CONDITIONS
 THE FOLLOWING WEATHER WAS RECORDED TODAY.
  NO SIGNIFICANT WEATHER WAS OBSERVED.


RELATIVE HUMIDITY (PERCENT)
 HIGHEST    72           200 AM
 LOWEST     50           100 PM
 AVERAGE    61

..........................................................


THE WORCESTER MA CLIMATE NORMALS FOR TOMORROW
                         NORMAL    RECORD    YEAR
 MAXIMUM TEMPERATURE (F)   41        63      2009
 MINIMUM TEMPERATURE (F)   27         0      1976


SUNRISE AND SUNSET
DECEMBER  2 2017......SUNRISE   658 AM EST   SUNSET   416 PM EST
DECEMBER  3 2017......SUNRISE   659 AM EST   SUNSET   416 PM EST


-  INDICATES NEGATIVE NUMBERS.
R  INDICATES RECORD WAS SET OR TIED.
MM INDICATES DATA IS MISSING.
T  INDICATES TRACE AMOUNT.




$$
