000
CDUS41 KBOX 102125
CLIORH


CLIMATE REPORT
NATIONAL WEATHER SERVICE TAUNTON MA
423 PM EST WED DEC 10 2014


...................................

...THE WORCESTER MA CLIMATE SUMMARY FOR DECEMBER 10 2014...
VALID AS OF 0400 PM LOCAL TIME.

CLIMATE NORMAL PERIOD 1981 TO 2010
CLIMATE RECORD PERIOD 1892 TO 2014


WEATHER ITEM   OBSERVED TIME   RECORD YEAR NORMAL DEPARTURE LAST
                VALUE   (LST)  VALUE       VALUE  FROM      YEAR
                                                  NORMAL
..................................................................
TEMPERATURE (F)
 TODAY
  MAXIMUM         37    130 AM  63    1946  38     -1       32
  MINIMUM         34    813 AM  -4    1902  25      9       19
  AVERAGE         36                        31      5       26

PRECIPITATION (IN)
  TODAY            0.11          2.35 1957   0.14  -0.03     0.12
  MONTH TO DATE    3.37                      1.34   2.03     1.04
  SINCE DEC 1      3.37                      1.34   2.03     1.04
  SINCE JAN 1     52.05                     45.59   6.46    42.34

SNOWFALL (IN)
  TODAY           MM             9.4  1905   0.4   MM        1.4
  MONTH TO DATE    0.3                       3.7   -3.4      2.5
  SINCE DEC 1      0.3                       3.7   -3.4      2.5
  SINCE JUL 1      7.5                       6.5    1.0      3.0
  SNOW DEPTH      MM

DEGREE DAYS
 HEATING
  TODAY           29                        34     -5       39
  MONTH TO DATE  296                       320    -24      319
  SINCE DEC 1    296                       320    -24      319
  SINCE JUL 1   1674                      1722    -48     1731

 COOLING
  TODAY            0                         0      0        0
  MONTH TO DATE    0                         0      0        0
  SINCE DEC 1      0                         0      0        0
  SINCE JAN 1    426                       471    -45      572
..................................................................


WIND (MPH)
  HIGHEST WIND SPEED    20   HIGHEST WIND DIRECTION     N (360)
  HIGHEST GUST SPEED    27   HIGHEST GUST DIRECTION     N (350)
  AVERAGE WIND SPEED    12.9


SKY COVER
  POSSIBLE SUNSHINE  MM
  AVERAGE SKY COVER 1.0


WEATHER CONDITIONS
 THE FOLLOWING WEATHER WAS RECORDED TODAY.
  RAIN
  LIGHT RAIN
  FOG


RELATIVE HUMIDITY (PERCENT)
 HIGHEST   100          1200 AM
 LOWEST     92           100 AM
 AVERAGE    96

..........................................................


THE WORCESTER MA CLIMATE NORMALS FOR TOMORROW
                         NORMAL    RECORD    YEAR
 MAXIMUM TEMPERATURE (F)   38        62      1911
 MINIMUM TEMPERATURE (F)   24        -2      1988


SUNRISE AND SUNSET
DECEMBER 10 2014......SUNRISE   705 AM EST   SUNSET   415 PM EST
DECEMBER 11 2014......SUNRISE   706 AM EST   SUNSET   415 PM EST


-  INDICATES NEGATIVE NUMBERS.
R  INDICATES RECORD WAS SET OR TIED.
MM INDICATES DATA IS MISSING.
T  INDICATES TRACE AMOUNT.




$$
