000
CDUS41 KBOX 092128
CLIORH


CLIMATE REPORT
NATIONAL WEATHER SERVICE TAUNTON MA
528 PM EDT SAT JUL 9 2016


...................................

...THE WORCESTER MA CLIMATE SUMMARY FOR JULY 9 2016...
VALID TODAY AS OF 0500 PM LOCAL TIME.

CLIMATE NORMAL PERIOD 1981 TO 2010
CLIMATE RECORD PERIOD 1892 TO 2016


WEATHER ITEM   OBSERVED TIME   RECORD YEAR NORMAL DEPARTURE LAST
                VALUE   (LST)  VALUE       VALUE  FROM      YEAR
                                                  NORMAL
..................................................................
TEMPERATURE (F)
 TODAY
  MAXIMUM         61    221 PM  96    1937  79    -18       75
                                      1903
  MINIMUM         56    721 AM  46    1963  61     -5       62
  AVERAGE         59                        70    -11       69

PRECIPITATION (IN)
  TODAY            T             1.15 1964   0.13  -0.13     0.45
  MONTH TO DATE    0.48                      1.11  -0.63     0.91
  SINCE JUN 1      2.14                      5.30  -3.16     7.26
  SINCE JAN 1     17.86                     24.53  -6.67    21.56

SNOWFALL (IN)
  TODAY            0.0           T    1936   0.0    0.0      0.0
  MONTH TO DATE    0.0                       0.0    0.0      0.0
  SINCE JUN 1      0.0                       0.0    0.0      0.0
  SINCE JUL 1      0.0                       0.0    0.0      0.0
  SNOW DEPTH      MM

DEGREE DAYS
 HEATING
  TODAY            6                         1      5        0
  MONTH TO DATE    6                         9     -3        0
  SINCE JUN 1     57                        92    -35       94
  SINCE JUL 1      6                         9     -3        0

 COOLING
  TODAY            0                         5     -5        4
  MONTH TO DATE   45                        45      0       48
  SINCE JUN 1    117                       129    -12      132
  SINCE JAN 1    159                       151      8      198
..................................................................


WIND (MPH)
  HIGHEST WIND SPEED    13   HIGHEST WIND DIRECTION    NE (60)
  HIGHEST GUST SPEED    19   HIGHEST GUST DIRECTION    NE (50)
  AVERAGE WIND SPEED     6.6


SKY COVER
  POSSIBLE SUNSHINE  MM
  AVERAGE SKY COVER 1.0


WEATHER CONDITIONS
 THE FOLLOWING WEATHER WAS RECORDED TODAY.
  LIGHT RAIN
  FOG


RELATIVE HUMIDITY (PERCENT)
 HIGHEST    97           300 PM
 LOWEST     80           200 AM
 AVERAGE    89

..........................................................


THE WORCESTER MA CLIMATE NORMALS FOR TOMORROW
                         NORMAL    RECORD    YEAR
 MAXIMUM TEMPERATURE (F)   79        95      1936
                                             1911
 MINIMUM TEMPERATURE (F)   61        46      1942


SUNRISE AND SUNSET
JULY  9 2016..........SUNRISE   520 AM EDT   SUNSET   825 PM EDT
JULY 10 2016..........SUNRISE   521 AM EDT   SUNSET   825 PM EDT


-  INDICATES NEGATIVE NUMBERS.
R  INDICATES RECORD WAS SET OR TIED.
MM INDICATES DATA IS MISSING.
T  INDICATES TRACE AMOUNT.




$$
