000
CDUS41 KBOX 250647
CLIORH


CLIMATE REPORT
NATIONAL WEATHER SERVICE TAUNTON MA
146 AM EST WED FEB 25 2015


...................................

...THE WORCESTER MA CLIMATE SUMMARY FOR FEBRUARY 24 2015...

CLIMATE NORMAL PERIOD 1981 TO 2010
CLIMATE RECORD PERIOD 1892 TO 2015


WEATHER ITEM   OBSERVED TIME   RECORD YEAR NORMAL DEPARTURE LAST
                VALUE   (LST)  VALUE       VALUE  FROM      YEAR
                                                  NORMAL
..................................................................
TEMPERATURE (F)
 YESTERDAY
  MAXIMUM         16    336 PM  67    1985  37    -21       38
  MINIMUM         -7    649 AM -11    1894  21    -28       19
  AVERAGE          5                        29    -24       29

PRECIPITATION (IN)
  YESTERDAY        T             2.06 1981   0.12  -0.12      T
  MONTH TO DATE    3.27                      2.73   0.54     4.06
  SINCE DEC 1     13.20                     10.04   3.16    11.59
  SINCE JAN 1      8.30                      6.22   2.08     7.16

SNOWFALL (IN)
  YESTERDAY        T            13.5  1969   0.5   -0.5       T
  MONTH TO DATE   53.3                      13.6   39.7     41.2
  SINCE DEC 1    101.3                      45.1   56.2     80.1
  SINCE JUL 1    108.5                      47.9   60.6     80.6
  SNOW DEPTH      MM

DEGREE DAYS
 HEATING
  YESTERDAY       60                        36     24       36
  MONTH TO DATE 1226                       921    305      962
  SINCE DEC 1   3548                      3292    256     3439
  SINCE JUL 1   4926                      4694    232     4851

 COOLING
  YESTERDAY        0                         0      0        0
  MONTH TO DATE    0                         0      0        0
  SINCE DEC 1      0                         0      0        0
  SINCE JAN 1      0                         0      0        0
..................................................................


WIND (MPH)
  RESULTANT WIND SPEED   7   RESULTANT WIND DIRECTION  SW (240)
  HIGHEST WIND SPEED    16   HIGHEST WIND DIRECTION     S (200)
  HIGHEST GUST SPEED    22   HIGHEST GUST DIRECTION     S (180)
  AVERAGE WIND SPEED     9.0


SKY COVER
  POSSIBLE SUNSHINE  MM
  AVERAGE SKY COVER 0.0


WEATHER CONDITIONS
 THE FOLLOWING WEATHER WAS RECORDED YESTERDAY.
  LIGHT SNOW


RELATIVE HUMIDITY (PERCENT)
 HIGHEST    84          1100 PM
 LOWEST     36           400 PM
 AVERAGE    60

..........................................................


THE WORCESTER MA CLIMATE NORMALS FOR TODAY
                         NORMAL    RECORD    YEAR
 MAXIMUM TEMPERATURE (F)   37        64      1976
                                             1930
 MINIMUM TEMPERATURE (F)   21        -7      1894


SUNRISE AND SUNSET
FEBRUARY 25 2015......SUNRISE   630 AM EST   SUNSET   532 PM EST
FEBRUARY 26 2015......SUNRISE   628 AM EST   SUNSET   533 PM EST


-  INDICATES NEGATIVE NUMBERS.
R  INDICATES RECORD WAS SET OR TIED.
MM INDICATES DATA IS MISSING.
T  INDICATES TRACE AMOUNT.




$$
