000
CDUS41 KBOX 130612
CLIORH


CLIMATE REPORT
NATIONAL WEATHER SERVICE TAUNTON MA
202 AM EDT THU JUL 13 2017


...................................

...THE WORCESTER MA CLIMATE SUMMARY FOR JULY 12 2017...

CLIMATE NORMAL PERIOD 1981 TO 2010
CLIMATE RECORD PERIOD 1892 TO 2017


WEATHER ITEM   OBSERVED TIME   RECORD YEAR NORMAL DEPARTURE LAST
                VALUE   (LST)  VALUE       VALUE  FROM      YEAR
                                                  NORMAL
..................................................................
TEMPERATURE (F)
 YESTERDAY
  MAXIMUM         83   1235 PM  96    1908  79      4       81
  MINIMUM         66    501 AM  41    1945  62      4       60
  AVERAGE         75                        70      5       71

PRECIPITATION (IN)
  YESTERDAY        0.17          2.84 1938   0.14   0.03     0.00
  MONTH TO DATE    0.98                      1.52  -0.54     0.57
  SINCE JUN 1      5.31                      5.71  -0.40     2.23
  SINCE JAN 1     26.39                     24.94   1.45    17.95

SNOWFALL (IN)
  YESTERDAY        0.0           0.0  2002   0.0    0.0      0.0
                                      2001
                                      2000
  MONTH TO DATE    0.0                       0.0    0.0      0.0
  SINCE JUN 1      0.0                       0.0    0.0      0.0
  SINCE JUL 1      0.0                       0.0    0.0      0.0
  SNOW DEPTH      MM

DEGREE DAYS
 HEATING
  YESTERDAY        0                         0      0        0
  MONTH TO DATE    1                         9     -8        9
  SINCE JUN 1     87                        92     -5       60
  SINCE JUL 1      1                         9     -8        9

 COOLING
  YESTERDAY       10                         6      4        6
  MONTH TO DATE   74                        63     11       52
  SINCE JUN 1    180                       147     33      124
  SINCE JAN 1    214                       169     45      166
..................................................................


WIND (MPH)
  RESULTANT WIND SPEED   3   RESULTANT WIND DIRECTION  SW (230)
  HIGHEST WIND SPEED    21   HIGHEST WIND DIRECTION    SW (220)
  HIGHEST GUST SPEED    26   HIGHEST GUST DIRECTION    SW (220)
  AVERAGE WIND SPEED     5.6


SKY COVER
  POSSIBLE SUNSHINE  MM
  AVERAGE SKY COVER 0.4


WEATHER CONDITIONS
 THE FOLLOWING WEATHER WAS RECORDED YESTERDAY.
  THUNDERSTORM
  HEAVY RAIN
  RAIN
  LIGHT RAIN
  FOG


RELATIVE HUMIDITY (PERCENT)
 HIGHEST    97           800 PM
 LOWEST     62          1100 AM
 AVERAGE    80

..........................................................


THE WORCESTER MA CLIMATE NORMALS FOR TODAY
                         NORMAL    RECORD    YEAR
 MAXIMUM TEMPERATURE (F)   79        93      1894
 MINIMUM TEMPERATURE (F)   62        43      1933


SUNRISE AND SUNSET
JULY 13 2017..........SUNRISE   523 AM EDT   SUNSET   823 PM EDT
JULY 14 2017..........SUNRISE   524 AM EDT   SUNSET   823 PM EDT


-  INDICATES NEGATIVE NUMBERS.
R  INDICATES RECORD WAS SET OR TIED.
MM INDICATES DATA IS MISSING.
T  INDICATES TRACE AMOUNT.




$$
