000
CDUS41 KBOX 100552
CLIORH


CLIMATE REPORT
NATIONAL WEATHER SERVICE TAUNTON MA
1242 AM EST SAT FEB 10 2018


...................................

...THE WORCESTER MA CLIMATE SUMMARY FOR FEBRUARY 9 2018...

CLIMATE NORMAL PERIOD 1981 TO 2010
CLIMATE RECORD PERIOD 1892 TO 2018


WEATHER ITEM   OBSERVED TIME   RECORD YEAR NORMAL DEPARTURE LAST
                VALUE   (LST)  VALUE       VALUE  FROM      YEAR
                                                  NORMAL
..................................................................
TEMPERATURE (F)
 YESTERDAY
  MAXIMUM         26   1159 PM  56    1925  33     -7       32
  MINIMUM         11    321 AM -20    1934  18     -7        8
  AVERAGE         19                        26     -7       20

PRECIPITATION (IN)
  YESTERDAY        0.00          0.93 1969   0.10  -0.10     0.59
  MONTH TO DATE    1.72                      1.01   0.71     1.09
  SINCE DEC 1      8.19                      8.32  -0.13     8.80
  SINCE JAN 1      5.34                      4.50   0.84     5.00

SNOWFALL (IN)
  YESTERDAY        0.0          13.7  1969   0.5   -0.5     13.0
  MONTH TO DATE    4.0                       5.1   -1.1     15.7
  SINCE DEC 1     39.5                      36.6    2.9     48.1
  SINCE JUL 1     39.5                      39.4    0.1     48.1
  SNOW DEPTH      MM

DEGREE DAYS
 HEATING
  YESTERDAY       46                        39      7       45
  MONTH TO DATE  376                       357     19      347
  SINCE DEC 1   2868                      2728    140     2521
  SINCE JUL 1   4004                      4130   -126     3708

 COOLING
  YESTERDAY        0                         0      0        0
  MONTH TO DATE    0                         0      0        0
  SINCE DEC 1      0                         0      0        0
  SINCE JAN 1      0                         0      0        0
..................................................................


WIND (MPH)
  RESULTANT WIND SPEED   7   RESULTANT WIND DIRECTION  SW (230)
  HIGHEST WIND SPEED    16   HIGHEST WIND DIRECTION     S (200)
  HIGHEST GUST SPEED    21   HIGHEST GUST DIRECTION    SW (220)
  AVERAGE WIND SPEED     9.0


SKY COVER
  POSSIBLE SUNSHINE  MM
  AVERAGE SKY COVER 0.4


WEATHER CONDITIONS
 THE FOLLOWING WEATHER WAS RECORDED YESTERDAY.
  NO SIGNIFICANT WEATHER WAS OBSERVED.


RELATIVE HUMIDITY (PERCENT)
 HIGHEST    84           300 AM
 LOWEST     55           100 PM
 AVERAGE    70

..........................................................


THE WORCESTER MA CLIMATE NORMALS FOR TODAY
                         NORMAL    RECORD    YEAR
 MAXIMUM TEMPERATURE (F)   34        55      1909
 MINIMUM TEMPERATURE (F)   19       -14      1948


SUNRISE AND SUNSET
FEBRUARY 10 2018......SUNRISE   650 AM EST   SUNSET   513 PM EST
FEBRUARY 11 2018......SUNRISE   649 AM EST   SUNSET   515 PM EST


-  INDICATES NEGATIVE NUMBERS.
R  INDICATES RECORD WAS SET OR TIED.
MM INDICATES DATA IS MISSING.
T  INDICATES TRACE AMOUNT.




$$
