000
CDUS41 KBOX 270543
CLIORH


CLIMATE REPORT
NATIONAL WEATHER SERVICE TAUNTON MA
138 AM EDT SAT JUN 27 2015


...................................

...THE WORCESTER MA CLIMATE SUMMARY FOR JUNE 26 2015...

CLIMATE NORMAL PERIOD 1981 TO 2010
CLIMATE RECORD PERIOD 1892 TO 2015


WEATHER ITEM   OBSERVED TIME   RECORD YEAR NORMAL DEPARTURE LAST
                VALUE   (LST)  VALUE       VALUE  FROM      YEAR
                                                  NORMAL
..................................................................
TEMPERATURE (F)
 YESTERDAY
  MAXIMUM         74    312 PM  98    1952  77     -3       80
  MINIMUM         59   1129 PM  45    1986  59      0       61
  AVERAGE         67                        68     -1       71

PRECIPITATION (IN)
  YESTERDAY        T             1.25 1958   0.13  -0.13     0.54
  MONTH TO DATE    5.18                      3.70   1.48     1.56
  SINCE JUN 1      5.18                      3.70   1.48     1.56
  SINCE JAN 1     19.48                     22.93  -3.45    22.75

SNOWFALL (IN)
  YESTERDAY        0.0           T    1945   0.0    0.0      0.0
  MONTH TO DATE    0.0                       0.0    0.0      0.0
  SINCE JUN 1      0.0                       0.0    0.0      0.0
  SINCE JUL 1    119.7                      64.1   55.6     85.2
  SNOW DEPTH      MM

DEGREE DAYS
 HEATING
  YESTERDAY        0                         1     -1        0
  MONTH TO DATE   77                        78     -1       45
  SINCE JUN 1     77                        78     -1       45
  SINCE JUL 1   6969                      6712    257     7073

 COOLING
  YESTERDAY        2                         4     -2        6
  MONTH TO DATE   81                        67     14       62
  SINCE JUN 1     81                        67     14       62
  SINCE JAN 1    147                        89     58       70
..................................................................


WIND (MPH)
  RESULTANT WIND SPEED   3   RESULTANT WIND DIRECTION  NE (50)
  HIGHEST WIND SPEED    13   HIGHEST WIND DIRECTION     N (20)
  HIGHEST GUST SPEED    18   HIGHEST GUST DIRECTION    NE (30)
  AVERAGE WIND SPEED     6.5


SKY COVER
  POSSIBLE SUNSHINE  MM
  AVERAGE SKY COVER 0.5


WEATHER CONDITIONS
 THE FOLLOWING WEATHER WAS RECORDED YESTERDAY.
  LIGHT RAIN


RELATIVE HUMIDITY (PERCENT)
 HIGHEST    73          1200 AM
 LOWEST     46           500 PM
 AVERAGE    60

..........................................................


THE WORCESTER MA CLIMATE NORMALS FOR TODAY
                         NORMAL    RECORD    YEAR
 MAXIMUM TEMPERATURE (F)   77        93      1901
 MINIMUM TEMPERATURE (F)   59        46      1940


SUNRISE AND SUNSET
JUNE 27 2015..........SUNRISE   513 AM EDT   SUNSET   828 PM EDT
JUNE 28 2015..........SUNRISE   513 AM EDT   SUNSET   828 PM EDT


-  INDICATES NEGATIVE NUMBERS.
R  INDICATES RECORD WAS SET OR TIED.
MM INDICATES DATA IS MISSING.
T  INDICATES TRACE AMOUNT.




$$
