000
CDUS41 KBOX 230544
CLIORH


CLIMATE REPORT
NATIONAL WEATHER SERVICE TAUNTON MA
1239 AM EST WED NOV 23 2016


...................................

...THE WORCESTER MA CLIMATE SUMMARY FOR NOVEMBER 22 2016...

CLIMATE NORMAL PERIOD 1981 TO 2010
CLIMATE RECORD PERIOD 1892 TO 2016


WEATHER ITEM   OBSERVED TIME   RECORD YEAR NORMAL DEPARTURE LAST
                VALUE   (LST)  VALUE       VALUE  FROM      YEAR
                                                  NORMAL
..................................................................
TEMPERATURE (F)
 YESTERDAY
  MAXIMUM         35    239 PM  71    1931  45    -10       47
  MINIMUM         26    508 AM  11    1987  31     -5       35
  AVERAGE         31                        38     -7       41

PRECIPITATION (IN)
  YESTERDAY        0.00          1.94 1952   0.15  -0.15     0.01
  MONTH TO DATE    1.74                      3.14  -1.40     1.56
  SINCE SEP 1     11.58                     11.75  -0.17     8.77
  SINCE JAN 1     34.98                     43.11  -8.13    35.49

SNOWFALL (IN)
  YESTERDAY        0.0           3.5  1971   0.1   -0.1      0.0
  MONTH TO DATE    T                         1.3   -1.3      0.0
  SINCE SEP 1      T                         1.5   -1.5       T
  SINCE JUL 1      T                         1.5   -1.5       T
  SNOW DEPTH       0

DEGREE DAYS
 HEATING
  YESTERDAY       34                        27      7       24
  MONTH TO DATE  461                       512    -51      391
  SINCE SEP 1    966                      1134   -168      930
  SINCE JUL 1    975                      1173   -198      931

 COOLING
  YESTERDAY        0                         0      0        0
  MONTH TO DATE    0                         0      0        0
  SINCE SEP 1     75                        45     30      102
  SINCE JAN 1    663                       471    192      659
..................................................................


WIND (MPH)
  RESULTANT WIND SPEED  15   RESULTANT WIND DIRECTION   W (290)
  HIGHEST WIND SPEED    29   HIGHEST WIND DIRECTION     W (280)
  HIGHEST GUST SPEED    38   HIGHEST GUST DIRECTION     W (280)
  AVERAGE WIND SPEED    16.2


SKY COVER
  POSSIBLE SUNSHINE  MM
  AVERAGE SKY COVER 0.4


WEATHER CONDITIONS
 THE FOLLOWING WEATHER WAS RECORDED YESTERDAY.
  NO SIGNIFICANT WEATHER WAS OBSERVED.


RELATIVE HUMIDITY (PERCENT)
 HIGHEST    68           300 AM
 LOWEST     51          1100 AM
 AVERAGE    60

..........................................................


THE WORCESTER MA CLIMATE NORMALS FOR TODAY
                         NORMAL    RECORD    YEAR
 MAXIMUM TEMPERATURE (F)   45        74      1931
 MINIMUM TEMPERATURE (F)   31         9      1989
                                             1972
                                             1929


SUNRISE AND SUNSET
NOVEMBER 23 2016......SUNRISE   648 AM EST   SUNSET   419 PM EST
NOVEMBER 24 2016......SUNRISE   649 AM EST   SUNSET   419 PM EST


-  INDICATES NEGATIVE NUMBERS.
R  INDICATES RECORD WAS SET OR TIED.
MM INDICATES DATA IS MISSING.
T  INDICATES TRACE AMOUNT.




$$
