000
CDUS41 KBOX 092126
CLIORH


CLIMATE REPORT
NATIONAL WEATHER SERVICE TAUNTON MA
426 PM EST MON JAN 9 2017


...................................

...THE WORCESTER MA CLIMATE SUMMARY FOR JANUARY 9 2017...
VALID TODAY AS OF 0400 PM LOCAL TIME.

CLIMATE NORMAL PERIOD 1981 TO 2010
CLIMATE RECORD PERIOD 1892 TO 2017


WEATHER ITEM   OBSERVED TIME   RECORD YEAR NORMAL DEPARTURE LAST
                VALUE   (LST)  VALUE       VALUE  FROM      YEAR
                                                  NORMAL
..................................................................
TEMPERATURE (F)
 TODAY
  MAXIMUM         15    359 PM  62    1937  31    -16       36
  MINIMUM          2    758 AM -13    1968  17    -15       31
  AVERAGE          9                        24    -15       34

PRECIPITATION (IN)
  TODAY            0.00          2.49 1978   0.10  -0.10     0.05
  MONTH TO DATE    1.46                      0.98   0.48     0.05
  SINCE DEC 1      5.26                      4.80   0.46     4.70
  SINCE JAN 1      1.46                      0.98   0.48     0.05

SNOWFALL (IN)
  TODAY            0.0           6.1  1920   0.6   -0.6      0.3
  MONTH TO DATE    7.3                       4.9    2.4      0.3
  SINCE DEC 1     24.8                      19.3    5.5      1.7
  SINCE JUL 1     24.8                      22.1    2.7      1.7
  SNOW DEPTH       0

DEGREE DAYS
 HEATING
  TODAY           56                        41     15       31
  MONTH TO DATE  376                       365     11      337
  SINCE DEC 1   1466                      1467     -1     1061
  SINCE JUL 1   2653                      2869   -216     2210

 COOLING
  TODAY            0                         0      0        0
  MONTH TO DATE    0                         0      0        0
  SINCE DEC 1      0                         0      0        0
  SINCE JAN 1      0                         0      0        0
..................................................................


WIND (MPH)
  HIGHEST WIND SPEED    16   HIGHEST WIND DIRECTION     W (260)
  HIGHEST GUST SPEED    21   HIGHEST GUST DIRECTION     W (260)
  AVERAGE WIND SPEED     9.8


SKY COVER
  POSSIBLE SUNSHINE  MM
  AVERAGE SKY COVER 0.0


WEATHER CONDITIONS
 THE FOLLOWING WEATHER WAS RECORDED TODAY.
  NO SIGNIFICANT WEATHER WAS OBSERVED.


RELATIVE HUMIDITY (PERCENT)
 HIGHEST    79           400 AM
 LOWEST     51           200 PM
 AVERAGE    65

..........................................................


THE WORCESTER MA CLIMATE NORMALS FOR TOMORROW
                         NORMAL    RECORD    YEAR
 MAXIMUM TEMPERATURE (F)   31        56      2016
 MINIMUM TEMPERATURE (F)   17        -8      2004


SUNRISE AND SUNSET
JANUARY  9 2017.......SUNRISE   716 AM EST   SUNSET   434 PM EST
JANUARY 10 2017.......SUNRISE   715 AM EST   SUNSET   435 PM EST


-  INDICATES NEGATIVE NUMBERS.
R  INDICATES RECORD WAS SET OR TIED.
MM INDICATES DATA IS MISSING.
T  INDICATES TRACE AMOUNT.




$$
