000
CDUS41 KBOX 180729
CLIORH


CLIMATE REPORT
NATIONAL WEATHER SERVICE TAUNTON MA
229 AM EST SUN JAN 18 2015


...................................

...THE WORCESTER MA CLIMATE SUMMARY FOR JANUARY 17 2015...

CLIMATE NORMAL PERIOD 1981 TO 2010
CLIMATE RECORD PERIOD 1892 TO 2015


WEATHER ITEM   OBSERVED TIME   RECORD YEAR NORMAL DEPARTURE LAST
                VALUE   (LST)  VALUE       VALUE  FROM      YEAR
                                                  NORMAL
..................................................................
TEMPERATURE (F)
 YESTERDAY
  MAXIMUM         21    257 PM  55    1973  31    -10       40
  MINIMUM          2    733 AM  -9    1982  16    -14       28
  AVERAGE         12                        24    -12       34

PRECIPITATION (IN)
  YESTERDAY        0.00          1.11 1994   0.11  -0.11     0.00
  MONTH TO DATE    1.38                      1.89  -0.51     2.61
  SINCE DEC 1      6.28                      5.71   0.57     7.04
  SINCE JAN 1      1.38                      1.89  -0.51     2.61

SNOWFALL (IN)
  YESTERDAY        0.0           6.2  1920   0.6   -0.6      0.0
  MONTH TO DATE    5.2                       9.5   -4.3     10.8
  SINCE DEC 1      6.7                      23.9  -17.2     29.7
  SINCE JUL 1     13.9                      26.7  -12.8     30.2
  SNOW DEPTH      MM

DEGREE DAYS
 HEATING
  YESTERDAY       53                        41     12       31
  MONTH TO DATE  759                       693     66      665
  SINCE DEC 1   1723                      1795    -72     1812
  SINCE JUL 1   3101                      3197    -96     3224

 COOLING
  YESTERDAY        0                         0      0        0
  MONTH TO DATE    0                         0      0        0
  SINCE DEC 1      0                         0      0        0
  SINCE JAN 1      0                         0      0        0
..................................................................


WIND (MPH)
  RESULTANT WIND SPEED   6   RESULTANT WIND DIRECTION   W (270)
  HIGHEST WIND SPEED    23   HIGHEST WIND DIRECTION    NW (300)
  HIGHEST GUST SPEED    27   HIGHEST GUST DIRECTION    NW (300)
  AVERAGE WIND SPEED     9.1


SKY COVER
  POSSIBLE SUNSHINE  MM
  AVERAGE SKY COVER 0.0


WEATHER CONDITIONS
 THE FOLLOWING WEATHER WAS RECORDED YESTERDAY.
  NO SIGNIFICANT WEATHER WAS OBSERVED.


RELATIVE HUMIDITY (PERCENT)
 HIGHEST    62           500 AM
 LOWEST     25           300 PM
 AVERAGE    44

..........................................................


THE WORCESTER MA CLIMATE NORMALS FOR TODAY
                         NORMAL    RECORD    YEAR
 MAXIMUM TEMPERATURE (F)   31        59      1973
 MINIMUM TEMPERATURE (F)   16       -12      1982


SUNRISE AND SUNSET
JANUARY 18 2015.......SUNRISE   712 AM EST   SUNSET   444 PM EST
JANUARY 19 2015.......SUNRISE   712 AM EST   SUNSET   445 PM EST


-  INDICATES NEGATIVE NUMBERS.
R  INDICATES RECORD WAS SET OR TIED.
MM INDICATES DATA IS MISSING.
T  INDICATES TRACE AMOUNT.




$$
