000
CDUS41 KBOX 080549
CLIORH


CLIMATE REPORT
NATIONAL WEATHER SERVICE TAUNTON MA
1243 AM EST MON DEC 8 2014


...................................

...THE WORCESTER MA CLIMATE SUMMARY FOR DECEMBER 7 2014...

CLIMATE NORMAL PERIOD 1981 TO 2010
CLIMATE RECORD PERIOD 1892 TO 2014


WEATHER ITEM   OBSERVED TIME   RECORD YEAR NORMAL DEPARTURE LAST
                VALUE   (LST)  VALUE       VALUE  FROM      YEAR
                                                  NORMAL
..................................................................
TEMPERATURE (F)
 YESTERDAY
  MAXIMUM         34    201 PM  72    1998  39     -5       34
  MINIMUM         15   1159 PM   5    1906  26    -11       23
  AVERAGE         25                        32     -7       29

PRECIPITATION (IN)
  YESTERDAY        0.01          1.68 1976   0.13  -0.12     0.04
  MONTH TO DATE    1.74                      0.94   0.80     0.67
  SINCE DEC 1      1.74                      0.94   0.80     0.67
  SINCE JAN 1     50.42                     45.19   5.23    41.97

SNOWFALL (IN)
  YESTERDAY        0.0          16.3  1996   0.4   -0.4       T
  MONTH TO DATE    0.3                       2.4   -2.1      0.8
  SINCE DEC 1      0.3                       2.4   -2.1      0.8
  SINCE JUL 1      7.5                       5.2    2.3      1.3
  SNOW DEPTH      MM

DEGREE DAYS
 HEATING
  YESTERDAY       40                        33      7       36
  MONTH TO DATE  183                       220    -37      199
  SINCE DEC 1    183                       220    -37      199
  SINCE JUL 1   1561                      1622    -61     1611

 COOLING
  YESTERDAY        0                         0      0        0
  MONTH TO DATE    0                         0      0        0
  SINCE DEC 1      0                         0      0        0
  SINCE JAN 1    426                       471    -45      572
..................................................................


WIND (MPH)
  RESULTANT WIND SPEED  14   RESULTANT WIND DIRECTION   N (10)
  HIGHEST WIND SPEED    25   HIGHEST WIND DIRECTION     N (360)
  HIGHEST GUST SPEED    35   HIGHEST GUST DIRECTION     N (10)
  AVERAGE WIND SPEED    13.8


SKY COVER
  POSSIBLE SUNSHINE  MM
  AVERAGE SKY COVER 0.1


WEATHER CONDITIONS
 THE FOLLOWING WEATHER WAS RECORDED YESTERDAY.
  LIGHT RAIN
  FOG


RELATIVE HUMIDITY (PERCENT)
 HIGHEST    89           200 AM
 LOWEST     30           300 PM
 AVERAGE    60

..........................................................


THE WORCESTER MA CLIMATE NORMALS FOR TODAY
                         NORMAL    RECORD    YEAR
 MAXIMUM TEMPERATURE (F)   39        61      1966
                                             1927
 MINIMUM TEMPERATURE (F)   25        -3      1906


SUNRISE AND SUNSET
DECEMBER  8 2014......SUNRISE   704 AM EST   SUNSET   415 PM EST
DECEMBER  9 2014......SUNRISE   704 AM EST   SUNSET   415 PM EST


-  INDICATES NEGATIVE NUMBERS.
R  INDICATES RECORD WAS SET OR TIED.
MM INDICATES DATA IS MISSING.
T  INDICATES TRACE AMOUNT.




$$
