000
CDUS41 KBOX 182140
CLIORH


CLIMATE REPORT
NATIONAL WEATHER SERVICE TAUNTON MA
530 PM EDT THU MAY 18 2017


...................................

...THE WORCESTER MA CLIMATE SUMMARY FOR MAY 18 2017...
VALID AS OF 0500 PM LOCAL TIME.

CLIMATE NORMAL PERIOD 1981 TO 2010
CLIMATE RECORD PERIOD 1892 TO 2017


WEATHER ITEM   OBSERVED TIME   RECORD YEAR NORMAL DEPARTURE LAST
                VALUE   (LST)  VALUE       VALUE  FROM      YEAR
                                                  NORMAL
..................................................................
TEMPERATURE (F)
 TODAY
  MAXIMUM         90R   310 PM  90    1906  67     23       67
  MINIMUM         69    458 AM  33    2002  47     22       49
  AVERAGE         80                        57     23       58

PRECIPITATION (IN)
  TODAY            T             1.60 1945   0.13  -0.13     0.00
  MONTH TO DATE    3.13                      2.28   0.85     1.57
  SINCE MAR 1     11.89                     10.60   1.29     7.69
  SINCE JAN 1     18.24                     17.32   0.92    15.08

SNOWFALL (IN)
  TODAY           MM             0.7  2002   0.0   MM        0.0
  MONTH TO DATE    0.0                       0.0    0.0      0.0
  SINCE MAR 1     20.5                      14.2    6.3     15.5
  SINCE JUL 1     78.3                      64.1   14.2     47.2
  SNOW DEPTH      MM

DEGREE DAYS
 HEATING
  TODAY            0                         9     -9        7
  MONTH TO DATE  249                       197     52      239
  SINCE MAR 1   1792                      1707     85     1611
  SINCE JUL 1   6069                      6544   -475     5670

 COOLING
  TODAY           15                         1     14        0
  MONTH TO DATE   22                         3     19        1
  SINCE MAR 1     32                         6     26        5
  SINCE JAN 1     32                         6     26        5
..................................................................


WIND (MPH)
  HIGHEST WIND SPEED    26   HIGHEST WIND DIRECTION    SW (230)
  HIGHEST GUST SPEED    34   HIGHEST GUST DIRECTION    SW (220)
  AVERAGE WIND SPEED    12.4


SKY COVER
  POSSIBLE SUNSHINE  MM
  AVERAGE SKY COVER 0.0


WEATHER CONDITIONS
 THE FOLLOWING WEATHER WAS RECORDED TODAY.
  LIGHT RAIN


RELATIVE HUMIDITY (PERCENT)
 HIGHEST    73           400 AM
 LOWEST     21           200 PM
 AVERAGE    47

..........................................................


THE WORCESTER MA CLIMATE NORMALS FOR TOMORROW
                         NORMAL    RECORD    YEAR
 MAXIMUM TEMPERATURE (F)   67        92      1962
 MINIMUM TEMPERATURE (F)   48        27      1944


SUNRISE AND SUNSET
MAY 18 2017...........SUNRISE   523 AM EDT   SUNSET   805 PM EDT
MAY 19 2017...........SUNRISE   522 AM EDT   SUNSET   806 PM EDT


-  INDICATES NEGATIVE NUMBERS.
R  INDICATES RECORD WAS SET OR TIED.
MM INDICATES DATA IS MISSING.
T  INDICATES TRACE AMOUNT.




$$
