000
CDUS41 KBOX 240959
CLIORH


CLIMATE REPORT
NATIONAL WEATHER SERVICE TAUNTON MA
457 AM EST TUE FEB 24 2015


...................................

...THE WORCESTER MA CLIMATE SUMMARY FOR FEBRUARY 23 2015...

CLIMATE NORMAL PERIOD 1981 TO 2010
CLIMATE RECORD PERIOD 1892 TO 2015


WEATHER ITEM   OBSERVED TIME   RECORD YEAR NORMAL DEPARTURE LAST
                VALUE   (LST)  VALUE       VALUE  FROM      YEAR
                                                  NORMAL
..................................................................
TEMPERATURE (F)
 YESTERDAY
  MAXIMUM         28   1242 AM  61    1990  36     -8       44
  MINIMUM         -2   1159 PM  -9    1972  21    -23       33
  AVERAGE         13                        29    -16       39

PRECIPITATION (IN)
  YESTERDAY        0.00          0.81 1897   0.12  -0.12     0.00
  MONTH TO DATE    3.27                      2.61   0.66     4.06
  SINCE DEC 1     13.20                      9.92   3.28    11.59
  SINCE JAN 1      8.30                      6.10   2.20     7.16

SNOWFALL (IN)
  YESTERDAY        0.0           8.1  1967   0.5   -0.5      0.0
  MONTH TO DATE   53.3                      13.1   40.2     41.2
  SINCE DEC 1    101.3                      44.6   56.7     80.1
  SINCE JUL 1    108.5                      47.4   61.1     80.6
  SNOW DEPTH       0

DEGREE DAYS
 HEATING
  YESTERDAY       52                        36     16       26
  MONTH TO DATE 1166                       885    281      926
  SINCE DEC 1   3488                      3256    232     3403
  SINCE JUL 1   4866                      4658    208     4815

 COOLING
  YESTERDAY        0                         0      0        0
  MONTH TO DATE    0                         0      0        0
  SINCE DEC 1      0                         0      0        0
  SINCE JAN 1      0                         0      0        0
..................................................................


WIND (MPH)
  RESULTANT WIND SPEED  16   RESULTANT WIND DIRECTION   W (290)
  HIGHEST WIND SPEED    29   HIGHEST WIND DIRECTION    NW (300)
  HIGHEST GUST SPEED    41   HIGHEST GUST DIRECTION     W (290)
  AVERAGE WIND SPEED    15.7


SKY COVER
  POSSIBLE SUNSHINE  MM
  AVERAGE SKY COVER 0.1


WEATHER CONDITIONS
 THE FOLLOWING WEATHER WAS RECORDED YESTERDAY.
  NO SIGNIFICANT WEATHER WAS OBSERVED.


RELATIVE HUMIDITY (PERCENT)
 HIGHEST    69          1200 AM
 LOWEST     36          1200 PM
 AVERAGE    53

..........................................................


THE WORCESTER MA CLIMATE NORMALS FOR TODAY
                         NORMAL    RECORD    YEAR
 MAXIMUM TEMPERATURE (F)   37        67      1985
 MINIMUM TEMPERATURE (F)   21       -11      1894


SUNRISE AND SUNSET
FEBRUARY 24 2015......SUNRISE   631 AM EST   SUNSET   531 PM EST
FEBRUARY 25 2015......SUNRISE   630 AM EST   SUNSET   532 PM EST


-  INDICATES NEGATIVE NUMBERS.
R  INDICATES RECORD WAS SET OR TIED.
MM INDICATES DATA IS MISSING.
T  INDICATES TRACE AMOUNT.




$$
