000
CDUS41 KBOX 140551
CLIORH


CLIMATE REPORT
NATIONAL WEATHER SERVICE TAUNTON MA
147 AM EDT THU AUG 14 2014


...................................

...THE WORCESTER MA CLIMATE SUMMARY FOR AUGUST 13 2014...

CLIMATE NORMAL PERIOD 1981 TO 2010
CLIMATE RECORD PERIOD 1892 TO 2014


WEATHER ITEM   OBSERVED TIME   RECORD YEAR NORMAL DEPARTURE LAST
                VALUE   (LST)  VALUE       VALUE  FROM      YEAR
                                                  NORMAL
..................................................................
TEMPERATURE (F)
 YESTERDAY
  MAXIMUM         67    613 PM  98    1944  78    -11       71
  MINIMUM         61   1159 PM  40    1941  61      0       63
  AVERAGE         64                        70     -6       67

PRECIPITATION (IN)
  YESTERDAY        1.76          2.74 1955   0.12   1.64     0.02
  MONTH TO DATE    2.15                      1.70   0.45     2.86
  SINCE JUN 1      9.99                     10.12  -0.13    15.89
  SINCE JAN 1     31.18                     29.35   1.83    32.70

SNOWFALL (IN)
  YESTERDAY        0.0           0.0  2002   0.0    0.0      0.0
                                      2001
                                      2000
  MONTH TO DATE    0.0                       0.0    0.0      0.0
  SINCE JUN 1      0.0                       0.0    0.0      0.0
  SINCE JUL 1      0.0                       0.0    0.0      0.0
  SNOW DEPTH      MM

DEGREE DAYS
 HEATING
  YESTERDAY        1                         1      0        0
  MONTH TO DATE    1                         4     -3        3
  SINCE JUN 1     46                       101    -55       77
  SINCE JUL 1      1                        18    -17       10

 COOLING
  YESTERDAY        0                         5     -5        2
  MONTH TO DATE   55                        71    -16       34
  SINCE JUN 1    313                       330    -17      435
  SINCE JAN 1    321                       352    -31      459
..................................................................


WIND (MPH)
  RESULTANT WIND SPEED   5   RESULTANT WIND DIRECTION  SE (120)
  HIGHEST WIND SPEED    24   HIGHEST WIND DIRECTION    SE (130)
  HIGHEST GUST SPEED    31   HIGHEST GUST DIRECTION    SE (130)
  AVERAGE WIND SPEED    12.0


SKY COVER
  POSSIBLE SUNSHINE  MM
  AVERAGE SKY COVER 1.0


WEATHER CONDITIONS
 THE FOLLOWING WEATHER WAS RECORDED YESTERDAY.
  HEAVY RAIN
  RAIN
  LIGHT RAIN
  FOG
  FOG W/VISIBILITY <= 1/4 MILE


RELATIVE HUMIDITY (PERCENT)
 HIGHEST   100           600 AM
 LOWEST     87          1200 AM
 AVERAGE    94

..........................................................


THE WORCESTER MA CLIMATE NORMALS FOR TODAY
                         NORMAL    RECORD    YEAR
 MAXIMUM TEMPERATURE (F)   78        95      1944
 MINIMUM TEMPERATURE (F)   61        45      1964


SUNRISE AND SUNSET
AUGUST 14 2014........SUNRISE   554 AM EDT   SUNSET   750 PM EDT
AUGUST 15 2014........SUNRISE   555 AM EDT   SUNSET   748 PM EDT


-  INDICATES NEGATIVE NUMBERS.
R  INDICATES RECORD WAS SET OR TIED.
MM INDICATES DATA IS MISSING.
T  INDICATES TRACE AMOUNT.




$$
