000
CDUS41 KBOX 020551
CLIORH


CLIMATE REPORT
NATIONAL WEATHER SERVICE TAUNTON MA
1247 AM EST TUE JAN 2 2018


...................................

...THE WORCESTER MA CLIMATE SUMMARY FOR JANUARY 1 2018...

CLIMATE NORMAL PERIOD 1981 TO 2010
CLIMATE RECORD PERIOD 1892 TO 2018


WEATHER ITEM   OBSERVED TIME   RECORD YEAR NORMAL DEPARTURE LAST
                VALUE   (LST)  VALUE       VALUE  FROM      YEAR
                                                  NORMAL
..................................................................
TEMPERATURE (F)
 YESTERDAY
  MAXIMUM          8    325 PM  58    2011  32    -24       37
                                      1892
  MINIMUM         -5R   811 AM  -5    1918  18    -23       25
  AVERAGE          2                        25    -23       31

PRECIPITATION (IN)
  YESTERDAY        0.00          1.25 1982   0.11  -0.11     0.09
  MONTH TO DATE    0.00                      0.11  -0.11     0.09
  SINCE DEC 1      2.85                      3.93  -1.08     3.89
  SINCE JAN 1      0.00                      0.11  -0.11     0.09

SNOWFALL (IN)
  YESTERDAY        0.0           8.0  1935   0.5   -0.5      0.9
  MONTH TO DATE    0.0                       0.5   -0.5      0.9
  SINCE DEC 1     13.4                      14.9   -1.5     18.4
  SINCE JUL 1     13.4                      17.7   -4.3     18.4
  SNOW DEPTH      MM

DEGREE DAYS
 HEATING
  YESTERDAY       63                        40     23       34
  MONTH TO DATE   63                        40     23       34
  SINCE DEC 1   1293                      1142    151     1124
  SINCE JUL 1   2429                      2544   -115     2311

 COOLING
  YESTERDAY        0                         0      0        0
  MONTH TO DATE    0                         0      0        0
  SINCE DEC 1      0                         0      0        0
  SINCE JAN 1      0                         0      0        0
..................................................................


WIND (MPH)
  RESULTANT WIND SPEED  13   RESULTANT WIND DIRECTION   W (290)
  HIGHEST WIND SPEED    23   HIGHEST WIND DIRECTION    NW (300)
  HIGHEST GUST SPEED    32   HIGHEST GUST DIRECTION    NW (300)
  AVERAGE WIND SPEED    13.5


SKY COVER
  POSSIBLE SUNSHINE  MM
  AVERAGE SKY COVER 0.0


WEATHER CONDITIONS
 THE FOLLOWING WEATHER WAS RECORDED YESTERDAY.
  NO SIGNIFICANT WEATHER WAS OBSERVED.


RELATIVE HUMIDITY (PERCENT)
 HIGHEST    65          1200 AM
 LOWEST     41           300 PM
 AVERAGE    53

..........................................................


THE WORCESTER MA CLIMATE NORMALS FOR TODAY
                         NORMAL    RECORD    YEAR
 MAXIMUM TEMPERATURE (F)   32        60      1892
 MINIMUM TEMPERATURE (F)   18        -7      1899


SUNRISE AND SUNSET
JANUARY  2 2018.......SUNRISE   716 AM EST   SUNSET   427 PM EST
JANUARY  3 2018.......SUNRISE   716 AM EST   SUNSET   428 PM EST


-  INDICATES NEGATIVE NUMBERS.
R  INDICATES RECORD WAS SET OR TIED.
MM INDICATES DATA IS MISSING.
T  INDICATES TRACE AMOUNT.




$$
