000
CDUS41 KBOX 230539
CLIORH


CLIMATE REPORT
NATIONAL WEATHER SERVICE TAUNTON MA
135 AM EDT THU JUL 23 2015


...................................

...THE WORCESTER MA CLIMATE SUMMARY FOR JULY 22 2015...

CLIMATE NORMAL PERIOD 1981 TO 2010
CLIMATE RECORD PERIOD 1892 TO 2015


WEATHER ITEM   OBSERVED TIME   RECORD YEAR NORMAL DEPARTURE LAST
                VALUE   (LST)  VALUE       VALUE  FROM      YEAR
                                                  NORMAL
..................................................................
TEMPERATURE (F)
 YESTERDAY
  MAXIMUM         80   1234 PM  99    1926  79      1       85
  MINIMUM         62   1144 PM  45    1937  62      0       62
  AVERAGE         71                        71      0       74

PRECIPITATION (IN)
  YESTERDAY        0.00          2.31 1897   0.14  -0.14     0.00
  MONTH TO DATE    2.19                      2.95  -0.76     4.74
  SINCE JUN 1      8.54                      7.14   1.40     6.30
  SINCE JAN 1     22.84                     26.37  -3.53    27.49

SNOWFALL (IN)
  YESTERDAY        0.0           0.0  2002   0.0    0.0      0.0
                                      2001
                                      2000
  MONTH TO DATE    0.0                       0.0    0.0      0.0
  SINCE JUN 1      0.0                       0.0    0.0      0.0
  SINCE JUL 1      0.0                       0.0    0.0      0.0
  SNOW DEPTH      MM

DEGREE DAYS
 HEATING
  YESTERDAY        0                         0      0        0
  MONTH TO DATE    0                         9     -9        0
  SINCE JUN 1     94                        92      2       45
  SINCE JUL 1      0                         9     -9        0

 COOLING
  YESTERDAY        6                         6      0        9
  MONTH TO DATE  159                       123     36      136
  SINCE JUN 1    243                       207     36      220
  SINCE JAN 1    309                       229     80      228
..................................................................


WIND (MPH)
  RESULTANT WIND SPEED  11   RESULTANT WIND DIRECTION  NW (300)
  HIGHEST WIND SPEED    22   HIGHEST WIND DIRECTION    NW (300)
  HIGHEST GUST SPEED    27   HIGHEST GUST DIRECTION    NW (310)
  AVERAGE WIND SPEED    11.0


SKY COVER
  POSSIBLE SUNSHINE  MM
  AVERAGE SKY COVER 0.2


WEATHER CONDITIONS
 THE FOLLOWING WEATHER WAS RECORDED YESTERDAY.
  NO SIGNIFICANT WEATHER WAS OBSERVED.


RELATIVE HUMIDITY (PERCENT)
 HIGHEST    73           900 PM
 LOWEST     35           200 PM
 AVERAGE    54

..........................................................


THE WORCESTER MA CLIMATE NORMALS FOR TODAY
                         NORMAL    RECORD    YEAR
 MAXIMUM TEMPERATURE (F)   79        96      1952
 MINIMUM TEMPERATURE (F)   62        48      1939


SUNRISE AND SUNSET
JULY 23 2015..........SUNRISE   531 AM EDT   SUNSET   816 PM EDT
JULY 24 2015..........SUNRISE   532 AM EDT   SUNSET   815 PM EDT


-  INDICATES NEGATIVE NUMBERS.
R  INDICATES RECORD WAS SET OR TIED.
MM INDICATES DATA IS MISSING.
T  INDICATES TRACE AMOUNT.




$$
