000
CDUS41 KBOX 101040
CLIORH


CLIMATE REPORT
NATIONAL WEATHER SERVICE TAUNTON MA
639 AM EDT FRI OCT 10 2014


...................................

...THE WORCESTER MA CLIMATE SUMMARY FOR OCTOBER 9 2014...

CLIMATE NORMAL PERIOD 1981 TO 2010
CLIMATE RECORD PERIOD 1892 TO 2014


WEATHER ITEM   OBSERVED TIME   RECORD YEAR NORMAL DEPARTURE LAST
                VALUE   (LST)  VALUE       VALUE  FROM      YEAR
                                                  NORMAL
..................................................................
TEMPERATURE (F)
 YESTERDAY
  MAXIMUM         61    256 PM  84    1932  61      0       59
  MINIMUM         40    356 AM  22    1929  44     -4       43
  AVERAGE         51                        52     -1       51

PRECIPITATION (IN)
  YESTERDAY        0.00          2.09 1977   0.16  -0.16     0.00
  MONTH TO DATE    1.14                      1.42  -0.28     1.17
  SINCE SEP 1      3.86                      5.35  -1.49     4.40
  SINCE JAN 1     38.89                     36.71   2.18    37.42

SNOWFALL (IN)
  YESTERDAY        0.0           0.0  2013   0.0    0.0      0.0
  MONTH TO DATE    0.0                       0.0    0.0      0.0
  SINCE SEP 1      0.0                       0.0    0.0      0.0
  SINCE JUL 1      0.0                       0.0    0.0      0.0
  SNOW DEPTH       0

DEGREE DAYS
 HEATING
  YESTERDAY       14                        13      1       14
  MONTH TO DATE   99                       103     -4       51
  SINCE SEP 1    252                       257     -5      221
  SINCE JUL 1    272                       296    -24      240

 COOLING
  YESTERDAY        0                         0      0        0
  MONTH TO DATE    0                         0      0        1
  SINCE SEP 1     61                        42     19       41
  SINCE JAN 1    423                       468    -45      572
..................................................................


WIND (MPH)
  RESULTANT WIND SPEED  10   RESULTANT WIND DIRECTION   W (260)
  HIGHEST WIND SPEED    25   HIGHEST WIND DIRECTION     W (280)
  HIGHEST GUST SPEED    33   HIGHEST GUST DIRECTION    SW (240)
  AVERAGE WIND SPEED    10.4


SKY COVER
  POSSIBLE SUNSHINE  MM
  AVERAGE SKY COVER 0.1


WEATHER CONDITIONS
 THE FOLLOWING WEATHER WAS RECORDED YESTERDAY.
  NO SIGNIFICANT WEATHER WAS OBSERVED.


RELATIVE HUMIDITY (PERCENT)
 HIGHEST    85           400 AM
 LOWEST     39           200 PM
 AVERAGE    62

..........................................................


THE WORCESTER MA CLIMATE NORMALS FOR TODAY
                         NORMAL    RECORD    YEAR
 MAXIMUM TEMPERATURE (F)   60        86      1939
 MINIMUM TEMPERATURE (F)   44        27      1989
                                             1972
                                             1929


SUNRISE AND SUNSET
OCTOBER 10 2014.......SUNRISE   654 AM EDT   SUNSET   614 PM EDT
OCTOBER 11 2014.......SUNRISE   656 AM EDT   SUNSET   612 PM EDT


-  INDICATES NEGATIVE NUMBERS.
R  INDICATES RECORD WAS SET OR TIED.
MM INDICATES DATA IS MISSING.
T  INDICATES TRACE AMOUNT.




$$
