000
CDUS41 KBOX 132149
CLIORH


CLIMATE REPORT
NATIONAL WEATHER SERVICE TAUNTON MA
537 PM EDT WED JUL 13 2016


...................................

...THE WORCESTER MA CLIMATE SUMMARY FOR JULY 13 2016...
VALID AS OF 0500 PM LOCAL TIME.

CLIMATE NORMAL PERIOD 1981 TO 2010
CLIMATE RECORD PERIOD 1892 TO 2016


WEATHER ITEM   OBSERVED TIME   RECORD YEAR NORMAL DEPARTURE LAST
                VALUE   (LST)  VALUE       VALUE  FROM      YEAR
                                                  NORMAL
..................................................................
TEMPERATURE (F)
 TODAY
  MAXIMUM         86    254 PM  93    1894  79      7       82
  MINIMUM         64    512 AM  43    1933  62      2       65
  AVERAGE         75                        70      5       74

PRECIPITATION (IN)
  TODAY            0.00          3.26 1996   0.14  -0.14     0.00
  MONTH TO DATE    0.57                      1.66  -1.09     2.06
  SINCE JUN 1      2.23                      5.85  -3.62     8.41
  SINCE JAN 1     17.95                     25.08  -7.13    22.71

SNOWFALL (IN)
  TODAY            0.0           0.0  2002   0.0    0.0      0.0
                                      2001
                                      2000
  MONTH TO DATE    0.0                       0.0    0.0      0.0
  SINCE JUN 1      0.0                       0.0    0.0      0.0
  SINCE JUL 1      0.0                       0.0    0.0      0.0
  SNOW DEPTH       0

DEGREE DAYS
 HEATING
  TODAY            0                         0      0        0
  MONTH TO DATE    9                         9      0        0
  SINCE JUN 1     60                        92    -32       94
  SINCE JUL 1      9                         9      0        0

 COOLING
  TODAY           10                         6      4        9
  MONTH TO DATE   62                        69     -7       85
  SINCE JUN 1    134                       153    -19      169
  SINCE JAN 1    176                       175      1      235
..................................................................


WIND (MPH)
  HIGHEST WIND SPEED    20   HIGHEST WIND DIRECTION    SW (220)
  HIGHEST GUST SPEED    25   HIGHEST GUST DIRECTION     S (200)
  AVERAGE WIND SPEED    12.7


SKY COVER
  POSSIBLE SUNSHINE  MM
  AVERAGE SKY COVER 0.0


WEATHER CONDITIONS
 THE FOLLOWING WEATHER WAS RECORDED TODAY.
  NO SIGNIFICANT WEATHER WAS OBSERVED.


RELATIVE HUMIDITY (PERCENT)
 HIGHEST    93           500 AM
 LOWEST     45           300 PM
 AVERAGE    69

..........................................................


THE WORCESTER MA CLIMATE NORMALS FOR TOMORROW
                         NORMAL    RECORD    YEAR
 MAXIMUM TEMPERATURE (F)   79        95      1952
 MINIMUM TEMPERATURE (F)   62        48      1933


SUNRISE AND SUNSET
JULY 13 2016..........SUNRISE   523 AM EDT   SUNSET   823 PM EDT
JULY 14 2016..........SUNRISE   524 AM EDT   SUNSET   822 PM EDT


-  INDICATES NEGATIVE NUMBERS.
R  INDICATES RECORD WAS SET OR TIED.
MM INDICATES DATA IS MISSING.
T  INDICATES TRACE AMOUNT.




$$
