000
CDUS41 KBOX 050538
CLIORH


CLIMATE REPORT
NATIONAL WEATHER SERVICE TAUNTON MA
138 AM EDT MON JUN 5 2017


...................................

...THE WORCESTER MA CLIMATE SUMMARY FOR JUNE 4 2017...

CLIMATE NORMAL PERIOD 1981 TO 2010
CLIMATE RECORD PERIOD 1892 TO 2017


WEATHER ITEM   OBSERVED TIME   RECORD YEAR NORMAL DEPARTURE LAST
                VALUE   (LST)  VALUE       VALUE  FROM      YEAR
                                                  NORMAL
..................................................................
TEMPERATURE (F)
 YESTERDAY
  MAXIMUM         68   1114 AM  94    1919  71     -3       81
  MINIMUM         49    133 AM  36    1927  53     -4       61
  AVERAGE         59                        62     -3       71

PRECIPITATION (IN)
  YESTERDAY        0.07          2.51 1972   0.16  -0.09     0.00
  MONTH TO DATE    0.07                      0.63  -0.56     0.01
  SINCE JUN 1      0.07                      0.63  -0.56     0.01
  SINCE JAN 1     21.15                     19.86   1.29    15.73

SNOWFALL (IN)
  YESTERDAY        0.0           0.0  2001   0.0    0.0      0.0
                                      2000
  MONTH TO DATE    0.0                       0.0    0.0      0.0
  SINCE JUN 1      0.0                       0.0    0.0      0.0
  SINCE JUL 1     78.3                      64.1   14.2     47.2
  SNOW DEPTH      MM

DEGREE DAYS
 HEATING
  YESTERDAY        6                         5      1        0
  MONTH TO DATE   27                        20      7        6
  SINCE JUN 1     27                        20      7        6
  SINCE JUL 1   6212                      6654   -442     5717

 COOLING
  YESTERDAY        0                         2     -2        6
  MONTH TO DATE    0                         5     -5        6
  SINCE JUN 1      0                         5     -5        6
  SINCE JAN 1     34                        27      7       48
..................................................................


WIND (MPH)
  RESULTANT WIND SPEED   7   RESULTANT WIND DIRECTION   W (260)
  HIGHEST WIND SPEED    15   HIGHEST WIND DIRECTION     W (290)
  HIGHEST GUST SPEED    19   HIGHEST GUST DIRECTION     W (270)
  AVERAGE WIND SPEED     8.7


SKY COVER
  POSSIBLE SUNSHINE  MM
  AVERAGE SKY COVER 0.4


WEATHER CONDITIONS
 THE FOLLOWING WEATHER WAS RECORDED YESTERDAY.
  LIGHT RAIN
  FOG


RELATIVE HUMIDITY (PERCENT)
 HIGHEST    93          1000 PM
 LOWEST     40           900 AM
 AVERAGE    67

..........................................................


THE WORCESTER MA CLIMATE NORMALS FOR TODAY
                         NORMAL    RECORD    YEAR
 MAXIMUM TEMPERATURE (F)   71        92      1930
                                             1925
                                             1923
 MINIMUM TEMPERATURE (F)   53        39      1929


SUNRISE AND SUNSET
JUNE  5 2017..........SUNRISE   512 AM EDT   SUNSET   820 PM EDT
JUNE  6 2017..........SUNRISE   512 AM EDT   SUNSET   821 PM EDT


-  INDICATES NEGATIVE NUMBERS.
R  INDICATES RECORD WAS SET OR TIED.
MM INDICATES DATA IS MISSING.
T  INDICATES TRACE AMOUNT.




$$
