000
CDUS41 KBOX 070538
CLIORH


CLIMATE REPORT
NATIONAL WEATHER SERVICE TAUNTON MA
135 AM EDT THU JUL 7 2016


...................................

...THE WORCESTER MA CLIMATE SUMMARY FOR JULY 6 2016...

CLIMATE NORMAL PERIOD 1981 TO 2010
CLIMATE RECORD PERIOD 1892 TO 2016


WEATHER ITEM   OBSERVED TIME   RECORD YEAR NORMAL DEPARTURE LAST
                VALUE   (LST)  VALUE       VALUE  FROM      YEAR
                                                  NORMAL
..................................................................
TEMPERATURE (F)
 YESTERDAY
  MAXIMUM         89    247 PM  98    1911  78     11       83
  MINIMUM         66    408 AM  47    1979  61      5       63
  AVERAGE         78                        70      8       73

PRECIPITATION (IN)
  YESTERDAY        0.00          1.68 2005   0.12  -0.12     0.00
  MONTH TO DATE    0.37                      0.73  -0.36     0.45
  SINCE JUN 1      2.03                      4.92  -2.89     6.80
  SINCE JAN 1     17.75                     24.15  -6.40    21.10

SNOWFALL (IN)
  YESTERDAY        0.0           0.0  2002   0.0    0.0      0.0
                                      2001
                                      2000
  MONTH TO DATE    0.0                       0.0    0.0      0.0
  SINCE JUN 1      0.0                       0.0    0.0      0.0
  SINCE JUL 1      0.0                       0.0    0.0      0.0
  SNOW DEPTH       0

DEGREE DAYS
 HEATING
  YESTERDAY        0                         1     -1        0
  MONTH TO DATE    0                         6     -6        0
  SINCE JUN 1     51                        89    -38       94
  SINCE JUL 1      0                         6     -6        0

 COOLING
  YESTERDAY       13                         5      8        8
  MONTH TO DATE   34                        30      4       24
  SINCE JUN 1    106                       114     -8      108
  SINCE JAN 1    148                       136     12      174
..................................................................


WIND (MPH)
  RESULTANT WIND SPEED   9   RESULTANT WIND DIRECTION   W (260)
  HIGHEST WIND SPEED    17   HIGHEST WIND DIRECTION    SW (210)
  HIGHEST GUST SPEED    22   HIGHEST GUST DIRECTION     W (290)
  AVERAGE WIND SPEED     9.6


SKY COVER
  POSSIBLE SUNSHINE  MM
  AVERAGE SKY COVER 0.0


WEATHER CONDITIONS
 THE FOLLOWING WEATHER WAS RECORDED YESTERDAY.
  NO SIGNIFICANT WEATHER WAS OBSERVED.


RELATIVE HUMIDITY (PERCENT)
 HIGHEST    79          1000 PM
 LOWEST     39           300 PM
 AVERAGE    59

..........................................................


THE WORCESTER MA CLIMATE NORMALS FOR TODAY
                         NORMAL    RECORD    YEAR
 MAXIMUM TEMPERATURE (F)   79        95      1908
 MINIMUM TEMPERATURE (F)   61        48      1938


SUNRISE AND SUNSET
JULY  7 2016..........SUNRISE   519 AM EDT   SUNSET   826 PM EDT
JULY  8 2016..........SUNRISE   519 AM EDT   SUNSET   826 PM EDT


-  INDICATES NEGATIVE NUMBERS.
R  INDICATES RECORD WAS SET OR TIED.
MM INDICATES DATA IS MISSING.
T  INDICATES TRACE AMOUNT.




$$
