000
CDUS41 KBOX 070545
CLIORH


CLIMATE REPORT
NATIONAL WEATHER SERVICE TAUNTON MA
1243 AM EST TUE MAR 7 2017


...................................

...THE WORCESTER MA CLIMATE SUMMARY FOR MARCH 6 2017...

CLIMATE NORMAL PERIOD 1981 TO 2010
CLIMATE RECORD PERIOD 1892 TO 2017


WEATHER ITEM   OBSERVED TIME   RECORD YEAR NORMAL DEPARTURE LAST
                VALUE   (LST)  VALUE       VALUE  FROM      YEAR
                                                  NORMAL
..................................................................
TEMPERATURE (F)
 YESTERDAY
  MAXIMUM         42    426 PM  65    1894  40      2       39
  MINIMUM         11    631 AM  -5    1948  24    -13       24
  AVERAGE         27                        32     -5       32

PRECIPITATION (IN)
  YESTERDAY        0.00          1.97 1920   0.13  -0.13     0.00
  MONTH TO DATE    0.05                      0.76  -0.71     0.60
  SINCE MAR 1      0.05                      0.76  -0.71     0.60
  SINCE JAN 1      6.40                      7.48  -1.08     7.99

SNOWFALL (IN)
  YESTERDAY        0.0          12.0  2001   0.4   -0.4      0.0
  MONTH TO DATE    T                         2.8   -2.8       T
  SINCE MAR 1      T                         2.8   -2.8       T
  SINCE JUL 1     57.8                      52.7    5.1     31.7
  SNOW DEPTH      MM

DEGREE DAYS
 HEATING
  YESTERDAY       38                        34      4       33
  MONTH TO DATE  218                       206     12      214
  SINCE MAR 1    218                       206     12      214
  SINCE JUL 1   4495                      5043   -548     4273

 COOLING
  YESTERDAY        0                         0      0        0
  MONTH TO DATE    0                         0      0        0
  SINCE MAR 1      0                         0      0        0
  SINCE JAN 1      0                         0      0        0
..................................................................


WIND (MPH)
  RESULTANT WIND SPEED   3   RESULTANT WIND DIRECTION   W (270)
  HIGHEST WIND SPEED    15   HIGHEST WIND DIRECTION    NW (320)
  HIGHEST GUST SPEED    23   HIGHEST GUST DIRECTION    NW (310)
  AVERAGE WIND SPEED     7.0


SKY COVER
  POSSIBLE SUNSHINE  MM
  AVERAGE SKY COVER 0.1


WEATHER CONDITIONS
 THE FOLLOWING WEATHER WAS RECORDED YESTERDAY.
  NO SIGNIFICANT WEATHER WAS OBSERVED.


RELATIVE HUMIDITY (PERCENT)
 HIGHEST    46           600 AM
 LOWEST      8           400 PM
 AVERAGE    27

..........................................................


THE WORCESTER MA CLIMATE NORMALS FOR TODAY
                         NORMAL    RECORD    YEAR
 MAXIMUM TEMPERATURE (F)   40        65      1974
 MINIMUM TEMPERATURE (F)   24         0      2007


SUNRISE AND SUNSET
MARCH  7 2017.........SUNRISE   613 AM EST   SUNSET   545 PM EST
MARCH  8 2017.........SUNRISE   611 AM EST   SUNSET   546 PM EST


-  INDICATES NEGATIVE NUMBERS.
R  INDICATES RECORD WAS SET OR TIED.
MM INDICATES DATA IS MISSING.
T  INDICATES TRACE AMOUNT.




$$
