000
CDUS41 KBOX 150553
CLIORH


CLIMATE REPORT
NATIONAL WEATHER SERVICE TAUNTON MA
153 AM EDT WED JUL 15 2015


...................................

...THE WORCESTER MA CLIMATE SUMMARY FOR JULY 14 2015...

CLIMATE NORMAL PERIOD 1981 TO 2010
CLIMATE RECORD PERIOD 1892 TO 2015


WEATHER ITEM   OBSERVED TIME   RECORD YEAR NORMAL DEPARTURE LAST
                VALUE   (LST)  VALUE       VALUE  FROM      YEAR
                                                  NORMAL
..................................................................
TEMPERATURE (F)
 YESTERDAY
  MAXIMUM         80    115 PM  95    1952  79      1       80
  MINIMUM         64   1235 AM  48    1933  62      2       69
  AVERAGE         72                        70      2       75

PRECIPITATION (IN)
  YESTERDAY        0.01          1.84 1960   0.14  -0.13     0.14
  MONTH TO DATE    2.07                      1.80   0.27     2.14
  SINCE JUN 1      8.42                      5.99   2.43     3.70
  SINCE JAN 1     22.72                     25.22  -2.50    24.89

SNOWFALL (IN)
  YESTERDAY        0.0           0.0  2002   0.0    0.0      0.0
                                      2001
                                      2000
  MONTH TO DATE    0.0                       0.0    0.0      0.0
  SINCE JUN 1      0.0                       0.0    0.0      0.0
  SINCE JUL 1      0.0                       0.0    0.0      0.0
  SNOW DEPTH      MM

DEGREE DAYS
 HEATING
  YESTERDAY        0                         0      0        0
  MONTH TO DATE    0                         9     -9        0
  SINCE JUN 1     94                        92      2       45
  SINCE JUL 1      0                         9     -9        0

 COOLING
  YESTERDAY        7                         6      1       10
  MONTH TO DATE   92                        75     17      100
  SINCE JUN 1    176                       159     17      184
  SINCE JAN 1    242                       181     61      192
..................................................................


WIND (MPH)
  RESULTANT WIND SPEED   7   RESULTANT WIND DIRECTION   S (170)
  HIGHEST WIND SPEED    16   HIGHEST WIND DIRECTION     S (170)
  HIGHEST GUST SPEED    21   HIGHEST GUST DIRECTION     S (190)
  AVERAGE WIND SPEED     7.8


SKY COVER
  POSSIBLE SUNSHINE  MM
  AVERAGE SKY COVER 0.8


WEATHER CONDITIONS
 THE FOLLOWING WEATHER WAS RECORDED YESTERDAY.
  LIGHT RAIN
  FOG
  FOG W/VISIBILITY <= 1/4 MILE


RELATIVE HUMIDITY (PERCENT)
 HIGHEST    93           200 AM
 LOWEST     56           300 PM
 AVERAGE    75

..........................................................


THE WORCESTER MA CLIMATE NORMALS FOR TODAY
                         NORMAL    RECORD    YEAR
 MAXIMUM TEMPERATURE (F)   79        90      1892
 MINIMUM TEMPERATURE (F)   62        45      1941


SUNRISE AND SUNSET
JULY 15 2015..........SUNRISE   524 AM EDT   SUNSET   822 PM EDT
JULY 16 2015..........SUNRISE   525 AM EDT   SUNSET   822 PM EDT


-  INDICATES NEGATIVE NUMBERS.
R  INDICATES RECORD WAS SET OR TIED.
MM INDICATES DATA IS MISSING.
T  INDICATES TRACE AMOUNT.




$$
