595
CDUS41 KBOX 150543
CLIORH


CLIMATE REPORT
NATIONAL WEATHER SERVICE TAUNTON MA
143 AM EDT SUN MAY 15 2016


...................................

...THE WORCESTER MA CLIMATE SUMMARY FOR MAY 14 2016...

CLIMATE NORMAL PERIOD 1981 TO 2010
CLIMATE RECORD PERIOD 1892 TO 2016


WEATHER ITEM   OBSERVED TIME   RECORD YEAR NORMAL DEPARTURE LAST
                VALUE   (LST)  VALUE       VALUE  FROM      YEAR
                                                  NORMAL
..................................................................
TEMPERATURE (F)
 YESTERDAY
  MAXIMUM         72    235 PM  87    1961  66      6       68
                                      1907
  MINIMUM         52    507 AM  33    1939  46      6       46
  AVERAGE         62                        56      6       57

PRECIPITATION (IN)
  YESTERDAY        0.01          1.43 1962   0.13  -0.12     0.00
  MONTH TO DATE    1.57                      1.76  -0.19     0.04
  SINCE MAR 1      7.69                     10.08  -2.39     5.43
  SINCE JAN 1     15.08                     16.80  -1.72    13.74

SNOWFALL (IN)
  YESTERDAY        0.0           0.0  2001   0.0    0.0      0.0
                                      2000
  MONTH TO DATE    0.0                       0.0    0.0      0.0
  SINCE MAR 1     15.5                      14.2    1.3     11.1
  SINCE JUL 1     47.2                      64.1  -16.9    119.7
  SNOW DEPTH      MM

DEGREE DAYS
 HEATING
  YESTERDAY        3                        10     -7        8
  MONTH TO DATE  189                       161     28       63
  SINCE MAR 1   1561                      1671   -110     1707
  SINCE JUL 1   5620                      6508   -888     6821

 COOLING
  YESTERDAY        0                         0      0        0
  MONTH TO DATE    1                         0      1       22
  SINCE MAR 1      5                         3      2       22
  SINCE JAN 1      5                         3      2       22
..................................................................


WIND (MPH)
  RESULTANT WIND SPEED  10   RESULTANT WIND DIRECTION  SW (240)
  HIGHEST WIND SPEED    23   HIGHEST WIND DIRECTION    SW (240)
  HIGHEST GUST SPEED    29   HIGHEST GUST DIRECTION    SW (240)
  AVERAGE WIND SPEED    11.9


SKY COVER
  POSSIBLE SUNSHINE  MM
  AVERAGE SKY COVER 0.0


WEATHER CONDITIONS
 THE FOLLOWING WEATHER WAS RECORDED YESTERDAY.
  LIGHT RAIN


RELATIVE HUMIDITY (PERCENT)
 HIGHEST    93          1200 AM
 LOWEST     31           100 PM
 AVERAGE    62

..........................................................


THE WORCESTER MA CLIMATE NORMALS FOR TODAY
                         NORMAL    RECORD    YEAR
 MAXIMUM TEMPERATURE (F)   66        89      1900
 MINIMUM TEMPERATURE (F)   47        30      1939


SUNRISE AND SUNSET
MAY 15 2016...........SUNRISE   526 AM EDT   SUNSET   802 PM EDT
MAY 16 2016...........SUNRISE   525 AM EDT   SUNSET   803 PM EDT


-  INDICATES NEGATIVE NUMBERS.
R  INDICATES RECORD WAS SET OR TIED.
MM INDICATES DATA IS MISSING.
T  INDICATES TRACE AMOUNT.




$$
