000
CDUS41 KBOX 020541
CLIORH


CLIMATE REPORT
NATIONAL WEATHER SERVICE TAUNTON MA
141 AM EDT WED APR 2 2014


...................................

...THE WORCESTER MA CLIMATE SUMMARY FOR APRIL 1 2014...

CLIMATE NORMAL PERIOD 1981 TO 2010
CLIMATE RECORD PERIOD 1892 TO 2014


WEATHER ITEM   OBSERVED TIME   RECORD YEAR NORMAL DEPARTURE LAST
                VALUE   (LST)  VALUE       VALUE  FROM      YEAR
                                                  NORMAL
..................................................................
TEMPERATURE (F)
 YESTERDAY
  MAXIMUM         54    340 PM  72    1918  49      5       57
  MINIMUM         29    521 AM   9    1923  32     -3       29
  AVERAGE         42                        40      2       43

PRECIPITATION (IN)
  YESTERDAY        0.00          1.67 1962   0.14  -0.14     0.30
  MONTH TO DATE    0.00                      0.14  -0.14     0.30
  SINCE MAR 1      5.42                      4.35   1.07     3.98
  SINCE JAN 1     12.60                     11.07   1.53    10.86

SNOWFALL (IN)
  YESTERDAY        0.0          24.0  1997   0.2   -0.2      0.0
  MONTH TO DATE    0.0                       0.2   -0.2      0.0
  SINCE MAR 1      3.7                      11.6   -7.9     30.9
  SINCE JUL 1     84.6                      61.5   23.1    108.9
  SNOW DEPTH      MM

DEGREE DAYS
 HEATING
  YESTERDAY       23                        25     -2       22
  MONTH TO DATE   23                        25     -2       22
  SINCE MAR 1   1151                       964    187      986
  SINCE JUL 1   6205                      5801    404     5423

 COOLING
  YESTERDAY        0                         0      0        0
  MONTH TO DATE    0                         0      0        0
  SINCE MAR 1      0                         0      0        0
  SINCE JAN 1      0                         0      0        0
..................................................................


WIND (MPH)
  RESULTANT WIND SPEED   5   RESULTANT WIND DIRECTION   N (10)
  HIGHEST WIND SPEED    15   HIGHEST WIND DIRECTION     N (20)
  HIGHEST GUST SPEED    21   HIGHEST GUST DIRECTION    NE (30)
  AVERAGE WIND SPEED     7.7


SKY COVER
  POSSIBLE SUNSHINE  MM
  AVERAGE SKY COVER 0.1


WEATHER CONDITIONS
 THE FOLLOWING WEATHER WAS RECORDED YESTERDAY.
  NO SIGNIFICANT WEATHER WAS OBSERVED.


RELATIVE HUMIDITY (PERCENT)
 HIGHEST    78           400 AM
 LOWEST     41           400 PM
 AVERAGE    60

..........................................................


THE WORCESTER MA CLIMATE NORMALS FOR TODAY
                         NORMAL    RECORD    YEAR
 MAXIMUM TEMPERATURE (F)   49        74      1918
 MINIMUM TEMPERATURE (F)   32        16      1928


SUNRISE AND SUNSET
APRIL  2 2014.........SUNRISE   628 AM EDT   SUNSET   714 PM EDT
APRIL  3 2014.........SUNRISE   627 AM EDT   SUNSET   715 PM EDT


-  INDICATES NEGATIVE NUMBERS.
R  INDICATES RECORD WAS SET OR TIED.
MM INDICATES DATA IS MISSING.
T  INDICATES TRACE AMOUNT.




$$
