678
CDUS41 KBOX 160559
CLIORH


CLIMATE REPORT
NATIONAL WEATHER SERVICE TAUNTON MA
157 AM EDT SUN APR 16 2017


...................................

...THE WORCESTER MA CLIMATE SUMMARY FOR APRIL 15 2017...

CLIMATE NORMAL PERIOD 1981 TO 2010
CLIMATE RECORD PERIOD 1892 TO 2017


WEATHER ITEM   OBSERVED TIME   RECORD YEAR NORMAL DEPARTURE LAST
                VALUE   (LST)  VALUE       VALUE  FROM      YEAR
                                                  NORMAL
..................................................................
TEMPERATURE (F)
 YESTERDAY
  MAXIMUM         65    221 PM  85    1941  55     10       57
  MINIMUM         40    155 AM  19    1940  37      3       35
  AVERAGE         53                        46      7       46

PRECIPITATION (IN)
  YESTERDAY        0.01          2.10 2007   0.14  -0.13     0.00
  MONTH TO DATE    3.15                      2.18   0.97     2.31
  SINCE MAR 1      7.16                      6.39   0.77     5.80
  SINCE JAN 1     13.51                     13.11   0.40    13.19

SNOWFALL (IN)
  YESTERDAY        0.0           0.2  1988   0.1   -0.1      0.0
  MONTH TO DATE    2.9                       1.9    1.0     10.0
  SINCE MAR 1     20.5                      13.3    7.2     15.5
  SINCE JUL 1     78.3                      63.2   15.1     47.2
  SNOW DEPTH      MM

DEGREE DAYS
 HEATING
  YESTERDAY       12                        19     -7       19
  MONTH TO DATE  277                       328    -51      389
  SINCE MAR 1   1357                      1267     90     1158
  SINCE JUL 1   5634                      6104   -470     5217

 COOLING
  YESTERDAY        0                         0      0        0
  MONTH TO DATE    3                         0      3        0
  SINCE MAR 1      3                         0      3        0
  SINCE JAN 1      3                         0      3        0
..................................................................


WIND (MPH)
  RESULTANT WIND SPEED  14   RESULTANT WIND DIRECTION  SW (230)
  HIGHEST WIND SPEED    30   HIGHEST WIND DIRECTION    SW (220)
  HIGHEST GUST SPEED    38   HIGHEST GUST DIRECTION    SW (210)
  AVERAGE WIND SPEED    15.7


SKY COVER
  POSSIBLE SUNSHINE  MM
  AVERAGE SKY COVER 0.3


WEATHER CONDITIONS
 THE FOLLOWING WEATHER WAS RECORDED YESTERDAY.
  LIGHT RAIN
  FOG


RELATIVE HUMIDITY (PERCENT)
 HIGHEST    89          1000 PM
 LOWEST     23          1000 AM
 AVERAGE    56

..........................................................


THE WORCESTER MA CLIMATE NORMALS FOR TODAY
                         NORMAL    RECORD    YEAR
 MAXIMUM TEMPERATURE (F)   55        88      2012
 MINIMUM TEMPERATURE (F)   37        22      1943


SUNRISE AND SUNSET
APRIL 16 2017.........SUNRISE   605 AM EDT   SUNSET   730 PM EDT
APRIL 17 2017.........SUNRISE   603 AM EDT   SUNSET   731 PM EDT


-  INDICATES NEGATIVE NUMBERS.
R  INDICATES RECORD WAS SET OR TIED.
MM INDICATES DATA IS MISSING.
T  INDICATES TRACE AMOUNT.




$$
