000
CDUS41 KBOX 090539
CLIORH


CLIMATE REPORT
NATIONAL WEATHER SERVICE TAUNTON MA
1236 AM EST THU NOV 9 2017


...................................

...THE WORCESTER MA CLIMATE SUMMARY FOR NOVEMBER 8 2017...

CLIMATE NORMAL PERIOD 1981 TO 2010
CLIMATE RECORD PERIOD 1892 TO 2017


WEATHER ITEM   OBSERVED TIME   RECORD YEAR NORMAL DEPARTURE LAST
                VALUE   (LST)  VALUE       VALUE  FROM      YEAR
                                                  NORMAL
..................................................................
TEMPERATURE (F)
 YESTERDAY
  MAXIMUM         43    250 PM  71    1945  51     -8       64
                                      1895
  MINIMUM         31   1159 PM  13    1931  35     -4       36
  AVERAGE         37                        43     -6       50

PRECIPITATION (IN)
  YESTERDAY        0.01          2.20 1972   0.14  -0.13     0.00
  MONTH TO DATE    0.24                      1.13  -0.89     0.11
  SINCE SEP 1     11.58                      9.74   1.84     9.95
  SINCE JAN 1     40.87                     41.10  -0.23    33.35

SNOWFALL (IN)
  YESTERDAY        T             1.2  2012   0.0    0.0      0.0
  MONTH TO DATE    T                         0.3   -0.3      0.0
  SINCE SEP 1      T                         0.5   -0.5       T
  SINCE JUL 1      T                         0.5   -0.5       T
  SNOW DEPTH      MM

DEGREE DAYS
 HEATING
  YESTERDAY       28                        22      6       15
  MONTH TO DATE  136                       169    -33      150
  SINCE SEP 1    457                       791   -334      655
  SINCE JUL 1    505                       830   -325      664

 COOLING
  YESTERDAY        0                         0      0        0
  MONTH TO DATE    0                         0      0        0
  SINCE SEP 1    102                        45     57       75
  SINCE JAN 1    533                       471     62      663
..................................................................


WIND (MPH)
  RESULTANT WIND SPEED   7   RESULTANT WIND DIRECTION  NE (30)
  HIGHEST WIND SPEED    17   HIGHEST WIND DIRECTION    NE (30)
  HIGHEST GUST SPEED    23   HIGHEST GUST DIRECTION     N (20)
  AVERAGE WIND SPEED     7.4


SKY COVER
  POSSIBLE SUNSHINE  MM
  AVERAGE SKY COVER 0.5


WEATHER CONDITIONS
 THE FOLLOWING WEATHER WAS RECORDED YESTERDAY.
  LIGHT SNOW
  FOG


RELATIVE HUMIDITY (PERCENT)
 HIGHEST    92          1200 AM
 LOWEST     45           100 PM
 AVERAGE    69

..........................................................


THE WORCESTER MA CLIMATE NORMALS FOR TODAY
                         NORMAL    RECORD    YEAR
 MAXIMUM TEMPERATURE (F)   50        71      1945
 MINIMUM TEMPERATURE (F)   35        15      1971


SUNRISE AND SUNSET
NOVEMBER  9 2017......SUNRISE   631 AM EST   SUNSET   431 PM EST
NOVEMBER 10 2017......SUNRISE   632 AM EST   SUNSET   430 PM EST


-  INDICATES NEGATIVE NUMBERS.
R  INDICATES RECORD WAS SET OR TIED.
MM INDICATES DATA IS MISSING.
T  INDICATES TRACE AMOUNT.




$$
