000
CDUS41 KBOX 090541
CLIORH


CLIMATE REPORT
NATIONAL WEATHER SERVICE TAUNTON MA
1241 AM EST TUE DEC 9 2014


...................................

...THE WORCESTER MA CLIMATE SUMMARY FOR DECEMBER 8 2014...

CLIMATE NORMAL PERIOD 1981 TO 2010
CLIMATE RECORD PERIOD 1892 TO 2014


WEATHER ITEM   OBSERVED TIME   RECORD YEAR NORMAL DEPARTURE LAST
                VALUE   (LST)  VALUE       VALUE  FROM      YEAR
                                                  NORMAL
..................................................................
TEMPERATURE (F)
 YESTERDAY
  MAXIMUM         21   1159 PM  61    1966  39    -18       26
                                      1927
  MINIMUM         12    522 AM  -3    1906  25    -13       17
  AVERAGE         17                        32    -15       22

PRECIPITATION (IN)
  YESTERDAY        0.00          1.76 1974   0.13  -0.13     0.00
  MONTH TO DATE    1.74                      1.07   0.67     0.67
  SINCE DEC 1      1.74                      1.07   0.67     0.67
  SINCE JAN 1     50.42                     45.32   5.10    41.97

SNOWFALL (IN)
  YESTERDAY        0.0           2.1  1917   0.4   -0.4      0.0
  MONTH TO DATE    0.3                       2.8   -2.5      0.8
  SINCE DEC 1      0.3                       2.8   -2.5      0.8
  SINCE JUL 1      7.5                       5.6    1.9      1.3
  SNOW DEPTH      MM

DEGREE DAYS
 HEATING
  YESTERDAY       48                        33     15       43
  MONTH TO DATE  231                       253    -22      242
  SINCE DEC 1    231                       253    -22      242
  SINCE JUL 1   1609                      1655    -46     1654

 COOLING
  YESTERDAY        0                         0      0        0
  MONTH TO DATE    0                         0      0        0
  SINCE DEC 1      0                         0      0        0
  SINCE JAN 1    426                       471    -45      572
..................................................................


WIND (MPH)
  RESULTANT WIND SPEED   9   RESULTANT WIND DIRECTION  NE (30)
  HIGHEST WIND SPEED    15   HIGHEST WIND DIRECTION    NE (30)
  HIGHEST GUST SPEED    23   HIGHEST GUST DIRECTION    NE (30)
  AVERAGE WIND SPEED     9.2


SKY COVER
  POSSIBLE SUNSHINE  MM
  AVERAGE SKY COVER 0.8


WEATHER CONDITIONS
 THE FOLLOWING WEATHER WAS RECORDED YESTERDAY.
  FOG


RELATIVE HUMIDITY (PERCENT)
 HIGHEST   100          1000 PM
 LOWEST     51          1200 AM
 AVERAGE    76

..........................................................


THE WORCESTER MA CLIMATE NORMALS FOR TODAY
                         NORMAL    RECORD    YEAR
 MAXIMUM TEMPERATURE (F)   38        66      1966
 MINIMUM TEMPERATURE (F)   25       -13      1902


SUNRISE AND SUNSET
DECEMBER  9 2014......SUNRISE   704 AM EST   SUNSET   415 PM EST
DECEMBER 10 2014......SUNRISE   705 AM EST   SUNSET   415 PM EST


-  INDICATES NEGATIVE NUMBERS.
R  INDICATES RECORD WAS SET OR TIED.
MM INDICATES DATA IS MISSING.
T  INDICATES TRACE AMOUNT.




$$
