000
CDUS41 KBOX 132158
CLIORH


CLIMATE REPORT
NATIONAL WEATHER SERVICE TAUNTON MA
558 PM EDT SUN JUL 13 2014


...................................

...THE WORCESTER MA CLIMATE SUMMARY FOR JULY 13 2014...
VALID AS OF 0500 PM LOCAL TIME.

CLIMATE NORMAL PERIOD 1981 TO 2010
CLIMATE RECORD PERIOD 1892 TO 2014


WEATHER ITEM   OBSERVED TIME   RECORD YEAR NORMAL DEPARTURE LAST
                VALUE   (LST)  VALUE       VALUE  FROM      YEAR
                                                  NORMAL
..................................................................
TEMPERATURE (F)
 TODAY
  MAXIMUM         80   1221 PM  93    1894  79      1       72
  MINIMUM         63    455 AM  43    1933  62      1       61
  AVERAGE         72                        70      2       67

PRECIPITATION (IN)
  TODAY            0.00          3.26 1996   0.14  -0.14     0.09
  MONTH TO DATE    1.89                      1.66   0.23     0.77
  SINCE JUN 1      3.45                      5.85  -2.40    10.83
  SINCE JAN 1     24.64                     25.08  -0.44    27.64

SNOWFALL (IN)
  TODAY            0.0           0.0  2002   0.0    0.0      0.0
                                      2001
                                      2000
  MONTH TO DATE    0.0                       0.0    0.0      0.0
  SINCE JUN 1      0.0                       0.0    0.0      0.0
  SINCE JUL 1      0.0                       0.0    0.0      0.0
  SNOW DEPTH       0

DEGREE DAYS
 HEATING
  TODAY            0                         0      0        0
  MONTH TO DATE    0                         9     -9        0
  SINCE JUN 1     45                        92    -47       67
  SINCE JUL 1      0                         9     -9        0

 COOLING
  TODAY            7                         6      1        2
  MONTH TO DATE   90                        69     21      126
  SINCE JUN 1    174                       153     21      229
  SINCE JAN 1    182                       175      7      253
..................................................................


WIND (MPH)
  HIGHEST WIND SPEED    22   HIGHEST WIND DIRECTION     S (190)
  HIGHEST GUST SPEED    30   HIGHEST GUST DIRECTION    SW (210)
  AVERAGE WIND SPEED    14.1


SKY COVER
  POSSIBLE SUNSHINE  MM
  AVERAGE SKY COVER 0.4


WEATHER CONDITIONS
 THE FOLLOWING WEATHER WAS RECORDED TODAY.
  NO SIGNIFICANT WEATHER WAS OBSERVED.


RELATIVE HUMIDITY (PERCENT)
 HIGHEST    84           300 AM
 LOWEST     58          1000 AM
 AVERAGE    71

..........................................................


THE WORCESTER MA CLIMATE NORMALS FOR TOMORROW
                         NORMAL    RECORD    YEAR
 MAXIMUM TEMPERATURE (F)   79        95      1952
 MINIMUM TEMPERATURE (F)   62        48      1933


SUNRISE AND SUNSET
JULY 13 2014..........SUNRISE   523 AM EDT   SUNSET   823 PM EDT
JULY 14 2014..........SUNRISE   523 AM EDT   SUNSET   823 PM EDT


-  INDICATES NEGATIVE NUMBERS.
R  INDICATES RECORD WAS SET OR TIED.
MM INDICATES DATA IS MISSING.
T  INDICATES TRACE AMOUNT.




$$
