000
CDUS41 KBOX 220543
CLIORH


CLIMATE REPORT
NATIONAL WEATHER SERVICE TAUNTON MA
136 AM EDT MON AUG 22 2016


...................................

...THE WORCESTER MA CLIMATE SUMMARY FOR AUGUST 21 2016...

CLIMATE NORMAL PERIOD 1981 TO 2010
CLIMATE RECORD PERIOD 1892 TO 2016


WEATHER ITEM   OBSERVED TIME   RECORD YEAR NORMAL DEPARTURE LAST
                VALUE   (LST)  VALUE       VALUE  FROM      YEAR
                                                  NORMAL
..................................................................
TEMPERATURE (F)
 YESTERDAY
  MAXIMUM         81    256 PM  92    1937  77      4       80
  MINIMUM         65    620 AM  43    1941  60      5       69
  AVERAGE         73                        68      5       75

PRECIPITATION (IN)
  YESTERDAY        0.28          2.46 2004   0.11   0.17     0.11
  MONTH TO DATE    2.84                      2.62   0.22     3.17
  SINCE JUN 1      6.56                     11.04  -4.48    12.38
  SINCE JAN 1     22.28                     30.27  -7.99    26.68

SNOWFALL (IN)
  YESTERDAY        0.0           0.0  2002   0.0    0.0      0.0
                                      2001
                                      2000
  MONTH TO DATE    0.0                       0.0    0.0      0.0
  SINCE JUN 1      0.0                       0.0    0.0      0.0
  SINCE JUL 1      0.0                       0.0    0.0      0.0
  SNOW DEPTH      MM

DEGREE DAYS
 HEATING
  YESTERDAY        0                         1     -1        0
  MONTH TO DATE    0                        12    -12        0
  SINCE JUN 1     60                       109    -49       95
  SINCE JUL 1      9                        26    -17        1

 COOLING
  YESTERDAY        8                         4      4       10
  MONTH TO DATE  174                       108     66      139
  SINCE JUN 1    490                       367    123      446
  SINCE JAN 1    532                       389    143      512
..................................................................


WIND (MPH)
  RESULTANT WIND SPEED  11   RESULTANT WIND DIRECTION   S (160)
  HIGHEST WIND SPEED    21   HIGHEST WIND DIRECTION     S (160)
  HIGHEST GUST SPEED    26   HIGHEST GUST DIRECTION     S (160)
  AVERAGE WIND SPEED    10.8


SKY COVER
  POSSIBLE SUNSHINE  MM
  AVERAGE SKY COVER 0.7


WEATHER CONDITIONS
 THE FOLLOWING WEATHER WAS RECORDED YESTERDAY.
  RAIN
  LIGHT RAIN
  FOG


RELATIVE HUMIDITY (PERCENT)
 HIGHEST    93          1200 AM
 LOWEST     39          1200 PM
 AVERAGE    66

..........................................................


THE WORCESTER MA CLIMATE NORMALS FOR TODAY
                         NORMAL    RECORD    YEAR
 MAXIMUM TEMPERATURE (F)   77        93      1916
 MINIMUM TEMPERATURE (F)   60        42      1894


SUNRISE AND SUNSET
AUGUST 22 2016........SUNRISE   603 AM EDT   SUNSET   737 PM EDT
AUGUST 23 2016........SUNRISE   604 AM EDT   SUNSET   735 PM EDT


-  INDICATES NEGATIVE NUMBERS.
R  INDICATES RECORD WAS SET OR TIED.
MM INDICATES DATA IS MISSING.
T  INDICATES TRACE AMOUNT.




$$
