000
CDUS41 KBOX 290546
CLIORH


CLIMATE REPORT
NATIONAL WEATHER SERVICE TAUNTON MA
135 AM EDT SAT MAR 29 2014


...................................

...THE WORCESTER MA CLIMATE SUMMARY FOR MARCH 28 2014...

CLIMATE NORMAL PERIOD 1981 TO 2010
CLIMATE RECORD PERIOD 1892 TO 2014


WEATHER ITEM   OBSERVED TIME   RECORD YEAR NORMAL DEPARTURE LAST
                VALUE   (LST)  VALUE       VALUE  FROM      YEAR
                                                  NORMAL
..................................................................
TEMPERATURE (F)
 YESTERDAY
  MAXIMUM         51    111 PM  81    1998  47      4       46
                                      1945
  MINIMUM         31    616 AM   8    1923  30      1       33
  AVERAGE         41                        39      2       40

PRECIPITATION (IN)
  YESTERDAY        0.11          2.07 1932   0.14  -0.03     0.02
  MONTH TO DATE    1.41                      3.78  -2.37     3.64
  SINCE MAR 1      1.41                      3.78  -2.37     3.64
  SINCE JAN 1      8.59                     10.50  -1.91    10.52

SNOWFALL (IN)
  YESTERDAY        0.0           5.7  1932   0.2   -0.2       T
  MONTH TO DATE    3.4                      10.7   -7.3     30.9
  SINCE MAR 1      3.4                      10.7   -7.3     30.9
  SINCE JUL 1     84.3                      60.6   23.7    108.9
  SNOW DEPTH      MM

DEGREE DAYS
 HEATING
  YESTERDAY       24                        26     -2       25
  MONTH TO DATE 1046                       862    184      900
  SINCE MAR 1   1046                       862    184      900
  SINCE JUL 1   6100                      5699    401     5337

 COOLING
  YESTERDAY        0                         0      0        0
  MONTH TO DATE    0                         0      0        0
  SINCE MAR 1      0                         0      0        0
  SINCE JAN 1      0                         0      0        0
..................................................................


WIND (MPH)
  RESULTANT WIND SPEED  14   RESULTANT WIND DIRECTION  SW (230)
  HIGHEST WIND SPEED    23   HIGHEST WIND DIRECTION    SW (240)
  HIGHEST GUST SPEED    32   HIGHEST GUST DIRECTION    SW (210)
  AVERAGE WIND SPEED    15.0


SKY COVER
  POSSIBLE SUNSHINE  MM
  AVERAGE SKY COVER 0.8


WEATHER CONDITIONS
 THE FOLLOWING WEATHER WAS RECORDED YESTERDAY.
  LIGHT RAIN
  FOG


RELATIVE HUMIDITY (PERCENT)
 HIGHEST   100           300 PM
 LOWEST     58          1200 AM
 AVERAGE    79

..........................................................


THE WORCESTER MA CLIMATE NORMALS FOR TODAY
                         NORMAL    RECORD    YEAR
 MAXIMUM TEMPERATURE (F)   48        84      1946
                                             1945
 MINIMUM TEMPERATURE (F)   31         0      1923


SUNRISE AND SUNSET
MARCH 29 2014.........SUNRISE   635 AM EDT   SUNSET   710 PM EDT
MARCH 30 2014.........SUNRISE   634 AM EDT   SUNSET   711 PM EDT


-  INDICATES NEGATIVE NUMBERS.
R  INDICATES RECORD WAS SET OR TIED.
MM INDICATES DATA IS MISSING.
T  INDICATES TRACE AMOUNT.




$$
