000
CDUS41 KBOX 150540
CLIORH


CLIMATE REPORT
NATIONAL WEATHER SERVICE TAUNTON MA
138 AM EDT FRI MAY 15 2015


...................................

...THE WORCESTER MA CLIMATE SUMMARY FOR MAY 14 2015...

CLIMATE NORMAL PERIOD 1981 TO 2010
CLIMATE RECORD PERIOD 1892 TO 2015


WEATHER ITEM   OBSERVED TIME   RECORD YEAR NORMAL DEPARTURE LAST
                VALUE   (LST)  VALUE       VALUE  FROM      YEAR
                                                  NORMAL
..................................................................
TEMPERATURE (F)
 YESTERDAY
  MAXIMUM         68    410 PM  87    1961  66      2       72
                                      1907
  MINIMUM         46    449 AM  33    1939  46      0       43
  AVERAGE         57                        56      1       58

PRECIPITATION (IN)
  YESTERDAY        0.00          1.43 1962   0.13  -0.13     0.00
  MONTH TO DATE    0.04                      1.76  -1.72     1.32
  SINCE MAR 1      5.43                     10.08  -4.65    11.18
  SINCE JAN 1     13.74                     16.80  -3.06    18.36

SNOWFALL (IN)
  YESTERDAY        0.0           0.0  2001   0.0    0.0      0.0
                                      2000
  MONTH TO DATE    0.0                       0.0    0.0      0.0
  SINCE MAR 1     11.1                      14.2   -3.1      4.3
  SINCE JUL 1    119.7                      64.1   55.6     85.2
  SNOW DEPTH       0

DEGREE DAYS
 HEATING
  YESTERDAY        8                        10     -2        7
  MONTH TO DATE   63                       161    -98      135
  SINCE MAR 1   1707                      1671     36     1846
  SINCE JUL 1   6821                      6508    313     6900

 COOLING
  YESTERDAY        0                         0      0        0
  MONTH TO DATE   22                         0     22        6
  SINCE MAR 1     22                         3     19        6
  SINCE JAN 1     22                         3     19        6
..................................................................


WIND (MPH)
  RESULTANT WIND SPEED   7   RESULTANT WIND DIRECTION  NW (310)
  HIGHEST WIND SPEED    15   HIGHEST WIND DIRECTION    NW (300)
  HIGHEST GUST SPEED    22   HIGHEST GUST DIRECTION    NW (300)
  AVERAGE WIND SPEED     9.3


SKY COVER
  POSSIBLE SUNSHINE  MM
  AVERAGE SKY COVER 0.0


WEATHER CONDITIONS
 THE FOLLOWING WEATHER WAS RECORDED YESTERDAY.
  NO SIGNIFICANT WEATHER WAS OBSERVED.


RELATIVE HUMIDITY (PERCENT)
 HIGHEST    53           400 AM
 LOWEST     19          1200 PM
 AVERAGE    36

..........................................................


THE WORCESTER MA CLIMATE NORMALS FOR TODAY
                         NORMAL    RECORD    YEAR
 MAXIMUM TEMPERATURE (F)   66        89      1900
 MINIMUM TEMPERATURE (F)   47        30      1939


SUNRISE AND SUNSET
MAY 15 2015...........SUNRISE   527 AM EDT   SUNSET   802 PM EDT
MAY 16 2015...........SUNRISE   526 AM EDT   SUNSET   803 PM EDT


-  INDICATES NEGATIVE NUMBERS.
R  INDICATES RECORD WAS SET OR TIED.
MM INDICATES DATA IS MISSING.
T  INDICATES TRACE AMOUNT.




$$
