000
CDUS41 KBOX 050533
CLIORH


CLIMATE REPORT
NATIONAL WEATHER SERVICE TAUNTON MA
133 AM EDT SAT APR 5 2014


...................................

...THE WORCESTER MA CLIMATE SUMMARY FOR APRIL 4 2014...

CLIMATE NORMAL PERIOD 1981 TO 2010
CLIMATE RECORD PERIOD 1892 TO 2014


WEATHER ITEM   OBSERVED TIME   RECORD YEAR NORMAL DEPARTURE LAST
                VALUE   (LST)  VALUE       VALUE  FROM      YEAR
                                                  NORMAL
..................................................................
TEMPERATURE (F)
 YESTERDAY
  MAXIMUM         46    132 PM  75    1950  50     -4       51
                                      1928
  MINIMUM         33   1159 PM  13    1954  33      0       25
  AVERAGE         40                        42     -2       38

PRECIPITATION (IN)
  YESTERDAY        0.13          2.60 1987   0.15  -0.02     0.00
  MONTH TO DATE    0.13                      0.58  -0.45     0.30
  SINCE MAR 1      5.55                      4.79   0.76     3.98
  SINCE JAN 1     12.73                     11.51   1.22    10.86

SNOWFALL (IN)
  YESTERDAY        0.0           2.1  1911   0.2   -0.2      0.0
  MONTH TO DATE    0.0                       0.7   -0.7      0.0
  SINCE MAR 1      3.7                      12.1   -8.4     30.9
  SINCE JUL 1     84.6                      62.0   22.6    108.9
  SNOW DEPTH      MM

DEGREE DAYS
 HEATING
  YESTERDAY       25                        23      2       27
  MONTH TO DATE   91                        96     -5      115
  SINCE MAR 1   1219                      1035    184     1079
  SINCE JUL 1   6273                      5872    401     5516

 COOLING
  YESTERDAY        0                         0      0        0
  MONTH TO DATE    0                         0      0        0
  SINCE MAR 1      0                         0      0        0
  SINCE JAN 1      0                         0      0        0
..................................................................


WIND (MPH)
  RESULTANT WIND SPEED   5   RESULTANT WIND DIRECTION   E (80)
  HIGHEST WIND SPEED    16   HIGHEST WIND DIRECTION    SE (120)
  HIGHEST GUST SPEED    23   HIGHEST GUST DIRECTION    SE (130)
  AVERAGE WIND SPEED     7.3


SKY COVER
  POSSIBLE SUNSHINE  MM
  AVERAGE SKY COVER 0.8


WEATHER CONDITIONS
 THE FOLLOWING WEATHER WAS RECORDED YESTERDAY.
  RAIN
  LIGHT RAIN
  FOG


RELATIVE HUMIDITY (PERCENT)
 HIGHEST    96          1000 PM
 LOWEST     49          1200 PM
 AVERAGE    73

..........................................................


THE WORCESTER MA CLIMATE NORMALS FOR TODAY
                         NORMAL    RECORD    YEAR
 MAXIMUM TEMPERATURE (F)   51        80      1928
 MINIMUM TEMPERATURE (F)   33        12      1995


SUNRISE AND SUNSET
APRIL  5 2014.........SUNRISE   623 AM EDT   SUNSET   718 PM EDT
APRIL  6 2014.........SUNRISE   622 AM EDT   SUNSET   719 PM EDT


-  INDICATES NEGATIVE NUMBERS.
R  INDICATES RECORD WAS SET OR TIED.
MM INDICATES DATA IS MISSING.
T  INDICATES TRACE AMOUNT.




$$
