000
CDUS41 KBOX 200528
CLIORH


CLIMATE REPORT
NATIONAL WEATHER SERVICE TAUNTON MA
127 AM EDT FRI MAR 20 2015


...................................

...THE WORCESTER MA CLIMATE SUMMARY FOR MARCH 19 2015...

CLIMATE NORMAL PERIOD 1981 TO 2010
CLIMATE RECORD PERIOD 1892 TO 2015


WEATHER ITEM   OBSERVED TIME   RECORD YEAR NORMAL DEPARTURE LAST
                VALUE   (LST)  VALUE       VALUE  FROM      YEAR
                                                  NORMAL
..................................................................
TEMPERATURE (F)
 YESTERDAY
  MAXIMUM         31    326 PM  78    2012  44    -13       42
  MINIMUM         14    549 AM  -4    1967  27    -13       23
  AVERAGE         23                        36    -13       33

PRECIPITATION (IN)
  YESTERDAY        0.00          1.53 1899   0.14  -0.14     0.28
  MONTH TO DATE    1.57                      2.45  -0.88     1.02
  SINCE MAR 1      1.57                      2.45  -0.88     1.02
  SINCE JAN 1      9.88                      9.17   0.71     8.20

SNOWFALL (IN)
  YESTERDAY        0.0           7.7  2013   0.4   -0.4       T
  MONTH TO DATE    7.0                       8.1   -1.1      3.4
  SINCE MAR 1      7.0                       8.1   -1.1      3.4
  SINCE JUL 1    115.6                      58.0   57.6     84.3
  SNOW DEPTH      MM

DEGREE DAYS
 HEATING
  YESTERDAY       42                        29     13       32
  MONTH TO DATE  683                       613     70      731
  SINCE MAR 1    683                       613     70      731
  SINCE JUL 1   5797                      5450    347     5785

 COOLING
  YESTERDAY        0                         0      0        0
  MONTH TO DATE    0                         0      0        0
  SINCE MAR 1      0                         0      0        0
  SINCE JAN 1      0                         0      0        0
..................................................................


WIND (MPH)
  RESULTANT WIND SPEED  13   RESULTANT WIND DIRECTION  NW (310)
  HIGHEST WIND SPEED    29   HIGHEST WIND DIRECTION    NW (300)
  HIGHEST GUST SPEED    39   HIGHEST GUST DIRECTION     W (290)
  AVERAGE WIND SPEED    13.4


SKY COVER
  POSSIBLE SUNSHINE  MM
  AVERAGE SKY COVER 0.0


WEATHER CONDITIONS
 THE FOLLOWING WEATHER WAS RECORDED YESTERDAY.
  NO SIGNIFICANT WEATHER WAS OBSERVED.


RELATIVE HUMIDITY (PERCENT)
 HIGHEST    46           200 AM
 LOWEST     22           300 PM
 AVERAGE    34

..........................................................


THE WORCESTER MA CLIMATE NORMALS FOR TODAY
                         NORMAL    RECORD    YEAR
 MAXIMUM TEMPERATURE (F)   44        77      1945
 MINIMUM TEMPERATURE (F)   28         2      1949


SUNRISE AND SUNSET
MARCH 20 2015.........SUNRISE   651 AM EDT   SUNSET   659 PM EDT
MARCH 21 2015.........SUNRISE   650 AM EDT   SUNSET   701 PM EDT


-  INDICATES NEGATIVE NUMBERS.
R  INDICATES RECORD WAS SET OR TIED.
MM INDICATES DATA IS MISSING.
T  INDICATES TRACE AMOUNT.




$$
