000
CDUS41 KBOX 130547
CLIORH


CLIMATE REPORT
NATIONAL WEATHER SERVICE TAUNTON MA
142 AM EDT WED APR 13 2016


...................................

...THE WORCESTER MA CLIMATE SUMMARY FOR APRIL 12 2016...

CLIMATE NORMAL PERIOD 1981 TO 2010
CLIMATE RECORD PERIOD 1892 TO 2016


WEATHER ITEM   OBSERVED TIME   RECORD YEAR NORMAL DEPARTURE LAST
                VALUE   (LST)  VALUE       VALUE  FROM      YEAR
                                                  NORMAL
..................................................................
TEMPERATURE (F)
 YESTERDAY
  MAXIMUM         53    728 AM  80    1945  54     -1       65
  MINIMUM         33   1133 PM  15    1976  36     -3       33
  AVERAGE         43                        45     -2       49

PRECIPITATION (IN)
  YESTERDAY        0.23          2.57 1934   0.15   0.08     0.00
  MONTH TO DATE    2.31                      1.75   0.56     1.11
  SINCE MAR 1      5.80                      5.96  -0.16     3.53
  SINCE JAN 1     13.19                     12.68   0.51    11.84

SNOWFALL (IN)
  YESTERDAY        0.0           8.0  1894   0.1   -0.1      0.0
  MONTH TO DATE   10.0                       1.6    8.4      0.2
  SINCE MAR 1     15.5                      13.0    2.5     11.1
  SINCE JUL 1     47.2                      62.9  -15.7    119.7
  SNOW DEPTH       0

DEGREE DAYS
 HEATING
  YESTERDAY       22                        20      2       16
  MONTH TO DATE  324                       269     55      293
  SINCE MAR 1   1093                      1208   -115     1379
  SINCE JUL 1   5152                      6045   -893     6493

 COOLING
  YESTERDAY        0                         0      0        0
  MONTH TO DATE    0                         0      0        0
  SINCE MAR 1      0                         0      0        0
  SINCE JAN 1      0                         0      0        0
..................................................................


WIND (MPH)
  RESULTANT WIND SPEED  10   RESULTANT WIND DIRECTION   W (250)
  HIGHEST WIND SPEED    23   HIGHEST WIND DIRECTION    NW (300)
  HIGHEST GUST SPEED    32   HIGHEST GUST DIRECTION     S (200)
  AVERAGE WIND SPEED    13.5


SKY COVER
  POSSIBLE SUNSHINE  MM
  AVERAGE SKY COVER 0.6


WEATHER CONDITIONS
 THE FOLLOWING WEATHER WAS RECORDED YESTERDAY.
  RAIN
  LIGHT RAIN
  FOG


RELATIVE HUMIDITY (PERCENT)
 HIGHEST   100          1000 AM
 LOWEST     39           500 PM
 AVERAGE    70

..........................................................


THE WORCESTER MA CLIMATE NORMALS FOR TODAY
                         NORMAL    RECORD    YEAR
 MAXIMUM TEMPERATURE (F)   54        86      1945
 MINIMUM TEMPERATURE (F)   36        18      1926


SUNRISE AND SUNSET
APRIL 13 2016.........SUNRISE   609 AM EDT   SUNSET   727 PM EDT
APRIL 14 2016.........SUNRISE   608 AM EDT   SUNSET   728 PM EDT


-  INDICATES NEGATIVE NUMBERS.
R  INDICATES RECORD WAS SET OR TIED.
MM INDICATES DATA IS MISSING.
T  INDICATES TRACE AMOUNT.




$$
