000
CDUS41 KBOX 112140
CLIORH


CLIMATE REPORT
NATIONAL WEATHER SERVICE TAUNTON MA
537 PM EDT MON JUL 11 2016


...................................

...THE WORCESTER MA CLIMATE SUMMARY FOR JULY 11 2016...
VALID TODAY AS OF 0500 PM LOCAL TIME.

CLIMATE NORMAL PERIOD 1981 TO 2010
CLIMATE RECORD PERIOD 1892 TO 2016


WEATHER ITEM   OBSERVED TIME   RECORD YEAR NORMAL DEPARTURE LAST
                VALUE   (LST)  VALUE       VALUE  FROM      YEAR
                                                  NORMAL
..................................................................
TEMPERATURE (F)
 TODAY
  MAXIMUM         75    308 PM  97    1911  79     -4       85
  MINIMUM         57   1221 AM  48    1986  61     -4       66
  AVERAGE         66                        70     -4       76

PRECIPITATION (IN)
  TODAY            T             1.98 1959   0.13  -0.13     0.00
  MONTH TO DATE    0.57                      1.38  -0.81     2.06
  SINCE JUN 1      2.23                      5.57  -3.34     8.41
  SINCE JAN 1     17.95                     24.80  -6.85    22.71

SNOWFALL (IN)
  TODAY            0.0           0.0  2002   0.0    0.0      0.0
                                      2001
                                      2000
  MONTH TO DATE    0.0                       0.0    0.0      0.0
  SINCE JUN 1      0.0                       0.0    0.0      0.0
  SINCE JUL 1      0.0                       0.0    0.0      0.0
  SNOW DEPTH       0

DEGREE DAYS
 HEATING
  TODAY            0                         0      0        0
  MONTH TO DATE    9                         9      0        0
  SINCE JUN 1     60                        92    -32       94
  SINCE JUL 1      9                         9      0        0

 COOLING
  TODAY            1                         6     -5       11
  MONTH TO DATE   46                        57    -11       65
  SINCE JUN 1    118                       141    -23      149
  SINCE JAN 1    160                       163     -3      215
..................................................................


WIND (MPH)
  HIGHEST WIND SPEED    12   HIGHEST WIND DIRECTION    SW (230)
  HIGHEST GUST SPEED    17   HIGHEST GUST DIRECTION    NW (330)
  AVERAGE WIND SPEED     6.8


SKY COVER
  POSSIBLE SUNSHINE  MM
  AVERAGE SKY COVER 0.7


WEATHER CONDITIONS
 THE FOLLOWING WEATHER WAS RECORDED TODAY.
  FOG
  FOG W/VISIBILITY <= 1/4 MILE


RELATIVE HUMIDITY (PERCENT)
 HIGHEST   100           100 AM
 LOWEST     44           300 PM
 AVERAGE    72

..........................................................


THE WORCESTER MA CLIMATE NORMALS FOR TOMORROW
                         NORMAL    RECORD    YEAR
 MAXIMUM TEMPERATURE (F)   79        96      1908
 MINIMUM TEMPERATURE (F)   62        41      1945


SUNRISE AND SUNSET
JULY 11 2016..........SUNRISE   522 AM EDT   SUNSET   824 PM EDT
JULY 12 2016..........SUNRISE   522 AM EDT   SUNSET   824 PM EDT


-  INDICATES NEGATIVE NUMBERS.
R  INDICATES RECORD WAS SET OR TIED.
MM INDICATES DATA IS MISSING.
T  INDICATES TRACE AMOUNT.




$$
