840
CDUS41 KBOX 102208
CLIORH


CLIMATE REPORT
NATIONAL WEATHER SERVICE TAUNTON MA
606 PM EDT SUN SEP 10 2017


...................................

...THE WORCESTER MA CLIMATE SUMMARY FOR SEPTEMBER 10 2017...
VALID AS OF 0600 PM LOCAL TIME.

CLIMATE NORMAL PERIOD 1981 TO 2010
CLIMATE RECORD PERIOD 1892 TO 2017


WEATHER ITEM   OBSERVED TIME   RECORD YEAR NORMAL DEPARTURE LAST
                VALUE   (LST)  VALUE       VALUE  FROM      YEAR
                                                  NORMAL
..................................................................
TEMPERATURE (F)
 TODAY
  MAXIMUM         69    153 PM  91    1931  72     -3       81
  MINIMUM         53    624 AM  35    1938  55     -2       68
  AVERAGE         61                        63     -2       75

PRECIPITATION (IN)
  TODAY            0.00          2.35 1999   0.12  -0.12     0.07
  MONTH TO DATE    2.31                      1.14   1.17     0.38
  SINCE SEP 1      2.31                      1.14   1.17     0.38
  SINCE JAN 1     31.60                     32.50  -0.90    23.78

SNOWFALL (IN)
  TODAY            0.0           0.0  2002   0.0    0.0      0.0
                                      2001
                                      2000
  MONTH TO DATE    0.0                       0.0    0.0      0.0
  SINCE SEP 1      0.0                       0.0    0.0      0.0
  SINCE JUL 1      0.0                       0.0    0.0      0.0
  SNOW DEPTH      MM

DEGREE DAYS
 HEATING
  TODAY            4                         3      1        0
  MONTH TO DATE   53                        25     28        5
  SINCE SEP 1     53                        25     28        5
  SINCE JUL 1    101                        64     37       14

 COOLING
  TODAY            0                         2     -2       10
  MONTH TO DATE    7                        24    -17       45
  SINCE SEP 1      7                        24    -17       45
  SINCE JAN 1    438                       450    -12      633
..................................................................


WIND (MPH)
  HIGHEST WIND SPEED    14   HIGHEST WIND DIRECTION     N (340)
  HIGHEST GUST SPEED    17   HIGHEST GUST DIRECTION     N (360)
  AVERAGE WIND SPEED     8.0


SKY COVER
  POSSIBLE SUNSHINE  MM
  AVERAGE SKY COVER 0.2


WEATHER CONDITIONS
 THE FOLLOWING WEATHER WAS RECORDED TODAY.
  NO SIGNIFICANT WEATHER WAS OBSERVED.


RELATIVE HUMIDITY (PERCENT)
 HIGHEST    77           100 AM
 LOWEST     45           200 PM
 AVERAGE    61

..........................................................


THE WORCESTER MA CLIMATE NORMALS FOR TOMORROW
                         NORMAL    RECORD    YEAR
 MAXIMUM TEMPERATURE (F)   71        91      1983
                                             1931
 MINIMUM TEMPERATURE (F)   55        39      1917


SUNRISE AND SUNSET
SEPTEMBER 10 2017.....SUNRISE   622 AM EDT   SUNSET   705 PM EDT
SEPTEMBER 11 2017.....SUNRISE   623 AM EDT   SUNSET   704 PM EDT


-  INDICATES NEGATIVE NUMBERS.
R  INDICATES RECORD WAS SET OR TIED.
MM INDICATES DATA IS MISSING.
T  INDICATES TRACE AMOUNT.




$$
