000
CDUS41 KBOX 210542
CLIORH


CLIMATE REPORT
NATIONAL WEATHER SERVICE TAUNTON MA
138 AM EDT TUE JUL 21 2015


...................................

...THE WORCESTER MA CLIMATE SUMMARY FOR JULY 20 2015...

CLIMATE NORMAL PERIOD 1981 TO 2010
CLIMATE RECORD PERIOD 1892 TO 2015


WEATHER ITEM   OBSERVED TIME   RECORD YEAR NORMAL DEPARTURE LAST
                VALUE   (LST)  VALUE       VALUE  FROM      YEAR
                                                  NORMAL
..................................................................
TEMPERATURE (F)
 YESTERDAY
  MAXIMUM         88    309 PM  95    1991  79      9       76
  MINIMUM         70   1159 PM  46    1943  62      8       60
  AVERAGE         79                        71      8       68

PRECIPITATION (IN)
  YESTERDAY        0.00          2.43 1959   0.14  -0.14     0.00
  MONTH TO DATE    2.18                      2.66  -0.48     4.74
  SINCE JUN 1      8.53                      6.85   1.68     6.30
  SINCE JAN 1     22.83                     26.08  -3.25    27.49

SNOWFALL (IN)
  YESTERDAY        0.0           0.0  2002   0.0    0.0      0.0
                                      2001
                                      2000
  MONTH TO DATE    0.0                       0.0    0.0      0.0
  SINCE JUN 1      0.0                       0.0    0.0      0.0
  SINCE JUL 1      0.0                       0.0    0.0      0.0
  SNOW DEPTH      MM

DEGREE DAYS
 HEATING
  YESTERDAY        0                         0      0        0
  MONTH TO DATE    0                         9     -9        0
  SINCE JUN 1     94                        92      2       45
  SINCE JUL 1      0                         9     -9        0

 COOLING
  YESTERDAY       14                         6      8        3
  MONTH TO DATE  140                       111     29      124
  SINCE JUN 1    224                       195     29      208
  SINCE JAN 1    290                       217     73      216
..................................................................


WIND (MPH)
  RESULTANT WIND SPEED   8   RESULTANT WIND DIRECTION   W (270)
  HIGHEST WIND SPEED    17   HIGHEST WIND DIRECTION     W (280)
  HIGHEST GUST SPEED    22   HIGHEST GUST DIRECTION     W (280)
  AVERAGE WIND SPEED     8.3


SKY COVER
  POSSIBLE SUNSHINE  MM
  AVERAGE SKY COVER 0.1


WEATHER CONDITIONS
 THE FOLLOWING WEATHER WAS RECORDED YESTERDAY.
  FOG
  HAZE


RELATIVE HUMIDITY (PERCENT)
 HIGHEST    87           100 AM
 LOWEST     37           500 PM
 AVERAGE    62

..........................................................


THE WORCESTER MA CLIMATE NORMALS FOR TODAY
                         NORMAL    RECORD    YEAR
 MAXIMUM TEMPERATURE (F)   79        95      1926
 MINIMUM TEMPERATURE (F)   62        48      1939
                                             1929
                                             1928


SUNRISE AND SUNSET
JULY 21 2015..........SUNRISE   529 AM EDT   SUNSET   818 PM EDT
JULY 22 2015..........SUNRISE   530 AM EDT   SUNSET   817 PM EDT


-  INDICATES NEGATIVE NUMBERS.
R  INDICATES RECORD WAS SET OR TIED.
MM INDICATES DATA IS MISSING.
T  INDICATES TRACE AMOUNT.




$$
