000
CDUS41 KBOX 112123
CLIORH


CLIMATE REPORT
NATIONAL WEATHER SERVICE TAUNTON MA
523 PM EDT THU AUG 11 2016


...................................

...THE WORCESTER MA CLIMATE SUMMARY FOR AUGUST 11 2016...
VALID AS OF 0500 PM LOCAL TIME.

CLIMATE NORMAL PERIOD 1981 TO 2010
CLIMATE RECORD PERIOD 1892 TO 2016


WEATHER ITEM   OBSERVED TIME   RECORD YEAR NORMAL DEPARTURE LAST
                VALUE   (LST)  VALUE       VALUE  FROM      YEAR
                                                  NORMAL
..................................................................
TEMPERATURE (F)
 TODAY
  MAXIMUM         89    248 PM  98    1944  78     11       69
  MINIMUM         71    459 AM  46    1972  61     10       63
  AVERAGE         80                        70     10       66

PRECIPITATION (IN)
  TODAY            0.00          2.16 1902   0.13  -0.13     0.76
  MONTH TO DATE    1.30                      1.46  -0.16     1.11
  SINCE JUN 1      5.02                      9.88  -4.86    10.32
  SINCE JAN 1     20.74                     29.11  -8.37    24.62

SNOWFALL (IN)
  TODAY            0.0           T    1932   0.0    0.0      0.0
  MONTH TO DATE    0.0                       0.0    0.0      0.0
  SINCE JUN 1      0.0                       0.0    0.0      0.0
  SINCE JUL 1      0.0                       0.0    0.0      0.0
  SNOW DEPTH       0

DEGREE DAYS
 HEATING
  TODAY            0                         1     -1        0
  MONTH TO DATE    0                         2     -2        0
  SINCE JUN 1     60                        99    -39       95
  SINCE JUL 1      9                        16     -7        1

 COOLING
  TODAY           15                         5     10        1
  MONTH TO DATE   76                        61     15       49
  SINCE JUN 1    392                       320     72      356
  SINCE JAN 1    434                       342     92      422
..................................................................


WIND (MPH)
  HIGHEST WIND SPEED    14   HIGHEST WIND DIRECTION     W (250)
  HIGHEST GUST SPEED    19   HIGHEST GUST DIRECTION    SW (210)
  AVERAGE WIND SPEED     8.0


SKY COVER
  POSSIBLE SUNSHINE  MM
  AVERAGE SKY COVER 0.6


WEATHER CONDITIONS
 THE FOLLOWING WEATHER WAS RECORDED TODAY.
  FOG


RELATIVE HUMIDITY (PERCENT)
 HIGHEST    93          1200 AM
 LOWEST     55           200 PM
 AVERAGE    74

..........................................................


THE WORCESTER MA CLIMATE NORMALS FOR TOMORROW
                         NORMAL    RECORD    YEAR
 MAXIMUM TEMPERATURE (F)   78        99      1944
 MINIMUM TEMPERATURE (F)   61        49      1954
                                             1930


SUNRISE AND SUNSET
AUGUST 11 2016........SUNRISE   551 AM EDT   SUNSET   753 PM EDT
AUGUST 12 2016........SUNRISE   552 AM EDT   SUNSET   752 PM EDT


-  INDICATES NEGATIVE NUMBERS.
R  INDICATES RECORD WAS SET OR TIED.
MM INDICATES DATA IS MISSING.
T  INDICATES TRACE AMOUNT.




$$
