000
CDUS41 KBOX 120547
CLIORH


CLIMATE REPORT
NATIONAL WEATHER SERVICE TAUNTON MA
142 AM EDT TUE APR 12 2016


...................................

...THE WORCESTER MA CLIMATE SUMMARY FOR APRIL 11 2016...

CLIMATE NORMAL PERIOD 1981 TO 2010
CLIMATE RECORD PERIOD 1892 TO 2016


WEATHER ITEM   OBSERVED TIME   RECORD YEAR NORMAL DEPARTURE LAST
                VALUE   (LST)  VALUE       VALUE  FROM      YEAR
                                                  NORMAL
..................................................................
TEMPERATURE (F)
 YESTERDAY
  MAXIMUM         55    353 PM  80    1945  53      2       50
  MINIMUM         37    636 AM  19    1948  36      1       36
                                      1938
  AVERAGE         46                        44      2       43

PRECIPITATION (IN)
  YESTERDAY        0.05          0.77 1958   0.15  -0.10     0.00
  MONTH TO DATE    2.08                      1.60   0.48     1.11
  SINCE MAR 1      5.57                      5.81  -0.24     3.53
  SINCE JAN 1     12.96                     12.53   0.43    11.84

SNOWFALL (IN)
  YESTERDAY        0.0           7.8  1958   0.1   -0.1      0.0
  MONTH TO DATE   10.0                       1.5    8.5      0.2
  SINCE MAR 1     15.5                      12.9    2.6     11.1
  SINCE JUL 1     47.2                      62.8  -15.6    119.7
  SNOW DEPTH       0

DEGREE DAYS
 HEATING
  YESTERDAY       19                        21     -2       22
  MONTH TO DATE  302                       249     53      277
  SINCE MAR 1   1071                      1188   -117     1363
  SINCE JUL 1   5130                      6025   -895     6477

 COOLING
  YESTERDAY        0                         0      0        0
  MONTH TO DATE    0                         0      0        0
  SINCE MAR 1      0                         0      0        0
  SINCE JAN 1      0                         0      0        0
..................................................................


WIND (MPH)
  RESULTANT WIND SPEED  15   RESULTANT WIND DIRECTION   S (200)
  HIGHEST WIND SPEED    29   HIGHEST WIND DIRECTION     S (200)
  HIGHEST GUST SPEED    41   HIGHEST GUST DIRECTION     S (190)
  AVERAGE WIND SPEED    14.7


SKY COVER
  POSSIBLE SUNSHINE  MM
  AVERAGE SKY COVER 1.0


WEATHER CONDITIONS
 THE FOLLOWING WEATHER WAS RECORDED YESTERDAY.
  LIGHT RAIN


RELATIVE HUMIDITY (PERCENT)
 HIGHEST    86          1100 PM
 LOWEST     35           200 PM
 AVERAGE    61

..........................................................


THE WORCESTER MA CLIMATE NORMALS FOR TODAY
                         NORMAL    RECORD    YEAR
 MAXIMUM TEMPERATURE (F)   54        80      1945
 MINIMUM TEMPERATURE (F)   36        15      1976


SUNRISE AND SUNSET
APRIL 12 2016.........SUNRISE   611 AM EDT   SUNSET   726 PM EDT
APRIL 13 2016.........SUNRISE   609 AM EDT   SUNSET   727 PM EDT


-  INDICATES NEGATIVE NUMBERS.
R  INDICATES RECORD WAS SET OR TIED.
MM INDICATES DATA IS MISSING.
T  INDICATES TRACE AMOUNT.




$$
