252
CDUS41 KBOX 162132
CLIORH


CLIMATE REPORT
NATIONAL WEATHER SERVICE TAUNTON MA
529 PM EDT FRI JUN 16 2017


...................................

...THE WORCESTER MA CLIMATE SUMMARY FOR JUNE 16 2017...
VALID AS OF 0500 PM LOCAL TIME.

CLIMATE NORMAL PERIOD 1981 TO 2010
CLIMATE RECORD PERIOD 1892 TO 2017


WEATHER ITEM   OBSERVED TIME   RECORD YEAR NORMAL DEPARTURE LAST
                VALUE   (LST)  VALUE       VALUE  FROM      YEAR
                                                  NORMAL
..................................................................
TEMPERATURE (F)
 TODAY
  MAXIMUM         67   1158 AM  91    1988  74     -7       79
  MINIMUM         57    541 AM  42    1946  56      1       61
  AVERAGE         62                        65     -3       70

PRECIPITATION (IN)
  TODAY            0.14          2.57 1974   0.14   0.00     0.00
  MONTH TO DATE    1.83                      2.42  -0.59     1.13
  SINCE JUN 1      1.83                      2.42  -0.59     1.13
  SINCE JAN 1     22.91                     21.65   1.26    16.85

SNOWFALL (IN)
  TODAY            0.0           0.0  2001   0.0    0.0      0.0
                                      2000
  MONTH TO DATE    0.0                       0.0    0.0      0.0
  SINCE JUN 1      0.0                       0.0    0.0      0.0
  SINCE JUL 1     78.3                      64.1   14.2     47.2
  SNOW DEPTH      MM

DEGREE DAYS
 HEATING
  TODAY            3                         2      1        0
  MONTH TO DATE   76                        62     14       50
  SINCE JUN 1     76                        62     14       50
  SINCE JUL 1   6261                      6696   -435     5761

 COOLING
  TODAY            0                         3     -3        5
  MONTH TO DATE   46                        33     13       21
  SINCE JUN 1     46                        33     13       21
  SINCE JAN 1     80                        55     25       63
..................................................................


WIND (MPH)
  HIGHEST WIND SPEED    18   HIGHEST WIND DIRECTION    SE (150)
  HIGHEST GUST SPEED    22   HIGHEST GUST DIRECTION    SE (140)
  AVERAGE WIND SPEED    11.8


SKY COVER
  POSSIBLE SUNSHINE  MM
  AVERAGE SKY COVER 0.8


WEATHER CONDITIONS
 THE FOLLOWING WEATHER WAS RECORDED TODAY.
  RAIN
  LIGHT RAIN
  FOG


RELATIVE HUMIDITY (PERCENT)
 HIGHEST    93           400 PM
 LOWEST     63          1100 AM
 AVERAGE    78

..........................................................


THE WORCESTER MA CLIMATE NORMALS FOR TOMORROW
                         NORMAL    RECORD    YEAR
 MAXIMUM TEMPERATURE (F)   75        91      1957
                                             1894
                                             1892
 MINIMUM TEMPERATURE (F)   57        33      1926


SUNRISE AND SUNSET
JUNE 16 2017..........SUNRISE   510 AM EDT   SUNSET   826 PM EDT
JUNE 17 2017..........SUNRISE   510 AM EDT   SUNSET   827 PM EDT


-  INDICATES NEGATIVE NUMBERS.
R  INDICATES RECORD WAS SET OR TIED.
MM INDICATES DATA IS MISSING.
T  INDICATES TRACE AMOUNT.




$$
