000
CDUS41 KBOX 270644
CLIORH


CLIMATE REPORT
NATIONAL WEATHER SERVICE TAUNTON MA
141 AM EST SUN NOV 27 2016


...................................

...THE WORCESTER MA CLIMATE SUMMARY FOR NOVEMBER 26 2016...

CLIMATE NORMAL PERIOD 1981 TO 2010
CLIMATE RECORD PERIOD 1892 TO 2016


WEATHER ITEM   OBSERVED TIME   RECORD YEAR NORMAL DEPARTURE LAST
                VALUE   (LST)  VALUE       VALUE  FROM      YEAR
                                                  NORMAL
..................................................................
TEMPERATURE (F)
 YESTERDAY
  MAXIMUM         45    122 PM  64    1895  44      1       54
  MINIMUM         34   1157 PM   3    1938  30      4       36
  AVERAGE         40                        37      3       45

PRECIPITATION (IN)
  YESTERDAY        0.00          2.19 1972   0.13  -0.13     0.00
  MONTH TO DATE    1.94                      3.71  -1.77     1.56
  SINCE SEP 1     11.78                     12.32  -0.54     8.77
  SINCE JAN 1     35.18                     43.68  -8.50    35.49

SNOWFALL (IN)
  YESTERDAY        0.0           5.3  2014   0.2   -0.2      0.0
  MONTH TO DATE    T                         1.9   -1.9      0.0
  SINCE SEP 1      T                         2.1   -2.1       T
  SINCE JUL 1      T                         2.1   -2.1       T
  SNOW DEPTH      MM

DEGREE DAYS
 HEATING
  YESTERDAY       25                        28     -3       20
  MONTH TO DATE  578                       623    -45      509
  SINCE SEP 1   1083                      1245   -162     1048
  SINCE JUL 1   1092                      1284   -192     1049

 COOLING
  YESTERDAY        0                         0      0        0
  MONTH TO DATE    0                         0      0        0
  SINCE SEP 1     75                        45     30      102
  SINCE JAN 1    663                       471    192      659
..................................................................


WIND (MPH)
  RESULTANT WIND SPEED   8   RESULTANT WIND DIRECTION  NW (310)
  HIGHEST WIND SPEED    16   HIGHEST WIND DIRECTION    NW (310)
  HIGHEST GUST SPEED    20   HIGHEST GUST DIRECTION    NW (300)
  AVERAGE WIND SPEED     8.1


SKY COVER
  POSSIBLE SUNSHINE  MM
  AVERAGE SKY COVER 0.5


WEATHER CONDITIONS
 THE FOLLOWING WEATHER WAS RECORDED YESTERDAY.
  NO SIGNIFICANT WEATHER WAS OBSERVED.


RELATIVE HUMIDITY (PERCENT)
 HIGHEST    92          1200 AM
 LOWEST     62          1200 PM
 AVERAGE    77

..........................................................


THE WORCESTER MA CLIMATE NORMALS FOR TODAY
                         NORMAL    RECORD    YEAR
 MAXIMUM TEMPERATURE (F)   43        66      1896
 MINIMUM TEMPERATURE (F)   29         5      1932


SUNRISE AND SUNSET
NOVEMBER 27 2016......SUNRISE   653 AM EST   SUNSET   417 PM EST
NOVEMBER 28 2016......SUNRISE   654 AM EST   SUNSET   417 PM EST


-  INDICATES NEGATIVE NUMBERS.
R  INDICATES RECORD WAS SET OR TIED.
MM INDICATES DATA IS MISSING.
T  INDICATES TRACE AMOUNT.




$$
