000
CDUS41 KBOX 282142
CLIORH


CLIMATE REPORT
NATIONAL WEATHER SERVICE TAUNTON MA
432 PM EST THU JAN 28 2016


...................................

...THE WORCESTER MA CLIMATE SUMMARY FOR JANUARY 28 2016...
VALID TODAY AS OF 0400 PM LOCAL TIME.

CLIMATE NORMAL PERIOD 1981 TO 2010
CLIMATE RECORD PERIOD 1892 TO 2016


WEATHER ITEM   OBSERVED TIME   RECORD YEAR NORMAL DEPARTURE LAST
                VALUE   (LST)  VALUE       VALUE  FROM      YEAR
                                                  NORMAL
..................................................................
TEMPERATURE (F)
 TODAY
  MAXIMUM         38    158 PM  58    1947  32      6       22
  MINIMUM         19    649 AM -17    1935  17      2        7
  AVERAGE         29                        24      5       15

PRECIPITATION (IN)
  TODAY            0.00          1.25 1994   0.11  -0.11      T
  MONTH TO DATE    2.12                      3.15  -1.03     4.97
  SINCE DEC 1      6.77                      6.97  -0.20     9.87
  SINCE JAN 1      2.12                      3.15  -1.03     4.97

SNOWFALL (IN)
  TODAY            0.0          10.0  1897   0.6   -0.6       T
  MONTH TO DATE    9.7                      15.4   -5.7     45.9
  SINCE DEC 1     11.1                      29.8  -18.7     47.4
  SINCE JUL 1     11.1                      32.6  -21.5     54.6
  SNOW DEPTH      MM

DEGREE DAYS
 HEATING
  TODAY           36                        41     -5       50
  MONTH TO DATE 1076                      1144    -68     1214
  SINCE DEC 1   1800                      2246   -446     2178
  SINCE JUL 1   2949                      3648   -699     3556

 COOLING
  TODAY            0                         0      0        0
  MONTH TO DATE    0                         0      0        0
  SINCE DEC 1      0                         0      0        0
  SINCE JAN 1      0                         0      0        0
..................................................................


WIND (MPH)
  HIGHEST WIND SPEED    23   HIGHEST WIND DIRECTION    SW (220)
  HIGHEST GUST SPEED    28   HIGHEST GUST DIRECTION    SW (230)
  AVERAGE WIND SPEED     8.3


SKY COVER
  POSSIBLE SUNSHINE  MM
  AVERAGE SKY COVER 0.1


WEATHER CONDITIONS
 THE FOLLOWING WEATHER WAS RECORDED TODAY.
  NO SIGNIFICANT WEATHER WAS OBSERVED.


RELATIVE HUMIDITY (PERCENT)
 HIGHEST    77           800 AM
 LOWEST     48           100 PM
 AVERAGE    63

..........................................................


THE WORCESTER MA CLIMATE NORMALS FOR TOMORROW
                         NORMAL    RECORD    YEAR
 MAXIMUM TEMPERATURE (F)   32        60      2002
 MINIMUM TEMPERATURE (F)   17       -13      1925


SUNRISE AND SUNSET
JANUARY 28 2016.......SUNRISE   705 AM EST   SUNSET   456 PM EST
JANUARY 29 2016.......SUNRISE   704 AM EST   SUNSET   457 PM EST


-  INDICATES NEGATIVE NUMBERS.
R  INDICATES RECORD WAS SET OR TIED.
MM INDICATES DATA IS MISSING.
T  INDICATES TRACE AMOUNT.




$$
