000
CDUS41 KBOX 202206
CLIORH


CLIMATE REPORT
NATIONAL WEATHER SERVICE TAUNTON MA
605 PM EDT SAT JUN 20 2015


...................................

...THE WORCESTER MA CLIMATE SUMMARY FOR JUNE 20 2015...
VALID TODAY AS OF 0600 PM LOCAL TIME.

CLIMATE NORMAL PERIOD 1981 TO 2010
CLIMATE RECORD PERIOD 1892 TO 2015


WEATHER ITEM   OBSERVED TIME   RECORD YEAR NORMAL DEPARTURE LAST
                VALUE   (LST)  VALUE       VALUE  FROM      YEAR
                                                  NORMAL
..................................................................
TEMPERATURE (F)
 TODAY
  MAXIMUM         71    249 PM  93    1953  75     -4       72
  MINIMUM         57    522 AM  37    1926  57      0       53
  AVERAGE         64                        66     -2       63

PRECIPITATION (IN)
  TODAY            T             1.46 1996   0.13  -0.13     0.00
  MONTH TO DATE    3.65                      2.95   0.70     1.02
  SINCE JUN 1      3.65                      2.95   0.70     1.02
  SINCE JAN 1     17.95                     22.18  -4.23    22.21

SNOWFALL (IN)
  TODAY            0.0           T    1943   0.0    0.0      0.0
  MONTH TO DATE    0.0                       0.0    0.0      0.0
  SINCE JUN 1      0.0                       0.0    0.0      0.0
  SINCE JUL 1    119.7                      64.1   55.6     85.2
  SNOW DEPTH      MM

DEGREE DAYS
 HEATING
  TODAY            1                         2     -1        2
  MONTH TO DATE   77                        70      7       38
  SINCE JUN 1     77                        70      7       38
  SINCE JUL 1   6969                      6704    265     7066

 COOLING
  TODAY            0                         3     -3        0
  MONTH TO DATE   43                        45     -2       43
  SINCE JUN 1     43                        45     -2       43
  SINCE JAN 1    109                        67     42       51
..................................................................


WIND (MPH)
  HIGHEST WIND SPEED    15   HIGHEST WIND DIRECTION     S (190)
  HIGHEST GUST SPEED    19   HIGHEST GUST DIRECTION    NE (30)
  AVERAGE WIND SPEED     8.2


SKY COVER
  POSSIBLE SUNSHINE  MM
  AVERAGE SKY COVER 0.5


WEATHER CONDITIONS
 THE FOLLOWING WEATHER WAS RECORDED TODAY.
  LIGHT RAIN


RELATIVE HUMIDITY (PERCENT)
 HIGHEST    66           200 PM
 LOWEST     51           100 AM
 AVERAGE    59

..........................................................


THE WORCESTER MA CLIMATE NORMALS FOR TOMORROW
                         NORMAL    RECORD    YEAR
 MAXIMUM TEMPERATURE (F)   76        91      2012
                                             1953
                                             1949
 MINIMUM TEMPERATURE (F)   58        37      1926


SUNRISE AND SUNSET
JUNE 20 2015..........SUNRISE   511 AM EDT   SUNSET   827 PM EDT
JUNE 21 2015..........SUNRISE   511 AM EDT   SUNSET   827 PM EDT


-  INDICATES NEGATIVE NUMBERS.
R  INDICATES RECORD WAS SET OR TIED.
MM INDICATES DATA IS MISSING.
T  INDICATES TRACE AMOUNT.




$$
