000
CDUS41 KBOX 282127
CLIORH


CLIMATE REPORT
NATIONAL WEATHER SERVICE TAUNTON MA
417 PM EST TUE NOV 28 2017


...................................

...THE WORCESTER MA CLIMATE SUMMARY FOR NOVEMBER 28 2017...
VALID AS OF 0400 PM LOCAL TIME.

CLIMATE NORMAL PERIOD 1981 TO 2010
CLIMATE RECORD PERIOD 1892 TO 2017


WEATHER ITEM   OBSERVED TIME   RECORD YEAR NORMAL DEPARTURE LAST
                VALUE   (LST)  VALUE       VALUE  FROM      YEAR
                                                  NORMAL
..................................................................
TEMPERATURE (F)
 TODAY
  MAXIMUM         37    345 PM  67    1990  43     -6       43
  MINIMUM         19    736 AM   7    1936  29    -10       27
  AVERAGE         28                        36     -8       35

PRECIPITATION (IN)
  TODAY            0.00          2.63 1993   0.15  -0.15     0.00
  MONTH TO DATE    1.79                      4.00  -2.21     1.94
  SINCE SEP 1     13.13                     12.61   0.52    11.78
  SINCE JAN 1     42.42                     43.97  -1.55    35.18

SNOWFALL (IN)
  TODAY            0.0           2.1  1917   0.2   -0.2      0.0
  MONTH TO DATE    T                         2.2   -2.2       T
  SINCE SEP 1      T                         2.4   -2.4       T
  SINCE JUL 1      T                         2.4   -2.4       T
  SNOW DEPTH      MM

DEGREE DAYS
 HEATING
  TODAY           37                        29      8       30
  MONTH TO DATE  719                       681     38      637
  SINCE SEP 1   1040                      1303   -263     1142
  SINCE JUL 1   1088                      1342   -254     1151

 COOLING
  TODAY            0                         0      0        0
  MONTH TO DATE    0                         0      0        0
  SINCE SEP 1    102                        45     57       75
  SINCE JAN 1    533                       471     62      663
..................................................................


WIND (MPH)
  HIGHEST WIND SPEED    15   HIGHEST WIND DIRECTION     S (200)
  HIGHEST GUST SPEED    18   HIGHEST GUST DIRECTION     S (200)
  AVERAGE WIND SPEED     6.4


SKY COVER
  POSSIBLE SUNSHINE  MM
  AVERAGE SKY COVER 0.0


WEATHER CONDITIONS
 THE FOLLOWING WEATHER WAS RECORDED TODAY.
  NO SIGNIFICANT WEATHER WAS OBSERVED.


RELATIVE HUMIDITY (PERCENT)
 HIGHEST    68           900 AM
 LOWEST     35           200 PM
 AVERAGE    52

..........................................................


THE WORCESTER MA CLIMATE NORMALS FOR TOMORROW
                         NORMAL    RECORD    YEAR
 MAXIMUM TEMPERATURE (F)   42        64      1990
 MINIMUM TEMPERATURE (F)   29         5      1940


SUNRISE AND SUNSET
NOVEMBER 28 2017......SUNRISE   654 AM EST   SUNSET   417 PM EST
NOVEMBER 29 2017......SUNRISE   655 AM EST   SUNSET   417 PM EST


-  INDICATES NEGATIVE NUMBERS.
R  INDICATES RECORD WAS SET OR TIED.
MM INDICATES DATA IS MISSING.
T  INDICATES TRACE AMOUNT.




$$
