000
CDUS41 KBOX 072137
CLIORH


CLIMATE REPORT
NATIONAL WEATHER SERVICE TAUNTON MA
431 PM EST TUE FEB 7 2017


...................................

...THE WORCESTER MA CLIMATE SUMMARY FOR FEBRUARY 7 2017...
VALID AS OF 0400 PM LOCAL TIME.

CLIMATE NORMAL PERIOD 1981 TO 2010
CLIMATE RECORD PERIOD 1892 TO 2017


WEATHER ITEM   OBSERVED TIME   RECORD YEAR NORMAL DEPARTURE LAST
                VALUE   (LST)  VALUE       VALUE  FROM      YEAR
                                                  NORMAL
..................................................................
TEMPERATURE (F)
 TODAY
  MAXIMUM         30    219 PM  55    1925  33     -3       42
  MINIMUM         26    359 PM -11    1934  18      8       24
  AVERAGE         28                        26      2       33

PRECIPITATION (IN)
  TODAY            0.33          2.05 1951   0.11   0.22     0.00
  MONTH TO DATE    0.38                      0.79  -0.41     1.48
  SINCE DEC 1      8.09                      8.10  -0.01     8.25
  SINCE JAN 1      4.29                      4.28   0.01     3.60

SNOWFALL (IN)
  TODAY           MM            15.6  1983   0.5   MM        0.0
  MONTH TO DATE    0.9                       4.0   -3.1     12.5
  SINCE DEC 1     33.3                      35.5   -2.2     23.6
  SINCE JUL 1     33.3                      38.3   -5.0     23.6
  SNOW DEPTH      MM

DEGREE DAYS
 HEATING
  TODAY           37                        39     -2       32
  MONTH TO DATE  270                       279     -9      196
  SINCE DEC 1   2444                      2650   -206     2086
  SINCE JUL 1   3631                      4052   -421     3235

 COOLING
  TODAY            0                         0      0        0
  MONTH TO DATE    0                         0      0        0
  SINCE DEC 1      0                         0      0        0
  SINCE JAN 1      0                         0      0        0
..................................................................


WIND (MPH)
  HIGHEST WIND SPEED    18   HIGHEST WIND DIRECTION    NE (60)
  HIGHEST GUST SPEED    26   HIGHEST GUST DIRECTION    NE (40)
  AVERAGE WIND SPEED     8.0


SKY COVER
  POSSIBLE SUNSHINE  MM
  AVERAGE SKY COVER 1.0


WEATHER CONDITIONS
 THE FOLLOWING WEATHER WAS RECORDED TODAY.
  FREEZING RAIN
  LT FREEZING RAIN
  LIGHT SNOW
  FOG
  FOG W/VISIBILITY <= 1/4 MILE


RELATIVE HUMIDITY (PERCENT)
 HIGHEST    92          1000 AM
 LOWEST     50          1200 AM
 AVERAGE    71

..........................................................


THE WORCESTER MA CLIMATE NORMALS FOR TOMORROW
                         NORMAL    RECORD    YEAR
 MAXIMUM TEMPERATURE (F)   33        65      1925
 MINIMUM TEMPERATURE (F)   18       -10      1963


SUNRISE AND SUNSET
FEBRUARY  7 2017......SUNRISE   654 AM EST   SUNSET   510 PM EST
FEBRUARY  8 2017......SUNRISE   653 AM EST   SUNSET   511 PM EST


-  INDICATES NEGATIVE NUMBERS.
R  INDICATES RECORD WAS SET OR TIED.
MM INDICATES DATA IS MISSING.
T  INDICATES TRACE AMOUNT.




$$
