000
CDUS41 KBOX 070600
CLIORH


CLIMATE REPORT
NATIONAL WEATHER SERVICE TAUNTON MA
159 AM EDT SUN MAY 7 2017


...................................

...THE WORCESTER MA CLIMATE SUMMARY FOR MAY 6 2017...

CLIMATE NORMAL PERIOD 1981 TO 2010
CLIMATE RECORD PERIOD 1892 TO 2017


WEATHER ITEM   OBSERVED TIME   RECORD YEAR NORMAL DEPARTURE LAST
                VALUE   (LST)  VALUE       VALUE  FROM      YEAR
                                                  NORMAL
..................................................................
TEMPERATURE (F)
 YESTERDAY
  MAXIMUM         65    243 PM  87    1930  63      2       59
  MINIMUM         46    131 AM  29    1992  44      2       43
  AVERAGE         56                        53      3       51

PRECIPITATION (IN)
  YESTERDAY        0.27          1.84 1991   0.13   0.14     0.35
  MONTH TO DATE    1.31                      0.76   0.55     1.42
  SINCE MAR 1     10.07                      9.08   0.99     7.54
  SINCE JAN 1     16.42                     15.80   0.62    14.93

SNOWFALL (IN)
  YESTERDAY        0.0           T    1970   0.0    0.0      0.0
  MONTH TO DATE    0.0                       0.0    0.0      0.0
  SINCE MAR 1     20.5                      14.2    6.3     15.5
  SINCE JUL 1     78.3                      64.1   14.2     47.2
  SNOW DEPTH      MM

DEGREE DAYS
 HEATING
  YESTERDAY        9                        12     -3       14
  MONTH TO DATE   86                        76     10      121
  SINCE MAR 1   1629                      1586     43     1493
  SINCE JUL 1   5906                      6423   -517     5552

 COOLING
  YESTERDAY        0                         0      0        0
  MONTH TO DATE    0                         0      0        0
  SINCE MAR 1     10                         3      7        4
  SINCE JAN 1     10                         3      7        4
..................................................................


WIND (MPH)
  RESULTANT WIND SPEED  12   RESULTANT WIND DIRECTION   S (160)
  HIGHEST WIND SPEED    26   HIGHEST WIND DIRECTION     S (160)
  HIGHEST GUST SPEED    34   HIGHEST GUST DIRECTION    SE (140)
  AVERAGE WIND SPEED    12.7


SKY COVER
  POSSIBLE SUNSHINE  MM
  AVERAGE SKY COVER 0.8


WEATHER CONDITIONS
 THE FOLLOWING WEATHER WAS RECORDED YESTERDAY.
  RAIN
  LIGHT RAIN
  FOG
  FOG W/VISIBILITY <= 1/4 MILE


RELATIVE HUMIDITY (PERCENT)
 HIGHEST   100           300 AM
 LOWEST     46           400 PM
 AVERAGE    73

..........................................................


THE WORCESTER MA CLIMATE NORMALS FOR TODAY
                         NORMAL    RECORD    YEAR
 MAXIMUM TEMPERATURE (F)   63        90      1930
 MINIMUM TEMPERATURE (F)   44        28      1970


SUNRISE AND SUNSET
MAY  7 2017...........SUNRISE   535 AM EDT   SUNSET   754 PM EDT
MAY  8 2017...........SUNRISE   534 AM EDT   SUNSET   755 PM EDT


-  INDICATES NEGATIVE NUMBERS.
R  INDICATES RECORD WAS SET OR TIED.
MM INDICATES DATA IS MISSING.
T  INDICATES TRACE AMOUNT.




$$
