000
CDUS41 KBOX 122152
CLIORH


CLIMATE REPORT
NATIONAL WEATHER SERVICE TAUNTON MA
441 PM EST WED NOV 12 2014


...................................

...THE WORCESTER MA CLIMATE SUMMARY FOR NOVEMBER 12 2014...
VALID AS OF 0400 PM LOCAL TIME.

CLIMATE NORMAL PERIOD 1981 TO 2010
CLIMATE RECORD PERIOD 1892 TO 2014


WEATHER ITEM   OBSERVED TIME   RECORD YEAR NORMAL DEPARTURE LAST
                VALUE   (LST)  VALUE       VALUE  FROM      YEAR
                                                  NORMAL
..................................................................
TEMPERATURE (F)
 TODAY
  MAXIMUM         63    216 PM  73    1909  49     14       46
  MINIMUM         50    749 AM  17    1926  34     16       23
  AVERAGE         57                        42     15       35

PRECIPITATION (IN)
  TODAY            0.00          2.93 1947   0.14  -0.14     0.07
  MONTH TO DATE    0.74                      1.68  -0.94     0.37
  SINCE SEP 1      9.83                     10.29  -0.46     5.03
  SINCE JAN 1     44.86                     41.65   3.21    38.05

SNOWFALL (IN)
  TODAY            0.0           7.3  1968   0.0    0.0      0.5
  MONTH TO DATE    0.0                       0.5   -0.5      0.5
  SINCE SEP 1      0.0                       0.7   -0.7      0.5
  SINCE JUL 1      0.0                       0.7   -0.7      0.5
  SNOW DEPTH       0

DEGREE DAYS
 HEATING
  TODAY            8                        23    -15       30
  MONTH TO DATE  243                       260    -17      272
  SINCE SEP 1    789                       882    -93      851
  SINCE JUL 1    809                       921   -112      870

 COOLING
  TODAY            0                         0      0        0
  MONTH TO DATE    0                         0      0        0
  SINCE SEP 1     64                        45     19       41
  SINCE JAN 1    426                       471    -45      572
..................................................................


WIND (MPH)
  HIGHEST WIND SPEED    18   HIGHEST WIND DIRECTION    NW (310)
  HIGHEST GUST SPEED    28   HIGHEST GUST DIRECTION    NW (300)
  AVERAGE WIND SPEED     7.2


SKY COVER
  POSSIBLE SUNSHINE  MM
  AVERAGE SKY COVER 0.8


WEATHER CONDITIONS
 THE FOLLOWING WEATHER WAS RECORDED TODAY.
  FOG
  FOG W/VISIBILITY <= 1/4 MILE


RELATIVE HUMIDITY (PERCENT)
 HIGHEST   100          1200 AM
 LOWEST     67           100 PM
 AVERAGE    84

..........................................................


THE WORCESTER MA CLIMATE NORMALS FOR TOMORROW
                         NORMAL    RECORD    YEAR
 MAXIMUM TEMPERATURE (F)   49        67      1964
 MINIMUM TEMPERATURE (F)   34        15      1986


SUNRISE AND SUNSET
NOVEMBER 12 2014......SUNRISE   634 AM EST   SUNSET   429 PM EST
NOVEMBER 13 2014......SUNRISE   635 AM EST   SUNSET   428 PM EST


-  INDICATES NEGATIVE NUMBERS.
R  INDICATES RECORD WAS SET OR TIED.
MM INDICATES DATA IS MISSING.
T  INDICATES TRACE AMOUNT.




$$
