000
CDUS41 KBOX 270957
CLIORH


CLIMATE REPORT
NATIONAL WEATHER SERVICE TAUNTON MA
552 AM EDT THU AUG 27 2015


...................................

...THE WORCESTER MA CLIMATE SUMMARY FOR AUGUST 26 2015...

CLIMATE NORMAL PERIOD 1981 TO 2010
CLIMATE RECORD PERIOD 1892 TO 2015


WEATHER ITEM   OBSERVED TIME   RECORD YEAR NORMAL DEPARTURE LAST
                VALUE   (LST)  VALUE       VALUE  FROM      YEAR
                                                  NORMAL
..................................................................
TEMPERATURE (F)
 YESTERDAY
  MAXIMUM         76    310 PM  98    1948  76      0       84
  MINIMUM         61   1159 PM  40    1942  59      2       63
  AVERAGE         69                        68      1       74

PRECIPITATION (IN)
  YESTERDAY        0.00          2.55 1892   0.11  -0.11     0.00
  MONTH TO DATE    3.21                      3.18   0.03     2.27
  SINCE JUN 1     12.42                     11.60   0.82    10.11
  SINCE JAN 1     26.72                     30.83  -4.11    31.30

SNOWFALL (IN)
  YESTERDAY        0.0           0.0  2002   0.0    0.0      0.0
                                      2001
                                      2000
  MONTH TO DATE    0.0                       0.0    0.0      0.0
  SINCE JUN 1      0.0                       0.0    0.0      0.0
  SINCE JUL 1      0.0                       0.0    0.0      0.0
  SNOW DEPTH      MM

DEGREE DAYS
 HEATING
  YESTERDAY        0                         1     -1        0
  MONTH TO DATE    0                        17    -17       17
  SINCE JUN 1     95                       114    -19       62
  SINCE JUL 1      1                        31    -30       17

 COOLING
  YESTERDAY        4                         4      0        9
  MONTH TO DATE  165                       128     37       79
  SINCE JUN 1    472                       387     85      337
  SINCE JAN 1    538                       409    129      345
..................................................................


WIND (MPH)
  RESULTANT WIND SPEED   8   RESULTANT WIND DIRECTION   W (280)
  HIGHEST WIND SPEED    16   HIGHEST WIND DIRECTION     W (270)
  HIGHEST GUST SPEED    21   HIGHEST GUST DIRECTION     W (270)
  AVERAGE WIND SPEED     8.6


SKY COVER
  POSSIBLE SUNSHINE  MM
  AVERAGE SKY COVER 0.2


WEATHER CONDITIONS
 THE FOLLOWING WEATHER WAS RECORDED YESTERDAY.
  FOG


RELATIVE HUMIDITY (PERCENT)
 HIGHEST    93           200 AM
 LOWEST     46           200 PM
 AVERAGE    70

..........................................................


THE WORCESTER MA CLIMATE NORMALS FOR TODAY
                         NORMAL    RECORD    YEAR
 MAXIMUM TEMPERATURE (F)   76        94      1948
 MINIMUM TEMPERATURE (F)   59        41      1944
                                             1940


SUNRISE AND SUNSET
AUGUST 27 2015........SUNRISE   607 AM EDT   SUNSET   730 PM EDT
AUGUST 28 2015........SUNRISE   608 AM EDT   SUNSET   728 PM EDT


-  INDICATES NEGATIVE NUMBERS.
R  INDICATES RECORD WAS SET OR TIED.
MM INDICATES DATA IS MISSING.
T  INDICATES TRACE AMOUNT.




$$
