000
CDUS41 KBOX 160846
CLIORH


CLIMATE REPORT
NATIONAL WEATHER SERVICE TAUNTON MA
345 AM EST FRI JAN 16 2015


...................................

...THE WORCESTER MA CLIMATE SUMMARY FOR JANUARY 15 2015...

CLIMATE NORMAL PERIOD 1981 TO 2010
CLIMATE RECORD PERIOD 1892 TO 2015


WEATHER ITEM   OBSERVED TIME   RECORD YEAR NORMAL DEPARTURE LAST
                VALUE   (LST)  VALUE       VALUE  FROM      YEAR
                                                  NORMAL
..................................................................
TEMPERATURE (F)
 YESTERDAY
  MAXIMUM         27   1251 PM  67    1932  31     -4       43
  MINIMUM         18   1004 PM -19    1957  16      2       29
  AVERAGE         23                        24     -1       36

PRECIPITATION (IN)
  YESTERDAY        T             2.25 1940   0.11  -0.11     0.00
  MONTH TO DATE    1.38                      1.66  -0.28     2.61
  SINCE DEC 1      6.28                      5.48   0.80     7.04
  SINCE JAN 1      1.38                      1.66  -0.28     2.61

SNOWFALL (IN)
  YESTERDAY        T             9.2  1983   0.5   -0.5      0.0
  MONTH TO DATE    5.2                       8.3   -3.1     10.8
  SINCE DEC 1      6.7                      22.7  -16.0     29.7
  SINCE JUL 1     13.9                      25.5  -11.6     30.2
  SNOW DEPTH      MM

DEGREE DAYS
 HEATING
  YESTERDAY       42                        41      1       29
  MONTH TO DATE  551                       611    -60      604
  SINCE DEC 1   1515                      1713   -198     1751
  SINCE JUL 1   2893                      3115   -222     3163

 COOLING
  YESTERDAY        0                         0      0        0
  MONTH TO DATE    0                         0      0        0
  SINCE DEC 1      0                         0      0        0
  SINCE JAN 1      0                         0      0        0
..................................................................


WIND (MPH)
  RESULTANT WIND SPEED   6   RESULTANT WIND DIRECTION   W (290)
  HIGHEST WIND SPEED    21   HIGHEST WIND DIRECTION     W (270)
  HIGHEST GUST SPEED    27   HIGHEST GUST DIRECTION     W (270)
  AVERAGE WIND SPEED     7.8


SKY COVER
  POSSIBLE SUNSHINE  MM
  AVERAGE SKY COVER 0.8


WEATHER CONDITIONS
 THE FOLLOWING WEATHER WAS RECORDED YESTERDAY.
  LIGHT SNOW
  FOG
  HAZE


RELATIVE HUMIDITY (PERCENT)
 HIGHEST    92          1200 AM
 LOWEST     67           900 PM
 AVERAGE    80

..........................................................


THE WORCESTER MA CLIMATE NORMALS FOR TODAY
                         NORMAL    RECORD    YEAR
 MAXIMUM TEMPERATURE (F)   31        60      1932
 MINIMUM TEMPERATURE (F)   16       -12      2004
                                             1994


SUNRISE AND SUNSET
JANUARY 16 2015.......SUNRISE   713 AM EST   SUNSET   441 PM EST
JANUARY 17 2015.......SUNRISE   713 AM EST   SUNSET   442 PM EST


-  INDICATES NEGATIVE NUMBERS.
R  INDICATES RECORD WAS SET OR TIED.
MM INDICATES DATA IS MISSING.
T  INDICATES TRACE AMOUNT.




$$
