460
CDUS41 KBOX 072131
CLIORH


CLIMATE REPORT
NATIONAL WEATHER SERVICE TAUNTON MA
528 PM EDT SAT OCT 7 2017


...................................

...THE WORCESTER MA CLIMATE SUMMARY FOR OCTOBER 7 2017...
VALID AS OF 0500 PM LOCAL TIME.

CLIMATE NORMAL PERIOD 1981 TO 2010
CLIMATE RECORD PERIOD 1892 TO 2017


WEATHER ITEM   OBSERVED TIME   RECORD YEAR NORMAL DEPARTURE LAST
                VALUE   (LST)  VALUE       VALUE  FROM      YEAR
                                                  NORMAL
..................................................................
TEMPERATURE (F)
 TODAY
  MAXIMUM         75   1244 PM  88    1946  61     14       72
  MINIMUM         58   1227 AM  30    1986  45     13       54
  AVERAGE         67                        53     14       63

PRECIPITATION (IN)
  TODAY            T             3.47 1972   0.16  -0.16     0.00
  MONTH TO DATE    T                         1.10  -1.10     0.16
  SINCE SEP 1      2.51                      5.03  -2.52     3.43
  SINCE JAN 1     31.80                     36.39  -4.59    26.83

SNOWFALL (IN)
  TODAY            0.0           T    1926   0.0    0.0      0.0
  MONTH TO DATE    0.0                       0.0    0.0      0.0
  SINCE SEP 1      0.0                       0.0    0.0      0.0
  SINCE JUL 1      0.0                       0.0    0.0      0.0
  SNOW DEPTH      MM

DEGREE DAYS
 HEATING
  TODAY            0                        12    -12        2
  MONTH TO DATE   38                        77    -39       66
  SINCE SEP 1    134                       231    -97      159
  SINCE JUL 1    182                       270    -88      168

 COOLING
  TODAY            2                         0      2        0
  MONTH TO DATE    5                         0      5        0
  SINCE SEP 1     89                        42     47       75
  SINCE JAN 1    520                       468     52      663
..................................................................


WIND (MPH)
  HIGHEST WIND SPEED    14   HIGHEST WIND DIRECTION     S (200)
  HIGHEST GUST SPEED    22   HIGHEST GUST DIRECTION    SW (220)
  AVERAGE WIND SPEED     6.8


SKY COVER
  POSSIBLE SUNSHINE  MM
  AVERAGE SKY COVER 0.6


WEATHER CONDITIONS
 THE FOLLOWING WEATHER WAS RECORDED TODAY.
  LIGHT RAIN


RELATIVE HUMIDITY (PERCENT)
 HIGHEST    73           900 AM
 LOWEST     56           300 AM
 AVERAGE    65

..........................................................


THE WORCESTER MA CLIMATE NORMALS FOR TOMORROW
                         NORMAL    RECORD    YEAR
 MAXIMUM TEMPERATURE (F)   61        82      1916
 MINIMUM TEMPERATURE (F)   44        26      1935


SUNRISE AND SUNSET
OCTOBER  7 2017.......SUNRISE   651 AM EDT   SUNSET   618 PM EDT
OCTOBER  8 2017.......SUNRISE   652 AM EDT   SUNSET   617 PM EDT


-  INDICATES NEGATIVE NUMBERS.
R  INDICATES RECORD WAS SET OR TIED.
MM INDICATES DATA IS MISSING.
T  INDICATES TRACE AMOUNT.




$$
