000
CDUS41 KBOX 140530
CLIORH


CLIMATE REPORT
NATIONAL WEATHER SERVICE TAUNTON MA
129 AM EDT THU MAY 14 2015


...................................

...THE WORCESTER MA CLIMATE SUMMARY FOR MAY 13 2015...

CLIMATE NORMAL PERIOD 1981 TO 2010
CLIMATE RECORD PERIOD 1892 TO 2015


WEATHER ITEM   OBSERVED TIME   RECORD YEAR NORMAL DEPARTURE LAST
                VALUE   (LST)  VALUE       VALUE  FROM      YEAR
                                                  NORMAL
..................................................................
TEMPERATURE (F)
 YESTERDAY
  MAXIMUM         62    408 PM  85    1947  65     -3       58
  MINIMUM         45   1041 PM  31    1928  46     -1       44
  AVERAGE         54                        56     -2       51

PRECIPITATION (IN)
  YESTERDAY        0.00          1.70 1971   0.12  -0.12     0.00
  MONTH TO DATE    0.04                      1.63  -1.59     1.32
  SINCE MAR 1      5.43                      9.95  -4.52    11.18
  SINCE JAN 1     13.74                     16.67  -2.93    18.36

SNOWFALL (IN)
  YESTERDAY        0.0           0.0  2001   0.0    0.0      0.0
                                      2000
  MONTH TO DATE    0.0                       0.0    0.0      0.0
  SINCE MAR 1     11.1                      14.2   -3.1      4.3
  SINCE JUL 1    119.7                      64.1   55.6     85.2
  SNOW DEPTH      MM

DEGREE DAYS
 HEATING
  YESTERDAY       11                        10      1       14
  MONTH TO DATE   55                       151    -96      128
  SINCE MAR 1   1699                      1661     38     1839
  SINCE JUL 1   6813                      6498    315     6893

 COOLING
  YESTERDAY        0                         0      0        0
  MONTH TO DATE   22                         0     22        6
  SINCE MAR 1     22                         3     19        6
  SINCE JAN 1     22                         3     19        6
..................................................................


WIND (MPH)
  RESULTANT WIND SPEED  15   RESULTANT WIND DIRECTION  NW (300)
  HIGHEST WIND SPEED    31   HIGHEST WIND DIRECTION    NW (300)
  HIGHEST GUST SPEED    44   HIGHEST GUST DIRECTION     W (280)
  AVERAGE WIND SPEED    14.8


SKY COVER
  POSSIBLE SUNSHINE  MM
  AVERAGE SKY COVER 0.3


WEATHER CONDITIONS
 THE FOLLOWING WEATHER WAS RECORDED YESTERDAY.
  NO SIGNIFICANT WEATHER WAS OBSERVED.


RELATIVE HUMIDITY (PERCENT)
 HIGHEST    59           100 AM
 LOWEST     32           400 PM
 AVERAGE    46

..........................................................


THE WORCESTER MA CLIMATE NORMALS FOR TODAY
                         NORMAL    RECORD    YEAR
 MAXIMUM TEMPERATURE (F)   66        87      1961
                                             1907
 MINIMUM TEMPERATURE (F)   46        33      1939


SUNRISE AND SUNSET
MAY 14 2015...........SUNRISE   528 AM EDT   SUNSET   801 PM EDT
MAY 15 2015...........SUNRISE   527 AM EDT   SUNSET   802 PM EDT


-  INDICATES NEGATIVE NUMBERS.
R  INDICATES RECORD WAS SET OR TIED.
MM INDICATES DATA IS MISSING.
T  INDICATES TRACE AMOUNT.




$$
