000
CDUS41 KBOX 292138
CLIORH


CLIMATE REPORT
NATIONAL WEATHER SERVICE TAUNTON MA
427 PM EST FRI JAN 29 2016


...................................

...THE WORCESTER MA CLIMATE SUMMARY FOR JANUARY 29 2016...
VALID AS OF 0400 PM LOCAL TIME.

CLIMATE NORMAL PERIOD 1981 TO 2010
CLIMATE RECORD PERIOD 1892 TO 2016


WEATHER ITEM   OBSERVED TIME   RECORD YEAR NORMAL DEPARTURE LAST
                VALUE   (LST)  VALUE       VALUE  FROM      YEAR
                                                  NORMAL
..................................................................
TEMPERATURE (F)
 TODAY
  MAXIMUM         37    247 PM  60    2002  32      5       30
  MINIMUM         29    651 AM -13    1925  17     12        8
  AVERAGE         33                        24      9       19

PRECIPITATION (IN)
  TODAY            T             1.09 1990   0.11  -0.11      T
  MONTH TO DATE    2.12                      3.26  -1.14     4.97
  SINCE DEC 1      6.77                      7.08  -0.31     9.87
  SINCE JAN 1      2.12                      3.26  -1.14     4.97

SNOWFALL (IN)
  TODAY            T            11.5  1973   0.5   -0.5       T
  MONTH TO DATE    9.7                      15.9   -6.2     45.9
  SINCE DEC 1     11.1                      30.3  -19.2     47.4
  SINCE JUL 1     11.1                      33.1  -22.0     54.6
  SNOW DEPTH       0

DEGREE DAYS
 HEATING
  TODAY           32                        41     -9       46
  MONTH TO DATE 1108                      1185    -77     1260
  SINCE DEC 1   1832                      2287   -455     2224
  SINCE JUL 1   2981                      3689   -708     3602

 COOLING
  TODAY            0                         0      0        0
  MONTH TO DATE    0                         0      0        0
  SINCE DEC 1      0                         0      0        0
  SINCE JAN 1      0                         0      0        0
..................................................................


WIND (MPH)
  HIGHEST WIND SPEED    16   HIGHEST WIND DIRECTION     W (290)
  HIGHEST GUST SPEED    20   HIGHEST GUST DIRECTION    NW (310)
  AVERAGE WIND SPEED     5.8


SKY COVER
  POSSIBLE SUNSHINE  MM
  AVERAGE SKY COVER 0.9


WEATHER CONDITIONS
 THE FOLLOWING WEATHER WAS RECORDED TODAY.
  LIGHT SNOW
  FOG
  FOG W/VISIBILITY <= 1/4 MILE


RELATIVE HUMIDITY (PERCENT)
 HIGHEST   100          1200 AM
 LOWEST     48           200 PM
 AVERAGE    74

..........................................................


THE WORCESTER MA CLIMATE NORMALS FOR TOMORROW
                         NORMAL    RECORD    YEAR
 MAXIMUM TEMPERATURE (F)   32        56      2013
 MINIMUM TEMPERATURE (F)   17       -11      1948


SUNRISE AND SUNSET
JANUARY 29 2016.......SUNRISE   704 AM EST   SUNSET   457 PM EST
JANUARY 30 2016.......SUNRISE   703 AM EST   SUNSET   459 PM EST


-  INDICATES NEGATIVE NUMBERS.
R  INDICATES RECORD WAS SET OR TIED.
MM INDICATES DATA IS MISSING.
T  INDICATES TRACE AMOUNT.




$$
