939
CDUS41 KBOX 150524
CLIORH


CLIMATE REPORT
NATIONAL WEATHER SERVICE TAUNTON MA
124 AM EDT MON MAY 15 2017


...................................

...THE WORCESTER MA CLIMATE SUMMARY FOR MAY 14 2017...

CLIMATE NORMAL PERIOD 1981 TO 2010
CLIMATE RECORD PERIOD 1892 TO 2017


WEATHER ITEM   OBSERVED TIME   RECORD YEAR NORMAL DEPARTURE LAST
                VALUE   (LST)  VALUE       VALUE  FROM      YEAR
                                                  NORMAL
..................................................................
TEMPERATURE (F)
 YESTERDAY
  MAXIMUM         48    735 PM  87    1961  66    -18       72
                                      1907
  MINIMUM         39    702 AM  33    1939  46     -7       52
  AVERAGE         44                        56    -12       62

PRECIPITATION (IN)
  YESTERDAY        1.09          1.43 1962   0.13   0.96     0.01
  MONTH TO DATE    2.85                      1.76   1.09     1.57
  SINCE MAR 1     11.61                     10.08   1.53     7.69
  SINCE JAN 1     17.96                     16.80   1.16    15.08

SNOWFALL (IN)
  YESTERDAY        0.0           0.0  2001   0.0    0.0      0.0
                                      2000
  MONTH TO DATE    0.0                       0.0    0.0      0.0
  SINCE MAR 1     20.5                      14.2    6.3     15.5
  SINCE JUL 1     78.3                      64.1   14.2     47.2
  SNOW DEPTH      MM

DEGREE DAYS
 HEATING
  YESTERDAY       21                        10     11        3
  MONTH TO DATE  233                       161     72      189
  SINCE MAR 1   1776                      1671    105     1561
  SINCE JUL 1   6053                      6508   -455     5620

 COOLING
  YESTERDAY        0                         0      0        0
  MONTH TO DATE    0                         0      0        1
  SINCE MAR 1     10                         3      7        5
  SINCE JAN 1     10                         3      7        5
..................................................................


WIND (MPH)
  RESULTANT WIND SPEED  14   RESULTANT WIND DIRECTION   N (350)
  HIGHEST WIND SPEED    25   HIGHEST WIND DIRECTION     N (350)
  HIGHEST GUST SPEED    34   HIGHEST GUST DIRECTION     N (340)
  AVERAGE WIND SPEED    14.7


SKY COVER
  POSSIBLE SUNSHINE  MM
  AVERAGE SKY COVER 1.0


WEATHER CONDITIONS
 THE FOLLOWING WEATHER WAS RECORDED YESTERDAY.
  HEAVY RAIN
  RAIN
  LIGHT RAIN
  FOG


RELATIVE HUMIDITY (PERCENT)
 HIGHEST    96          1200 AM
 LOWEST     77           700 PM
 AVERAGE    87

..........................................................


THE WORCESTER MA CLIMATE NORMALS FOR TODAY
                         NORMAL    RECORD    YEAR
 MAXIMUM TEMPERATURE (F)   66        89      1900
 MINIMUM TEMPERATURE (F)   47        30      1939


SUNRISE AND SUNSET
MAY 15 2017...........SUNRISE   526 AM EDT   SUNSET   802 PM EDT
MAY 16 2017...........SUNRISE   525 AM EDT   SUNSET   803 PM EDT


-  INDICATES NEGATIVE NUMBERS.
R  INDICATES RECORD WAS SET OR TIED.
MM INDICATES DATA IS MISSING.
T  INDICATES TRACE AMOUNT.




$$
