000
CDUS41 KBOX 092138
CLIORH


CLIMATE REPORT
NATIONAL WEATHER SERVICE TAUNTON MA
437 PM EST SUN NOV 9 2014


...................................

...THE WORCESTER MA CLIMATE SUMMARY FOR NOVEMBER 9 2014...
VALID TODAY AS OF 0400 PM LOCAL TIME.

CLIMATE NORMAL PERIOD 1981 TO 2010
CLIMATE RECORD PERIOD 1892 TO 2014


WEATHER ITEM   OBSERVED TIME   RECORD YEAR NORMAL DEPARTURE LAST
                VALUE   (LST)  VALUE       VALUE  FROM      YEAR
                                                  NORMAL
..................................................................
TEMPERATURE (F)
 TODAY
  MAXIMUM         50    307 PM  71    1945  50      0       40
  MINIMUM         37   1205 AM  15    1971  35      2       27
  AVERAGE         44                        43      1       34

PRECIPITATION (IN)
  TODAY            0.00          1.24 1926   0.14  -0.14     0.00
  MONTH TO DATE    0.74                      1.27  -0.53     0.28
  SINCE SEP 1      9.83                      9.88  -0.05     4.94
  SINCE JAN 1     44.86                     41.24   3.62    37.96

SNOWFALL (IN)
  TODAY            0.0           0.8  1967   0.1   -0.1      0.0
  MONTH TO DATE    0.0                       0.4   -0.4       T
  SINCE SEP 1      0.0                       0.6   -0.6       T
  SINCE JUL 1      0.0                       0.6   -0.6       T
  SNOW DEPTH      MM

DEGREE DAYS
 HEATING
  TODAY           21                        22     -1       31
  MONTH TO DATE  202                       191     11      197
  SINCE SEP 1    748                       813    -65      776
  SINCE JUL 1    768                       852    -84      795

 COOLING
  TODAY            0                         0      0        0
  MONTH TO DATE    0                         0      0        0
  SINCE SEP 1     64                        45     19       41
  SINCE JAN 1    426                       471    -45      572
..................................................................


WIND (MPH)
  HIGHEST WIND SPEED    14   HIGHEST WIND DIRECTION    SW (230)
  HIGHEST GUST SPEED    18   HIGHEST GUST DIRECTION    SW (220)
  AVERAGE WIND SPEED     8.6


SKY COVER
  POSSIBLE SUNSHINE  MM
  AVERAGE SKY COVER 0.7


WEATHER CONDITIONS
 THE FOLLOWING WEATHER WAS RECORDED TODAY.
  NO SIGNIFICANT WEATHER WAS OBSERVED.


RELATIVE HUMIDITY (PERCENT)
 HIGHEST    76           700 AM
 LOWEST     50          1200 PM
 AVERAGE    63

..........................................................


THE WORCESTER MA CLIMATE NORMALS FOR TOMORROW
                         NORMAL    RECORD    YEAR
 MAXIMUM TEMPERATURE (F)   50        75      1931
 MINIMUM TEMPERATURE (F)   35        17      1956


SUNRISE AND SUNSET
NOVEMBER  9 2014......SUNRISE   630 AM EST   SUNSET   432 PM EST
NOVEMBER 10 2014......SUNRISE   632 AM EST   SUNSET   431 PM EST


-  INDICATES NEGATIVE NUMBERS.
R  INDICATES RECORD WAS SET OR TIED.
MM INDICATES DATA IS MISSING.
T  INDICATES TRACE AMOUNT.




$$
