000
CDUS41 KBOX 030545
CLIORH


CLIMATE REPORT
NATIONAL WEATHER SERVICE TAUNTON MA
136 AM EDT THU AUG 3 2017


...................................

...THE WORCESTER MA CLIMATE SUMMARY FOR AUGUST 2 2017...

CLIMATE NORMAL PERIOD 1981 TO 2010
CLIMATE RECORD PERIOD 1892 TO 2017


WEATHER ITEM   OBSERVED TIME   RECORD YEAR NORMAL DEPARTURE LAST
                VALUE   (LST)  VALUE       VALUE  FROM      YEAR
                                                  NORMAL
..................................................................
TEMPERATURE (F)
 YESTERDAY
  MAXIMUM         83   1225 PM  96    1975  79      4       72
  MINIMUM         64   1159 PM  45    1931  62      2       61
                                      1929
  AVERAGE         74                        70      4       67

PRECIPITATION (IN)
  YESTERDAY        0.57          1.62 1973   0.14   0.43     0.88
  MONTH TO DATE    0.57                      0.27   0.30     0.88
  SINCE JUN 1      7.19                      8.69  -1.50     4.60
  SINCE JAN 1     28.27                     27.92   0.35    20.32

SNOWFALL (IN)
  YESTERDAY        0.0           0.0  2002   0.0    0.0      0.0
                                      2001
                                      2000
  MONTH TO DATE    0.0                       0.0    0.0      0.0
  SINCE JUN 1      0.0                       0.0    0.0      0.0
  SINCE JUL 1      0.0                       0.0    0.0      0.0
  SNOW DEPTH      MM

DEGREE DAYS
 HEATING
  YESTERDAY        0                         0      0        0
  MONTH TO DATE    0                         0      0        0
  SINCE JUN 1    115                        97     18       60
  SINCE JUL 1     29                        14     15        9

 COOLING
  YESTERDAY        9                         6      3        2
  MONTH TO DATE   19                        12      7        6
  SINCE JUN 1    292                       271     21      322
  SINCE JAN 1    326                       293     33      364
..................................................................


WIND (MPH)
  RESULTANT WIND SPEED   3   RESULTANT WIND DIRECTION   W (250)
  HIGHEST WIND SPEED    16   HIGHEST WIND DIRECTION    NW (300)
  HIGHEST GUST SPEED    22   HIGHEST GUST DIRECTION    NW (300)
  AVERAGE WIND SPEED     5.4


SKY COVER
  POSSIBLE SUNSHINE  MM
  AVERAGE SKY COVER 0.4


WEATHER CONDITIONS
 THE FOLLOWING WEATHER WAS RECORDED YESTERDAY.
  THUNDERSTORM
  HEAVY RAIN
  RAIN
  LIGHT RAIN
  FOG


RELATIVE HUMIDITY (PERCENT)
 HIGHEST    93           700 PM
 LOWEST     54          1100 AM
 AVERAGE    74

..........................................................


THE WORCESTER MA CLIMATE NORMALS FOR TODAY
                         NORMAL    RECORD    YEAR
 MAXIMUM TEMPERATURE (F)   79        94      1930
 MINIMUM TEMPERATURE (F)   62        45      1940


SUNRISE AND SUNSET
AUGUST  3 2017........SUNRISE   543 AM EDT   SUNSET   804 PM EDT
AUGUST  4 2017........SUNRISE   544 AM EDT   SUNSET   803 PM EDT


-  INDICATES NEGATIVE NUMBERS.
R  INDICATES RECORD WAS SET OR TIED.
MM INDICATES DATA IS MISSING.
T  INDICATES TRACE AMOUNT.




$$
