000
CDUS41 KBOX 182129
CLIORH


CLIMATE REPORT
NATIONAL WEATHER SERVICE TAUNTON MA
526 PM EDT FRI JUL 18 2014


...................................

...THE WORCESTER MA CLIMATE SUMMARY FOR JULY 18 2014...
VALID AS OF 0500 PM LOCAL TIME.

CLIMATE NORMAL PERIOD 1981 TO 2010
CLIMATE RECORD PERIOD 1892 TO 2014


WEATHER ITEM   OBSERVED TIME   RECORD YEAR NORMAL DEPARTURE LAST
                VALUE   (LST)  VALUE       VALUE  FROM      YEAR
                                                  NORMAL
..................................................................
TEMPERATURE (F)
 TODAY
  MAXIMUM         76    400 PM  93    1982  79     -3       91
                                      1900
  MINIMUM         58        MM  47    1946  62     -4       74
  AVERAGE         67                        71     -4       83

PRECIPITATION (IN)
  TODAY            0.00          1.64 1938   0.14  -0.14     0.00
  MONTH TO DATE    4.74                      2.37   2.37     0.77
  SINCE JUN 1      6.30                      6.56  -0.26    10.83
  SINCE JAN 1     27.49                     25.79   1.70    27.64

SNOWFALL (IN)
  TODAY            0.0           T    1926   0.0    0.0      0.0
  MONTH TO DATE    0.0                       0.0    0.0      0.0
  SINCE JUN 1      0.0                       0.0    0.0      0.0
  SINCE JUL 1      0.0                       0.0    0.0      0.0
  SNOW DEPTH      MM

DEGREE DAYS
 HEATING
  TODAY            0                         0      0        0
  MONTH TO DATE    0                         9     -9        0
  SINCE JUN 1     45                        92    -47       67
  SINCE JUL 1      0                         9     -9        0

 COOLING
  TODAY            2                         6     -4       18
  MONTH TO DATE  120                        99     21      204
  SINCE JUN 1    204                       183     21      307
  SINCE JAN 1    212                       205      7      331
..................................................................


WIND (MPH)
  HIGHEST WIND SPEED     9   HIGHEST WIND DIRECTION    NW (300)
  HIGHEST GUST SPEED    MM   HIGHEST GUST DIRECTION    MM
  AVERAGE WIND SPEED     6.0


SKY COVER
  POSSIBLE SUNSHINE  MM
  AVERAGE SKY COVER 0.0


WEATHER CONDITIONS
 THE FOLLOWING WEATHER WAS RECORDED TODAY.
  NO SIGNIFICANT WEATHER WAS OBSERVED.


RELATIVE HUMIDITY (PERCENT)
 HIGHEST    86           400 AM
 LOWEST     36           300 PM
 AVERAGE    61

..........................................................


THE WORCESTER MA CLIMATE NORMALS FOR TOMORROW
                         NORMAL    RECORD    YEAR
 MAXIMUM TEMPERATURE (F)   79        95      1991
 MINIMUM TEMPERATURE (F)   62        52      1944


SUNRISE AND SUNSET
JULY 18 2014..........SUNRISE   527 AM EDT   SUNSET   820 PM EDT
JULY 19 2014..........SUNRISE   528 AM EDT   SUNSET   819 PM EDT


-  INDICATES NEGATIVE NUMBERS.
R  INDICATES RECORD WAS SET OR TIED.
MM INDICATES DATA IS MISSING.
T  INDICATES TRACE AMOUNT.




$$
