486
CDUS41 KBOX 122123
CLIORH


CLIMATE REPORT
NATIONAL WEATHER SERVICE TAUNTON MA
422 PM EST SUN FEB 12 2017


...................................

...THE WORCESTER MA CLIMATE SUMMARY FOR FEBRUARY 12 2017...
VALID AS OF 0400 PM LOCAL TIME.

CLIMATE NORMAL PERIOD 1981 TO 2010
CLIMATE RECORD PERIOD 1892 TO 2017


WEATHER ITEM   OBSERVED TIME   RECORD YEAR NORMAL DEPARTURE LAST
                VALUE   (LST)  VALUE       VALUE  FROM      YEAR
                                                  NORMAL
..................................................................
TEMPERATURE (F)
 TODAY
  MAXIMUM         25    359 PM  56    1999  34     -9       19
  MINIMUM         15    106 AM -13    1914  19     -4       -2
  AVERAGE         20                        26     -6        9

PRECIPITATION (IN)
  TODAY            0.37          1.65 1985   0.12   0.25     0.00
  MONTH TO DATE    1.67                      1.36   0.31     2.03
  SINCE DEC 1      9.38                      8.67   0.71     8.80
  SINCE JAN 1      5.58                      4.85   0.73     4.15

SNOWFALL (IN)
  TODAY           MM            16.9  2006   0.5   MM        0.0
  MONTH TO DATE    5.6                       6.8   -1.2     19.1
  SINCE DEC 1     38.0                      38.3   -0.3     30.2
  SINCE JUL 1     38.0                      41.1   -3.1     30.2
  SNOW DEPTH      MM

DEGREE DAYS
 HEATING
  TODAY           45                        39      6       56
  MONTH TO DATE  491                       474     17      430
  SINCE DEC 1   2665                      2845   -180     2320
  SINCE JUL 1   3852                      4247   -395     3469

 COOLING
  TODAY            0                         0      0        0
  MONTH TO DATE    0                         0      0        0
  SINCE DEC 1      0                         0      0        0
  SINCE JAN 1      0                         0      0        0
..................................................................


WIND (MPH)
  HIGHEST WIND SPEED    14   HIGHEST WIND DIRECTION    NE (30)
  HIGHEST GUST SPEED    20   HIGHEST GUST DIRECTION     N (20)
  AVERAGE WIND SPEED     7.7


SKY COVER
  POSSIBLE SUNSHINE  MM
  AVERAGE SKY COVER 0.9


WEATHER CONDITIONS
 THE FOLLOWING WEATHER WAS RECORDED TODAY.
  HEAVY SNOW
  SNOW
  LIGHT SNOW
  FOG
  FOG W/VISIBILITY <= 1/4 MILE


RELATIVE HUMIDITY (PERCENT)
 HIGHEST    92           300 AM
 LOWEST     84           700 AM
 AVERAGE    88

..........................................................


THE WORCESTER MA CLIMATE NORMALS FOR TOMORROW
                         NORMAL    RECORD    YEAR
 MAXIMUM TEMPERATURE (F)   34        59      1900
 MINIMUM TEMPERATURE (F)   19       -12      1967


SUNRISE AND SUNSET
FEBRUARY 12 2017......SUNRISE   647 AM EST   SUNSET   516 PM EST
FEBRUARY 13 2017......SUNRISE   646 AM EST   SUNSET   518 PM EST


-  INDICATES NEGATIVE NUMBERS.
R  INDICATES RECORD WAS SET OR TIED.
MM INDICATES DATA IS MISSING.
T  INDICATES TRACE AMOUNT.




$$
