000
CDUS41 KBOX 181238
CLIORH


CLIMATE REPORT
NATIONAL WEATHER SERVICE TAUNTON MA
735 AM EST WED FEB 18 2015


...................................

...THE WORCESTER MA CLIMATE SUMMARY FOR FEBRUARY 17 2015...

CLIMATE NORMAL PERIOD 1981 TO 2010
CLIMATE RECORD PERIOD 1892 TO 2015


WEATHER ITEM   OBSERVED TIME   RECORD YEAR NORMAL DEPARTURE LAST
                VALUE   (LST)  VALUE       VALUE  FROM      YEAR
                                                  NORMAL
..................................................................
TEMPERATURE (F)
 YESTERDAY
  MAXIMUM         21    232 PM  56    1981  35    -14       25
  MINIMUM          6    443 AM -14    1896  20    -14        8
  AVERAGE         14                        27    -13       17

PRECIPITATION (IN)
  YESTERDAY        T             1.25 2003   0.12  -0.12     0.00
  MONTH TO DATE    2.50                      1.93   0.57     3.31
  SINCE DEC 1     12.43                      9.24   3.19    10.84
  SINCE JAN 1      7.53                      5.42   2.11     6.41

SNOWFALL (IN)
  YESTERDAY        0.1          18.8  2003   0.6   -0.5      0.0
  MONTH TO DATE   47.9                       9.8   38.1     32.5
  SINCE DEC 1     95.9                      41.3   54.6     71.4
  SINCE JUL 1    103.1                      44.1   59.0     71.9
  SNOW DEPTH      MM

DEGREE DAYS
 HEATING
  YESTERDAY       51                        38     13       48
  MONTH TO DATE  673                       664      9      725
  SINCE DEC 1   2995                      3035    -40     3202
  SINCE JUL 1   4373                      4437    -64     4614

 COOLING
  YESTERDAY        0                         0      0        0
  MONTH TO DATE    0                         0      0        0
  SINCE DEC 1      0                         0      0        0
  SINCE JAN 1      0                         0      0        0
..................................................................


WIND (MPH)
  RESULTANT WIND SPEED   2   RESULTANT WIND DIRECTION  NW (320)
  HIGHEST WIND SPEED    16   HIGHEST WIND DIRECTION     W (280)
  HIGHEST GUST SPEED    20   HIGHEST GUST DIRECTION     W (260)
  AVERAGE WIND SPEED     3.9


SKY COVER
  POSSIBLE SUNSHINE  MM
  AVERAGE SKY COVER 0.9


WEATHER CONDITIONS
 THE FOLLOWING WEATHER WAS RECORDED YESTERDAY.
  LIGHT SNOW


RELATIVE HUMIDITY (PERCENT)
 HIGHEST    77           700 PM
 LOWEST     45          1200 AM
 AVERAGE    61

..........................................................


THE WORCESTER MA CLIMATE NORMALS FOR TODAY
                         NORMAL    RECORD    YEAR
 MAXIMUM TEMPERATURE (F)   35        63      1981
 MINIMUM TEMPERATURE (F)   20       -12      1958


SUNRISE AND SUNSET
FEBRUARY 18 2015......SUNRISE   640 AM EST   SUNSET   523 PM EST
FEBRUARY 19 2015......SUNRISE   638 AM EST   SUNSET   525 PM EST


-  INDICATES NEGATIVE NUMBERS.
R  INDICATES RECORD WAS SET OR TIED.
MM INDICATES DATA IS MISSING.
T  INDICATES TRACE AMOUNT.




$$
