000
CDUS41 KBOX 110607
CLIORH


CLIMATE REPORT
NATIONAL WEATHER SERVICE TAUNTON MA
206 AM EDT MON AUG 11 2014


...................................

...THE WORCESTER MA CLIMATE SUMMARY FOR AUGUST 10 2014...

CLIMATE NORMAL PERIOD 1981 TO 2010
CLIMATE RECORD PERIOD 1892 TO 2014


WEATHER ITEM   OBSERVED TIME   RECORD YEAR NORMAL DEPARTURE LAST
                VALUE   (LST)  VALUE       VALUE  FROM      YEAR
                                                  NORMAL
..................................................................
TEMPERATURE (F)
 YESTERDAY
  MAXIMUM         81    427 PM  97    1949  78      3       78
  MINIMUM         63    538 AM  45    1933  61      2       59
  AVERAGE         72                        70      2       69

PRECIPITATION (IN)
  YESTERDAY        0.00          2.02 1952   0.13  -0.13     0.00
  MONTH TO DATE    0.39                      1.33  -0.94     2.84
  SINCE JUN 1      8.23                      9.75  -1.52    15.87
  SINCE JAN 1     29.42                     28.98   0.44    32.68

SNOWFALL (IN)
  YESTERDAY        0.0           0.0  2002   0.0    0.0      0.0
  MONTH TO DATE    0.0                       0.0    0.0      0.0
  SINCE JUN 1      0.0                       0.0    0.0      0.0
  SINCE JUL 1      0.0                       0.0    0.0      0.0
  SNOW DEPTH      MM

DEGREE DAYS
 HEATING
  YESTERDAY        0                         1     -1        0
  MONTH TO DATE    0                         1     -1        3
  SINCE JUN 1     45                        98    -53       77
  SINCE JUL 1      0                        15    -15       10

 COOLING
  YESTERDAY        7                         5      2        4
  MONTH TO DATE   44                        56    -12       29
  SINCE JUN 1    302                       315    -13      430
  SINCE JAN 1    310                       337    -27      454
..................................................................


WIND (MPH)
  RESULTANT WIND SPEED   2   RESULTANT WIND DIRECTION   N (350)
  HIGHEST WIND SPEED     9   HIGHEST WIND DIRECTION    SW (240)
  HIGHEST GUST SPEED    13   HIGHEST GUST DIRECTION     N (340)
  AVERAGE WIND SPEED     4.8


SKY COVER
  POSSIBLE SUNSHINE  MM
  AVERAGE SKY COVER 0.0


WEATHER CONDITIONS
 THE FOLLOWING WEATHER WAS RECORDED YESTERDAY.
  NO SIGNIFICANT WEATHER WAS OBSERVED.


RELATIVE HUMIDITY (PERCENT)
 HIGHEST    73          1100 PM
 LOWEST     35           100 PM
 AVERAGE    54

..........................................................


THE WORCESTER MA CLIMATE NORMALS FOR TODAY
                         NORMAL    RECORD    YEAR
 MAXIMUM TEMPERATURE (F)   78        98      1944
 MINIMUM TEMPERATURE (F)   61        46      1972


SUNRISE AND SUNSET
AUGUST 11 2014........SUNRISE   551 AM EDT   SUNSET   754 PM EDT
AUGUST 12 2014........SUNRISE   552 AM EDT   SUNSET   753 PM EDT


-  INDICATES NEGATIVE NUMBERS.
R  INDICATES RECORD WAS SET OR TIED.
MM INDICATES DATA IS MISSING.
T  INDICATES TRACE AMOUNT.




$$
