000
CDUS41 KBOX 201235
CLIORH


CLIMATE REPORT
NATIONAL WEATHER SERVICE TAUNTON MA
835 AM EDT TUE SEP 20 2016


...................................

...THE WORCESTER MA CLIMATE SUMMARY FOR SEPTEMBER 19 2016...

CLIMATE NORMAL PERIOD 1981 TO 2010
CLIMATE RECORD PERIOD 1892 TO 2016


WEATHER ITEM   OBSERVED TIME   RECORD YEAR NORMAL DEPARTURE LAST
                VALUE   (LST)  VALUE       VALUE  FROM      YEAR
                                                  NORMAL
..................................................................
TEMPERATURE (F)
 YESTERDAY
  MAXIMUM         70    116 AM  88    1906  69      1       77
  MINIMUM         63   1111 PM  30    1943  52     11       58
  AVERAGE         67                        60      7       68

PRECIPITATION (IN)
  YESTERDAY        1.91          2.45 1938   0.14   1.77     0.00
  MONTH TO DATE    2.42                      2.31   0.11     1.63
  SINCE SEP 1      2.42                      2.31   0.11     1.63
  SINCE JAN 1     25.82                     33.67  -7.85    28.35

SNOWFALL (IN)
  YESTERDAY        0.0           0.0  2002   0.0    0.0      0.0
                                      2001
                                      2000
  MONTH TO DATE    0.0                       0.0    0.0      0.0
  SINCE SEP 1      0.0                       0.0    0.0      0.0
  SINCE JUL 1      0.0                       0.0    0.0      0.0
  SNOW DEPTH       0

DEGREE DAYS
 HEATING
  YESTERDAY        0                         6     -6        0
  MONTH TO DATE   21                        67    -46       13
  SINCE SEP 1     21                        67    -46       13
  SINCE JUL 1     30                       106    -76       14

 COOLING
  YESTERDAY        2                         1      1        3
  MONTH TO DATE   59                        35     24       97
  SINCE SEP 1     59                        35     24       97
  SINCE JAN 1    647                       461    186      654
..................................................................


WIND (MPH)
  RESULTANT WIND SPEED   5   RESULTANT WIND DIRECTION  SW (220)
  HIGHEST WIND SPEED    14   HIGHEST WIND DIRECTION     S (170)
  HIGHEST GUST SPEED    19   HIGHEST GUST DIRECTION     S (200)
  AVERAGE WIND SPEED     5.0


SKY COVER
  POSSIBLE SUNSHINE  MM
  AVERAGE SKY COVER 0.8


WEATHER CONDITIONS
 THE FOLLOWING WEATHER WAS RECORDED YESTERDAY.
  THUNDERSTORM
  HEAVY RAIN
  RAIN
  LIGHT RAIN
  FOG
  FOG W/VISIBILITY <= 1/4 MILE


RELATIVE HUMIDITY (PERCENT)
 HIGHEST   100           900 AM
 LOWEST     87           200 PM
 AVERAGE    94

..........................................................


THE WORCESTER MA CLIMATE NORMALS FOR TODAY
                         NORMAL    RECORD    YEAR
 MAXIMUM TEMPERATURE (F)   68        89      1983
 MINIMUM TEMPERATURE (F)   51        29      1941


SUNRISE AND SUNSET
SEPTEMBER 20 2016.....SUNRISE   633 AM EDT   SUNSET   647 PM EDT
SEPTEMBER 21 2016.....SUNRISE   634 AM EDT   SUNSET   646 PM EDT


-  INDICATES NEGATIVE NUMBERS.
R  INDICATES RECORD WAS SET OR TIED.
MM INDICATES DATA IS MISSING.
T  INDICATES TRACE AMOUNT.




$$
