000
CDUS41 KBOX 022229
CLIORH


CLIMATE REPORT
NATIONAL WEATHER SERVICE TAUNTON MA
629 PM EDT FRI JUN 2 2017


...................................

...THE WORCESTER MA CLIMATE SUMMARY FOR JUNE 2 2017...
VALID TODAY AS OF 0600 PM LOCAL TIME.

CLIMATE NORMAL PERIOD 1981 TO 2010
CLIMATE RECORD PERIOD 1892 TO 2017


WEATHER ITEM   OBSERVED TIME   RECORD YEAR NORMAL DEPARTURE LAST
                VALUE   (LST)  VALUE       VALUE  FROM      YEAR
                                                  NORMAL
..................................................................
TEMPERATURE (F)
 TODAY
  MAXIMUM         66    400 PM  89    1920  71     -5       73
                                      1895
                                      1892
  MINIMUM         45        MM  35    1902  52     -7       51
  AVERAGE         56                        61     -5       62

PRECIPITATION (IN)
  TODAY            0.00          3.28 1982   0.15  -0.15     0.00
  MONTH TO DATE    T                         0.31  -0.31     0.00
  SINCE JUN 1      T                         0.31  -0.31     0.00
  SINCE JAN 1     21.08                     19.54   1.54    15.72

SNOWFALL (IN)
  TODAY            0.0           0.0  2001   0.0    0.0      0.0
                                      2000
  MONTH TO DATE    0.0                       0.0    0.0      0.0
  SINCE JUN 1      0.0                       0.0    0.0      0.0
  SINCE JUL 1     78.3                      64.1   14.2     47.2
  SNOW DEPTH       0

DEGREE DAYS
 HEATING
  TODAY            9                         5      4        3
  MONTH TO DATE   11                        10      1        3
  SINCE JUN 1     11                        10      1        3
  SINCE JUL 1   6196                      6644   -448     5714

 COOLING
  TODAY            0                         1     -1        0
  MONTH TO DATE    0                         2     -2        0
  SINCE JUN 1      0                         2     -2        0
  SINCE JAN 1     34                        24     10       42
..................................................................


WIND (MPH)
  HIGHEST WIND SPEED    18   HIGHEST WIND DIRECTION     W (290)
  HIGHEST GUST SPEED    31   HIGHEST GUST DIRECTION     W (280)
  AVERAGE WIND SPEED    12.9


SKY COVER
  POSSIBLE SUNSHINE  MM
  AVERAGE SKY COVER 0.3


WEATHER CONDITIONS
 THE FOLLOWING WEATHER WAS RECORDED TODAY.
  NO SIGNIFICANT WEATHER WAS OBSERVED.


RELATIVE HUMIDITY (PERCENT)
 HIGHEST    71           500 AM
 LOWEST     34           400 PM
 AVERAGE    53

..........................................................


THE WORCESTER MA CLIMATE NORMALS FOR TOMORROW
                         NORMAL    RECORD    YEAR
 MAXIMUM TEMPERATURE (F)   71        92      1925
                                             1919
 MINIMUM TEMPERATURE (F)   52        36      1986


SUNRISE AND SUNSET
JUNE  2 2017..........SUNRISE   513 AM EDT   SUNSET   818 PM EDT
JUNE  3 2017..........SUNRISE   513 AM EDT   SUNSET   819 PM EDT


-  INDICATES NEGATIVE NUMBERS.
R  INDICATES RECORD WAS SET OR TIED.
MM INDICATES DATA IS MISSING.
T  INDICATES TRACE AMOUNT.




$$
