000
CDUS41 KBOX 200543
CLIORH


CLIMATE REPORT
NATIONAL WEATHER SERVICE TAUNTON MA
142 AM EDT SAT JUN 20 2015


...................................

...THE WORCESTER MA CLIMATE SUMMARY FOR JUNE 19 2015...

CLIMATE NORMAL PERIOD 1981 TO 2010
CLIMATE RECORD PERIOD 1892 TO 2015


WEATHER ITEM   OBSERVED TIME   RECORD YEAR NORMAL DEPARTURE LAST
                VALUE   (LST)  VALUE       VALUE  FROM      YEAR
                                                  NORMAL
..................................................................
TEMPERATURE (F)
 YESTERDAY
  MAXIMUM         81    411 PM  93    1923  75      6       79
  MINIMUM         60    142 AM  43    1939  57      3       62
  AVERAGE         71                        66      5       71

PRECIPITATION (IN)
  YESTERDAY        0.00          1.88 1934   0.13  -0.13     0.00
  MONTH TO DATE    3.65                      2.82   0.83     1.02
  SINCE JUN 1      3.65                      2.82   0.83     1.02
  SINCE JAN 1     17.95                     22.05  -4.10    22.21

SNOWFALL (IN)
  YESTERDAY        0.0           0.0  2014   0.0    0.0      0.0
  MONTH TO DATE    0.0                       0.0    0.0      0.0
  SINCE JUN 1      0.0                       0.0    0.0      0.0
  SINCE JUL 1    119.7                      64.1   55.6     85.2
  SNOW DEPTH      MM

DEGREE DAYS
 HEATING
  YESTERDAY        0                         2     -2        0
  MONTH TO DATE   76                        68      8       36
  SINCE JUN 1     76                        68      8       36
  SINCE JUL 1   6968                      6702    266     7064

 COOLING
  YESTERDAY        6                         3      3        6
  MONTH TO DATE   43                        42      1       43
  SINCE JUN 1     43                        42      1       43
  SINCE JAN 1    109                        64     45       51
..................................................................


WIND (MPH)
  RESULTANT WIND SPEED   6   RESULTANT WIND DIRECTION  NW (300)
  HIGHEST WIND SPEED    17   HIGHEST WIND DIRECTION    SW (230)
  HIGHEST GUST SPEED    21   HIGHEST GUST DIRECTION    NW (300)
  AVERAGE WIND SPEED    10.3


SKY COVER
  POSSIBLE SUNSHINE  MM
  AVERAGE SKY COVER 0.5


WEATHER CONDITIONS
 THE FOLLOWING WEATHER WAS RECORDED YESTERDAY.
  FOG


RELATIVE HUMIDITY (PERCENT)
 HIGHEST    90           400 AM
 LOWEST     33           500 PM
 AVERAGE    62

..........................................................


THE WORCESTER MA CLIMATE NORMALS FOR TODAY
                         NORMAL    RECORD    YEAR
 MAXIMUM TEMPERATURE (F)   75        93      1953
 MINIMUM TEMPERATURE (F)   57        37      1926


SUNRISE AND SUNSET
JUNE 20 2015..........SUNRISE   511 AM EDT   SUNSET   827 PM EDT
JUNE 21 2015..........SUNRISE   511 AM EDT   SUNSET   827 PM EDT


-  INDICATES NEGATIVE NUMBERS.
R  INDICATES RECORD WAS SET OR TIED.
MM INDICATES DATA IS MISSING.
T  INDICATES TRACE AMOUNT.




$$
