000
CDUS41 KBOX 160547
CLIORH


CLIMATE REPORT
NATIONAL WEATHER SERVICE TAUNTON MA
136 AM EDT MON MAR 16 2015


...................................

...THE WORCESTER MA CLIMATE SUMMARY FOR MARCH 15 2015...

CLIMATE NORMAL PERIOD 1981 TO 2010
CLIMATE RECORD PERIOD 1892 TO 2015


WEATHER ITEM   OBSERVED TIME   RECORD YEAR NORMAL DEPARTURE LAST
                VALUE   (LST)  VALUE       VALUE  FROM      YEAR
                                                  NORMAL
..................................................................
TEMPERATURE (F)
 YESTERDAY
  MAXIMUM         40   1252 PM  81    1990  42     -2       49
  MINIMUM         26   1159 PM   2    1993  26      0       30
  AVERAGE         33                        34     -1       40

PRECIPITATION (IN)
  YESTERDAY        0.01          1.26 1893   0.13  -0.12     0.09
  MONTH TO DATE    1.47                      1.90  -0.43     0.74
  SINCE MAR 1      1.47                      1.90  -0.43     0.74
  SINCE JAN 1      9.78                      8.62   1.16     7.92

SNOWFALL (IN)
  YESTERDAY        T             8.4  1906   0.4   -0.4      0.0
  MONTH TO DATE    7.0                       6.6    0.4      3.4
  SINCE MAR 1      7.0                       6.6    0.4      3.4
  SINCE JUL 1    115.6                      56.5   59.1     84.3
  SNOW DEPTH      MM

DEGREE DAYS
 HEATING
  YESTERDAY       32                        31      1       25
  MONTH TO DATE  539                       494     45      576
  SINCE MAR 1    539                       494     45      576
  SINCE JUL 1   5653                      5331    322     5630

 COOLING
  YESTERDAY        0                         0      0        0
  MONTH TO DATE    0                         0      0        0
  SINCE MAR 1      0                         0      0        0
  SINCE JAN 1      0                         0      0        0
..................................................................


WIND (MPH)
  RESULTANT WIND SPEED  16   RESULTANT WIND DIRECTION  NW (310)
  HIGHEST WIND SPEED    31   HIGHEST WIND DIRECTION    NW (310)
  HIGHEST GUST SPEED    41   HIGHEST GUST DIRECTION    NW (310)
  AVERAGE WIND SPEED    18.0


SKY COVER
  POSSIBLE SUNSHINE  MM
  AVERAGE SKY COVER 0.8


WEATHER CONDITIONS
 THE FOLLOWING WEATHER WAS RECORDED YESTERDAY.
  LIGHT RAIN
  LIGHT SNOW
  FOG


RELATIVE HUMIDITY (PERCENT)
 HIGHEST    89           100 AM
 LOWEST     57          1100 PM
 AVERAGE    73

..........................................................


THE WORCESTER MA CLIMATE NORMALS FOR TODAY
                         NORMAL    RECORD    YEAR
 MAXIMUM TEMPERATURE (F)   43        76      1990
 MINIMUM TEMPERATURE (F)   26         6      1992


SUNRISE AND SUNSET
MARCH 16 2015.........SUNRISE   658 AM EDT   SUNSET   655 PM EDT
MARCH 17 2015.........SUNRISE   656 AM EDT   SUNSET   656 PM EDT


-  INDICATES NEGATIVE NUMBERS.
R  INDICATES RECORD WAS SET OR TIED.
MM INDICATES DATA IS MISSING.
T  INDICATES TRACE AMOUNT.




$$
