000
CDUS41 KBOX 242200
CLIORH


CLIMATE REPORT
NATIONAL WEATHER SERVICE TAUNTON MA
558 PM EDT FRI JUL 24 2015


...................................

...THE WORCESTER MA CLIMATE SUMMARY FOR JULY 24 2015...
VALID AS OF 0500 PM LOCAL TIME.

CLIMATE NORMAL PERIOD 1981 TO 2010
CLIMATE RECORD PERIOD 1892 TO 2015


WEATHER ITEM   OBSERVED TIME   RECORD YEAR NORMAL DEPARTURE LAST
                VALUE   (LST)  VALUE       VALUE  FROM      YEAR
                                                  NORMAL
..................................................................
TEMPERATURE (F)
 TODAY
  MAXIMUM         77    142 PM  94    1910  79     -2       77
  MINIMUM         58    421 AM  48    1934  62     -4       65
  AVERAGE         68                        71     -3       71

PRECIPITATION (IN)
  TODAY            0.34          2.42 1988   0.14   0.20     0.00
  MONTH TO DATE    2.53                      3.23  -0.70     4.84
  SINCE JUN 1      8.88                      7.42   1.46     6.40
  SINCE JAN 1     23.18                     26.65  -3.47    27.59

SNOWFALL (IN)
  TODAY            0.0           0.0  2002   0.0    0.0      0.0
                                      2001
                                      2000
  MONTH TO DATE    0.0                       0.0    0.0      0.0
  SINCE JUN 1      0.0                       0.0    0.0      0.0
  SINCE JUL 1      0.0                       0.0    0.0      0.0
  SNOW DEPTH      MM

DEGREE DAYS
 HEATING
  TODAY            0                         0      0        0
  MONTH TO DATE    0                         9     -9        0
  SINCE JUN 1     94                        92      2       45
  SINCE JUL 1      0                         9     -9        0

 COOLING
  TODAY            3                         6     -3        6
  MONTH TO DATE  166                       135     31      154
  SINCE JUN 1    250                       219     31      238
  SINCE JAN 1    316                       241     75      246
..................................................................


WIND (MPH)
  HIGHEST WIND SPEED    22   HIGHEST WIND DIRECTION     N (20)
  HIGHEST GUST SPEED    30   HIGHEST GUST DIRECTION     N (10)
  AVERAGE WIND SPEED     8.8


SKY COVER
  POSSIBLE SUNSHINE  MM
  AVERAGE SKY COVER 0.2


WEATHER CONDITIONS
 THE FOLLOWING WEATHER WAS RECORDED TODAY.
  THUNDERSTORM
  HEAVY RAIN
  RAIN
  LIGHT RAIN
  FOG


RELATIVE HUMIDITY (PERCENT)
 HIGHEST    80           200 AM
 LOWEST     41           200 PM
 AVERAGE    61

..........................................................


THE WORCESTER MA CLIMATE NORMALS FOR TOMORROW
                         NORMAL    RECORD    YEAR
 MAXIMUM TEMPERATURE (F)   79        93      1941
 MINIMUM TEMPERATURE (F)   62        48      1953


SUNRISE AND SUNSET
JULY 24 2015..........SUNRISE   532 AM EDT   SUNSET   815 PM EDT
JULY 25 2015..........SUNRISE   533 AM EDT   SUNSET   814 PM EDT


-  INDICATES NEGATIVE NUMBERS.
R  INDICATES RECORD WAS SET OR TIED.
MM INDICATES DATA IS MISSING.
T  INDICATES TRACE AMOUNT.




$$
