000
CDUS41 KBOX 060554
CLIORH


CLIMATE REPORT
NATIONAL WEATHER SERVICE TAUNTON MA
1247 AM EST WED DEC 6 2017


...................................

...THE WORCESTER MA CLIMATE SUMMARY FOR DECEMBER 5 2017...

CLIMATE NORMAL PERIOD 1981 TO 2010
CLIMATE RECORD PERIOD 1892 TO 2017


WEATHER ITEM   OBSERVED TIME   RECORD YEAR NORMAL DEPARTURE LAST
                VALUE   (LST)  VALUE       VALUE  FROM      YEAR
                                                  NORMAL
..................................................................
TEMPERATURE (F)
 YESTERDAY
  MAXIMUM         56   1159 PM  61    2001  40     16       35
  MINIMUM         33    142 AM   0    1926  27      6       25
  AVERAGE         45                        33     12       30

PRECIPITATION (IN)
  YESTERDAY        0.75          1.89 1993   0.13   0.62     0.17
  MONTH TO DATE    0.83                      0.67   0.16     0.58
  SINCE DEC 1      0.83                      0.67   0.16     0.58
  SINCE JAN 1     43.25                     44.92  -1.67    37.71

SNOWFALL (IN)
  YESTERDAY        0.0           6.0  1902   0.3   -0.3      1.5
  MONTH TO DATE    0.0                       1.6   -1.6      1.5
  SINCE DEC 1      0.0                       1.6   -1.6      1.5
  SINCE JUL 1      T                         4.4   -4.4      1.5
  SNOW DEPTH      MM

DEGREE DAYS
 HEATING
  YESTERDAY       20                        32    -12       35
  MONTH TO DATE  135                       155    -20      146
  SINCE DEC 1    135                       155    -20      146
  SINCE JUL 1   1271                      1557   -286     1333

 COOLING
  YESTERDAY        0                         0      0        0
  MONTH TO DATE    0                         0      0        0
  SINCE DEC 1      0                         0      0        0
  SINCE JAN 1    533                       471     62      663
..................................................................


WIND (MPH)
  RESULTANT WIND SPEED  10   RESULTANT WIND DIRECTION   S (160)
  HIGHEST WIND SPEED    23   HIGHEST WIND DIRECTION     S (190)
  HIGHEST GUST SPEED    37   HIGHEST GUST DIRECTION     S (190)
  AVERAGE WIND SPEED    11.1


SKY COVER
  POSSIBLE SUNSHINE  MM
  AVERAGE SKY COVER 1.0


WEATHER CONDITIONS
 THE FOLLOWING WEATHER WAS RECORDED YESTERDAY.
  HEAVY RAIN
  RAIN
  LIGHT RAIN
  FOG
  FOG W/VISIBILITY <= 1/4 MILE


RELATIVE HUMIDITY (PERCENT)
 HIGHEST   100           400 PM
 LOWEST     79          1100 AM
 AVERAGE    90

..........................................................


THE WORCESTER MA CLIMATE NORMALS FOR TODAY
                         NORMAL    RECORD    YEAR
 MAXIMUM TEMPERATURE (F)   40        67      2001
                                             1982
                                             1912
 MINIMUM TEMPERATURE (F)   26         5      1935
                                             1901


SUNRISE AND SUNSET
DECEMBER  6 2017......SUNRISE   702 AM EST   SUNSET   415 PM EST
DECEMBER  7 2017......SUNRISE   703 AM EST   SUNSET   415 PM EST


-  INDICATES NEGATIVE NUMBERS.
R  INDICATES RECORD WAS SET OR TIED.
MM INDICATES DATA IS MISSING.
T  INDICATES TRACE AMOUNT.




$$
