000
CDUS41 KBOX 272152
CLIORH


CLIMATE REPORT
NATIONAL WEATHER SERVICE TAUNTON MA
550 PM EDT THU MAR 27 2014


...................................

...THE WORCESTER MA CLIMATE SUMMARY FOR MARCH 27 2014...
VALID AS OF 0500 PM LOCAL TIME.

CLIMATE NORMAL PERIOD 1981 TO 2010
CLIMATE RECORD PERIOD 1892 TO 2014


WEATHER ITEM   OBSERVED TIME   RECORD YEAR NORMAL DEPARTURE LAST
                VALUE   (LST)  VALUE       VALUE  FROM      YEAR
                                                  NORMAL
..................................................................
TEMPERATURE (F)
 TODAY
  MAXIMUM         39    359 PM  77    1945  47     -8       48
  MINIMUM         15    552 AM  11    1975  30    -15       30
  AVERAGE         27                        38    -11       39

PRECIPITATION (IN)
  TODAY            0.00          0.98 1992   0.15  -0.15     0.00
  MONTH TO DATE    1.30                      3.64  -2.34     3.62
  SINCE MAR 1      1.30                      3.64  -2.34     3.62
  SINCE JAN 1      8.48                     10.36  -1.88    10.50

SNOWFALL (IN)
  TODAY            0.0           7.6  1959   0.3   -0.3      0.0
  MONTH TO DATE    3.4                      10.5   -7.1     30.9
  SINCE MAR 1      3.4                      10.5   -7.1     30.9
  SINCE JUL 1     84.3                      60.4   23.9    108.9
  SNOW DEPTH      MM

DEGREE DAYS
 HEATING
  TODAY           38                        27     11       26
  MONTH TO DATE 1023                       836    187      875
  SINCE MAR 1   1023                       836    187      875
  SINCE JUL 1   6077                      5673    404     5312

 COOLING
  TODAY            0                         0      0        0
  MONTH TO DATE    0                         0      0        0
  SINCE MAR 1      0                         0      0        0
  SINCE JAN 1      0                         0      0        0
..................................................................


WIND (MPH)
  HIGHEST WIND SPEED    29   HIGHEST WIND DIRECTION    NW (300)
  HIGHEST GUST SPEED    36   HIGHEST GUST DIRECTION    NW (300)
  AVERAGE WIND SPEED    13.3


SKY COVER
  POSSIBLE SUNSHINE  MM
  AVERAGE SKY COVER 0.0


WEATHER CONDITIONS
 THE FOLLOWING WEATHER WAS RECORDED TODAY.
  NO SIGNIFICANT WEATHER WAS OBSERVED.


RELATIVE HUMIDITY (PERCENT)
 HIGHEST    51           600 AM
 LOWEST     20           300 PM
 AVERAGE    36

..........................................................


THE WORCESTER MA CLIMATE NORMALS FOR TOMORROW
                         NORMAL    RECORD    YEAR
 MAXIMUM TEMPERATURE (F)   47        81      1998
                                             1945
 MINIMUM TEMPERATURE (F)   30         8      1923


SUNRISE AND SUNSET
MARCH 27 2014.........SUNRISE   639 AM EDT   SUNSET   708 PM EDT
MARCH 28 2014.........SUNRISE   637 AM EDT   SUNSET   709 PM EDT


-  INDICATES NEGATIVE NUMBERS.
R  INDICATES RECORD WAS SET OR TIED.
MM INDICATES DATA IS MISSING.
T  INDICATES TRACE AMOUNT.




$$
