000
CDUS41 KBOX 242129
CLIORH


CLIMATE REPORT
NATIONAL WEATHER SERVICE TAUNTON MA
419 PM EST THU NOV 24 2016


...................................

...THE WORCESTER MA CLIMATE SUMMARY FOR NOVEMBER 24 2016...
VALID AS OF 0400 PM LOCAL TIME.

CLIMATE NORMAL PERIOD 1981 TO 2010
CLIMATE RECORD PERIOD 1892 TO 2016


WEATHER ITEM   OBSERVED TIME   RECORD YEAR NORMAL DEPARTURE LAST
                VALUE   (LST)  VALUE       VALUE  FROM      YEAR
                                                  NORMAL
..................................................................
TEMPERATURE (F)
 TODAY
  MAXIMUM         36    359 PM  70    1931  44     -8       39
  MINIMUM         29    518 AM   6    1989  31     -2       23
  AVERAGE         33                        37     -4       31

PRECIPITATION (IN)
  TODAY            T             2.67 1923   0.14  -0.14     0.00
  MONTH TO DATE    1.74                      3.43  -1.69     1.56
  SINCE SEP 1     11.58                     12.04  -0.46     8.77
  SINCE JAN 1     34.98                     43.40  -8.42    35.49

SNOWFALL (IN)
  TODAY           MM             3.3  1936   0.2   MM        0.0
  MONTH TO DATE    T                         1.6   -1.6      0.0
  SINCE SEP 1      T                         1.8   -1.8       T
  SINCE JUL 1      T                         1.8   -1.8       T
  SNOW DEPTH       0

DEGREE DAYS
 HEATING
  TODAY           32                        28      4       34
  MONTH TO DATE  526                       567    -41      459
  SINCE SEP 1   1031                      1189   -158      998
  SINCE JUL 1   1040                      1228   -188      999

 COOLING
  TODAY            0                         0      0        0
  MONTH TO DATE    0                         0      0        0
  SINCE SEP 1     75                        45     30      102
  SINCE JAN 1    663                       471    192      659
..................................................................


WIND (MPH)
  HIGHEST WIND SPEED    10   HIGHEST WIND DIRECTION    NE (30)
  HIGHEST GUST SPEED    15   HIGHEST GUST DIRECTION     N (20)
  AVERAGE WIND SPEED     6.0


SKY COVER
  POSSIBLE SUNSHINE  MM
  AVERAGE SKY COVER 0.9


WEATHER CONDITIONS
 THE FOLLOWING WEATHER WAS RECORDED TODAY.
  LIGHT RAIN


RELATIVE HUMIDITY (PERCENT)
 HIGHEST    75          1200 AM
 LOWEST     69           600 AM
 AVERAGE    72

..........................................................


THE WORCESTER MA CLIMATE NORMALS FOR TOMORROW
                         NORMAL    RECORD    YEAR
 MAXIMUM TEMPERATURE (F)   44        67      1979
 MINIMUM TEMPERATURE (F)   30         9      1936


SUNRISE AND SUNSET
NOVEMBER 24 2016......SUNRISE   649 AM EST   SUNSET   419 PM EST
NOVEMBER 25 2016......SUNRISE   651 AM EST   SUNSET   418 PM EST


-  INDICATES NEGATIVE NUMBERS.
R  INDICATES RECORD WAS SET OR TIED.
MM INDICATES DATA IS MISSING.
T  INDICATES TRACE AMOUNT.




$$
