000
CDUS41 KBOX 220617
CLIORH


CLIMATE REPORT
NATIONAL WEATHER SERVICE TAUNTON MA
116 AM EST SAT NOV 22 2014


...................................

...THE WORCESTER MA CLIMATE SUMMARY FOR NOVEMBER 21 2014...

CLIMATE NORMAL PERIOD 1981 TO 2010
CLIMATE RECORD PERIOD 1892 TO 2014


WEATHER ITEM   OBSERVED TIME   RECORD YEAR NORMAL DEPARTURE LAST
                VALUE   (LST)  VALUE       VALUE  FROM      YEAR
                                                  NORMAL
..................................................................
TEMPERATURE (F)
 YESTERDAY
  MAXIMUM         30   1246 PM  71    1931  46    -16       43
  MINIMUM         20   1159 PM  10    1987  32    -12       27
  AVERAGE         25                        39    -14       35

PRECIPITATION (IN)
  YESTERDAY        0.00          1.63 1986   0.15  -0.15     0.00
  MONTH TO DATE    2.15                      2.99  -0.84     0.74
  SINCE SEP 1     11.24                     11.60  -0.36     5.40
  SINCE JAN 1     46.27                     42.96   3.31    38.42

SNOWFALL (IN)
  YESTERDAY        0.0           1.9  1978   0.1   -0.1      0.0
  MONTH TO DATE    0.8                       1.2   -0.4      0.5
  SINCE SEP 1      0.8                       1.4   -0.6      0.5
  SINCE JUL 1      0.8                       1.4   -0.6      0.5
  SNOW DEPTH      MM

DEGREE DAYS
 HEATING
  YESTERDAY       40                        26     14       30
  MONTH TO DATE  552                       485     67      498
  SINCE SEP 1   1098                      1107     -9     1077
  SINCE JUL 1   1118                      1146    -28     1096

 COOLING
  YESTERDAY        0                         0      0        0
  MONTH TO DATE    0                         0      0        0
  SINCE SEP 1     64                        45     19       41
  SINCE JAN 1    426                       471    -45      572
..................................................................


WIND (MPH)
  RESULTANT WIND SPEED  14   RESULTANT WIND DIRECTION   W (290)
  HIGHEST WIND SPEED    30   HIGHEST WIND DIRECTION    NW (310)
  HIGHEST GUST SPEED    39   HIGHEST GUST DIRECTION    NW (300)
  AVERAGE WIND SPEED    14.5


SKY COVER
  POSSIBLE SUNSHINE  MM
  AVERAGE SKY COVER 0.1


WEATHER CONDITIONS
 THE FOLLOWING WEATHER WAS RECORDED YESTERDAY.
  NO SIGNIFICANT WEATHER WAS OBSERVED.


RELATIVE HUMIDITY (PERCENT)
 HIGHEST    62          1200 AM
 LOWEST     39          1200 PM
 AVERAGE    51

..........................................................


THE WORCESTER MA CLIMATE NORMALS FOR TODAY
                         NORMAL    RECORD    YEAR
 MAXIMUM TEMPERATURE (F)   45        71      1931
 MINIMUM TEMPERATURE (F)   31        11      1987


SUNRISE AND SUNSET
NOVEMBER 22 2014......SUNRISE   646 AM EST   SUNSET   420 PM EST
NOVEMBER 23 2014......SUNRISE   648 AM EST   SUNSET   420 PM EST


-  INDICATES NEGATIVE NUMBERS.
R  INDICATES RECORD WAS SET OR TIED.
MM INDICATES DATA IS MISSING.
T  INDICATES TRACE AMOUNT.




$$
