000
CDUS41 KBOX 291235
CLIORH


CLIMATE REPORT
NATIONAL WEATHER SERVICE TAUNTON MA
835 AM EDT THU SEP 29 2016


...................................

...THE WORCESTER MA CLIMATE SUMMARY FOR SEPTEMBER 28 2016...

CLIMATE NORMAL PERIOD 1981 TO 2010
CLIMATE RECORD PERIOD 1892 TO 2016


WEATHER ITEM   OBSERVED TIME   RECORD YEAR NORMAL DEPARTURE LAST
                VALUE   (LST)  VALUE       VALUE  FROM      YEAR
                                                  NORMAL
..................................................................
TEMPERATURE (F)
 YESTERDAY
  MAXIMUM         58    147 AM  84    1916  65     -7       76
  MINIMUM         51    913 PM  27    1947  48      3       51
  AVERAGE         55                        57     -2       64

PRECIPITATION (IN)
  YESTERDAY        0.04          1.89 2004   0.16  -0.12     0.00
  MONTH TO DATE    3.01                      3.62  -0.61     1.63
  SINCE SEP 1      3.01                      3.62  -0.61     1.63
  SINCE JAN 1     26.41                     34.98  -8.57    28.35

SNOWFALL (IN)
  YESTERDAY        0.0           0.0  2001   0.0    0.0      0.0
                                      2000
  MONTH TO DATE    0.0                       0.0    0.0      0.0
  SINCE SEP 1      0.0                       0.0    0.0      0.0
  SINCE JUL 1      0.0                       0.0    0.0      0.0
  SNOW DEPTH       0

DEGREE DAYS
 HEATING
  YESTERDAY       10                         9      1        1
  MONTH TO DATE   68                       134    -66       62
  SINCE SEP 1     68                       134    -66       62
  SINCE JUL 1     77                       173    -96       63

 COOLING
  YESTERDAY        0                         0      0        0
  MONTH TO DATE   75                        41     34       97
  SINCE SEP 1     75                        41     34       97
  SINCE JAN 1    663                       467    196      654
..................................................................


WIND (MPH)
  RESULTANT WIND SPEED  10   RESULTANT WIND DIRECTION  NE (50)
  HIGHEST WIND SPEED    17   HIGHEST WIND DIRECTION    NE (30)
  HIGHEST GUST SPEED    27   HIGHEST GUST DIRECTION     E (80)
  AVERAGE WIND SPEED    10.3


SKY COVER
  POSSIBLE SUNSHINE  MM
  AVERAGE SKY COVER 1.0


WEATHER CONDITIONS
 THE FOLLOWING WEATHER WAS RECORDED YESTERDAY.
  LIGHT RAIN
  FOG
  FOG W/VISIBILITY <= 1/4 MILE


RELATIVE HUMIDITY (PERCENT)
 HIGHEST   100          1200 AM
 LOWEST     83          1200 PM
 AVERAGE    92

..........................................................


THE WORCESTER MA CLIMATE NORMALS FOR TODAY
                         NORMAL    RECORD    YEAR
 MAXIMUM TEMPERATURE (F)   65        84      1952
                                             1929
 MINIMUM TEMPERATURE (F)   48        28      1947


SUNRISE AND SUNSET
SEPTEMBER 29 2016.....SUNRISE   643 AM EDT   SUNSET   632 PM EDT
SEPTEMBER 30 2016.....SUNRISE   644 AM EDT   SUNSET   630 PM EDT


-  INDICATES NEGATIVE NUMBERS.
R  INDICATES RECORD WAS SET OR TIED.
MM INDICATES DATA IS MISSING.
T  INDICATES TRACE AMOUNT.




$$
