000
CDUS41 KBOX 220624
CLIORH


CLIMATE REPORT
NATIONAL WEATHER SERVICE TAUNTON MA
220 AM EDT WED MAR 22 2017


...................................

...THE WORCESTER MA CLIMATE SUMMARY FOR MARCH 21 2017...

CLIMATE NORMAL PERIOD 1981 TO 2010
CLIMATE RECORD PERIOD 1892 TO 2017


WEATHER ITEM   OBSERVED TIME   RECORD YEAR NORMAL DEPARTURE LAST
                VALUE   (LST)  VALUE       VALUE  FROM      YEAR
                                                  NORMAL
..................................................................
TEMPERATURE (F)
 YESTERDAY
  MAXIMUM         50    345 PM  73    2012  45      5       43
  MINIMUM         32    612 AM   4    1986  28      4       25
  AVERAGE         41                        36      5       34

PRECIPITATION (IN)
  YESTERDAY        0.00          1.96 1974   0.15  -0.15     0.30
  MONTH TO DATE    1.83                      2.74  -0.91     2.52
  SINCE MAR 1      1.83                      2.74  -0.91     2.52
  SINCE JAN 1      8.18                      9.46  -1.28     9.91

SNOWFALL (IN)
  YESTERDAY        0.0           9.7  1958   0.3   -0.3      5.5
  MONTH TO DATE   16.1                       8.7    7.4      5.5
  SINCE MAR 1     16.1                       8.7    7.4      5.5
  SINCE JUL 1     73.9                      58.6   15.3     37.2
  SNOW DEPTH      MM

DEGREE DAYS
 HEATING
  YESTERDAY       24                        29     -5       31
  MONTH TO DATE  762                       671     91      539
  SINCE MAR 1    762                       671     91      539
  SINCE JUL 1   5039                      5508   -469     4598

 COOLING
  YESTERDAY        0                         0      0        0
  MONTH TO DATE    0                         0      0        0
  SINCE MAR 1      0                         0      0        0
  SINCE JAN 1      0                         0      0        0
..................................................................


WIND (MPH)
  RESULTANT WIND SPEED   8   RESULTANT WIND DIRECTION   W (280)
  HIGHEST WIND SPEED    18   HIGHEST WIND DIRECTION     W (280)
  HIGHEST GUST SPEED    27   HIGHEST GUST DIRECTION     W (290)
  AVERAGE WIND SPEED     9.1


SKY COVER
  POSSIBLE SUNSHINE  MM
  AVERAGE SKY COVER 0.4


WEATHER CONDITIONS
 THE FOLLOWING WEATHER WAS RECORDED YESTERDAY.
  HAZE


RELATIVE HUMIDITY (PERCENT)
 HIGHEST    53           700 PM
 LOWEST     30          1200 AM
 AVERAGE    42

..........................................................


THE WORCESTER MA CLIMATE NORMALS FOR TODAY
                         NORMAL    RECORD    YEAR
 MAXIMUM TEMPERATURE (F)   45        78      2012
 MINIMUM TEMPERATURE (F)   28         8      1988


SUNRISE AND SUNSET
MARCH 22 2017.........SUNRISE   647 AM EDT   SUNSET   702 PM EDT
MARCH 23 2017.........SUNRISE   645 AM EDT   SUNSET   703 PM EDT


-  INDICATES NEGATIVE NUMBERS.
R  INDICATES RECORD WAS SET OR TIED.
MM INDICATES DATA IS MISSING.
T  INDICATES TRACE AMOUNT.




$$
