000
CDUS41 KBOX 080552
CLIORH


CLIMATE REPORT
NATIONAL WEATHER SERVICE TAUNTON MA
1241 AM EST THU DEC 8 2016


...................................

...THE WORCESTER MA CLIMATE SUMMARY FOR DECEMBER 7 2016...

CLIMATE NORMAL PERIOD 1981 TO 2010
CLIMATE RECORD PERIOD 1892 TO 2016


WEATHER ITEM   OBSERVED TIME   RECORD YEAR NORMAL DEPARTURE LAST
                VALUE   (LST)  VALUE       VALUE  FROM      YEAR
                                                  NORMAL
..................................................................
TEMPERATURE (F)
 YESTERDAY
  MAXIMUM         38    359 PM  72    1998  39     -1       53
  MINIMUM         31    629 AM   5    1906  26      5       36
  AVERAGE         35                        32      3       45

PRECIPITATION (IN)
  YESTERDAY        0.13          1.68 1976   0.13   0.00     0.00
  MONTH TO DATE    0.71                      0.94  -0.23     0.51
  SINCE DEC 1      0.71                      0.94  -0.23     0.51
  SINCE JAN 1     37.84                     45.19  -7.35    36.20

SNOWFALL (IN)
  YESTERDAY        0.6          16.3  1996   0.4    0.2      0.0
  MONTH TO DATE    2.1                       2.4   -0.3      0.0
  SINCE DEC 1      2.1                       2.4   -0.3      0.0
  SINCE JUL 1      2.1                       5.2   -3.1       T
  SNOW DEPTH      MM

DEGREE DAYS
 HEATING
  YESTERDAY       30                        33     -3       20
  MONTH TO DATE  207                       220    -13      172
  SINCE DEC 1    207                       220    -13      172
  SINCE JUL 1   1394                      1622   -228     1321

 COOLING
  YESTERDAY        0                         0      0        0
  MONTH TO DATE    0                         0      0        0
  SINCE DEC 1      0                         0      0        0
  SINCE JAN 1    663                       471    192      659
..................................................................


WIND (MPH)
  RESULTANT WIND SPEED   2   RESULTANT WIND DIRECTION   W (270)
  HIGHEST WIND SPEED    17   HIGHEST WIND DIRECTION     W (280)
  HIGHEST GUST SPEED    22   HIGHEST GUST DIRECTION     W (270)
  AVERAGE WIND SPEED     6.0


SKY COVER
  POSSIBLE SUNSHINE  MM
  AVERAGE SKY COVER 0.8


WEATHER CONDITIONS
 THE FOLLOWING WEATHER WAS RECORDED YESTERDAY.
  LIGHT SNOW
  FOG
  FOG W/VISIBILITY <= 1/4 MILE


RELATIVE HUMIDITY (PERCENT)
 HIGHEST   100           300 AM
 LOWEST     75          1200 AM
 AVERAGE    88

..........................................................


THE WORCESTER MA CLIMATE NORMALS FOR TODAY
                         NORMAL    RECORD    YEAR
 MAXIMUM TEMPERATURE (F)   39        61      1966
                                             1927
 MINIMUM TEMPERATURE (F)   25        -3      1906


SUNRISE AND SUNSET
DECEMBER  8 2016......SUNRISE   704 AM EST   SUNSET   415 PM EST
DECEMBER  9 2016......SUNRISE   705 AM EST   SUNSET   415 PM EST


-  INDICATES NEGATIVE NUMBERS.
R  INDICATES RECORD WAS SET OR TIED.
MM INDICATES DATA IS MISSING.
T  INDICATES TRACE AMOUNT.




$$
