000
CDUS41 KBOX 172137
CLIORH


CLIMATE REPORT
NATIONAL WEATHER SERVICE TAUNTON MA
537 PM EDT THU APR 17 2014


...................................

...THE WORCESTER MA CLIMATE SUMMARY FOR APRIL 17 2014...
VALID AS OF 0500 PM LOCAL TIME.

CLIMATE NORMAL PERIOD 1981 TO 2010
CLIMATE RECORD PERIOD 1892 TO 2014


WEATHER ITEM   OBSERVED TIME   RECORD YEAR NORMAL DEPARTURE LAST
                VALUE   (LST)  VALUE       VALUE  FROM      YEAR
                                                  NORMAL
..................................................................
TEMPERATURE (F)
 TODAY
  MAXIMUM         42    233 PM  90    2002  56    -14       63
  MINIMUM         24    524 AM  21    1928  38    -14       47
  AVERAGE         33                        47    -14       55

PRECIPITATION (IN)
  TODAY            0.00          2.15 1954   0.13  -0.13     0.02
  MONTH TO DATE    2.35                      2.44  -0.09     1.26
  SINCE MAR 1      7.77                      6.65   1.12     4.94
  SINCE JAN 1     14.95                     13.37   1.58    11.82

SNOWFALL (IN)
  TODAY            0.0           3.5  1935   0.1   -0.1      0.0
  MONTH TO DATE    0.6                       2.1   -1.5      0.0
  SINCE MAR 1      4.3                      13.5   -9.2     30.9
  SINCE JUL 1     85.2                      63.4   21.8    108.9
  SNOW DEPTH      MM

DEGREE DAYS
 HEATING
  TODAY           32                        18     14       10
  MONTH TO DATE  331                       365    -34      367
  SINCE MAR 1   1459                      1304    155     1331
  SINCE JUL 1   6513                      6141    372     5768

 COOLING
  TODAY            0                         0      0        0
  MONTH TO DATE    0                         0      0        0
  SINCE MAR 1      0                         0      0        0
  SINCE JAN 1      0                         0      0        0
..................................................................


WIND (MPH)
  HIGHEST WIND SPEED    15   HIGHEST WIND DIRECTION     E (70)
  HIGHEST GUST SPEED    22   HIGHEST GUST DIRECTION    NE (60)
  AVERAGE WIND SPEED     9.1


SKY COVER
  POSSIBLE SUNSHINE  MM
  AVERAGE SKY COVER 0.0


WEATHER CONDITIONS
 THE FOLLOWING WEATHER WAS RECORDED TODAY.
  NO SIGNIFICANT WEATHER WAS OBSERVED.


RELATIVE HUMIDITY (PERCENT)
 HIGHEST    68           600 AM
 LOWEST     39           200 PM
 AVERAGE    54

..........................................................


THE WORCESTER MA CLIMATE NORMALS FOR TOMORROW
                         NORMAL    RECORD    YEAR
 MAXIMUM TEMPERATURE (F)   56        88      1976
 MINIMUM TEMPERATURE (F)   38        21      1948


SUNRISE AND SUNSET
APRIL 17 2014.........SUNRISE   604 AM EDT   SUNSET   731 PM EDT
APRIL 18 2014.........SUNRISE   602 AM EDT   SUNSET   732 PM EDT


-  INDICATES NEGATIVE NUMBERS.
R  INDICATES RECORD WAS SET OR TIED.
MM INDICATES DATA IS MISSING.
T  INDICATES TRACE AMOUNT.




$$
