000
CDUS41 KBOX 302136
CLIORH


CLIMATE REPORT
NATIONAL WEATHER SERVICE TAUNTON MA
535 PM EDT SUN MAR 30 2014


...................................

...THE WORCESTER MA CLIMATE SUMMARY FOR MARCH 30 2014...
VALID AS OF 0500 PM LOCAL TIME.

CLIMATE NORMAL PERIOD 1981 TO 2010
CLIMATE RECORD PERIOD 1892 TO 2014


WEATHER ITEM   OBSERVED TIME   RECORD YEAR NORMAL DEPARTURE LAST
                VALUE   (LST)  VALUE       VALUE  FROM      YEAR
                                                  NORMAL
..................................................................
TEMPERATURE (F)
 TODAY
  MAXIMUM         37    228 PM  80    1977  48    -11       53
  MINIMUM         36    359 PM  14    1970  31      5       35
  AVERAGE         37                        40     -3       44

PRECIPITATION (IN)
  TODAY            1.51          2.43 2010   0.15   1.36      T
  MONTH TO DATE    3.96                      4.07  -0.11     3.64
  SINCE MAR 1      3.96                      4.07  -0.11     3.64
  SINCE JAN 1     11.14                     10.79   0.35    10.52

SNOWFALL (IN)
  TODAY            0.0           4.5  1922   0.2   -0.2      0.0
  MONTH TO DATE    3.4                      11.2   -7.8     30.9
  SINCE MAR 1      3.4                      11.2   -7.8     30.9
  SINCE JUL 1     84.3                      61.1   23.2    108.9
  SNOW DEPTH       0

DEGREE DAYS
 HEATING
  TODAY           28                        25      3       21
  MONTH TO DATE 1096                       913    183      942
  SINCE MAR 1   1096                       913    183      942
  SINCE JUL 1   6150                      5750    400     5379

 COOLING
  TODAY            0                         0      0        0
  MONTH TO DATE    0                         0      0        0
  SINCE MAR 1      0                         0      0        0
  SINCE JAN 1      0                         0      0        0
..................................................................


WIND (MPH)
  HIGHEST WIND SPEED    23   HIGHEST WIND DIRECTION    NE (30)
  HIGHEST GUST SPEED    35   HIGHEST GUST DIRECTION    NE (30)
  AVERAGE WIND SPEED    15.1


SKY COVER
  POSSIBLE SUNSHINE  MM
  AVERAGE SKY COVER 1.0


WEATHER CONDITIONS
 THE FOLLOWING WEATHER WAS RECORDED TODAY.
  HEAVY RAIN
  RAIN
  LIGHT RAIN
  FOG
  FOG W/VISIBILITY <= 1/4 MILE


RELATIVE HUMIDITY (PERCENT)
 HIGHEST   100          1200 AM
 LOWEST     92           200 AM
 AVERAGE    96

..........................................................


THE WORCESTER MA CLIMATE NORMALS FOR TOMORROW
                         NORMAL    RECORD    YEAR
 MAXIMUM TEMPERATURE (F)   49        84      1998
 MINIMUM TEMPERATURE (F)   31        12      1923


SUNRISE AND SUNSET
MARCH 30 2014.........SUNRISE   634 AM EDT   SUNSET   711 PM EDT
MARCH 31 2014.........SUNRISE   632 AM EDT   SUNSET   712 PM EDT


-  INDICATES NEGATIVE NUMBERS.
R  INDICATES RECORD WAS SET OR TIED.
MM INDICATES DATA IS MISSING.
T  INDICATES TRACE AMOUNT.




$$
