000
CDUS41 KBOX 312140
CLIORH


CLIMATE REPORT
NATIONAL WEATHER SERVICE TAUNTON MA
537 PM EDT WED MAY 31 2017


...................................

...THE WORCESTER MA CLIMATE SUMMARY FOR MAY 31 2017...
VALID TODAY AS OF 0500 PM LOCAL TIME.

CLIMATE NORMAL PERIOD 1981 TO 2010
CLIMATE RECORD PERIOD 1892 TO 2017


WEATHER ITEM   OBSERVED TIME   RECORD YEAR NORMAL DEPARTURE LAST
                VALUE   (LST)  VALUE       VALUE  FROM      YEAR
                                                  NORMAL
..................................................................
TEMPERATURE (F)
 TODAY
  MAXIMUM         69    359 PM  92    1944  70     -1       81
  MINIMUM         52    551 AM  32    1938  51      1       65
  AVERAGE         61                        61      0       73

PRECIPITATION (IN)
  TODAY            0.02          2.28 1972   0.15  -0.13     0.00
  MONTH TO DATE    5.50                      4.19   1.31     2.21
  SINCE MAR 1     14.26                     12.51   1.75     8.33
  SINCE JAN 1     20.61                     19.23   1.38    15.72

SNOWFALL (IN)
  TODAY            0.0           T    1942   0.0    0.0      0.0
  MONTH TO DATE    0.0                       T      0.0      0.0
  SINCE MAR 1     20.5                      14.2    6.3     15.5
  SINCE JUL 1     78.3                      64.1   14.2     47.2
  SNOW DEPTH       0

DEGREE DAYS
 HEATING
  TODAY            4                         6     -2        0
  MONTH TO DATE  365                       287     78      280
  SINCE MAR 1   1908                      1797    111     1652
  SINCE JUL 1   6185                      6634   -449     5711

 COOLING
  TODAY            0                         1     -1        8
  MONTH TO DATE   26                        19      7       38
  SINCE MAR 1     36                        22     14       42
  SINCE JAN 1     36                        22     14       42
..................................................................


WIND (MPH)
  HIGHEST WIND SPEED    13   HIGHEST WIND DIRECTION     S (190)
  HIGHEST GUST SPEED    17   HIGHEST GUST DIRECTION     S (170)
  AVERAGE WIND SPEED     7.6


SKY COVER
  POSSIBLE SUNSHINE  MM
  AVERAGE SKY COVER 1.0


WEATHER CONDITIONS
 THE FOLLOWING WEATHER WAS RECORDED TODAY.
  LIGHT RAIN
  FOG
  FOG W/VISIBILITY <= 1/4 MILE


RELATIVE HUMIDITY (PERCENT)
 HIGHEST   100           100 AM
 LOWEST     66           400 PM
 AVERAGE    83

..........................................................


THE WORCESTER MA CLIMATE NORMALS FOR TOMORROW
                         NORMAL    RECORD    YEAR
 MAXIMUM TEMPERATURE (F)   70        92      1937
 MINIMUM TEMPERATURE (F)   52        35      1945


SUNRISE AND SUNSET
MAY 31 2017...........SUNRISE   514 AM EDT   SUNSET   817 PM EDT
JUNE  1 2017..........SUNRISE   513 AM EDT   SUNSET   818 PM EDT


-  INDICATES NEGATIVE NUMBERS.
R  INDICATES RECORD WAS SET OR TIED.
MM INDICATES DATA IS MISSING.
T  INDICATES TRACE AMOUNT.




$$
