000
CDUS41 KBOX 170534
CLIORH


CLIMATE REPORT
NATIONAL WEATHER SERVICE TAUNTON MA
1233 AM EST THU NOV 17 2016


...................................

...THE WORCESTER MA CLIMATE SUMMARY FOR NOVEMBER 16 2016...

CLIMATE NORMAL PERIOD 1981 TO 2010
CLIMATE RECORD PERIOD 1892 TO 2016


WEATHER ITEM   OBSERVED TIME   RECORD YEAR NORMAL DEPARTURE LAST
                VALUE   (LST)  VALUE       VALUE  FROM      YEAR
                                                  NORMAL
..................................................................
TEMPERATURE (F)
 YESTERDAY
  MAXIMUM         49    230 PM  69    1928  48      1       57
                                      1927
  MINIMUM         41   1114 PM   5    1933  33      8       35
  AVERAGE         45                        40      5       46

PRECIPITATION (IN)
  YESTERDAY        0.01          2.42 1983   0.14  -0.13     0.00
  MONTH TO DATE    1.37                      2.25  -0.88     0.35
  SINCE SEP 1     11.21                     10.86   0.35     7.56
  SINCE JAN 1     34.61                     42.22  -7.61    34.28

SNOWFALL (IN)
  YESTERDAY        0.0           3.4  1985   0.1   -0.1      0.0
  MONTH TO DATE    0.0                       0.8   -0.8      0.0
  SINCE SEP 1      T                         1.0   -1.0       T
  SINCE JUL 1      T                         1.0   -1.0       T
  SNOW DEPTH      MM

DEGREE DAYS
 HEATING
  YESTERDAY       20                        25     -5       19
  MONTH TO DATE  312                       357    -45      250
  SINCE SEP 1    817                       979   -162      789
  SINCE JUL 1    826                      1018   -192      790

 COOLING
  YESTERDAY        0                         0      0        0
  MONTH TO DATE    0                         0      0        0
  SINCE SEP 1     75                        45     30      102
  SINCE JAN 1    663                       471    192      659
..................................................................


WIND (MPH)
  RESULTANT WIND SPEED   8   RESULTANT WIND DIRECTION   W (270)
  HIGHEST WIND SPEED    20   HIGHEST WIND DIRECTION     W (270)
  HIGHEST GUST SPEED    26   HIGHEST GUST DIRECTION     W (250)
  AVERAGE WIND SPEED    10.0


SKY COVER
  POSSIBLE SUNSHINE  MM
  AVERAGE SKY COVER 0.8


WEATHER CONDITIONS
 THE FOLLOWING WEATHER WAS RECORDED YESTERDAY.
  LIGHT RAIN
  FOG
  FOG W/VISIBILITY <= 1/4 MILE


RELATIVE HUMIDITY (PERCENT)
 HIGHEST   100          1200 AM
 LOWEST     71           300 PM
 AVERAGE    86

..........................................................


THE WORCESTER MA CLIMATE NORMALS FOR TODAY
                         NORMAL    RECORD    YEAR
 MAXIMUM TEMPERATURE (F)   47        74      1928
 MINIMUM TEMPERATURE (F)   33         8      1924


SUNRISE AND SUNSET
NOVEMBER 17 2016......SUNRISE   641 AM EST   SUNSET   424 PM EST
NOVEMBER 18 2016......SUNRISE   642 AM EST   SUNSET   423 PM EST


-  INDICATES NEGATIVE NUMBERS.
R  INDICATES RECORD WAS SET OR TIED.
MM INDICATES DATA IS MISSING.
T  INDICATES TRACE AMOUNT.




$$
