000
CDUS41 KBOX 132203
CLIORH


CLIMATE REPORT
NATIONAL WEATHER SERVICE TAUNTON MA
600 PM EDT WED APR 13 2016


...................................

...THE WORCESTER MA CLIMATE SUMMARY FOR APRIL 13 2016...
VALID AS OF 0600 PM LOCAL TIME.

CLIMATE NORMAL PERIOD 1981 TO 2010
CLIMATE RECORD PERIOD 1892 TO 2016


WEATHER ITEM   OBSERVED TIME   RECORD YEAR NORMAL DEPARTURE LAST
                VALUE   (LST)  VALUE       VALUE  FROM      YEAR
                                                  NORMAL
..................................................................
TEMPERATURE (F)
 TODAY
  MAXIMUM         52    359 PM  86    1945  54     -2       69
  MINIMUM         30    429 AM  18    1926  36     -6       46
  AVERAGE         41                        45     -4       58

PRECIPITATION (IN)
  TODAY            0.00          2.18 2004   0.14  -0.14     0.00
  MONTH TO DATE    2.31                      1.89   0.42     1.11
  SINCE MAR 1      5.80                      6.10  -0.30     3.53
  SINCE JAN 1     13.19                     12.82   0.37    11.84

SNOWFALL (IN)
  TODAY            0.0          10.5  1933   0.1   -0.1      0.0
  MONTH TO DATE   10.0                       1.7    8.3      0.2
  SINCE MAR 1     15.5                      13.1    2.4     11.1
  SINCE JUL 1     47.2                      63.0  -15.8    119.7
  SNOW DEPTH       0

DEGREE DAYS
 HEATING
  TODAY           24                        20      4        7
  MONTH TO DATE  348                       289     59      300
  SINCE MAR 1   1117                      1228   -111     1386
  SINCE JUL 1   5176                      6065   -889     6500

 COOLING
  TODAY            0                         0      0        0
  MONTH TO DATE    0                         0      0        0
  SINCE MAR 1      0                         0      0        0
  SINCE JAN 1      0                         0      0        0
..................................................................


WIND (MPH)
  HIGHEST WIND SPEED    16   HIGHEST WIND DIRECTION     N (10)
  HIGHEST GUST SPEED    21   HIGHEST GUST DIRECTION     N (10)
  AVERAGE WIND SPEED     7.0


SKY COVER
  POSSIBLE SUNSHINE  MM
  AVERAGE SKY COVER 0.0


WEATHER CONDITIONS
 THE FOLLOWING WEATHER WAS RECORDED TODAY.
  NO SIGNIFICANT WEATHER WAS OBSERVED.


RELATIVE HUMIDITY (PERCENT)
 HIGHEST    72           100 AM
 LOWEST     28           400 PM
 AVERAGE    50

..........................................................


THE WORCESTER MA CLIMATE NORMALS FOR TOMORROW
                         NORMAL    RECORD    YEAR
 MAXIMUM TEMPERATURE (F)   55        79      1938
 MINIMUM TEMPERATURE (F)   37        18      1940


SUNRISE AND SUNSET
APRIL 13 2016.........SUNRISE   609 AM EDT   SUNSET   727 PM EDT
APRIL 14 2016.........SUNRISE   608 AM EDT   SUNSET   728 PM EDT


-  INDICATES NEGATIVE NUMBERS.
R  INDICATES RECORD WAS SET OR TIED.
MM INDICATES DATA IS MISSING.
T  INDICATES TRACE AMOUNT.




$$
