052
CDUS41 KBOX 102117
CLIORH


CLIMATE REPORT
NATIONAL WEATHER SERVICE TAUNTON MA
417 PM EST FRI NOV 10 2017


...................................

...THE WORCESTER MA CLIMATE SUMMARY FOR NOVEMBER 10 2017...
VALID AS OF 0400 PM LOCAL TIME.

CLIMATE NORMAL PERIOD 1981 TO 2010
CLIMATE RECORD PERIOD 1892 TO 2017


WEATHER ITEM   OBSERVED TIME   RECORD YEAR NORMAL DEPARTURE LAST
                VALUE   (LST)  VALUE       VALUE  FROM      YEAR
                                                  NORMAL
..................................................................
TEMPERATURE (F)
 TODAY
  MAXIMUM         45    308 AM  75    1931  50     -5       49
  MINIMUM         25    359 PM  17    1956  35    -10       30
  AVERAGE         35                        42     -7       40

PRECIPITATION (IN)
  TODAY            0.02          2.19 1892   0.13  -0.11     0.00
  MONTH TO DATE    0.26                      1.40  -1.14     0.11
  SINCE SEP 1     11.60                     10.01   1.59     9.95
  SINCE JAN 1     40.89                     41.37  -0.48    33.35

SNOWFALL (IN)
  TODAY           MM             6.7  1968   0.0   MM        0.0
  MONTH TO DATE    T                         0.4   -0.4      0.0
  SINCE SEP 1      T                         0.6   -0.6       T
  SINCE JUL 1      T                         0.6   -0.6       T
  SNOW DEPTH      MM

DEGREE DAYS
 HEATING
  TODAY           30                        23      7       25
  MONTH TO DATE  193                       214    -21      193
  SINCE SEP 1    514                       836   -322      698
  SINCE JUL 1    562                       875   -313      707

 COOLING
  TODAY            0                         0      0        0
  MONTH TO DATE    0                         0      0        0
  SINCE SEP 1    102                        45     57       75
  SINCE JAN 1    533                       471     62      663
..................................................................


WIND (MPH)
  HIGHEST WIND SPEED    30   HIGHEST WIND DIRECTION    NW (310)
  HIGHEST GUST SPEED    43   HIGHEST GUST DIRECTION    NW (310)
  AVERAGE WIND SPEED    19.0


SKY COVER
  POSSIBLE SUNSHINE  MM
  AVERAGE SKY COVER 0.4


WEATHER CONDITIONS
 THE FOLLOWING WEATHER WAS RECORDED TODAY.
  RAIN
  LIGHT RAIN
  FOG


RELATIVE HUMIDITY (PERCENT)
 HIGHEST    92           200 AM
 LOWEST     21           200 PM
 AVERAGE    57

..........................................................


THE WORCESTER MA CLIMATE NORMALS FOR TOMORROW
                         NORMAL    RECORD    YEAR
 MAXIMUM TEMPERATURE (F)   49        66      1935
 MINIMUM TEMPERATURE (F)   35        14      1956


SUNRISE AND SUNSET
NOVEMBER 10 2017......SUNRISE   632 AM EST   SUNSET   430 PM EST
NOVEMBER 11 2017......SUNRISE   633 AM EST   SUNSET   429 PM EST


-  INDICATES NEGATIVE NUMBERS.
R  INDICATES RECORD WAS SET OR TIED.
MM INDICATES DATA IS MISSING.
T  INDICATES TRACE AMOUNT.




$$
