000
CDUS41 KBOX 312141
CLIORH


CLIMATE REPORT
NATIONAL WEATHER SERVICE TAUNTON MA
433 PM EST SUN DEC 31 2017


...................................

...THE WORCESTER MA CLIMATE SUMMARY FOR DECEMBER 31 2017...
VALID AS OF 0400 PM LOCAL TIME.

CLIMATE NORMAL PERIOD 1981 TO 2010
CLIMATE RECORD PERIOD 1892 TO 2017


WEATHER ITEM   OBSERVED TIME   RECORD YEAR NORMAL DEPARTURE LAST
                VALUE   (LST)  VALUE       VALUE  FROM      YEAR
                                                  NORMAL
..................................................................
TEMPERATURE (F)
 TODAY
  MAXIMUM         10   1210 AM  60    1965  32    -22       36
                                      1932
                                      1895
  MINIMUM          2    810 AM -13    1917  18    -16       17
  AVERAGE          6                        25    -19       27

PRECIPITATION (IN)
  TODAY            0.00          1.30 1906   0.11  -0.11     0.12
  MONTH TO DATE    2.85                      3.82  -0.97     3.80
  SINCE DEC 1      2.85                      3.82  -0.97     3.80
  SINCE JAN 1     45.27                     48.07  -2.80    40.93

SNOWFALL (IN)
  TODAY            0.0           6.4  2008   0.5   -0.5      0.4
  MONTH TO DATE   13.4                      14.4   -1.0     17.5
  SINCE DEC 1     13.4                      14.4   -1.0     17.5
  SINCE JUL 1     13.4                      17.2   -3.8     17.5
  SNOW DEPTH      MM

DEGREE DAYS
 HEATING
  TODAY           59                        40     19       38
  MONTH TO DATE 1228                      1100    128     1090
  SINCE DEC 1   1228                      1102    126     1090
  SINCE JUL 1   2364                      2504   -140     2277

 COOLING
  TODAY            0                         0      0        0
  MONTH TO DATE    0                         0      0        0
  SINCE DEC 1      0                         0      0        0
  SINCE JAN 1    533                       471     62      663
..................................................................


WIND (MPH)
  HIGHEST WIND SPEED    25   HIGHEST WIND DIRECTION    NW (300)
  HIGHEST GUST SPEED    31   HIGHEST GUST DIRECTION    NW (300)
  AVERAGE WIND SPEED    15.1


SKY COVER
  POSSIBLE SUNSHINE  MM
  AVERAGE SKY COVER 0.0


WEATHER CONDITIONS
 THE FOLLOWING WEATHER WAS RECORDED TODAY.
  NO SIGNIFICANT WEATHER WAS OBSERVED.


RELATIVE HUMIDITY (PERCENT)
 HIGHEST    83          1200 AM
 LOWEST     49          1200 PM
 AVERAGE    66

..........................................................


THE WORCESTER MA CLIMATE NORMALS FOR TOMORROW
                         NORMAL    RECORD    YEAR
 MAXIMUM TEMPERATURE (F)   32        58      2011
                                             1892
 MINIMUM TEMPERATURE (F)   18        -5      1918


SUNRISE AND SUNSET
DECEMBER 31 2017......SUNRISE   716 AM EST   SUNSET   425 PM EST
JANUARY  1 2018.......SUNRISE   716 AM EST   SUNSET   426 PM EST


-  INDICATES NEGATIVE NUMBERS.
R  INDICATES RECORD WAS SET OR TIED.
MM INDICATES DATA IS MISSING.
T  INDICATES TRACE AMOUNT.




$$
