000
CDUS41 KBOX 200529
CLIORH


CLIMATE REPORT
NATIONAL WEATHER SERVICE TAUNTON MA
128 AM EDT THU AUG 20 2015


...................................

...THE WORCESTER MA CLIMATE SUMMARY FOR AUGUST 19 2015...

CLIMATE NORMAL PERIOD 1981 TO 2010
CLIMATE RECORD PERIOD 1892 TO 2015


WEATHER ITEM   OBSERVED TIME   RECORD YEAR NORMAL DEPARTURE LAST
                VALUE   (LST)  VALUE       VALUE  FROM      YEAR
                                                  NORMAL
..................................................................
TEMPERATURE (F)
 YESTERDAY
  MAXIMUM         83    330 PM  90    1906  77      6       74
  MINIMUM         68    553 AM  48    1944  60      8       54
                                      1930
                                      1926
  AVERAGE         76                        69      7       64

PRECIPITATION (IN)
  YESTERDAY        0.00          6.38 1955   0.11  -0.11     0.00
  MONTH TO DATE    3.06                      2.40   0.66     2.18
  SINCE JUN 1     12.27                     10.82   1.45    10.02
  SINCE JAN 1     26.57                     30.05  -3.48    31.21

SNOWFALL (IN)
  YESTERDAY        0.0           0.0  2002   0.0    0.0      0.0
                                      2001
                                      2000
  MONTH TO DATE    0.0                       0.0    0.0      0.0
  SINCE JUN 1      0.0                       0.0    0.0      0.0
  SINCE JUL 1      0.0                       0.0    0.0      0.0
  SNOW DEPTH      MM

DEGREE DAYS
 HEATING
  YESTERDAY        0                         1     -1        1
  MONTH TO DATE    0                        10    -10       12
  SINCE JUN 1     95                       107    -12       57
  SINCE JUL 1      1                        24    -23       12

 COOLING
  YESTERDAY       11                         4      7        0
  MONTH TO DATE  119                       100     19       56
  SINCE JUN 1    426                       359     67      314
  SINCE JAN 1    492                       381    111      322
..................................................................


WIND (MPH)
  RESULTANT WIND SPEED   9   RESULTANT WIND DIRECTION  SW (210)
  HIGHEST WIND SPEED    17   HIGHEST WIND DIRECTION    SW (240)
  HIGHEST GUST SPEED    21   HIGHEST GUST DIRECTION    SW (240)
  AVERAGE WIND SPEED    10.1


SKY COVER
  POSSIBLE SUNSHINE  MM
  AVERAGE SKY COVER 0.2


WEATHER CONDITIONS
 THE FOLLOWING WEATHER WAS RECORDED YESTERDAY.
  FOG


RELATIVE HUMIDITY (PERCENT)
 HIGHEST    93           100 AM
 LOWEST     51           300 PM
 AVERAGE    72

..........................................................


THE WORCESTER MA CLIMATE NORMALS FOR TODAY
                         NORMAL    RECORD    YEAR
 MAXIMUM TEMPERATURE (F)   77        94      1937
 MINIMUM TEMPERATURE (F)   60        46      1990
                                             1927
                                             1926


SUNRISE AND SUNSET
AUGUST 20 2015........SUNRISE   600 AM EDT   SUNSET   741 PM EDT
AUGUST 21 2015........SUNRISE   601 AM EDT   SUNSET   740 PM EDT


-  INDICATES NEGATIVE NUMBERS.
R  INDICATES RECORD WAS SET OR TIED.
MM INDICATES DATA IS MISSING.
T  INDICATES TRACE AMOUNT.




$$
