000
CDUS41 KBOX 310549
CLIORH


CLIMATE REPORT
NATIONAL WEATHER SERVICE TAUNTON MA
1249 AM EST SAT DEC 31 2016


...................................

...THE WORCESTER MA CLIMATE SUMMARY FOR DECEMBER 30 2016...

CLIMATE NORMAL PERIOD 1981 TO 2010
CLIMATE RECORD PERIOD 1892 TO 2016


WEATHER ITEM   OBSERVED TIME   RECORD YEAR NORMAL DEPARTURE LAST
                VALUE   (LST)  VALUE       VALUE  FROM      YEAR
                                                  NORMAL
..................................................................
TEMPERATURE (F)
 YESTERDAY
  MAXIMUM         33   1248 PM  56    1984  32      1       32
  MINIMUM         21   1159 PM -15    1933  18      3       23
  AVERAGE         27                        25      2       28

PRECIPITATION (IN)
  YESTERDAY        0.03          2.14 1942   0.11  -0.08     0.07
  MONTH TO DATE    3.68                      3.71  -0.03     4.57
  SINCE DEC 1      3.68                      3.71  -0.03     4.57
  SINCE JAN 1     40.81                     47.96  -7.15    40.26

SNOWFALL (IN)
  YESTERDAY        0.3           5.0  1939   0.6   -0.3      0.0
  MONTH TO DATE   17.1                      13.9    3.2      1.4
  SINCE DEC 1     17.1                      13.9    3.2      1.4
  SINCE JUL 1     17.1                      16.7    0.4      1.4
  SNOW DEPTH       0

DEGREE DAYS
 HEATING
  YESTERDAY       38                        40     -2       37
  MONTH TO DATE 1052                      1060     -8      695
  SINCE DEC 1   1052                      1060     -8      695
  SINCE JUL 1   2239                      2462   -223     1844

 COOLING
  YESTERDAY        0                         0      0        0
  MONTH TO DATE    0                         0      0        0
  SINCE DEC 1      0                         0      0        0
  SINCE JAN 1    663                       471    192      659
..................................................................


WIND (MPH)
  RESULTANT WIND SPEED  17   RESULTANT WIND DIRECTION   W (260)
  HIGHEST WIND SPEED    28   HIGHEST WIND DIRECTION     W (270)
  HIGHEST GUST SPEED    38   HIGHEST GUST DIRECTION     W (280)
  AVERAGE WIND SPEED    17.4


SKY COVER
  POSSIBLE SUNSHINE  MM
  AVERAGE SKY COVER 0.3


WEATHER CONDITIONS
 THE FOLLOWING WEATHER WAS RECORDED YESTERDAY.
  SNOW
  LIGHT SNOW
  FOG
  FOG W/VISIBILITY <= 1/4 MILE


RELATIVE HUMIDITY (PERCENT)
 HIGHEST    92           500 AM
 LOWEST     60           800 PM
 AVERAGE    76

..........................................................


THE WORCESTER MA CLIMATE NORMALS FOR TODAY
                         NORMAL    RECORD    YEAR
 MAXIMUM TEMPERATURE (F)   32        60      1965
                                             1932
                                             1895
 MINIMUM TEMPERATURE (F)   18       -13      1917


SUNRISE AND SUNSET
DECEMBER 31 2016......SUNRISE   716 AM EST   SUNSET   425 PM EST
JANUARY  1 2017.......SUNRISE   716 AM EST   SUNSET   426 PM EST


-  INDICATES NEGATIVE NUMBERS.
R  INDICATES RECORD WAS SET OR TIED.
MM INDICATES DATA IS MISSING.
T  INDICATES TRACE AMOUNT.




$$
