000
CDUS41 KBOX 021235
CLIORH


CLIMATE REPORT
NATIONAL WEATHER SERVICE TAUNTON MA
835 AM EDT TUE JUN 2 2015


...................................

...THE WORCESTER MA CLIMATE SUMMARY FOR JUNE 1 2015...

CLIMATE NORMAL PERIOD 1981 TO 2010
CLIMATE RECORD PERIOD 1892 TO 2015


WEATHER ITEM   OBSERVED TIME   RECORD YEAR NORMAL DEPARTURE LAST
                VALUE   (LST)  VALUE       VALUE  FROM      YEAR
                                                  NORMAL
..................................................................
TEMPERATURE (F)
 YESTERDAY
  MAXIMUM         48   1238 PM  92    1937  70    -22       73
  MINIMUM         44    712 PM  35    1945  52     -8       48
  AVERAGE         46                        61    -15       61

PRECIPITATION (IN)
  YESTERDAY        0.99          3.41 1952   0.16   0.83     0.00
  MONTH TO DATE    0.99                      0.16   0.83     0.00
  SINCE JUN 1      0.99                      0.16   0.83     0.00
  SINCE JAN 1     15.29                     19.39  -4.10    21.19

SNOWFALL (IN)
  YESTERDAY       MM             0.0  2002   0.0   MM        0.0
                                      2001
                                      2000
  MONTH TO DATE   MM                         0.0   MM        0.0
  SINCE JUN 1     MM                         0.0   MM        0.0
  SINCE JUL 1    119.7                      64.1   55.6     85.2
  SNOW DEPTH       0

DEGREE DAYS
 HEATING
  YESTERDAY       19                         5     14        4
  MONTH TO DATE   19                         5     14        4
  SINCE JUN 1     19                         5     14        4
  SINCE JUL 1   6911                      6639    272     7032

 COOLING
  YESTERDAY        0                         1     -1        0
  MONTH TO DATE    0                         1     -1        0
  SINCE JUN 1      0                         1     -1        0
  SINCE JAN 1     66                        23     43        8
..................................................................


WIND (MPH)
  RESULTANT WIND SPEED  12   RESULTANT WIND DIRECTION  NE (50)
  HIGHEST WIND SPEED    20   HIGHEST WIND DIRECTION    NE (60)
  HIGHEST GUST SPEED    31   HIGHEST GUST DIRECTION    NE (60)
  AVERAGE WIND SPEED    12.8


SKY COVER
  POSSIBLE SUNSHINE  MM
  AVERAGE SKY COVER 1.0


WEATHER CONDITIONS
 THE FOLLOWING WEATHER WAS RECORDED YESTERDAY.
  HEAVY RAIN
  RAIN
  LIGHT RAIN
  FOG


RELATIVE HUMIDITY (PERCENT)
 HIGHEST    93           100 AM
 LOWEST     86          1100 AM
 AVERAGE    90

..........................................................


THE WORCESTER MA CLIMATE NORMALS FOR TODAY
                         NORMAL    RECORD    YEAR
 MAXIMUM TEMPERATURE (F)   71        89      1920
                                             1895
                                             1892
 MINIMUM TEMPERATURE (F)   52        35      1902


SUNRISE AND SUNSET
JUNE  2 2015..........SUNRISE   513 AM EDT   SUNSET   818 PM EDT
JUNE  3 2015..........SUNRISE   513 AM EDT   SUNSET   819 PM EDT


-  INDICATES NEGATIVE NUMBERS.
R  INDICATES RECORD WAS SET OR TIED.
MM INDICATES DATA IS MISSING.
T  INDICATES TRACE AMOUNT.




$$
