000
CDUS41 KBOX 282133
CLIORH


CLIMATE REPORT
NATIONAL WEATHER SERVICE TAUNTON MA
532 PM EDT SAT MAR 28 2015


...................................

...THE WORCESTER MA CLIMATE SUMMARY FOR MARCH 28 2015...
VALID AS OF 0500 PM LOCAL TIME.

CLIMATE NORMAL PERIOD 1981 TO 2010
CLIMATE RECORD PERIOD 1892 TO 2015


WEATHER ITEM   OBSERVED TIME   RECORD YEAR NORMAL DEPARTURE LAST
                VALUE   (LST)  VALUE       VALUE  FROM      YEAR
                                                  NORMAL
..................................................................
TEMPERATURE (F)
 TODAY
  MAXIMUM         36    131 AM  81    1998  47    -11       51
                                      1945
  MINIMUM         31    108 PM   8    1923  30      1       31
  AVERAGE         34                        39     -5       41

PRECIPITATION (IN)
  TODAY            0.10          2.07 1932   0.14  -0.04     0.11
  MONTH TO DATE    2.38                      3.78  -1.40     1.41
  SINCE MAR 1      2.38                      3.78  -1.40     1.41
  SINCE JAN 1     10.69                     10.50   0.19     8.59

SNOWFALL (IN)
  TODAY            T             5.7  1932   0.2   -0.2      0.0
  MONTH TO DATE    8.2                      10.7   -2.5      3.4
  SINCE MAR 1      8.2                      10.7   -2.5      3.4
  SINCE JUL 1    116.8                      60.6   56.2     84.3
  SNOW DEPTH      MM

DEGREE DAYS
 HEATING
  TODAY           31                        26      5       24
  MONTH TO DATE  989                       862    127     1046
  SINCE MAR 1    989                       862    127     1046
  SINCE JUL 1   6103                      5699    404     6100

 COOLING
  TODAY            0                         0      0        0
  MONTH TO DATE    0                         0      0        0
  SINCE MAR 1      0                         0      0        0
  SINCE JAN 1      0                         0      0        0
..................................................................


WIND (MPH)
  HIGHEST WIND SPEED    17   HIGHEST WIND DIRECTION     N (10)
  HIGHEST GUST SPEED    25   HIGHEST GUST DIRECTION     N (20)
  AVERAGE WIND SPEED    10.2


SKY COVER
  POSSIBLE SUNSHINE  MM
  AVERAGE SKY COVER 1.0


WEATHER CONDITIONS
 THE FOLLOWING WEATHER WAS RECORDED TODAY.
  SNOW
  LIGHT SNOW
  FOG


RELATIVE HUMIDITY (PERCENT)
 HIGHEST    92           900 AM
 LOWEST     64          1200 AM
 AVERAGE    78

..........................................................


THE WORCESTER MA CLIMATE NORMALS FOR TOMORROW
                         NORMAL    RECORD    YEAR
 MAXIMUM TEMPERATURE (F)   48        84      1946
                                             1945
 MINIMUM TEMPERATURE (F)   31         0      1923


SUNRISE AND SUNSET
MARCH 28 2015.........SUNRISE   637 AM EDT   SUNSET   708 PM EDT
MARCH 29 2015.........SUNRISE   636 AM EDT   SUNSET   710 PM EDT


-  INDICATES NEGATIVE NUMBERS.
R  INDICATES RECORD WAS SET OR TIED.
MM INDICATES DATA IS MISSING.
T  INDICATES TRACE AMOUNT.




$$
