000
CDUS41 KBOX 210526
CLIORH


CLIMATE REPORT
NATIONAL WEATHER SERVICE TAUNTON MA
126 AM EDT FRI APR 21 2017


...................................

...THE WORCESTER MA CLIMATE SUMMARY FOR APRIL 20 2017...

CLIMATE NORMAL PERIOD 1981 TO 2010
CLIMATE RECORD PERIOD 1892 TO 2017


WEATHER ITEM   OBSERVED TIME   RECORD YEAR NORMAL DEPARTURE LAST
                VALUE   (LST)  VALUE       VALUE  FROM      YEAR
                                                  NORMAL
..................................................................
TEMPERATURE (F)
 YESTERDAY
  MAXIMUM         61    208 PM  91    1941  57      4       58
  MINIMUM         41    128 AM  20    1926  39      2       39
  AVERAGE         51                        48      3       49

PRECIPITATION (IN)
  YESTERDAY        0.04          1.66 1950   0.13  -0.09     0.00
  MONTH TO DATE    3.28                      2.83   0.45     2.31
  SINCE MAR 1      7.29                      7.04   0.25     5.80
  SINCE JAN 1     13.64                     13.76  -0.12    13.19

SNOWFALL (IN)
  YESTERDAY        0.0           2.5  1947   0.1   -0.1      0.0
  MONTH TO DATE    2.9                       2.4    0.5     10.0
  SINCE MAR 1     20.5                      13.8    6.7     15.5
  SINCE JUL 1     78.3                      63.7   14.6     47.2
  SNOW DEPTH      MM

DEGREE DAYS
 HEATING
  YESTERDAY       14                        17     -3       16
  MONTH TO DATE  339                       418    -79      455
  SINCE MAR 1   1419                      1357     62     1224
  SINCE JUL 1   5696                      6194   -498     5283

 COOLING
  YESTERDAY        0                         0      0        0
  MONTH TO DATE    6                         0      6        0
  SINCE MAR 1      6                         0      6        0
  SINCE JAN 1      6                         0      6        0
..................................................................


WIND (MPH)
  RESULTANT WIND SPEED   1   RESULTANT WIND DIRECTION   E (100)
  HIGHEST WIND SPEED    17   HIGHEST WIND DIRECTION    SW (210)
  HIGHEST GUST SPEED    23   HIGHEST GUST DIRECTION     S (200)
  AVERAGE WIND SPEED     7.7


SKY COVER
  POSSIBLE SUNSHINE  MM
  AVERAGE SKY COVER 0.9


WEATHER CONDITIONS
 THE FOLLOWING WEATHER WAS RECORDED YESTERDAY.
  LIGHT RAIN
  FOG


RELATIVE HUMIDITY (PERCENT)
 HIGHEST    96           400 AM
 LOWEST     53           300 PM
 AVERAGE    75

..........................................................


THE WORCESTER MA CLIMATE NORMALS FOR TODAY
                         NORMAL    RECORD    YEAR
 MAXIMUM TEMPERATURE (F)   58        83      1957
                                             1954
 MINIMUM TEMPERATURE (F)   39        24      1908


SUNRISE AND SUNSET
APRIL 21 2017.........SUNRISE   557 AM EDT   SUNSET   736 PM EDT
APRIL 22 2017.........SUNRISE   555 AM EDT   SUNSET   737 PM EDT


-  INDICATES NEGATIVE NUMBERS.
R  INDICATES RECORD WAS SET OR TIED.
MM INDICATES DATA IS MISSING.
T  INDICATES TRACE AMOUNT.




$$
