000
CDUS41 KBOX 270557
CLIORH


CLIMATE REPORT
NATIONAL WEATHER SERVICE TAUNTON MA
146 AM EDT WED AUG 27 2014


...................................

...THE WORCESTER MA CLIMATE SUMMARY FOR AUGUST 26 2014...

CLIMATE NORMAL PERIOD 1981 TO 2010
CLIMATE RECORD PERIOD 1892 TO 2014


WEATHER ITEM   OBSERVED TIME   RECORD YEAR NORMAL DEPARTURE LAST
                VALUE   (LST)  VALUE       VALUE  FROM      YEAR
                                                  NORMAL
..................................................................
TEMPERATURE (F)
 YESTERDAY
  MAXIMUM         84    240 PM  98    1948  76      8       76
  MINIMUM         63    217 AM  40    1942  59      4       61
  AVERAGE         74                        68      6       69

PRECIPITATION (IN)
  YESTERDAY        0.00          2.55 1892   0.11  -0.11     0.13
  MONTH TO DATE    2.27                      3.18  -0.91     2.99
  SINCE JUN 1     10.11                     11.60  -1.49    16.02
  SINCE JAN 1     31.30                     30.83   0.47    32.83

SNOWFALL (IN)
  YESTERDAY        0.0           0.0  2002   0.0    0.0      0.0
                                      2001
                                      2000
  MONTH TO DATE    0.0                       0.0    0.0      0.0
  SINCE JUN 1      0.0                       0.0    0.0      0.0
  SINCE JUL 1      0.0                       0.0    0.0      0.0
  SNOW DEPTH       0

DEGREE DAYS
 HEATING
  YESTERDAY        0                         1     -1        0
  MONTH TO DATE   17                        17      0        9
  SINCE JUN 1     62                       114    -52       83
  SINCE JUL 1     17                        31    -14       16

 COOLING
  YESTERDAY        9                         4      5        4
  MONTH TO DATE   79                       128    -49       77
  SINCE JUN 1    337                       387    -50      478
  SINCE JAN 1    345                       409    -64      502
..................................................................


WIND (MPH)
  RESULTANT WIND SPEED   6   RESULTANT WIND DIRECTION  SW (240)
  HIGHEST WIND SPEED    13   HIGHEST WIND DIRECTION    SW (240)
  HIGHEST GUST SPEED    17   HIGHEST GUST DIRECTION     W (250)
  AVERAGE WIND SPEED     7.3


SKY COVER
  POSSIBLE SUNSHINE  MM
  AVERAGE SKY COVER 0.0


WEATHER CONDITIONS
 THE FOLLOWING WEATHER WAS RECORDED YESTERDAY.
  NO SIGNIFICANT WEATHER WAS OBSERVED.


RELATIVE HUMIDITY (PERCENT)
 HIGHEST    93          1100 PM
 LOWEST     37           300 PM
 AVERAGE    65

..........................................................


THE WORCESTER MA CLIMATE NORMALS FOR TODAY
                         NORMAL    RECORD    YEAR
 MAXIMUM TEMPERATURE (F)   76        94      1948
 MINIMUM TEMPERATURE (F)   59        41      1944
                                             1940


SUNRISE AND SUNSET
AUGUST 27 2014........SUNRISE   607 AM EDT   SUNSET   730 PM EDT
AUGUST 28 2014........SUNRISE   608 AM EDT   SUNSET   728 PM EDT


-  INDICATES NEGATIVE NUMBERS.
R  INDICATES RECORD WAS SET OR TIED.
MM INDICATES DATA IS MISSING.
T  INDICATES TRACE AMOUNT.




$$
