000
CDUS41 KBOX 170941
CLIORH


CLIMATE REPORT
NATIONAL WEATHER SERVICE TAUNTON MA
431 AM EST SAT FEB 17 2018


...................................

...THE WORCESTER MA CLIMATE SUMMARY FOR FEBRUARY 16 2018...

CLIMATE NORMAL PERIOD 1981 TO 2010
CLIMATE RECORD PERIOD 1892 TO 2018


WEATHER ITEM   OBSERVED TIME   RECORD YEAR NORMAL DEPARTURE LAST
                VALUE   (LST)  VALUE       VALUE  FROM      YEAR
                                                  NORMAL
..................................................................
TEMPERATURE (F)
 YESTERDAY
  MAXIMUM         50    515 AM  62    1954  35     15       32
  MINIMUM         29   1159 PM -24    1943  20      9       20
  AVERAGE         40                        27     13       26

PRECIPITATION (IN)
  YESTERDAY        0.01          1.25 1964   0.12  -0.11      T
  MONTH TO DATE    3.03                      1.81   1.22     2.12
  SINCE DEC 1      9.50                      9.12   0.38     9.83
  SINCE JAN 1      6.65                      5.30   1.35     6.03

SNOWFALL (IN)
  YESTERDAY        0.0          12.9  1958   0.6   -0.6       T
  MONTH TO DATE    4.0                       9.2   -5.2     25.4
  SINCE DEC 1     39.5                      40.7   -1.2     57.8
  SINCE JUL 1     39.5                      43.5   -4.0     57.8
  SNOW DEPTH      MM

DEGREE DAYS
 HEATING
  YESTERDAY       25                        38    -13       39
  MONTH TO DATE  573                       626    -53      643
  SINCE DEC 1   3065                      2997     68     2817
  SINCE JUL 1   4201                      4399   -198     4004

 COOLING
  YESTERDAY        0                         0      0        0
  MONTH TO DATE    0                         0      0        0
  SINCE DEC 1      0                         0      0        0
  SINCE JAN 1      0                         0      0        0
..................................................................


WIND (MPH)
  RESULTANT WIND SPEED  13   RESULTANT WIND DIRECTION   W (280)
  HIGHEST WIND SPEED    26   HIGHEST WIND DIRECTION     W (290)
  HIGHEST GUST SPEED    37   HIGHEST GUST DIRECTION     W (280)
  AVERAGE WIND SPEED    13.6


SKY COVER
  POSSIBLE SUNSHINE  MM
  AVERAGE SKY COVER 0.5


WEATHER CONDITIONS
 THE FOLLOWING WEATHER WAS RECORDED YESTERDAY.
  LIGHT RAIN
  FOG


RELATIVE HUMIDITY (PERCENT)
 HIGHEST   100           200 AM
 LOWEST     51          1000 PM
 AVERAGE    76

..........................................................


THE WORCESTER MA CLIMATE NORMALS FOR TODAY
                         NORMAL    RECORD    YEAR
 MAXIMUM TEMPERATURE (F)   35        56      1981
 MINIMUM TEMPERATURE (F)   20       -14      1896


SUNRISE AND SUNSET
FEBRUARY 17 2018......SUNRISE   641 AM EST   SUNSET   522 PM EST
FEBRUARY 18 2018......SUNRISE   640 AM EST   SUNSET   524 PM EST


-  INDICATES NEGATIVE NUMBERS.
R  INDICATES RECORD WAS SET OR TIED.
MM INDICATES DATA IS MISSING.
T  INDICATES TRACE AMOUNT.




$$
