000
CDUS41 KBOX 250530
CLIORH


CLIMATE REPORT
NATIONAL WEATHER SERVICE TAUNTON MA
130 AM EDT MON JUL 25 2016


...................................

...THE WORCESTER MA CLIMATE SUMMARY FOR JULY 24 2016...

CLIMATE NORMAL PERIOD 1981 TO 2010
CLIMATE RECORD PERIOD 1892 TO 2016


WEATHER ITEM   OBSERVED TIME   RECORD YEAR NORMAL DEPARTURE LAST
                VALUE   (LST)  VALUE       VALUE  FROM      YEAR
                                                  NORMAL
..................................................................
TEMPERATURE (F)
 YESTERDAY
  MAXIMUM         86    540 PM  94    1910  79      7       77
  MINIMUM         64    436 AM  48    1934  62      2       58
  AVERAGE         75                        71      4       68

PRECIPITATION (IN)
  YESTERDAY        0.00          2.42 1988   0.14  -0.14     0.34
  MONTH TO DATE    1.52                      3.23  -1.71     2.53
  SINCE JUN 1      3.18                      7.42  -4.24     8.88
  SINCE JAN 1     18.90                     26.65  -7.75    23.18

SNOWFALL (IN)
  YESTERDAY        0.0           0.0  2002   0.0    0.0      0.0
                                      2001
                                      2000
  MONTH TO DATE    0.0                       0.0    0.0      0.0
  SINCE JUN 1      0.0                       0.0    0.0      0.0
  SINCE JUL 1      0.0                       0.0    0.0      0.0
  SNOW DEPTH      MM

DEGREE DAYS
 HEATING
  YESTERDAY        0                         0      0        0
  MONTH TO DATE    9                         9      0        0
  SINCE JUN 1     60                        92    -32       94
  SINCE JUL 1      9                         9      0        0

 COOLING
  YESTERDAY       10                         6      4        3
  MONTH TO DATE  170                       135     35      166
  SINCE JUN 1    242                       219     23      250
  SINCE JAN 1    284                       241     43      316
..................................................................


WIND (MPH)
  RESULTANT WIND SPEED   8   RESULTANT WIND DIRECTION  NW (300)
  HIGHEST WIND SPEED    16   HIGHEST WIND DIRECTION     W (280)
  HIGHEST GUST SPEED    21   HIGHEST GUST DIRECTION    NW (310)
  AVERAGE WIND SPEED     9.2


SKY COVER
  POSSIBLE SUNSHINE  MM
  AVERAGE SKY COVER 0.0


WEATHER CONDITIONS
 THE FOLLOWING WEATHER WAS RECORDED YESTERDAY.
  NO SIGNIFICANT WEATHER WAS OBSERVED.


RELATIVE HUMIDITY (PERCENT)
 HIGHEST    78           200 AM
 LOWEST     29           600 PM
 AVERAGE    54

..........................................................


THE WORCESTER MA CLIMATE NORMALS FOR TODAY
                         NORMAL    RECORD    YEAR
 MAXIMUM TEMPERATURE (F)   79        93      1941
 MINIMUM TEMPERATURE (F)   62        48      1953


SUNRISE AND SUNSET
JULY 25 2016..........SUNRISE   534 AM EDT   SUNSET   814 PM EDT
JULY 26 2016..........SUNRISE   535 AM EDT   SUNSET   813 PM EDT


-  INDICATES NEGATIVE NUMBERS.
R  INDICATES RECORD WAS SET OR TIED.
MM INDICATES DATA IS MISSING.
T  INDICATES TRACE AMOUNT.




$$
