000
CDUS41 KBOX 270554
CLIORH


CLIMATE REPORT
NATIONAL WEATHER SERVICE TAUNTON MA
144 AM EDT SAT AUG 27 2016


...................................

...THE WORCESTER MA CLIMATE SUMMARY FOR AUGUST 26 2016...

CLIMATE NORMAL PERIOD 1981 TO 2010
CLIMATE RECORD PERIOD 1892 TO 2016


WEATHER ITEM   OBSERVED TIME   RECORD YEAR NORMAL DEPARTURE LAST
                VALUE   (LST)  VALUE       VALUE  FROM      YEAR
                                                  NORMAL
..................................................................
TEMPERATURE (F)
 YESTERDAY
  MAXIMUM         85    409 PM  98    1948  76      9       76
  MINIMUM         66    206 AM  40    1942  59      7       61
  AVERAGE         76                        68      8       69

PRECIPITATION (IN)
  YESTERDAY        0.00          2.55 1892   0.11  -0.11     0.00
  MONTH TO DATE    3.96                      3.18   0.78     3.21
  SINCE JUN 1      7.68                     11.60  -3.92    12.42
  SINCE JAN 1     23.40                     30.83  -7.43    26.72

SNOWFALL (IN)
  YESTERDAY        0.0           0.0  2002   0.0    0.0      0.0
                                      2001
                                      2000
  MONTH TO DATE    0.0                       0.0    0.0      0.0
  SINCE JUN 1      0.0                       0.0    0.0      0.0
  SINCE JUL 1      0.0                       0.0    0.0      0.0
  SNOW DEPTH       0

DEGREE DAYS
 HEATING
  YESTERDAY        0                         1     -1        0
  MONTH TO DATE    0                        17    -17        0
  SINCE JUN 1     60                       114    -54       95
  SINCE JUL 1      9                        31    -22        1

 COOLING
  YESTERDAY       11                         4      7        4
  MONTH TO DATE  198                       128     70      165
  SINCE JUN 1    514                       387    127      472
  SINCE JAN 1    556                       409    147      538
..................................................................


WIND (MPH)
  RESULTANT WIND SPEED   7   RESULTANT WIND DIRECTION   W (260)
  HIGHEST WIND SPEED    16   HIGHEST WIND DIRECTION    NW (310)
  HIGHEST GUST SPEED    20   HIGHEST GUST DIRECTION    NW (300)
  AVERAGE WIND SPEED     8.3


SKY COVER
  POSSIBLE SUNSHINE  MM
  AVERAGE SKY COVER 0.4


WEATHER CONDITIONS
 THE FOLLOWING WEATHER WAS RECORDED YESTERDAY.
  FOG


RELATIVE HUMIDITY (PERCENT)
 HIGHEST    97           700 AM
 LOWEST     48           400 PM
 AVERAGE    73

..........................................................


THE WORCESTER MA CLIMATE NORMALS FOR TODAY
                         NORMAL    RECORD    YEAR
 MAXIMUM TEMPERATURE (F)   76        94      1948
 MINIMUM TEMPERATURE (F)   59        41      1944
                                             1940


SUNRISE AND SUNSET
AUGUST 27 2016........SUNRISE   608 AM EDT   SUNSET   729 PM EDT
AUGUST 28 2016........SUNRISE   609 AM EDT   SUNSET   727 PM EDT


-  INDICATES NEGATIVE NUMBERS.
R  INDICATES RECORD WAS SET OR TIED.
MM INDICATES DATA IS MISSING.
T  INDICATES TRACE AMOUNT.




$$
