117
CDUS41 KBOX 202131
CLIORH


CLIMATE REPORT
NATIONAL WEATHER SERVICE TAUNTON MA
531 PM EDT WED MAY 20 2015


...................................

...THE WORCESTER MA CLIMATE SUMMARY FOR MAY 20 2015...
VALID TODAY AS OF 0500 PM LOCAL TIME.

CLIMATE NORMAL PERIOD 1981 TO 2010
CLIMATE RECORD PERIOD 1892 TO 2015


WEATHER ITEM   OBSERVED TIME   RECORD YEAR NORMAL DEPARTURE LAST
                VALUE   (LST)  VALUE       VALUE  FROM      YEAR
                                                  NORMAL
..................................................................
TEMPERATURE (F)
 TODAY
  MAXIMUM         60   1247 PM  91    1903  67     -7       72
  MINIMUM         50    438 AM  34    1944  48      2       51
  AVERAGE         55                        58     -3       62

PRECIPITATION (IN)
  TODAY            0.00          1.14 1943   0.14  -0.14     0.00
  MONTH TO DATE    0.14                      2.56  -2.42     2.83
  SINCE MAR 1      5.53                     10.88  -5.35    12.69
  SINCE JAN 1     13.84                     17.60  -3.76    19.87

SNOWFALL (IN)
  TODAY            0.0           0.0  2002   0.0    0.0      0.0
                                      2001
                                      2000
  MONTH TO DATE    0.0                       0.0    0.0      0.0
  SINCE MAR 1     11.1                      14.2   -3.1      4.3
  SINCE JUL 1    119.7                      64.1   55.6     85.2
  SNOW DEPTH      MM

DEGREE DAYS
 HEATING
  TODAY           10                         8      2        3
  MONTH TO DATE   93                       213   -120      167
  SINCE MAR 1   1737                      1723     14     1878
  SINCE JUL 1   6851                      6560    291     6932

 COOLING
  TODAY            0                         1     -1        0
  MONTH TO DATE   29                         5     24        6
  SINCE MAR 1     29                         8     21        6
  SINCE JAN 1     29                         8     21        6
..................................................................


WIND (MPH)
  HIGHEST WIND SPEED    33   HIGHEST WIND DIRECTION    NW (300)
  HIGHEST GUST SPEED    41   HIGHEST GUST DIRECTION     W (290)
  AVERAGE WIND SPEED    19.4


SKY COVER
  POSSIBLE SUNSHINE  MM
  AVERAGE SKY COVER 0.3


WEATHER CONDITIONS
 THE FOLLOWING WEATHER WAS RECORDED TODAY.
  NO SIGNIFICANT WEATHER WAS OBSERVED.


RELATIVE HUMIDITY (PERCENT)
 HIGHEST    68           300 AM
 LOWEST     43          1200 PM
 AVERAGE    56

..........................................................


THE WORCESTER MA CLIMATE NORMALS FOR TOMORROW
                         NORMAL    RECORD    YEAR
 MAXIMUM TEMPERATURE (F)   67        88      1975
 MINIMUM TEMPERATURE (F)   48        32      1936


SUNRISE AND SUNSET
MAY 20 2015...........SUNRISE   522 AM EDT   SUNSET   807 PM EDT
MAY 21 2015...........SUNRISE   521 AM EDT   SUNSET   808 PM EDT


-  INDICATES NEGATIVE NUMBERS.
R  INDICATES RECORD WAS SET OR TIED.
MM INDICATES DATA IS MISSING.
T  INDICATES TRACE AMOUNT.




$$
