875
CDUS41 KBOX 082123
CLIORH


CLIMATE REPORT
NATIONAL WEATHER SERVICE TAUNTON MA
423 PM EST THU DEC 8 2016


...................................

...THE WORCESTER MA CLIMATE SUMMARY FOR DECEMBER 8 2016...
VALID AS OF 0400 PM LOCAL TIME.

CLIMATE NORMAL PERIOD 1981 TO 2010
CLIMATE RECORD PERIOD 1892 TO 2016


WEATHER ITEM   OBSERVED TIME   RECORD YEAR NORMAL DEPARTURE LAST
                VALUE   (LST)  VALUE       VALUE  FROM      YEAR
                                                  NORMAL
..................................................................
TEMPERATURE (F)
 TODAY
  MAXIMUM         37    240 PM  61    1966  39     -2       37
                                      1927
  MINIMUM         29    721 AM  -3    1906  25      4       33
  AVERAGE         33                        32      1       35

PRECIPITATION (IN)
  TODAY            0.00          1.76 1974   0.13  -0.13     0.00
  MONTH TO DATE    0.71                      1.07  -0.36     0.51
  SINCE DEC 1      0.71                      1.07  -0.36     0.51
  SINCE JAN 1     37.84                     45.32  -7.48    36.20

SNOWFALL (IN)
  TODAY            0.0           2.1  1917   0.4   -0.4      0.0
  MONTH TO DATE    2.1                       2.8   -0.7      0.0
  SINCE DEC 1      2.1                       2.8   -0.7      0.0
  SINCE JUL 1      2.1                       5.6   -3.5       T
  SNOW DEPTH      MM

DEGREE DAYS
 HEATING
  TODAY           32                        33     -1       30
  MONTH TO DATE  239                       253    -14      202
  SINCE DEC 1    239                       253    -14      202
  SINCE JUL 1   1426                      1655   -229     1351

 COOLING
  TODAY            0                         0      0        0
  MONTH TO DATE    0                         0      0        0
  SINCE DEC 1      0                         0      0        0
  SINCE JAN 1    663                       471    192      659
..................................................................


WIND (MPH)
  HIGHEST WIND SPEED    14   HIGHEST WIND DIRECTION     W (250)
  HIGHEST GUST SPEED    17   HIGHEST GUST DIRECTION     W (250)
  AVERAGE WIND SPEED     7.9


SKY COVER
  POSSIBLE SUNSHINE  MM
  AVERAGE SKY COVER 0.5


WEATHER CONDITIONS
 THE FOLLOWING WEATHER WAS RECORDED TODAY.
  FOG


RELATIVE HUMIDITY (PERCENT)
 HIGHEST    92           500 AM
 LOWEST     70           300 PM
 AVERAGE    81

..........................................................


THE WORCESTER MA CLIMATE NORMALS FOR TOMORROW
                         NORMAL    RECORD    YEAR
 MAXIMUM TEMPERATURE (F)   38        66      1966
 MINIMUM TEMPERATURE (F)   25       -13      1902


SUNRISE AND SUNSET
DECEMBER  8 2016......SUNRISE   704 AM EST   SUNSET   415 PM EST
DECEMBER  9 2016......SUNRISE   705 AM EST   SUNSET   415 PM EST


-  INDICATES NEGATIVE NUMBERS.
R  INDICATES RECORD WAS SET OR TIED.
MM INDICATES DATA IS MISSING.
T  INDICATES TRACE AMOUNT.




$$
