000
CDUS41 KBOX 192132
CLIORH


CLIMATE REPORT
NATIONAL WEATHER SERVICE TAUNTON MA
428 PM EST WED NOV 19 2014


...................................

...THE WORCESTER MA CLIMATE SUMMARY FOR NOVEMBER 19 2014...
VALID AS OF 0400 PM LOCAL TIME.

CLIMATE NORMAL PERIOD 1981 TO 2010
CLIMATE RECORD PERIOD 1892 TO 2014


WEATHER ITEM   OBSERVED TIME   RECORD YEAR NORMAL DEPARTURE LAST
                VALUE   (LST)  VALUE       VALUE  FROM      YEAR
                                                  NORMAL
..................................................................
TEMPERATURE (F)
 TODAY
  MAXIMUM         30    153 PM  74    1941  46    -16       44
  MINIMUM         17    716 AM   9    1924  32    -15       27
  AVERAGE         24                        39    -15       36

PRECIPITATION (IN)
  TODAY            0.00          1.33 1926   0.15  -0.15     0.00
  MONTH TO DATE    2.15                      2.70  -0.55     0.74
  SINCE SEP 1     11.24                     11.31  -0.07     5.40
  SINCE JAN 1     46.27                     42.67   3.60    38.42

SNOWFALL (IN)
  TODAY            0.0           6.6  1986   0.1   -0.1      0.0
  MONTH TO DATE    0.8                       1.0   -0.2      0.5
  SINCE SEP 1      0.8                       1.2   -0.4      0.5
  SINCE JUL 1      0.8                       1.2   -0.4      0.5
  SNOW DEPTH      MM

DEGREE DAYS
 HEATING
  TODAY           41                        26     15       29
  MONTH TO DATE  481                       433     48      435
  SINCE SEP 1   1027                      1055    -28     1014
  SINCE JUL 1   1047                      1094    -47     1033

 COOLING
  TODAY            0                         0      0        0
  MONTH TO DATE    0                         0      0        0
  SINCE SEP 1     64                        45     19       41
  SINCE JAN 1    426                       471    -45      572
..................................................................


WIND (MPH)
  HIGHEST WIND SPEED    25   HIGHEST WIND DIRECTION     W (250)
  HIGHEST GUST SPEED    31   HIGHEST GUST DIRECTION     W (290)
  AVERAGE WIND SPEED    15.3


SKY COVER
  POSSIBLE SUNSHINE  MM
  AVERAGE SKY COVER 0.0


WEATHER CONDITIONS
 THE FOLLOWING WEATHER WAS RECORDED TODAY.
  NO SIGNIFICANT WEATHER WAS OBSERVED.


RELATIVE HUMIDITY (PERCENT)
 HIGHEST    54           200 AM
 LOWEST     34           400 PM
 AVERAGE    44

..........................................................


THE WORCESTER MA CLIMATE NORMALS FOR TOMORROW
                         NORMAL    RECORD    YEAR
 MAXIMUM TEMPERATURE (F)   46        70      1991
                                             1985
                                             1953
 MINIMUM TEMPERATURE (F)   32        14      1986


SUNRISE AND SUNSET
NOVEMBER 19 2014......SUNRISE   643 AM EST   SUNSET   422 PM EST
NOVEMBER 20 2014......SUNRISE   644 AM EST   SUNSET   422 PM EST


-  INDICATES NEGATIVE NUMBERS.
R  INDICATES RECORD WAS SET OR TIED.
MM INDICATES DATA IS MISSING.
T  INDICATES TRACE AMOUNT.




$$
