329
CDUS41 KBOX 030527
CLIORH


CLIMATE REPORT
NATIONAL WEATHER SERVICE TAUNTON MA
127 AM EDT TUE MAY 3 2016


...................................

...THE WORCESTER MA CLIMATE SUMMARY FOR MAY 2 2016...

CLIMATE NORMAL PERIOD 1981 TO 2010
CLIMATE RECORD PERIOD 1892 TO 2016


WEATHER ITEM   OBSERVED TIME   RECORD YEAR NORMAL DEPARTURE LAST
                VALUE   (LST)  VALUE       VALUE  FROM      YEAR
                                                  NORMAL
..................................................................
TEMPERATURE (F)
 YESTERDAY
  MAXIMUM         48    827 PM  87    2001  62    -14       66
  MINIMUM         38    358 AM  29    1948  43     -5       38
                                      1931
  AVERAGE         43                        52     -9       52

PRECIPITATION (IN)
  YESTERDAY        0.40          1.28 1989   0.13   0.27     0.00
  MONTH TO DATE    0.45                      0.25   0.20     0.00
  SINCE MAR 1      6.57                      8.57  -2.00     5.39
  SINCE JAN 1     13.96                     15.29  -1.33    13.70

SNOWFALL (IN)
  YESTERDAY        0.0           T    1953   0.1   -0.1      0.0
  MONTH TO DATE    0.0                       0.1   -0.1      0.0
  SINCE MAR 1     15.5                      14.3    1.2     11.1
  SINCE JUL 1     47.2                      64.2  -17.0    119.7
  SNOW DEPTH      MM

DEGREE DAYS
 HEATING
  YESTERDAY       22                        13      9       13
  MONTH TO DATE   43                        26     17       30
  SINCE MAR 1   1415                      1536   -121     1674
  SINCE JUL 1   5474                      6373   -899     6788

 COOLING
  YESTERDAY        0                         0      0        0
  MONTH TO DATE    0                         0      0        0
  SINCE MAR 1      4                         3      1        0
  SINCE JAN 1      4                         3      1        0
..................................................................


WIND (MPH)
  RESULTANT WIND SPEED   4   RESULTANT WIND DIRECTION   N (20)
  HIGHEST WIND SPEED    13   HIGHEST WIND DIRECTION     W (270)
  HIGHEST GUST SPEED    17   HIGHEST GUST DIRECTION     W (260)
  AVERAGE WIND SPEED     5.9


SKY COVER
  POSSIBLE SUNSHINE  MM
  AVERAGE SKY COVER 0.9


WEATHER CONDITIONS
 THE FOLLOWING WEATHER WAS RECORDED YESTERDAY.
  HEAVY RAIN
  RAIN
  LIGHT RAIN
  FOG
  FOG W/VISIBILITY <= 1/4 MILE


RELATIVE HUMIDITY (PERCENT)
 HIGHEST   100          1200 AM
 LOWEST     92           300 AM
 AVERAGE    96

..........................................................


THE WORCESTER MA CLIMATE NORMALS FOR TODAY
                         NORMAL    RECORD    YEAR
 MAXIMUM TEMPERATURE (F)   62        87      2001
                                             1942
 MINIMUM TEMPERATURE (F)   43        28      1946


SUNRISE AND SUNSET
MAY  3 2016...........SUNRISE   540 AM EDT   SUNSET   750 PM EDT
MAY  4 2016...........SUNRISE   538 AM EDT   SUNSET   751 PM EDT


-  INDICATES NEGATIVE NUMBERS.
R  INDICATES RECORD WAS SET OR TIED.
MM INDICATES DATA IS MISSING.
T  INDICATES TRACE AMOUNT.




$$
