000
CDUS41 KBOX 160558
CLIORH


CLIMATE REPORT
NATIONAL WEATHER SERVICE TAUNTON MA
156 AM EDT WED AUG 16 2017


...................................

...THE WORCESTER MA CLIMATE SUMMARY FOR AUGUST 15 2017...

CLIMATE NORMAL PERIOD 1981 TO 2010
CLIMATE RECORD PERIOD 1892 TO 2017


WEATHER ITEM   OBSERVED TIME   RECORD YEAR NORMAL DEPARTURE LAST
                VALUE   (LST)  VALUE       VALUE  FROM      YEAR
                                                  NORMAL
..................................................................
TEMPERATURE (F)
 YESTERDAY
  MAXIMUM         73    335 PM  94    1944  78     -5       83
  MINIMUM         63    333 AM  46    1946  61      2       67
  AVERAGE         68                        69     -1       75

PRECIPITATION (IN)
  YESTERDAY        0.02          2.38 2011   0.12  -0.10     0.00
  MONTH TO DATE    1.27                      1.94  -0.67     2.44
  SINCE JUN 1      7.89                     10.36  -2.47     6.16
  SINCE JAN 1     28.97                     29.59  -0.62    21.88

SNOWFALL (IN)
  YESTERDAY        0.0           0.0  2002   0.0    0.0      0.0
                                      2001
                                      2000
  MONTH TO DATE    0.0                       0.0    0.0      0.0
  SINCE JUN 1      0.0                       0.0    0.0      0.0
  SINCE JUL 1      0.0                       0.0    0.0      0.0
  SNOW DEPTH       0

DEGREE DAYS
 HEATING
  YESTERDAY        0                         1     -1        0
  MONTH TO DATE    2                         6     -4        0
  SINCE JUN 1    117                       103     14       60
  SINCE JUL 1     31                        20     11        9

 COOLING
  YESTERDAY        3                         5     -2       10
  MONTH TO DATE   68                        81    -13      125
  SINCE JUN 1    341                       340      1      441
  SINCE JAN 1    375                       362     13      483
..................................................................


WIND (MPH)
  RESULTANT WIND SPEED   8   RESULTANT WIND DIRECTION  SW (220)
  HIGHEST WIND SPEED    15   HIGHEST WIND DIRECTION     W (250)
  HIGHEST GUST SPEED    19   HIGHEST GUST DIRECTION     W (270)
  AVERAGE WIND SPEED     8.9


SKY COVER
  POSSIBLE SUNSHINE  MM
  AVERAGE SKY COVER 0.8


WEATHER CONDITIONS
 THE FOLLOWING WEATHER WAS RECORDED YESTERDAY.
  LIGHT RAIN
  FOG


RELATIVE HUMIDITY (PERCENT)
 HIGHEST    93           100 AM
 LOWEST     64           300 PM
 AVERAGE    79

..........................................................


THE WORCESTER MA CLIMATE NORMALS FOR TODAY
                         NORMAL    RECORD    YEAR
 MAXIMUM TEMPERATURE (F)   78        96      1944
 MINIMUM TEMPERATURE (F)   61        46      1934


SUNRISE AND SUNSET
AUGUST 16 2017........SUNRISE   556 AM EDT   SUNSET   746 PM EDT
AUGUST 17 2017........SUNRISE   557 AM EDT   SUNSET   745 PM EDT


-  INDICATES NEGATIVE NUMBERS.
R  INDICATES RECORD WAS SET OR TIED.
MM INDICATES DATA IS MISSING.
T  INDICATES TRACE AMOUNT.




$$
