000
CDUS41 KBOX 220546
CLIORH


CLIMATE REPORT
NATIONAL WEATHER SERVICE TAUNTON MA
145 AM EDT TUE APR 22 2014


...................................

...THE WORCESTER MA CLIMATE SUMMARY FOR APRIL 21 2014...

CLIMATE NORMAL PERIOD 1981 TO 2010
CLIMATE RECORD PERIOD 1892 TO 2014


WEATHER ITEM   OBSERVED TIME   RECORD YEAR NORMAL DEPARTURE LAST
                VALUE   (LST)  VALUE       VALUE  FROM      YEAR
                                                  NORMAL
..................................................................
TEMPERATURE (F)
 YESTERDAY
  MAXIMUM         68    405 PM  83    1957  58     10       51
                                      1954
  MINIMUM         34    419 AM  24    1908  39     -5       29
  AVERAGE         51                        48      3       40

PRECIPITATION (IN)
  YESTERDAY        0.00          2.78 1991   0.12  -0.12     0.00
  MONTH TO DATE    2.35                      2.95  -0.60     1.76
  SINCE MAR 1      7.77                      7.16   0.61     5.44
  SINCE JAN 1     14.95                     13.88   1.07    12.32

SNOWFALL (IN)
  YESTERDAY        0.0           1.8  1947   0.0    0.0      0.0
  MONTH TO DATE    0.6                       2.4   -1.8      0.0
  SINCE MAR 1      4.3                      13.8   -9.5     30.9
  SINCE JUL 1     85.2                      63.7   21.5    108.9
  SNOW DEPTH      MM

DEGREE DAYS
 HEATING
  YESTERDAY       14                        17     -3       25
  MONTH TO DATE  413                       435    -22      428
  SINCE MAR 1   1541                      1374    167     1392
  SINCE JUL 1   6595                      6211    384     5829

 COOLING
  YESTERDAY        0                         0      0        0
  MONTH TO DATE    0                         0      0        0
  SINCE MAR 1      0                         0      0        0
  SINCE JAN 1      0                         0      0        0
..................................................................


WIND (MPH)
  RESULTANT WIND SPEED  10   RESULTANT WIND DIRECTION  SW (240)
  HIGHEST WIND SPEED    18   HIGHEST WIND DIRECTION     W (250)
  HIGHEST GUST SPEED    23   HIGHEST GUST DIRECTION     W (250)
  AVERAGE WIND SPEED    11.2


SKY COVER
  POSSIBLE SUNSHINE  MM
  AVERAGE SKY COVER 0.0


WEATHER CONDITIONS
 THE FOLLOWING WEATHER WAS RECORDED YESTERDAY.
  NO SIGNIFICANT WEATHER WAS OBSERVED.


RELATIVE HUMIDITY (PERCENT)
 HIGHEST    64          1200 AM
 LOWEST     10           300 PM
 AVERAGE    37

..........................................................


THE WORCESTER MA CLIMATE NORMALS FOR TODAY
                         NORMAL    RECORD    YEAR
 MAXIMUM TEMPERATURE (F)   58        84      1973
 MINIMUM TEMPERATURE (F)   39        23      1989
                                             1981
                                             1947


SUNRISE AND SUNSET
APRIL 22 2014.........SUNRISE   556 AM EDT   SUNSET   737 PM EDT
APRIL 23 2014.........SUNRISE   554 AM EDT   SUNSET   738 PM EDT


-  INDICATES NEGATIVE NUMBERS.
R  INDICATES RECORD WAS SET OR TIED.
MM INDICATES DATA IS MISSING.
T  INDICATES TRACE AMOUNT.




$$
