000
CDUS41 KBOX 280555
CLIORH


CLIMATE REPORT
NATIONAL WEATHER SERVICE TAUNTON MA
1255 AM EST SAT FEB 28 2015


...................................

...THE WORCESTER MA CLIMATE SUMMARY FOR FEBRUARY 27 2015...

CLIMATE NORMAL PERIOD 1981 TO 2010
CLIMATE RECORD PERIOD 1892 TO 2015


WEATHER ITEM   OBSERVED TIME   RECORD YEAR NORMAL DEPARTURE LAST
                VALUE   (LST)  VALUE       VALUE  FROM      YEAR
                                                  NORMAL
..................................................................
TEMPERATURE (F)
 YESTERDAY
  MAXIMUM         24    339 PM  60    1997  38    -14       24
  MINIMUM          8    513 AM  -8    1900  22    -14        4
  AVERAGE         16                        30    -14       14

PRECIPITATION (IN)
  YESTERDAY        0.00          1.24 2013   0.12  -0.12     0.02
  MONTH TO DATE    3.28                      3.10   0.18     4.08
  SINCE DEC 1     13.21                     10.41   2.80    11.61
  SINCE JAN 1      8.31                      6.59   1.72     7.18

SNOWFALL (IN)
  YESTERDAY        0.0           6.0  1935   0.5   -0.5      0.3
  MONTH TO DATE   53.4                      15.1   38.3     41.5
  SINCE DEC 1    101.4                      46.6   54.8     80.4
  SINCE JUL 1    108.6                      49.4   59.2     80.9
  SNOW DEPTH      MM

DEGREE DAYS
 HEATING
  YESTERDAY       49                        35     14       51
  MONTH TO DATE 1365                      1028    337     1111
  SINCE DEC 1   3687                      3399    288     3588
  SINCE JUL 1   5065                      4801    264     5000

 COOLING
  YESTERDAY        0                         0      0        0
  MONTH TO DATE    0                         0      0        0
  SINCE DEC 1      0                         0      0        0
  SINCE JAN 1      0                         0      0        0
..................................................................


WIND (MPH)
  RESULTANT WIND SPEED   8   RESULTANT WIND DIRECTION  NW (310)
  HIGHEST WIND SPEED    18   HIGHEST WIND DIRECTION    NW (300)
  HIGHEST GUST SPEED    23   HIGHEST GUST DIRECTION    NW (300)
  AVERAGE WIND SPEED     9.2


SKY COVER
  POSSIBLE SUNSHINE  MM
  AVERAGE SKY COVER 0.2


WEATHER CONDITIONS
 THE FOLLOWING WEATHER WAS RECORDED YESTERDAY.
  NO SIGNIFICANT WEATHER WAS OBSERVED.


RELATIVE HUMIDITY (PERCENT)
 HIGHEST    57           700 AM
 LOWEST     30           300 PM
 AVERAGE    44

..........................................................


THE WORCESTER MA CLIMATE NORMALS FOR TODAY
                         NORMAL    RECORD    YEAR
 MAXIMUM TEMPERATURE (F)   38        59      1976
                                             1903
 MINIMUM TEMPERATURE (F)   22       -12      1934


SUNRISE AND SUNSET
FEBRUARY 28 2015......SUNRISE   625 AM EST   SUNSET   536 PM EST
MARCH  1 2015.........SUNRISE   623 AM EST   SUNSET   537 PM EST


-  INDICATES NEGATIVE NUMBERS.
R  INDICATES RECORD WAS SET OR TIED.
MM INDICATES DATA IS MISSING.
T  INDICATES TRACE AMOUNT.




$$
