000
CDUS41 KBOX 170534
CLIORH


CLIMATE REPORT
NATIONAL WEATHER SERVICE TAUNTON MA
1233 AM EST FRI FEB 17 2017


...................................

...THE WORCESTER MA CLIMATE SUMMARY FOR FEBRUARY 16 2017...

CLIMATE NORMAL PERIOD 1981 TO 2010
CLIMATE RECORD PERIOD 1892 TO 2017


WEATHER ITEM   OBSERVED TIME   RECORD YEAR NORMAL DEPARTURE LAST
                VALUE   (LST)  VALUE       VALUE  FROM      YEAR
                                                  NORMAL
..................................................................
TEMPERATURE (F)
 YESTERDAY
  MAXIMUM         32   1221 AM  62    1954  35     -3       53
  MINIMUM         20   1159 PM -24    1943  20      0       20
  AVERAGE         26                        27     -1       37

PRECIPITATION (IN)
  YESTERDAY        T             1.25 1964   0.12  -0.12     0.67
  MONTH TO DATE    2.12                      1.81   0.31     2.92
  SINCE DEC 1      9.83                      9.12   0.71     9.69
  SINCE JAN 1      6.03                      5.30   0.73     5.04

SNOWFALL (IN)
  YESTERDAY        T            12.9  1958   0.6   -0.6      0.0
  MONTH TO DATE   25.4                       9.2   16.2     20.1
  SINCE DEC 1     57.8                      40.7   17.1     31.2
  SINCE JUL 1     57.8                      43.5   14.3     31.2
  SNOW DEPTH      MM

DEGREE DAYS
 HEATING
  YESTERDAY       39                        38      1       28
  MONTH TO DATE  643                       626     17      644
  SINCE DEC 1   2817                      2997   -180     2534
  SINCE JUL 1   4004                      4399   -395     3683

 COOLING
  YESTERDAY        0                         0      0        0
  MONTH TO DATE    0                         0      0        0
  SINCE DEC 1      0                         0      0        0
  SINCE JAN 1      0                         0      0        0
..................................................................


WIND (MPH)
  RESULTANT WIND SPEED  18   RESULTANT WIND DIRECTION   W (290)
  HIGHEST WIND SPEED    26   HIGHEST WIND DIRECTION    NW (300)
  HIGHEST GUST SPEED    35   HIGHEST GUST DIRECTION     W (270)
  AVERAGE WIND SPEED    18.6


SKY COVER
  POSSIBLE SUNSHINE  MM
  AVERAGE SKY COVER 0.5


WEATHER CONDITIONS
 THE FOLLOWING WEATHER WAS RECORDED YESTERDAY.
  LIGHT SNOW


RELATIVE HUMIDITY (PERCENT)
 HIGHEST    78          1200 AM
 LOWEST     53          1200 PM
 AVERAGE    66

..........................................................


THE WORCESTER MA CLIMATE NORMALS FOR TODAY
                         NORMAL    RECORD    YEAR
 MAXIMUM TEMPERATURE (F)   35        56      1981
 MINIMUM TEMPERATURE (F)   20       -14      1896


SUNRISE AND SUNSET
FEBRUARY 17 2017......SUNRISE   641 AM EST   SUNSET   523 PM EST
FEBRUARY 18 2017......SUNRISE   639 AM EST   SUNSET   524 PM EST


-  INDICATES NEGATIVE NUMBERS.
R  INDICATES RECORD WAS SET OR TIED.
MM INDICATES DATA IS MISSING.
T  INDICATES TRACE AMOUNT.




$$
