000
CDUS41 KBOX 162123
CLIORH


CLIMATE REPORT
NATIONAL WEATHER SERVICE TAUNTON MA
523 PM EDT WED APR 16 2014


...................................

...THE WORCESTER MA CLIMATE SUMMARY FOR APRIL 16 2014...
VALID AS OF 0500 PM LOCAL TIME.

CLIMATE NORMAL PERIOD 1981 TO 2010
CLIMATE RECORD PERIOD 1892 TO 2014


WEATHER ITEM   OBSERVED TIME   RECORD YEAR NORMAL DEPARTURE LAST
                VALUE   (LST)  VALUE       VALUE  FROM      YEAR
                                                  NORMAL
..................................................................
TEMPERATURE (F)
 TODAY
  MAXIMUM         39    356 PM  88    2012  55    -16       63
  MINIMUM         25    624 AM  22    1943  37    -12       36
  AVERAGE         32                        46    -14       50

PRECIPITATION (IN)
  TODAY            0.26          3.23 1996   0.13   0.13     0.02
  MONTH TO DATE    2.35                      2.31   0.04     1.24
  SINCE MAR 1      7.77                      6.52   1.25     4.92
  SINCE JAN 1     14.95                     13.24   1.71    11.80

SNOWFALL (IN)
  TODAY           MM             2.4  1992   0.1   MM        0.0
  MONTH TO DATE    0.0                       2.0   -2.0      0.0
  SINCE MAR 1      3.7                      13.4   -9.7     30.9
  SINCE JUL 1     84.6                      63.3   21.3    108.9
  SNOW DEPTH       0

DEGREE DAYS
 HEATING
  TODAY           33                        19     14       15
  MONTH TO DATE  299                       347    -48      357
  SINCE MAR 1   1427                      1286    141     1321
  SINCE JUL 1   6481                      6123    358     5758

 COOLING
  TODAY            0                         0      0        0
  MONTH TO DATE    0                         0      0        0
  SINCE MAR 1      0                         0      0        0
  SINCE JAN 1      0                         0      0        0
..................................................................


WIND (MPH)
  HIGHEST WIND SPEED    26   HIGHEST WIND DIRECTION    NW (310)
  HIGHEST GUST SPEED    35   HIGHEST GUST DIRECTION    NW (300)
  AVERAGE WIND SPEED    16.6


SKY COVER
  POSSIBLE SUNSHINE  MM
  AVERAGE SKY COVER 0.3


WEATHER CONDITIONS
 THE FOLLOWING WEATHER WAS RECORDED TODAY.
  RAIN
  FREEZING RAIN
  LT FREEZING RAIN
  LIGHT SNOW
  FOG


RELATIVE HUMIDITY (PERCENT)
 HIGHEST    92           200 AM
 LOWEST     40           100 PM
 AVERAGE    66

..........................................................


THE WORCESTER MA CLIMATE NORMALS FOR TOMORROW
                         NORMAL    RECORD    YEAR
 MAXIMUM TEMPERATURE (F)   56        90      2002
 MINIMUM TEMPERATURE (F)   38        21      1928


SUNRISE AND SUNSET
APRIL 16 2014.........SUNRISE   605 AM EDT   SUNSET   730 PM EDT
APRIL 17 2014.........SUNRISE   604 AM EDT   SUNSET   731 PM EDT


-  INDICATES NEGATIVE NUMBERS.
R  INDICATES RECORD WAS SET OR TIED.
MM INDICATES DATA IS MISSING.
T  INDICATES TRACE AMOUNT.




$$
