770
CDUS41 KBOX 220544
CLIORH


CLIMATE REPORT
NATIONAL WEATHER SERVICE TAUNTON MA
139 AM EDT MON MAY 22 2017


...................................

...THE WORCESTER MA CLIMATE SUMMARY FOR MAY 21 2017...

CLIMATE NORMAL PERIOD 1981 TO 2010
CLIMATE RECORD PERIOD 1892 TO 2017


WEATHER ITEM   OBSERVED TIME   RECORD YEAR NORMAL DEPARTURE LAST
                VALUE   (LST)  VALUE       VALUE  FROM      YEAR
                                                  NORMAL
..................................................................
TEMPERATURE (F)
 YESTERDAY
  MAXIMUM         67    411 PM  88    1975  67      0       68
  MINIMUM         45    317 AM  32    1936  48     -3       50
  AVERAGE         56                        58     -2       59

PRECIPITATION (IN)
  YESTERDAY        0.00          2.03 1985   0.14  -0.14     0.00
  MONTH TO DATE    3.14                      2.70   0.44     1.76
  SINCE MAR 1     11.90                     11.02   0.88     7.88
  SINCE JAN 1     18.25                     17.74   0.51    15.27

SNOWFALL (IN)
  YESTERDAY        0.0           0.0  2001   0.0    0.0      0.0
                                      2000
  MONTH TO DATE    0.0                       0.0    0.0      0.0
  SINCE MAR 1     20.5                      14.2    6.3     15.5
  SINCE JUL 1     78.3                      64.1   14.2     47.2
  SNOW DEPTH       0

DEGREE DAYS
 HEATING
  YESTERDAY        9                         8      1        6
  MONTH TO DATE  265                       221     44      261
  SINCE MAR 1   1808                      1731     77     1633
  SINCE JUL 1   6085                      6568   -483     5692

 COOLING
  YESTERDAY        0                         1     -1        0
  MONTH TO DATE   26                         6     20        1
  SINCE MAR 1     36                         9     27        5
  SINCE JAN 1     36                         9     27        5
..................................................................


WIND (MPH)
  RESULTANT WIND SPEED   4   RESULTANT WIND DIRECTION  SE (140)
  HIGHEST WIND SPEED    12   HIGHEST WIND DIRECTION     S (170)
  HIGHEST GUST SPEED    MM   HIGHEST GUST DIRECTION    MM
  AVERAGE WIND SPEED     7.3


SKY COVER
  POSSIBLE SUNSHINE  MM
  AVERAGE SKY COVER 0.2


WEATHER CONDITIONS
 THE FOLLOWING WEATHER WAS RECORDED YESTERDAY.
  NO SIGNIFICANT WEATHER WAS OBSERVED.


RELATIVE HUMIDITY (PERCENT)
 HIGHEST    55           900 AM
 LOWEST     34           300 PM
 AVERAGE    45

..........................................................


THE WORCESTER MA CLIMATE NORMALS FOR TODAY
                         NORMAL    RECORD    YEAR
 MAXIMUM TEMPERATURE (F)   68        90      1992
                                             1911
 MINIMUM TEMPERATURE (F)   49        32      1936


SUNRISE AND SUNSET
MAY 22 2017...........SUNRISE   520 AM EDT   SUNSET   809 PM EDT
MAY 23 2017...........SUNRISE   519 AM EDT   SUNSET   810 PM EDT


-  INDICATES NEGATIVE NUMBERS.
R  INDICATES RECORD WAS SET OR TIED.
MM INDICATES DATA IS MISSING.
T  INDICATES TRACE AMOUNT.




$$
