000
CDUS41 KBOX 130553
CLIORH


CLIMATE REPORT
NATIONAL WEATHER SERVICE TAUNTON MA
1243 AM EST WED DEC 13 2017


...................................

...THE WORCESTER MA CLIMATE SUMMARY FOR DECEMBER 12 2017...

CLIMATE NORMAL PERIOD 1981 TO 2010
CLIMATE RECORD PERIOD 1892 TO 2017


WEATHER ITEM   OBSERVED TIME   RECORD YEAR NORMAL DEPARTURE LAST
                VALUE   (LST)  VALUE       VALUE  FROM      YEAR
                                                  NORMAL
..................................................................
TEMPERATURE (F)
 YESTERDAY
  MAXIMUM         36    531 PM  63    1911  37     -1       38
                                      1899
  MINIMUM         26   1159 PM  -4    1988  24      2       25
  AVERAGE         31                        31      0       32

PRECIPITATION (IN)
  YESTERDAY        0.22          2.36 2010   0.13   0.09     0.49
  MONTH TO DATE    1.78                      1.60   0.18     1.23
  SINCE DEC 1      1.78                      1.60   0.18     1.23
  SINCE JAN 1     44.20                     45.85  -1.65    38.36

SNOWFALL (IN)
  YESTERDAY        0.4          17.3  1992   0.4    0.0      2.6
  MONTH TO DATE    7.5                       4.5    3.0      5.2
  SINCE DEC 1      7.5                       4.5    3.0      5.2
  SINCE JUL 1      7.5                       7.3    0.2      5.2
  SNOW DEPTH      MM

DEGREE DAYS
 HEATING
  YESTERDAY       34                        34      0       33
  MONTH TO DATE  368                       388    -20      398
  SINCE DEC 1    368                       388    -20      398
  SINCE JUL 1   1504                      1790   -286     1585

 COOLING
  YESTERDAY        0                         0      0        0
  MONTH TO DATE    0                         0      0        0
  SINCE DEC 1      0                         0      0        0
  SINCE JAN 1    533                       471     62      663
..................................................................


WIND (MPH)
  RESULTANT WIND SPEED   2   RESULTANT WIND DIRECTION   N (360)
  HIGHEST WIND SPEED    29   HIGHEST WIND DIRECTION     W (290)
  HIGHEST GUST SPEED    37   HIGHEST GUST DIRECTION     W (260)
  AVERAGE WIND SPEED     9.4


SKY COVER
  POSSIBLE SUNSHINE  MM
  AVERAGE SKY COVER 1.0


WEATHER CONDITIONS
 THE FOLLOWING WEATHER WAS RECORDED YESTERDAY.
  RAIN
  LIGHT RAIN
  LT FREEZING RAIN
  LIGHT SNOW
  FOG
  FOG W/VISIBILITY <= 1/4 MILE


RELATIVE HUMIDITY (PERCENT)
 HIGHEST    96           200 PM
 LOWEST     58          1200 AM
 AVERAGE    77

..........................................................


THE WORCESTER MA CLIMATE NORMALS FOR TODAY
                         NORMAL    RECORD    YEAR
 MAXIMUM TEMPERATURE (F)   37        62      1984
 MINIMUM TEMPERATURE (F)   23         0      1976


SUNRISE AND SUNSET
DECEMBER 13 2017......SUNRISE   708 AM EST   SUNSET   416 PM EST
DECEMBER 14 2017......SUNRISE   709 AM EST   SUNSET   416 PM EST


-  INDICATES NEGATIVE NUMBERS.
R  INDICATES RECORD WAS SET OR TIED.
MM INDICATES DATA IS MISSING.
T  INDICATES TRACE AMOUNT.




$$
