000
CDUS41 KBOX 210705
CLIORH


CLIMATE REPORT
NATIONAL WEATHER SERVICE TAUNTON MA
304 AM EDT MON JUL 21 2014


...................................

...THE WORCESTER MA CLIMATE SUMMARY FOR JULY 20 2014...

CLIMATE NORMAL PERIOD 1981 TO 2010
CLIMATE RECORD PERIOD 1892 TO 2014


WEATHER ITEM   OBSERVED TIME   RECORD YEAR NORMAL DEPARTURE LAST
                VALUE   (LST)  VALUE       VALUE  FROM      YEAR
                                                  NORMAL
..................................................................
TEMPERATURE (F)
 YESTERDAY
  MAXIMUM         76    304 PM  95    1991  79     -3       88
  MINIMUM         60   1159 PM  46    1943  62     -2       69
  AVERAGE         68                        71     -3       79

PRECIPITATION (IN)
  YESTERDAY        0.00          2.43 1959   0.14  -0.14     0.15
  MONTH TO DATE    4.74                      2.66   2.08     0.92
  SINCE JUN 1      6.30                      6.85  -0.55    10.98
  SINCE JAN 1     27.49                     26.08   1.41    27.79

SNOWFALL (IN)
  YESTERDAY        0.0           0.0  2002   0.0    0.0      0.0
                                      2001
                                      2000
  MONTH TO DATE    0.0                       0.0    0.0      0.0
  SINCE JUN 1      0.0                       0.0    0.0      0.0
  SINCE JUL 1      0.0                       0.0    0.0      0.0
  SNOW DEPTH      MM

DEGREE DAYS
 HEATING
  YESTERDAY        0                         0      0        0
  MONTH TO DATE    0                         9     -9        0
  SINCE JUN 1     45                        92    -47       67
  SINCE JUL 1      0                         9     -9        0

 COOLING
  YESTERDAY        3                         6     -3       14
  MONTH TO DATE  124                       111     13      237
  SINCE JUN 1    208                       195     13      340
  SINCE JAN 1    216                       217     -1      364
..................................................................


WIND (MPH)
  RESULTANT WIND SPEED   4   RESULTANT WIND DIRECTION   E (70)
  HIGHEST WIND SPEED    10   HIGHEST WIND DIRECTION     E (80)
  HIGHEST GUST SPEED    14   HIGHEST GUST DIRECTION     E (80)
  AVERAGE WIND SPEED     4.8


SKY COVER
  POSSIBLE SUNSHINE  MM
  AVERAGE SKY COVER 0.2


WEATHER CONDITIONS
 THE FOLLOWING WEATHER WAS RECORDED YESTERDAY.
  NO SIGNIFICANT WEATHER WAS OBSERVED.


RELATIVE HUMIDITY (PERCENT)
 HIGHEST    97           600 AM
 LOWEST     38           200 PM
 AVERAGE    68

..........................................................


THE WORCESTER MA CLIMATE NORMALS FOR TODAY
                         NORMAL    RECORD    YEAR
 MAXIMUM TEMPERATURE (F)   79        95      1926
 MINIMUM TEMPERATURE (F)   62        48      1939
                                             1929
                                             1928


SUNRISE AND SUNSET
JULY 21 2014..........SUNRISE   530 AM EDT   SUNSET   818 PM EDT
JULY 22 2014..........SUNRISE   530 AM EDT   SUNSET   817 PM EDT


-  INDICATES NEGATIVE NUMBERS.
R  INDICATES RECORD WAS SET OR TIED.
MM INDICATES DATA IS MISSING.
T  INDICATES TRACE AMOUNT.




$$
