000
CDUS41 KBOX 250555
CLIORH


CLIMATE REPORT
NATIONAL WEATHER SERVICE TAUNTON MA
152 AM EDT WED MAR 25 2015


...................................

...THE WORCESTER MA CLIMATE SUMMARY FOR MARCH 24 2015...

CLIMATE NORMAL PERIOD 1981 TO 2010
CLIMATE RECORD PERIOD 1892 TO 2015


WEATHER ITEM   OBSERVED TIME   RECORD YEAR NORMAL DEPARTURE LAST
                VALUE   (LST)  VALUE       VALUE  FROM      YEAR
                                                  NORMAL
..................................................................
TEMPERATURE (F)
 YESTERDAY
  MAXIMUM         38    450 PM  67    1988  46     -8       28
                                      1928
                                      1903
  MINIMUM         14    524 AM   6    1906  29    -15       11
  AVERAGE         26                        37    -11       20

PRECIPITATION (IN)
  YESTERDAY        0.00          1.19 1993   0.15  -0.15     0.00
  MONTH TO DATE    1.67                      3.20  -1.53     1.30
  SINCE MAR 1      1.67                      3.20  -1.53     1.30
  SINCE JAN 1      9.98                      9.92   0.06     8.48

SNOWFALL (IN)
  YESTERDAY        0.0           9.0  1956   0.3   -0.3      0.0
  MONTH TO DATE    8.2                       9.6   -1.4      3.4
  SINCE MAR 1      8.2                       9.6   -1.4      3.4
  SINCE JUL 1    116.8                      59.5   57.3     84.3
  SNOW DEPTH      MM

DEGREE DAYS
 HEATING
  YESTERDAY       39                        28     11       45
  MONTH TO DATE  881                       755    126      902
  SINCE MAR 1    881                       755    126      902
  SINCE JUL 1   5995                      5592    403     5956

 COOLING
  YESTERDAY        0                         0      0        0
  MONTH TO DATE    0                         0      0        0
  SINCE MAR 1      0                         0      0        0
  SINCE JAN 1      0                         0      0        0
..................................................................


WIND (MPH)
  RESULTANT WIND SPEED   4   RESULTANT WIND DIRECTION  NW (300)
  HIGHEST WIND SPEED    12   HIGHEST WIND DIRECTION     W (290)
  HIGHEST GUST SPEED    14   HIGHEST GUST DIRECTION     N (350)
  AVERAGE WIND SPEED     6.4


SKY COVER
  POSSIBLE SUNSHINE  MM
  AVERAGE SKY COVER 0.0


WEATHER CONDITIONS
 THE FOLLOWING WEATHER WAS RECORDED YESTERDAY.
  NO SIGNIFICANT WEATHER WAS OBSERVED.


RELATIVE HUMIDITY (PERCENT)
 HIGHEST    59           400 AM
 LOWEST     32           100 PM
 AVERAGE    46

..........................................................


THE WORCESTER MA CLIMATE NORMALS FOR TODAY
                         NORMAL    RECORD    YEAR
 MAXIMUM TEMPERATURE (F)   46        75      1910
 MINIMUM TEMPERATURE (F)   29         5      1960


SUNRISE AND SUNSET
MARCH 25 2015.........SUNRISE   643 AM EDT   SUNSET   705 PM EDT
MARCH 26 2015.........SUNRISE   641 AM EDT   SUNSET   706 PM EDT


-  INDICATES NEGATIVE NUMBERS.
R  INDICATES RECORD WAS SET OR TIED.
MM INDICATES DATA IS MISSING.
T  INDICATES TRACE AMOUNT.




$$
