000
CDUS41 KBOX 260527
CLIORH


CLIMATE REPORT
NATIONAL WEATHER SERVICE TAUNTON MA
127 AM EDT THU MAY 26 2016


...................................

...THE WORCESTER MA CLIMATE SUMMARY FOR MAY 25 2016...

CLIMATE NORMAL PERIOD 1981 TO 2010
CLIMATE RECORD PERIOD 1892 TO 2016


WEATHER ITEM   OBSERVED TIME   RECORD YEAR NORMAL DEPARTURE LAST
                VALUE   (LST)  VALUE       VALUE  FROM      YEAR
                                                  NORMAL
..................................................................
TEMPERATURE (F)
 YESTERDAY
  MAXIMUM         84    401 PM  88    2007  68     16       79
                                      1932
                                      1904
  MINIMUM         49    135 AM  33    1967  50     -1       58
                                      1956
                                      1945
  AVERAGE         67                        59      8       69

PRECIPITATION (IN)
  YESTERDAY        T             3.03 1967   0.15  -0.15      T
  MONTH TO DATE    1.96                      3.30  -1.34     0.14
  SINCE MAR 1      8.08                     11.62  -3.54     5.53
  SINCE JAN 1     15.47                     18.34  -2.87    13.84

SNOWFALL (IN)
  YESTERDAY        0.0           T    1967   0.0    0.0      0.0
  MONTH TO DATE    0.0                       0.0    0.0      0.0
  SINCE MAR 1     15.5                      14.2    1.3     11.1
  SINCE JUL 1     47.2                      64.1  -16.9    119.7
  SNOW DEPTH      MM

DEGREE DAYS
 HEATING
  YESTERDAY        0                         7     -7        0
  MONTH TO DATE  276                       250     26      129
  SINCE MAR 1   1648                      1760   -112     1773
  SINCE JUL 1   5707                      6597   -890     6887

 COOLING
  YESTERDAY        2                         1      1        4
  MONTH TO DATE    3                        10     -7       33
  SINCE MAR 1      7                        13     -6       33
  SINCE JAN 1      7                        13     -6       33
..................................................................


WIND (MPH)
  RESULTANT WIND SPEED   8   RESULTANT WIND DIRECTION   W (270)
  HIGHEST WIND SPEED    22   HIGHEST WIND DIRECTION     W (280)
  HIGHEST GUST SPEED    30   HIGHEST GUST DIRECTION    NW (320)
  AVERAGE WIND SPEED     9.9


SKY COVER
  POSSIBLE SUNSHINE  MM
  AVERAGE SKY COVER 0.1


WEATHER CONDITIONS
 THE FOLLOWING WEATHER WAS RECORDED YESTERDAY.
  FOG
  FOG W/VISIBILITY <= 1/4 MILE


RELATIVE HUMIDITY (PERCENT)
 HIGHEST   100           100 AM
 LOWEST     22           200 PM
 AVERAGE    61

..........................................................


THE WORCESTER MA CLIMATE NORMALS FOR TODAY
                         NORMAL    RECORD    YEAR
 MAXIMUM TEMPERATURE (F)   69        94      2010
 MINIMUM TEMPERATURE (F)   50        35      1992
                                             1972
                                             1925


SUNRISE AND SUNSET
MAY 26 2016...........SUNRISE   517 AM EDT   SUNSET   813 PM EDT
MAY 27 2016...........SUNRISE   516 AM EDT   SUNSET   814 PM EDT


-  INDICATES NEGATIVE NUMBERS.
R  INDICATES RECORD WAS SET OR TIED.
MM INDICATES DATA IS MISSING.
T  INDICATES TRACE AMOUNT.




$$
