000
CDUS41 KBOX 210556
CLIORH


CLIMATE REPORT
NATIONAL WEATHER SERVICE TAUNTON MA
1251 AM EST SAT JAN 21 2017


...................................

...THE WORCESTER MA CLIMATE SUMMARY FOR JANUARY 20 2017...

CLIMATE NORMAL PERIOD 1981 TO 2010
CLIMATE RECORD PERIOD 1892 TO 2017


WEATHER ITEM   OBSERVED TIME   RECORD YEAR NORMAL DEPARTURE LAST
                VALUE   (LST)  VALUE       VALUE  FROM      YEAR
                                                  NORMAL
..................................................................
TEMPERATURE (F)
 YESTERDAY
  MAXIMUM         36    438 PM  56    1951  31      5       28
  MINIMUM         28    613 AM  -8    1971  16     12       13
                                      1901
  AVERAGE         32                        24      8       21

PRECIPITATION (IN)
  YESTERDAY        0.00          1.47 1978   0.11  -0.11     0.00
  MONTH TO DATE    2.83                      2.23   0.60     1.99
  SINCE DEC 1      6.63                      6.05   0.58     6.64
  SINCE JAN 1      2.83                      2.23   0.60     1.99

SNOWFALL (IN)
  YESTERDAY        0.0          18.4  1961   0.6   -0.6      0.0
  MONTH TO DATE    9.7                      11.1   -1.4      6.9
  SINCE DEC 1     27.2                      25.5    1.7      8.3
  SINCE JUL 1     27.2                      28.3   -1.1      8.3
  SNOW DEPTH       0

DEGREE DAYS
 HEATING
  YESTERDAY       33                        41     -8       44
  MONTH TO DATE  728                       816    -88      769
  SINCE DEC 1   1818                      1918   -100     1493
  SINCE JUL 1   3005                      3320   -315     2642

 COOLING
  YESTERDAY        0                         0      0        0
  MONTH TO DATE    0                         0      0        0
  SINCE DEC 1      0                         0      0        0
  SINCE JAN 1      0                         0      0        0
..................................................................


WIND (MPH)
  RESULTANT WIND SPEED   1   RESULTANT WIND DIRECTION   W (270)
  HIGHEST WIND SPEED    12   HIGHEST WIND DIRECTION     S (160)
  HIGHEST GUST SPEED    14   HIGHEST GUST DIRECTION     S (160)
  AVERAGE WIND SPEED     3.5


SKY COVER
  POSSIBLE SUNSHINE  MM
  AVERAGE SKY COVER 0.7


WEATHER CONDITIONS
 THE FOLLOWING WEATHER WAS RECORDED YESTERDAY.
  FOG


RELATIVE HUMIDITY (PERCENT)
 HIGHEST    92           300 AM
 LOWEST     70          1000 AM
 AVERAGE    81

..........................................................


THE WORCESTER MA CLIMATE NORMALS FOR TODAY
                         NORMAL    RECORD    YEAR
 MAXIMUM TEMPERATURE (F)   31        65      1906
 MINIMUM TEMPERATURE (F)   16        -6      1970


SUNRISE AND SUNSET
JANUARY 21 2017.......SUNRISE   710 AM EST   SUNSET   448 PM EST
JANUARY 22 2017.......SUNRISE   709 AM EST   SUNSET   449 PM EST


-  INDICATES NEGATIVE NUMBERS.
R  INDICATES RECORD WAS SET OR TIED.
MM INDICATES DATA IS MISSING.
T  INDICATES TRACE AMOUNT.




$$
