000
CDUS41 KBOX 292137
CLIORH


CLIMATE REPORT
NATIONAL WEATHER SERVICE TAUNTON MA
532 PM EDT SAT AUG 29 2015


...................................

...THE WORCESTER MA CLIMATE SUMMARY FOR AUGUST 29 2015...
VALID TODAY AS OF 0500 PM LOCAL TIME.

CLIMATE NORMAL PERIOD 1981 TO 2010
CLIMATE RECORD PERIOD 1892 TO 2015


WEATHER ITEM   OBSERVED TIME   RECORD YEAR NORMAL DEPARTURE LAST
                VALUE   (LST)  VALUE       VALUE  FROM      YEAR
                                                  NORMAL
..................................................................
TEMPERATURE (F)
 TODAY
  MAXIMUM         75    359 PM  93    1953  75      0       72
  MINIMUM         57    409 AM  38    1941  58     -1       54
  AVERAGE         66                        67     -1       63

PRECIPITATION (IN)
  TODAY            0.00          1.51 1961   0.11  -0.11     0.00
  MONTH TO DATE    3.21                      3.50  -0.29     3.59
  SINCE JUN 1     12.42                     11.92   0.50    11.43
  SINCE JAN 1     26.72                     31.15  -4.43    32.62

SNOWFALL (IN)
  TODAY            0.0           0.0  2002   0.0    0.0      0.0
                                      2001
                                      2000
  MONTH TO DATE    0.0                       0.0    0.0      0.0
  SINCE JUN 1      0.0                       0.0    0.0      0.0
  SINCE JUL 1      0.0                       0.0    0.0      0.0
  SNOW DEPTH      MM

DEGREE DAYS
 HEATING
  TODAY            0                         2     -2        2
  MONTH TO DATE    0                        21    -21       19
  SINCE JUN 1     95                       118    -23       64
  SINCE JUL 1      1                        35    -34       19

 COOLING
  TODAY            1                         3     -2        0
  MONTH TO DATE  168                       139     29       89
  SINCE JUN 1    475                       398     77      347
  SINCE JAN 1    541                       420    121      355
..................................................................


WIND (MPH)
  HIGHEST WIND SPEED    14   HIGHEST WIND DIRECTION     W (260)
  HIGHEST GUST SPEED    18   HIGHEST GUST DIRECTION    SW (230)
  AVERAGE WIND SPEED     7.8


SKY COVER
  POSSIBLE SUNSHINE  MM
  AVERAGE SKY COVER 0.0


WEATHER CONDITIONS
 THE FOLLOWING WEATHER WAS RECORDED TODAY.
  NO SIGNIFICANT WEATHER WAS OBSERVED.


RELATIVE HUMIDITY (PERCENT)
 HIGHEST    80           400 AM
 LOWEST     46           100 PM
 AVERAGE    63

..........................................................


THE WORCESTER MA CLIMATE NORMALS FOR TOMORROW
                         NORMAL    RECORD    YEAR
 MAXIMUM TEMPERATURE (F)   75        93      1953
 MINIMUM TEMPERATURE (F)   58        38      1965


SUNRISE AND SUNSET
AUGUST 29 2015........SUNRISE   609 AM EDT   SUNSET   727 PM EDT
AUGUST 30 2015........SUNRISE   610 AM EDT   SUNSET   725 PM EDT


-  INDICATES NEGATIVE NUMBERS.
R  INDICATES RECORD WAS SET OR TIED.
MM INDICATES DATA IS MISSING.
T  INDICATES TRACE AMOUNT.




$$
