000
CDUS41 KBOX 300616
CLIORH


CLIMATE REPORT
NATIONAL WEATHER SERVICE TAUNTON MA
205 AM EDT SAT AUG 30 2014


...................................

...THE WORCESTER MA CLIMATE SUMMARY FOR AUGUST 29 2014...

CLIMATE NORMAL PERIOD 1981 TO 2010
CLIMATE RECORD PERIOD 1892 TO 2014


WEATHER ITEM   OBSERVED TIME   RECORD YEAR NORMAL DEPARTURE LAST
                VALUE   (LST)  VALUE       VALUE  FROM      YEAR
                                                  NORMAL
..................................................................
TEMPERATURE (F)
 YESTERDAY
  MAXIMUM         72    312 PM  93    1953  75     -3       65
  MINIMUM         54    331 AM  38    1941  58     -4       58
  AVERAGE         63                        67     -4       62

PRECIPITATION (IN)
  YESTERDAY        0.00          1.51 1961   0.11  -0.11     0.04
  MONTH TO DATE    3.59                      3.50   0.09     3.18
  SINCE JUN 1     11.43                     11.92  -0.49    16.21
  SINCE JAN 1     32.62                     31.15   1.47    33.02

SNOWFALL (IN)
  YESTERDAY        0.0           0.0  2002   0.0    0.0      0.0
                                      2001
                                      2000
  MONTH TO DATE    0.0                       0.0    0.0      0.0
  SINCE JUN 1      0.0                       0.0    0.0      0.0
  SINCE JUL 1      0.0                       0.0    0.0      0.0
  SNOW DEPTH       0

DEGREE DAYS
 HEATING
  YESTERDAY        2                         2      0        3
  MONTH TO DATE   19                        21     -2       12
  SINCE JUN 1     64                       118    -54       86
  SINCE JUL 1     19                        35    -16       19

 COOLING
  YESTERDAY        0                         3     -3        0
  MONTH TO DATE   89                       139    -50       96
  SINCE JUN 1    347                       398    -51      497
  SINCE JAN 1    355                       420    -65      521
..................................................................


WIND (MPH)
  RESULTANT WIND SPEED   2   RESULTANT WIND DIRECTION  NW (300)
  HIGHEST WIND SPEED    14   HIGHEST WIND DIRECTION     N (350)
  HIGHEST GUST SPEED    19   HIGHEST GUST DIRECTION     N (350)
  AVERAGE WIND SPEED     6.2


SKY COVER
  POSSIBLE SUNSHINE  MM
  AVERAGE SKY COVER 0.2


WEATHER CONDITIONS
 THE FOLLOWING WEATHER WAS RECORDED YESTERDAY.
  NO SIGNIFICANT WEATHER WAS OBSERVED.


RELATIVE HUMIDITY (PERCENT)
 HIGHEST    93          1100 PM
 LOWEST     47          1100 AM
 AVERAGE    70

..........................................................


THE WORCESTER MA CLIMATE NORMALS FOR TODAY
                         NORMAL    RECORD    YEAR
 MAXIMUM TEMPERATURE (F)   75        93      1953
 MINIMUM TEMPERATURE (F)   58        38      1965


SUNRISE AND SUNSET
AUGUST 30 2014........SUNRISE   611 AM EDT   SUNSET   725 PM EDT
AUGUST 31 2014........SUNRISE   612 AM EDT   SUNSET   723 PM EDT


-  INDICATES NEGATIVE NUMBERS.
R  INDICATES RECORD WAS SET OR TIED.
MM INDICATES DATA IS MISSING.
T  INDICATES TRACE AMOUNT.




$$
