000
CDUS41 KBOX 280614
CLIORH


CLIMATE REPORT
NATIONAL WEATHER SERVICE TAUNTON MA
112 AM EST TUE FEB 28 2017


...................................

...THE WORCESTER MA CLIMATE SUMMARY FOR FEBRUARY 27 2017...

CLIMATE NORMAL PERIOD 1981 TO 2010
CLIMATE RECORD PERIOD 1892 TO 2017


WEATHER ITEM   OBSERVED TIME   RECORD YEAR NORMAL DEPARTURE LAST
                VALUE   (LST)  VALUE       VALUE  FROM      YEAR
                                                  NORMAL
..................................................................
TEMPERATURE (F)
 YESTERDAY
  MAXIMUM         49    413 PM  60    1997  38     11       34
  MINIMUM         25    639 AM  -8    1900  22      3       15
  AVERAGE         37                        30      7       25

PRECIPITATION (IN)
  YESTERDAY        0.00          1.24 2013   0.12  -0.12     0.00
  MONTH TO DATE    2.44                      3.10  -0.66     5.25
  SINCE DEC 1     10.15                     10.41  -0.26    12.02
  SINCE JAN 1      6.35                      6.59  -0.24     7.37

SNOWFALL (IN)
  YESTERDAY        0.0           6.0  1935   0.5   -0.5      0.0
  MONTH TO DATE   25.4                      15.1   10.3     20.6
  SINCE DEC 1     57.8                      46.6   11.2     31.7
  SINCE JUL 1     57.8                      49.4    8.4     31.7
  SNOW DEPTH      MM

DEGREE DAYS
 HEATING
  YESTERDAY       28                        35     -7       40
  MONTH TO DATE  895                      1028   -133      982
  SINCE DEC 1   3069                      3399   -330     2872
  SINCE JUL 1   4256                      4801   -545     4021

 COOLING
  YESTERDAY        0                         0      0        0
  MONTH TO DATE    0                         0      0        0
  SINCE DEC 1      0                         0      0        0
  SINCE JAN 1      0                         0      0        0
..................................................................


WIND (MPH)
  RESULTANT WIND SPEED  13   RESULTANT WIND DIRECTION  SW (230)
  HIGHEST WIND SPEED    28   HIGHEST WIND DIRECTION    SW (230)
  HIGHEST GUST SPEED    37   HIGHEST GUST DIRECTION     W (250)
  AVERAGE WIND SPEED    13.2


SKY COVER
  POSSIBLE SUNSHINE  MM
  AVERAGE SKY COVER 0.0


WEATHER CONDITIONS
 THE FOLLOWING WEATHER WAS RECORDED YESTERDAY.
  NO SIGNIFICANT WEATHER WAS OBSERVED.


RELATIVE HUMIDITY (PERCENT)
 HIGHEST    64          1000 PM
 LOWEST     23           200 PM
 AVERAGE    44

..........................................................


THE WORCESTER MA CLIMATE NORMALS FOR TODAY
                         NORMAL    RECORD    YEAR
 MAXIMUM TEMPERATURE (F)   38        59      1976
                                             1903
 MINIMUM TEMPERATURE (F)   22       -12      1934


SUNRISE AND SUNSET
FEBRUARY 28 2017......SUNRISE   624 AM EST   SUNSET   536 PM EST
MARCH  1 2017.........SUNRISE   622 AM EST   SUNSET   538 PM EST


-  INDICATES NEGATIVE NUMBERS.
R  INDICATES RECORD WAS SET OR TIED.
MM INDICATES DATA IS MISSING.
T  INDICATES TRACE AMOUNT.




$$
